[INFO] fetching crate dyn_sized 0.2.0...
[INFO] testing dyn_sized-0.2.0 against 1.69.0 for beta-1.70-1
[INFO] extracting crate dyn_sized 0.2.0 into /workspace/builds/worker-2-tc1/source
[INFO] validating manifest of crates.io crate dyn_sized 0.2.0 on toolchain 1.69.0
[INFO] running `Command { std: CARGO_HOME="/workspace/cargo-home" RUSTUP_HOME="/workspace/rustup-home" "/workspace/cargo-home/bin/cargo" "+1.69.0" "metadata" "--manifest-path" "Cargo.toml" "--no-deps", kill_on_drop: false }`
[INFO] started tweaking crates.io crate dyn_sized 0.2.0
[INFO] finished tweaking crates.io crate dyn_sized 0.2.0
[INFO] tweaked toml for crates.io crate dyn_sized 0.2.0 written to /workspace/builds/worker-2-tc1/source/Cargo.toml
[INFO] running `Command { std: CARGO_HOME="/workspace/cargo-home" RUSTUP_HOME="/workspace/rustup-home" __CARGO_TEST_CHANNEL_OVERRIDE_DO_NOT_USE_THIS="nightly" "/workspace/cargo-home/bin/cargo" "+1.69.0" "generate-lockfile" "--manifest-path" "Cargo.toml" "-Zno-index-update", kill_on_drop: false }`
[INFO] running `Command { std: CARGO_HOME="/workspace/cargo-home" RUSTUP_HOME="/workspace/rustup-home" "/workspace/cargo-home/bin/cargo" "+1.69.0" "fetch" "--manifest-path" "Cargo.toml", kill_on_drop: false }`
[INFO] [stderr]  Downloading crates ...
[INFO] [stderr]   Downloaded fn_move v0.1.0
[INFO] running `Command { std: "docker" "create" "-v" "/var/lib/crater-agent-workspace/builds/worker-2-tc1/target:/opt/rustwide/target:rw,Z" "-v" "/var/lib/crater-agent-workspace/builds/worker-2-tc1/source:/opt/rustwide/workdir:ro,Z" "-v" "/var/lib/crater-agent-workspace/cargo-home:/opt/rustwide/cargo-home:ro,Z" "-v" "/var/lib/crater-agent-workspace/rustup-home:/opt/rustwide/rustup-home:ro,Z" "-e" "SOURCE_DIR=/opt/rustwide/workdir" "-e" "CARGO_TARGET_DIR=/opt/rustwide/target" "-e" "CARGO_HOME=/opt/rustwide/cargo-home" "-e" "RUSTUP_HOME=/opt/rustwide/rustup-home" "-w" "/opt/rustwide/workdir" "-m" "1610612736" "--user" "0:0" "--network" "none" "ghcr.io/rust-lang/crates-build-env/linux@sha256:5ff2268d62e97bff2cde7d5815dd6ed5b47097566f13b8d0ca110b04b60e07ed" "/opt/rustwide/cargo-home/bin/cargo" "+1.69.0" "metadata" "--no-deps" "--format-version=1", kill_on_drop: false }`
[INFO] [stdout] 9cfd3ad34861978066dd8d649517d7cc20ce03bbc4499a0ef42740d92e8a31ad
[INFO] running `Command { std: "docker" "start" "-a" "9cfd3ad34861978066dd8d649517d7cc20ce03bbc4499a0ef42740d92e8a31ad", kill_on_drop: false }`
[INFO] running `Command { std: "docker" "inspect" "9cfd3ad34861978066dd8d649517d7cc20ce03bbc4499a0ef42740d92e8a31ad", kill_on_drop: false }`
[INFO] running `Command { std: "docker" "rm" "-f" "9cfd3ad34861978066dd8d649517d7cc20ce03bbc4499a0ef42740d92e8a31ad", kill_on_drop: false }`
[INFO] [stdout] 9cfd3ad34861978066dd8d649517d7cc20ce03bbc4499a0ef42740d92e8a31ad
[INFO] running `Command { std: "docker" "create" "-v" "/var/lib/crater-agent-workspace/builds/worker-2-tc1/target:/opt/rustwide/target:rw,Z" "-v" "/var/lib/crater-agent-workspace/builds/worker-2-tc1/source:/opt/rustwide/workdir:ro,Z" "-v" "/var/lib/crater-agent-workspace/cargo-home:/opt/rustwide/cargo-home:ro,Z" "-v" "/var/lib/crater-agent-workspace/rustup-home:/opt/rustwide/rustup-home:ro,Z" "-e" "SOURCE_DIR=/opt/rustwide/workdir" "-e" "CARGO_TARGET_DIR=/opt/rustwide/target" "-e" "CARGO_INCREMENTAL=0" "-e" "RUST_BACKTRACE=full" "-e" "RUSTFLAGS=--cap-lints=warn" "-e" "RUSTDOCFLAGS=--cap-lints=warn" "-e" "CARGO_HOME=/opt/rustwide/cargo-home" "-e" "RUSTUP_HOME=/opt/rustwide/rustup-home" "-w" "/opt/rustwide/workdir" "-m" "1610612736" "--user" "0:0" "--network" "none" "ghcr.io/rust-lang/crates-build-env/linux@sha256:5ff2268d62e97bff2cde7d5815dd6ed5b47097566f13b8d0ca110b04b60e07ed" "/opt/rustwide/cargo-home/bin/cargo" "+1.69.0" "build" "--frozen" "--message-format=json", kill_on_drop: false }`
[INFO] [stdout] 4fc4c56f5084a212e181adebd8605a38c3ec8dee76560b35cabe748bec039c36
[INFO] running `Command { std: "docker" "start" "-a" "4fc4c56f5084a212e181adebd8605a38c3ec8dee76560b35cabe748bec039c36", kill_on_drop: false }`
[INFO] [stderr]    Compiling fn_move v0.1.0
[INFO] [stdout] error[E0554]: `#![feature]` may not be used on the stable release channel
[INFO] [stdout]  --> /opt/rustwide/cargo-home/registry/src/github.com-1ecc6299db9ec823/fn_move-0.1.0/src/lib.rs:2:1
[INFO] [stdout]   |
[INFO] [stdout] 2 | #![feature(fn_traits, unboxed_closures)]
[INFO] [stdout]   | ^^^^^^^^^^^^^^^^^^^^^^^^^^^^^^^^^^^^^^^^
[INFO] [stdout] 
[INFO] [stdout] 
[INFO] [stdout] error[E0554]: `#![feature]` may not be used on the stable release channel
[INFO] [stdout]  --> /opt/rustwide/cargo-home/registry/src/github.com-1ecc6299db9ec823/fn_move-0.1.0/src/lib.rs:2:12
[INFO] [stdout]   |
[INFO] [stdout] 2 | #![feature(fn_traits, unboxed_closures)]
[INFO] [stdout]   |            ^^^^^^^^^
[INFO] [stdout] 
[INFO] [stdout] 
[INFO] [stdout] error[E0059]: type parameter to bare `FnOnce` trait must be a tuple
[INFO] [stdout]   --> /opt/rustwide/cargo-home/registry/src/github.com-1ecc6299db9ec823/fn_move-0.1.0/src/lib.rs:12:25
[INFO] [stdout]    |
[INFO] [stdout] 12 | pub trait FnMove<Args>: FnOnce<Args> {
[INFO] [stdout]    |                         ^^^^^^^^^^^^ the trait `Tuple` is not implemented for `Args`
[INFO] [stdout]    |
[INFO] [stdout] note: required by a bound in `FnOnce`
[INFO] [stdout]   --> /rustc/84c898d65adf2f39a5a98507f1fe0ce10a2b8dbc/library/core/src/ops/function.rs:242:1
[INFO] [stdout] help: consider restricting type parameter `Args`
[INFO] [stdout]    |
[INFO] [stdout] 12 | pub trait FnMove<Args: core::marker::Tuple>: FnOnce<Args> {
[INFO] [stdout]    |                      +++++++++++++++++++++
[INFO] [stdout] 
[INFO] [stdout] 
[INFO] [stdout] error[E0059]: type parameter to bare `FnOnce` trait must be a tuple
[INFO] [stdout]   --> /opt/rustwide/cargo-home/registry/src/github.com-1ecc6299db9ec823/fn_move-0.1.0/src/lib.rs:21:43
[INFO] [stdout]    |
[INFO] [stdout] 21 | impl<F, Args> FnMove<Args> for F where F: FnOnce<Args> {
[INFO] [stdout]    |                                           ^^^^^^^^^^^^ the trait `Tuple` is not implemented for `Args`
[INFO] [stdout]    |
[INFO] [stdout] note: required by a bound in `FnOnce`
[INFO] [stdout]   --> /rustc/84c898d65adf2f39a5a98507f1fe0ce10a2b8dbc/library/core/src/ops/function.rs:242:1
[INFO] [stdout] help: consider further restricting type parameter `Args`
[INFO] [stdout]    |
[INFO] [stdout] 21 | impl<F, Args> FnMove<Args> for F where F: FnOnce<Args>, Args: core::marker::Tuple {
[INFO] [stdout]    |                                                       +++++++++++++++++++++++++++
[INFO] [stdout] 
[INFO] [stdout] 
[INFO] [stdout] error: aborting due to 4 previous errors
[INFO] [stdout] 
[INFO] [stdout] 
[INFO] [stdout] Some errors have detailed explanations: E0059, E0554.
[INFO] [stdout] 
[INFO] [stdout] For more information about an error, try `rustc --explain E0059`.
[INFO] [stdout] 
[INFO] [stderr] error: could not compile `fn_move` due to 5 previous errors
[INFO] running `Command { std: "docker" "inspect" "4fc4c56f5084a212e181adebd8605a38c3ec8dee76560b35cabe748bec039c36", kill_on_drop: false }`
[INFO] running `Command { std: "docker" "rm" "-f" "4fc4c56f5084a212e181adebd8605a38c3ec8dee76560b35cabe748bec039c36", kill_on_drop: false }`
[INFO] [stdout] 4fc4c56f5084a212e181adebd8605a38c3ec8dee76560b35cabe748bec039c36
