[INFO] fetching crate dylint_driver 2.1.7...
[INFO] testing dylint_driver-2.1.7 against 1.69.0 for beta-1.70-1
[INFO] extracting crate dylint_driver 2.1.7 into /workspace/builds/worker-0-tc1/source
[INFO] validating manifest of crates.io crate dylint_driver 2.1.7 on toolchain 1.69.0
[INFO] running `Command { std: CARGO_HOME="/workspace/cargo-home" RUSTUP_HOME="/workspace/rustup-home" "/workspace/cargo-home/bin/cargo" "+1.69.0" "metadata" "--manifest-path" "Cargo.toml" "--no-deps", kill_on_drop: false }`
[INFO] removed /workspace/builds/worker-0-tc1/source/.cargo/config.toml
[INFO] removed /workspace/builds/worker-0-tc1/source/rust-toolchain
[INFO] started tweaking crates.io crate dylint_driver 2.1.7
[INFO] finished tweaking crates.io crate dylint_driver 2.1.7
[INFO] tweaked toml for crates.io crate dylint_driver 2.1.7 written to /workspace/builds/worker-0-tc1/source/Cargo.toml
[INFO] running `Command { std: CARGO_HOME="/workspace/cargo-home" RUSTUP_HOME="/workspace/rustup-home" __CARGO_TEST_CHANNEL_OVERRIDE_DO_NOT_USE_THIS="nightly" "/workspace/cargo-home/bin/cargo" "+1.69.0" "generate-lockfile" "--manifest-path" "Cargo.toml" "-Zno-index-update", kill_on_drop: false }`
[INFO] running `Command { std: CARGO_HOME="/workspace/cargo-home" RUSTUP_HOME="/workspace/rustup-home" "/workspace/cargo-home/bin/cargo" "+1.69.0" "fetch" "--manifest-path" "Cargo.toml", kill_on_drop: false }`
[INFO] [stderr]  Downloading crates ...
[INFO] [stderr]   Downloaded if_chain v1.0.2
[INFO] [stderr]   Downloaded dylint_internal v2.1.7
[INFO] running `Command { std: "docker" "create" "-v" "/var/lib/crater-agent-workspace/builds/worker-0-tc1/target:/opt/rustwide/target:rw,Z" "-v" "/var/lib/crater-agent-workspace/builds/worker-0-tc1/source:/opt/rustwide/workdir:ro,Z" "-v" "/var/lib/crater-agent-workspace/cargo-home:/opt/rustwide/cargo-home:ro,Z" "-v" "/var/lib/crater-agent-workspace/rustup-home:/opt/rustwide/rustup-home:ro,Z" "-e" "SOURCE_DIR=/opt/rustwide/workdir" "-e" "CARGO_TARGET_DIR=/opt/rustwide/target" "-e" "CARGO_HOME=/opt/rustwide/cargo-home" "-e" "RUSTUP_HOME=/opt/rustwide/rustup-home" "-w" "/opt/rustwide/workdir" "-m" "1610612736" "--user" "0:0" "--network" "none" "ghcr.io/rust-lang/crates-build-env/linux@sha256:5ff2268d62e97bff2cde7d5815dd6ed5b47097566f13b8d0ca110b04b60e07ed" "/opt/rustwide/cargo-home/bin/cargo" "+1.69.0" "metadata" "--no-deps" "--format-version=1", kill_on_drop: false }`
[INFO] [stdout] 66da42ba0b1f8b66b60f3faa2992c85a2b0180fca00dbf8868217bd69c20bc48
[INFO] running `Command { std: "docker" "start" "-a" "66da42ba0b1f8b66b60f3faa2992c85a2b0180fca00dbf8868217bd69c20bc48", kill_on_drop: false }`
[INFO] running `Command { std: "docker" "inspect" "66da42ba0b1f8b66b60f3faa2992c85a2b0180fca00dbf8868217bd69c20bc48", kill_on_drop: false }`
[INFO] running `Command { std: "docker" "rm" "-f" "66da42ba0b1f8b66b60f3faa2992c85a2b0180fca00dbf8868217bd69c20bc48", kill_on_drop: false }`
[INFO] [stdout] 66da42ba0b1f8b66b60f3faa2992c85a2b0180fca00dbf8868217bd69c20bc48
[INFO] running `Command { std: "docker" "create" "-v" "/var/lib/crater-agent-workspace/builds/worker-0-tc1/target:/opt/rustwide/target:rw,Z" "-v" "/var/lib/crater-agent-workspace/builds/worker-0-tc1/source:/opt/rustwide/workdir:ro,Z" "-v" "/var/lib/crater-agent-workspace/cargo-home:/opt/rustwide/cargo-home:ro,Z" "-v" "/var/lib/crater-agent-workspace/rustup-home:/opt/rustwide/rustup-home:ro,Z" "-e" "SOURCE_DIR=/opt/rustwide/workdir" "-e" "CARGO_TARGET_DIR=/opt/rustwide/target" "-e" "CARGO_INCREMENTAL=0" "-e" "RUST_BACKTRACE=full" "-e" "RUSTFLAGS=--cap-lints=warn" "-e" "RUSTDOCFLAGS=--cap-lints=warn" "-e" "CARGO_HOME=/opt/rustwide/cargo-home" "-e" "RUSTUP_HOME=/opt/rustwide/rustup-home" "-w" "/opt/rustwide/workdir" "-m" "1610612736" "--user" "0:0" "--network" "none" "ghcr.io/rust-lang/crates-build-env/linux@sha256:5ff2268d62e97bff2cde7d5815dd6ed5b47097566f13b8d0ca110b04b60e07ed" "/opt/rustwide/cargo-home/bin/cargo" "+1.69.0" "build" "--frozen" "--message-format=json", kill_on_drop: false }`
[INFO] [stdout] 2206543a87c1b46881ff7e4d9231abd7d046b428be30e03691c6d85bc2e24031
[INFO] running `Command { std: "docker" "start" "-a" "2206543a87c1b46881ff7e4d9231abd7d046b428be30e03691c6d85bc2e24031", kill_on_drop: false }`
[INFO] [stderr]    Compiling serde v1.0.160
[INFO] [stderr]    Compiling anyhow v1.0.71
[INFO] [stderr]    Compiling rustversion v1.0.12
[INFO] [stderr]    Compiling if_chain v1.0.2
[INFO] [stderr]    Compiling libloading v0.7.4
[INFO] [stderr]    Compiling dylint_internal v2.1.7
[INFO] [stderr]    Compiling serde_json v1.0.96
[INFO] [stderr]    Compiling dylint_driver v2.1.7 (/opt/rustwide/workdir)
[INFO] [stdout] error[E0463]: can't find crate for `rustc_driver`
[INFO] [stdout]  --> src/lib.rs:7:1
[INFO] [stdout]   |
[INFO] [stdout] 7 | extern crate rustc_driver;
[INFO] [stdout]   | ^^^^^^^^^^^^^^^^^^^^^^^^^^ can't find crate
[INFO] [stdout]   |
[INFO] [stdout]   = help: maybe you need to install the missing components with: `rustup component add rust-src rustc-dev llvm-tools-preview`
[INFO] [stdout] 
[INFO] [stdout] 
[INFO] [stdout] error[E0463]: can't find crate for `rustc_interface`
[INFO] [stdout]  --> src/lib.rs:8:1
[INFO] [stdout]   |
[INFO] [stdout] 8 | extern crate rustc_interface;
[INFO] [stdout]   | ^^^^^^^^^^^^^^^^^^^^^^^^^^^^^ can't find crate
[INFO] [stdout]   |
[INFO] [stdout]   = help: maybe you need to install the missing components with: `rustup component add rust-src rustc-dev llvm-tools-preview`
[INFO] [stdout] 
[INFO] [stdout] 
[INFO] [stdout] error[E0463]: can't find crate for `rustc_lint`
[INFO] [stdout]  --> src/lib.rs:9:1
[INFO] [stdout]   |
[INFO] [stdout] 9 | extern crate rustc_lint;
[INFO] [stdout]   | ^^^^^^^^^^^^^^^^^^^^^^^^ can't find crate
[INFO] [stdout]   |
[INFO] [stdout]   = help: maybe you need to install the missing components with: `rustup component add rust-src rustc-dev llvm-tools-preview`
[INFO] [stdout] 
[INFO] [stdout] 
[INFO] [stdout] error[E0463]: can't find crate for `rustc_session`
[INFO] [stdout]   --> src/lib.rs:10:1
[INFO] [stdout]    |
[INFO] [stdout] 10 | extern crate rustc_session;
[INFO] [stdout]    | ^^^^^^^^^^^^^^^^^^^^^^^^^^^ can't find crate
[INFO] [stdout]    |
[INFO] [stdout]    = help: maybe you need to install the missing components with: `rustup component add rust-src rustc-dev llvm-tools-preview`
[INFO] [stdout] 
[INFO] [stdout] 
[INFO] [stdout] error[E0463]: can't find crate for `rustc_span`
[INFO] [stdout]   --> src/lib.rs:11:1
[INFO] [stdout]    |
[INFO] [stdout] 11 | extern crate rustc_span;
[INFO] [stdout]    | ^^^^^^^^^^^^^^^^^^^^^^^^ can't find crate
[INFO] [stdout]    |
[INFO] [stdout]    = help: maybe you need to install the missing components with: `rustup component add rust-src rustc-dev llvm-tools-preview`
[INFO] [stdout] 
[INFO] [stdout] 
[INFO] [stdout] error[E0554]: `#![feature]` may not be used on the stable release channel
[INFO] [stdout]  --> src/lib.rs:1:1
[INFO] [stdout]   |
[INFO] [stdout] 1 | #![feature(rustc_private)]
[INFO] [stdout]   | ^^^^^^^^^^^^^^^^^^^^^^^^^^
[INFO] [stdout] 
[INFO] [stdout] 
[INFO] [stdout] error: aborting due to 6 previous errors
[INFO] [stdout] 
[INFO] [stdout] 
[INFO] [stdout] Some errors have detailed explanations: E0463, E0554.
[INFO] [stdout] 
[INFO] [stdout] For more information about an error, try `rustc --explain E0463`.
[INFO] [stdout] 
[INFO] [stderr] error: could not compile `dylint_driver` due to 7 previous errors
[INFO] [stderr] warning: build failed, waiting for other jobs to finish...
[INFO] running `Command { std: "docker" "inspect" "2206543a87c1b46881ff7e4d9231abd7d046b428be30e03691c6d85bc2e24031", kill_on_drop: false }`
[INFO] running `Command { std: "docker" "rm" "-f" "2206543a87c1b46881ff7e4d9231abd7d046b428be30e03691c6d85bc2e24031", kill_on_drop: false }`
[INFO] [stdout] 2206543a87c1b46881ff7e4d9231abd7d046b428be30e03691c6d85bc2e24031
