[INFO] fetching crate dworkspace-in-memory 0.0.0...
[INFO] testing dworkspace-in-memory-0.0.0 against 1.69.0 for beta-1.70-1
[INFO] extracting crate dworkspace-in-memory 0.0.0 into /workspace/builds/worker-1-tc1/source
[INFO] validating manifest of crates.io crate dworkspace-in-memory 0.0.0 on toolchain 1.69.0
[INFO] running `Command { std: CARGO_HOME="/workspace/cargo-home" RUSTUP_HOME="/workspace/rustup-home" "/workspace/cargo-home/bin/cargo" "+1.69.0" "metadata" "--manifest-path" "Cargo.toml" "--no-deps", kill_on_drop: false }`
[INFO] started tweaking crates.io crate dworkspace-in-memory 0.0.0
[INFO] finished tweaking crates.io crate dworkspace-in-memory 0.0.0
[INFO] tweaked toml for crates.io crate dworkspace-in-memory 0.0.0 written to /workspace/builds/worker-1-tc1/source/Cargo.toml
[INFO] running `Command { std: CARGO_HOME="/workspace/cargo-home" RUSTUP_HOME="/workspace/rustup-home" __CARGO_TEST_CHANNEL_OVERRIDE_DO_NOT_USE_THIS="nightly" "/workspace/cargo-home/bin/cargo" "+1.69.0" "generate-lockfile" "--manifest-path" "Cargo.toml" "-Zno-index-update", kill_on_drop: false }`
[INFO] running `Command { std: CARGO_HOME="/workspace/cargo-home" RUSTUP_HOME="/workspace/rustup-home" "/workspace/cargo-home/bin/cargo" "+1.69.0" "fetch" "--manifest-path" "Cargo.toml", kill_on_drop: false }`
[INFO] [stderr]  Downloading crates ...
[INFO] [stderr]   Downloaded bevy_ptr v0.8.1
[INFO] [stderr]   Downloaded bevy_macro_utils v0.8.1
[INFO] [stderr]   Downloaded deskc-hir v0.0.0
[INFO] [stderr]   Downloaded bevy_ecs_macros v0.8.1
[INFO] [stderr]   Downloaded deskc-types v0.0.0
[INFO] [stderr]   Downloaded deskc-textual-diagnostics v0.0.0
[INFO] [stderr]   Downloaded deskc-typeinfer v0.0.0
[INFO] [stderr]   Downloaded deskc-tokens v0.0.0
[INFO] [stderr]   Downloaded bevy_utils v0.8.1
[INFO] [stderr]   Downloaded bevy_reflect v0.8.1
[INFO] [stderr]   Downloaded bevy_tasks v0.8.1
[INFO] [stderr]   Downloaded deskc-ast v0.0.0
[INFO] [stderr]   Downloaded chumsky v0.8.0
[INFO] [stderr]   Downloaded deskc-hirgen v0.0.0
[INFO] [stderr]   Downloaded bevy_reflect_derive v0.8.1
[INFO] [stderr]   Downloaded dworkspace v0.0.0
[INFO] [stderr]   Downloaded deskc-lexer v0.0.0
[INFO] [stderr]   Downloaded bevy_ecs v0.8.1
[INFO] [stderr]   Downloaded deskc-file v0.0.0
[INFO] [stderr]   Downloaded deskc-parser v0.0.0
[INFO] [stderr]   Downloaded deskc-link v0.0.0
[INFO] [stderr]   Downloaded dworkspace-components v0.0.0
[INFO] [stderr]   Downloaded deskc-ids v0.0.0
[INFO] running `Command { std: "docker" "create" "-v" "/var/lib/crater-agent-workspace/builds/worker-1-tc1/target:/opt/rustwide/target:rw,Z" "-v" "/var/lib/crater-agent-workspace/builds/worker-1-tc1/source:/opt/rustwide/workdir:ro,Z" "-v" "/var/lib/crater-agent-workspace/cargo-home:/opt/rustwide/cargo-home:ro,Z" "-v" "/var/lib/crater-agent-workspace/rustup-home:/opt/rustwide/rustup-home:ro,Z" "-e" "SOURCE_DIR=/opt/rustwide/workdir" "-e" "CARGO_TARGET_DIR=/opt/rustwide/target" "-e" "CARGO_HOME=/opt/rustwide/cargo-home" "-e" "RUSTUP_HOME=/opt/rustwide/rustup-home" "-w" "/opt/rustwide/workdir" "-m" "1610612736" "--user" "0:0" "--network" "none" "ghcr.io/rust-lang/crates-build-env/linux@sha256:5ff2268d62e97bff2cde7d5815dd6ed5b47097566f13b8d0ca110b04b60e07ed" "/opt/rustwide/cargo-home/bin/cargo" "+1.69.0" "metadata" "--no-deps" "--format-version=1", kill_on_drop: false }`
[INFO] [stdout] 9a1ae738ae22f829bc1cb468fee2033df25e98d675920386f74a28589e49e841
[INFO] running `Command { std: "docker" "start" "-a" "9a1ae738ae22f829bc1cb468fee2033df25e98d675920386f74a28589e49e841", kill_on_drop: false }`
[INFO] running `Command { std: "docker" "inspect" "9a1ae738ae22f829bc1cb468fee2033df25e98d675920386f74a28589e49e841", kill_on_drop: false }`
[INFO] running `Command { std: "docker" "rm" "-f" "9a1ae738ae22f829bc1cb468fee2033df25e98d675920386f74a28589e49e841", kill_on_drop: false }`
[INFO] [stdout] 9a1ae738ae22f829bc1cb468fee2033df25e98d675920386f74a28589e49e841
[INFO] running `Command { std: "docker" "create" "-v" "/var/lib/crater-agent-workspace/builds/worker-1-tc1/target:/opt/rustwide/target:rw,Z" "-v" "/var/lib/crater-agent-workspace/builds/worker-1-tc1/source:/opt/rustwide/workdir:ro,Z" "-v" "/var/lib/crater-agent-workspace/cargo-home:/opt/rustwide/cargo-home:ro,Z" "-v" "/var/lib/crater-agent-workspace/rustup-home:/opt/rustwide/rustup-home:ro,Z" "-e" "SOURCE_DIR=/opt/rustwide/workdir" "-e" "CARGO_TARGET_DIR=/opt/rustwide/target" "-e" "CARGO_INCREMENTAL=0" "-e" "RUST_BACKTRACE=full" "-e" "RUSTFLAGS=--cap-lints=warn" "-e" "RUSTDOCFLAGS=--cap-lints=warn" "-e" "CARGO_HOME=/opt/rustwide/cargo-home" "-e" "RUSTUP_HOME=/opt/rustwide/rustup-home" "-w" "/opt/rustwide/workdir" "-m" "1610612736" "--user" "0:0" "--network" "none" "ghcr.io/rust-lang/crates-build-env/linux@sha256:5ff2268d62e97bff2cde7d5815dd6ed5b47097566f13b8d0ca110b04b60e07ed" "/opt/rustwide/cargo-home/bin/cargo" "+1.69.0" "build" "--frozen" "--message-format=json", kill_on_drop: false }`
[INFO] [stdout] e9a111fb5e667b0e2ca7a0fadd7f119d164380962de4acde84feb2b97d5f7223
[INFO] running `Command { std: "docker" "start" "-a" "e9a111fb5e667b0e2ca7a0fadd7f119d164380962de4acde84feb2b97d5f7223", kill_on_drop: false }`
[INFO] [stderr]    Compiling once_cell v1.17.1
[INFO] [stderr]    Compiling crunchy v0.2.2
[INFO] [stderr]    Compiling syn v1.0.109
[INFO] [stderr]    Compiling serde v1.0.160
[INFO] [stderr]    Compiling proc-macro-hack v0.5.20+deprecated
[INFO] [stderr]    Compiling crossbeam-utils v0.8.15
[INFO] [stderr]    Compiling libc v0.2.142
[INFO] [stderr]    Compiling ahash v0.7.6
[INFO] [stderr]    Compiling tiny-keccak v2.0.2
[INFO] [stderr]    Compiling lock_api v0.4.9
[INFO] [stderr]    Compiling futures-core v0.3.28
[INFO] [stderr]    Compiling smallvec v1.10.0
[INFO] [stderr]    Compiling deskc-link v0.0.0
[INFO] [stderr]    Compiling instant v0.1.12
[INFO] [stderr]    Compiling slab v0.4.8
[INFO] [stderr]    Compiling parking_lot_core v0.9.7
[INFO] [stderr]    Compiling event-listener v2.5.3
[INFO] [stderr]    Compiling uuid v1.3.2
[INFO] [stderr]    Compiling tracing-core v0.1.30
[INFO] [stderr]    Compiling erased-serde v0.3.25
[INFO] [stderr]    Compiling deskc-file v0.0.0
[INFO] [stderr]    Compiling waker-fn v1.1.0
[INFO] [stderr]    Compiling fastrand v1.9.0
[INFO] [stderr]    Compiling parking_lot_core v0.8.6
[INFO] [stderr]    Compiling futures-io v0.3.28
[INFO] [stderr]    Compiling parking v2.1.0
[INFO] [stderr]    Compiling deskc-hir v0.0.0
[INFO] [stderr]    Compiling concurrent-queue v2.2.0
[INFO] [stderr]    Compiling hashbrown v0.12.3
[INFO] [stderr]    Compiling tracing v0.1.37
[INFO] [stderr]    Compiling futures-lite v1.13.0
[INFO] [stderr]    Compiling async-lock v2.7.0
[INFO] [stderr]    Compiling getrandom v0.2.9
[INFO] [stderr]    Compiling unicode-segmentation v1.10.1
[INFO] [stderr]    Compiling deskc-textual-diagnostics v0.0.0
[INFO] [stderr]    Compiling async-task v4.4.0
[INFO] [stderr]    Compiling async-channel v1.8.0
[INFO] [stderr]    Compiling parking_lot v0.12.1
[INFO] [stderr]    Compiling deskc-ast v0.0.0
[INFO] [stderr]    Compiling deskc-tokens v0.0.0
[INFO] [stderr]    Compiling bevy_ptr v0.8.1
[INFO] [stderr]    Compiling heck v0.3.3
[INFO] [stderr]    Compiling deskc-types v0.0.0
[INFO] [stderr]    Compiling downcast-rs v1.2.0
[INFO] [stderr]    Compiling diff v0.1.13
[INFO] [stderr]    Compiling yansi v0.5.1
[INFO] [stderr]    Compiling bevy_utils v0.8.1
[INFO] [stderr]    Compiling indexmap v1.9.3
[INFO] [stderr]    Compiling fxhash v0.2.1
[INFO] [stderr]    Compiling parking_lot v0.11.2
[INFO] [stderr]    Compiling thread_local v1.1.7
[INFO] [stderr]    Compiling deskc-ids v0.0.0
[INFO] [stderr]    Compiling oorandom v11.1.3
[INFO] [stderr]    Compiling const-random-macro v0.1.15
[INFO] [stderr]    Compiling pretty_assertions v1.3.0
[INFO] [stderr]    Compiling fixedbitset v0.4.2
[INFO] [stderr]    Compiling rustc-hash v1.1.0
[INFO] [stderr]    Compiling dworkspace-components v0.0.0
[INFO] [stderr]    Compiling async-executor v1.5.1
[INFO] [stderr]    Compiling deskc-hirgen v0.0.0
[INFO] [stderr]    Compiling deskc-typeinfer v0.0.0
[INFO] [stdout] error[E0432]: unresolved import `deskc_ids::NodeId`
[INFO] [stdout]  --> /opt/rustwide/cargo-home/registry/src/github.com-1ecc6299db9ec823/dworkspace-components-0.0.0/src/event.rs:7:5
[INFO] [stdout]   |
[INFO] [stdout] 7 | use deskc_ids::NodeId;
[INFO] [stdout]   |     ^^^^^^^^^^^^^^^^^ no `NodeId` in the root
[INFO] [stdout] 
[INFO] [stdout] 
[INFO] [stdout] error[E0432]: unresolved import `deskc_ids::NodeId`
[INFO] [stdout]  --> /opt/rustwide/cargo-home/registry/src/github.com-1ecc6299db9ec823/dworkspace-components-0.0.0/src/flat_node.rs:3:5
[INFO] [stdout]   |
[INFO] [stdout] 3 | use deskc_ids::NodeId;
[INFO] [stdout]   |     ^^^^^^^^^^^^^^^^^ no `NodeId` in the root
[INFO] [stdout] 
[INFO] [stdout] 
[INFO] [stdout] error[E0432]: unresolved import `deskc_ids::NodeId`
[INFO] [stdout]  --> /opt/rustwide/cargo-home/registry/src/github.com-1ecc6299db9ec823/dworkspace-components-0.0.0/src/node.rs:1:5
[INFO] [stdout]   |
[INFO] [stdout] 1 | use deskc_ids::NodeId;
[INFO] [stdout]   |     ^^^^^^^^^^^^^^^^^ no `NodeId` in the root
[INFO] [stdout] 
[INFO] [stdout] 
[INFO] [stdout] error[E0432]: unresolved import `deskc_ids::NodeId`
[INFO] [stdout]  --> /opt/rustwide/cargo-home/registry/src/github.com-1ecc6299db9ec823/dworkspace-components-0.0.0/src/patch/mod.rs:2:27
[INFO] [stdout]   |
[INFO] [stdout] 2 | use deskc_ids::{LinkName, NodeId};
[INFO] [stdout]   |                           ^^^^^^ no `NodeId` in the root
[INFO] [stdout] 
[INFO] [stdout] 
[INFO] [stdout] error[E0432]: unresolved import `deskc_ids::NodeId`
[INFO] [stdout]  --> /opt/rustwide/cargo-home/registry/src/github.com-1ecc6299db9ec823/dworkspace-components-0.0.0/src/snapshot.rs:7:5
[INFO] [stdout]   |
[INFO] [stdout] 7 | use deskc_ids::NodeId;
[INFO] [stdout]   |     ^^^^^^^^^^^^^^^^^ no `NodeId` in the root
[INFO] [stdout] 
[INFO] [stdout] 
[INFO] [stdout] error[E0277]: the trait bound `Expr: Eq` is not satisfied
[INFO] [stdout]   --> /opt/rustwide/cargo-home/registry/src/github.com-1ecc6299db9ec823/dworkspace-components-0.0.0/src/flat_node.rs:20:5
[INFO] [stdout]    |
[INFO] [stdout] 16 | #[derive(Clone, Debug, PartialEq, Eq)]
[INFO] [stdout]    |                                   -- in this derive macro expansion
[INFO] [stdout] ...
[INFO] [stdout] 20 |     pub attributes: Attributes,
[INFO] [stdout]    |     ^^^^^^^^^^^^^^^^^^^^^^^^^^ the trait `Eq` is not implemented for `Expr`
[INFO] [stdout]    |
[INFO] [stdout]    = help: the trait `Eq` is implemented for `HashMap<K, V, S>`
[INFO] [stdout]    = note: required for `HashMap<deskc_types::Type, Expr>` to implement `Eq`
[INFO] [stdout] note: required by a bound in `AssertParamIsEq`
[INFO] [stdout]   --> /rustc/84c898d65adf2f39a5a98507f1fe0ce10a2b8dbc/library/core/src/cmp.rs:315:1
[INFO] [stdout]    = note: this error originates in the derive macro `Eq` (in Nightly builds, run with -Z macro-backtrace for more info)
[INFO] [stdout] 
[INFO] [stdout] 
[INFO] [stdout] error[E0277]: the trait bound `Expr: Eq` is not satisfied
[INFO] [stdout]   --> /opt/rustwide/cargo-home/registry/src/github.com-1ecc6299db9ec823/dworkspace-components-0.0.0/src/node.rs:10:5
[INFO] [stdout]    |
[INFO] [stdout] 5  | #[derive(Clone, Debug, PartialEq, Eq)]
[INFO] [stdout]    |                                   -- in this derive macro expansion
[INFO] [stdout] ...
[INFO] [stdout] 10 |     pub attributes: Attributes,
[INFO] [stdout]    |     ^^^^^^^^^^^^^^^^^^^^^^^^^^ the trait `Eq` is not implemented for `Expr`
[INFO] [stdout]    |
[INFO] [stdout]    = help: the trait `Eq` is implemented for `HashMap<K, V, S>`
[INFO] [stdout]    = note: required for `HashMap<deskc_types::Type, Expr>` to implement `Eq`
[INFO] [stdout] note: required by a bound in `AssertParamIsEq`
[INFO] [stdout]   --> /rustc/84c898d65adf2f39a5a98507f1fe0ce10a2b8dbc/library/core/src/cmp.rs:315:1
[INFO] [stdout]    = note: this error originates in the derive macro `Eq` (in Nightly builds, run with -Z macro-backtrace for more info)
[INFO] [stdout] 
[INFO] [stdout] 
[INFO] [stdout] error[E0277]: the trait bound `Expr: Eq` is not satisfied
[INFO] [stdout]   --> /opt/rustwide/cargo-home/registry/src/github.com-1ecc6299db9ec823/dworkspace-components-0.0.0/src/patch/mod.rs:40:25
[INFO] [stdout]    |
[INFO] [stdout] 38 | #[derive(Debug, Clone, PartialEq, Eq)]
[INFO] [stdout]    |                                   -- in this derive macro expansion
[INFO] [stdout] 39 | pub enum AttributePatch {
[INFO] [stdout] 40 |     Update { key: Type, value: Box<Expr> },
[INFO] [stdout]    |                         ^^^^^^^^^^^^^^^^ the trait `Eq` is not implemented for `Expr`
[INFO] [stdout]    |
[INFO] [stdout]    = help: the trait `Eq` is implemented for `Box<T, A>`
[INFO] [stdout]    = note: required for `Box<Expr>` to implement `Eq`
[INFO] [stdout] note: required by a bound in `AssertParamIsEq`
[INFO] [stdout]   --> /rustc/84c898d65adf2f39a5a98507f1fe0ce10a2b8dbc/library/core/src/cmp.rs:315:1
[INFO] [stdout]    = note: this error originates in the derive macro `Eq` (in Nightly builds, run with -Z macro-backtrace for more info)
[INFO] [stdout] 
[INFO] [stdout] 
[INFO] [stdout] error: aborting due to 8 previous errors
[INFO] [stdout] 
[INFO] [stdout] 
[INFO] [stdout] Some errors have detailed explanations: E0277, E0432.
[INFO] [stdout] 
[INFO] [stdout] For more information about an error, try `rustc --explain E0277`.
[INFO] [stdout] 
[INFO] [stderr] error: could not compile `dworkspace-components` due to 9 previous errors
[INFO] [stderr] warning: build failed, waiting for other jobs to finish...
[INFO] running `Command { std: "docker" "inspect" "e9a111fb5e667b0e2ca7a0fadd7f119d164380962de4acde84feb2b97d5f7223", kill_on_drop: false }`
[INFO] running `Command { std: "docker" "rm" "-f" "e9a111fb5e667b0e2ca7a0fadd7f119d164380962de4acde84feb2b97d5f7223", kill_on_drop: false }`
[INFO] [stdout] e9a111fb5e667b0e2ca7a0fadd7f119d164380962de4acde84feb2b97d5f7223
