[INFO] fetching crate dworkspace-codebase 0.0.0...
[INFO] testing dworkspace-codebase-0.0.0 against 1.69.0 for beta-1.70-1
[INFO] extracting crate dworkspace-codebase 0.0.0 into /workspace/builds/worker-7-tc1/source
[INFO] validating manifest of crates.io crate dworkspace-codebase 0.0.0 on toolchain 1.69.0
[INFO] running `Command { std: CARGO_HOME="/workspace/cargo-home" RUSTUP_HOME="/workspace/rustup-home" "/workspace/cargo-home/bin/cargo" "+1.69.0" "metadata" "--manifest-path" "Cargo.toml" "--no-deps", kill_on_drop: false }`
[INFO] started tweaking crates.io crate dworkspace-codebase 0.0.0
[INFO] finished tweaking crates.io crate dworkspace-codebase 0.0.0
[INFO] tweaked toml for crates.io crate dworkspace-codebase 0.0.0 written to /workspace/builds/worker-7-tc1/source/Cargo.toml
[INFO] running `Command { std: CARGO_HOME="/workspace/cargo-home" RUSTUP_HOME="/workspace/rustup-home" __CARGO_TEST_CHANNEL_OVERRIDE_DO_NOT_USE_THIS="nightly" "/workspace/cargo-home/bin/cargo" "+1.69.0" "generate-lockfile" "--manifest-path" "Cargo.toml" "-Zno-index-update", kill_on_drop: false }`
[INFO] running `Command { std: CARGO_HOME="/workspace/cargo-home" RUSTUP_HOME="/workspace/rustup-home" "/workspace/cargo-home/bin/cargo" "+1.69.0" "fetch" "--manifest-path" "Cargo.toml", kill_on_drop: false }`
[INFO] [stderr]  Downloading crates ...
[INFO] [stderr]   Downloaded deskc-file v0.0.0
[INFO] [stderr]   Downloaded deskc-ast v0.0.0
[INFO] [stderr]   Downloaded deskc-link v0.0.0
[INFO] [stderr]   Downloaded deskc-ids v0.0.0
[INFO] [stderr]   Downloaded deskc-types v0.0.0
[INFO] [stderr]   Downloaded deskc-hir v0.0.0
[INFO] running `Command { std: "docker" "create" "-v" "/var/lib/crater-agent-workspace/builds/worker-7-tc1/target:/opt/rustwide/target:rw,Z" "-v" "/var/lib/crater-agent-workspace/builds/worker-7-tc1/source:/opt/rustwide/workdir:ro,Z" "-v" "/var/lib/crater-agent-workspace/cargo-home:/opt/rustwide/cargo-home:ro,Z" "-v" "/var/lib/crater-agent-workspace/rustup-home:/opt/rustwide/rustup-home:ro,Z" "-e" "SOURCE_DIR=/opt/rustwide/workdir" "-e" "CARGO_TARGET_DIR=/opt/rustwide/target" "-e" "CARGO_HOME=/opt/rustwide/cargo-home" "-e" "RUSTUP_HOME=/opt/rustwide/rustup-home" "-w" "/opt/rustwide/workdir" "-m" "1610612736" "--user" "0:0" "--network" "none" "ghcr.io/rust-lang/crates-build-env/linux@sha256:5ff2268d62e97bff2cde7d5815dd6ed5b47097566f13b8d0ca110b04b60e07ed" "/opt/rustwide/cargo-home/bin/cargo" "+1.69.0" "metadata" "--no-deps" "--format-version=1", kill_on_drop: false }`
[INFO] [stdout] ce1b0286c9440b0be2f933a0cc5f0423ee854fd2dc1b86bc1c5c3fc43010121b
[INFO] running `Command { std: "docker" "start" "-a" "ce1b0286c9440b0be2f933a0cc5f0423ee854fd2dc1b86bc1c5c3fc43010121b", kill_on_drop: false }`
[INFO] running `Command { std: "docker" "inspect" "ce1b0286c9440b0be2f933a0cc5f0423ee854fd2dc1b86bc1c5c3fc43010121b", kill_on_drop: false }`
[INFO] running `Command { std: "docker" "rm" "-f" "ce1b0286c9440b0be2f933a0cc5f0423ee854fd2dc1b86bc1c5c3fc43010121b", kill_on_drop: false }`
[INFO] [stdout] ce1b0286c9440b0be2f933a0cc5f0423ee854fd2dc1b86bc1c5c3fc43010121b
[INFO] running `Command { std: "docker" "create" "-v" "/var/lib/crater-agent-workspace/builds/worker-7-tc1/target:/opt/rustwide/target:rw,Z" "-v" "/var/lib/crater-agent-workspace/builds/worker-7-tc1/source:/opt/rustwide/workdir:ro,Z" "-v" "/var/lib/crater-agent-workspace/cargo-home:/opt/rustwide/cargo-home:ro,Z" "-v" "/var/lib/crater-agent-workspace/rustup-home:/opt/rustwide/rustup-home:ro,Z" "-e" "SOURCE_DIR=/opt/rustwide/workdir" "-e" "CARGO_TARGET_DIR=/opt/rustwide/target" "-e" "CARGO_INCREMENTAL=0" "-e" "RUST_BACKTRACE=full" "-e" "RUSTFLAGS=--cap-lints=warn" "-e" "RUSTDOCFLAGS=--cap-lints=warn" "-e" "CARGO_HOME=/opt/rustwide/cargo-home" "-e" "RUSTUP_HOME=/opt/rustwide/rustup-home" "-w" "/opt/rustwide/workdir" "-m" "1610612736" "--user" "0:0" "--network" "none" "ghcr.io/rust-lang/crates-build-env/linux@sha256:5ff2268d62e97bff2cde7d5815dd6ed5b47097566f13b8d0ca110b04b60e07ed" "/opt/rustwide/cargo-home/bin/cargo" "+1.69.0" "build" "--frozen" "--message-format=json", kill_on_drop: false }`
[INFO] [stdout] da5869db4258f964729d5ff28cb235d9e635586b2e4982d1b7624cfb52efa436
[INFO] running `Command { std: "docker" "start" "-a" "da5869db4258f964729d5ff28cb235d9e635586b2e4982d1b7624cfb52efa436", kill_on_drop: false }`
[INFO] [stderr]    Compiling uuid v0.8.2
[INFO] [stderr]    Compiling deskc-file v0.0.0
[INFO] [stderr]    Compiling deskc-types v0.0.0
[INFO] [stderr]    Compiling uuid v1.3.2
[INFO] [stderr]    Compiling deskc-link v0.0.0
[INFO] [stderr]    Compiling deskc-ids v0.0.0
[INFO] [stderr]    Compiling deskc-hir v0.0.0
[INFO] [stderr]    Compiling deskc-ast v0.0.0
[INFO] [stderr]    Compiling dworkspace-codebase v0.0.0 (/opt/rustwide/workdir)
[INFO] [stdout] error[E0432]: unresolved import `ast::span::WithSpan`
[INFO] [stdout]  --> src/code.rs:3:23
[INFO] [stdout]   |
[INFO] [stdout] 3 | use ast::{expr::Expr, span::WithSpan};
[INFO] [stdout]   |                       ^^^^^^^^^^^^^^ no `WithSpan` in `span`
[INFO] [stdout] 
[INFO] [stdout] 
[INFO] [stdout] error[E0432]: unresolved import `deskc_ids::NodeId`
[INFO] [stdout]  --> src/event.rs:7:5
[INFO] [stdout]   |
[INFO] [stdout] 7 | use deskc_ids::NodeId;
[INFO] [stdout]   |     ^^^^^^^^^^^^^^^^^ no `NodeId` in the root
[INFO] [stdout] 
[INFO] [stdout] 
[INFO] [stdout] error[E0432]: unresolved import `deskc_ids::NodeId`
[INFO] [stdout]  --> src/flat_node.rs:3:5
[INFO] [stdout]   |
[INFO] [stdout] 3 | use deskc_ids::NodeId;
[INFO] [stdout]   |     ^^^^^^^^^^^^^^^^^ no `NodeId` in the root
[INFO] [stdout] 
[INFO] [stdout] 
[INFO] [stdout] error[E0432]: unresolved import `deskc_ids::NodeId`
[INFO] [stdout]  --> src/node.rs:1:5
[INFO] [stdout]   |
[INFO] [stdout] 1 | use deskc_ids::NodeId;
[INFO] [stdout]   |     ^^^^^^^^^^^^^^^^^ no `NodeId` in the root
[INFO] [stdout] 
[INFO] [stdout] 
[INFO] [stdout] error[E0432]: unresolved import `deskc_ids::NodeId`
[INFO] [stdout]  --> src/patch/mod.rs:2:27
[INFO] [stdout]   |
[INFO] [stdout] 2 | use deskc_ids::{LinkName, NodeId};
[INFO] [stdout]   |                           ^^^^^^ no `NodeId` in the root
[INFO] [stdout] 
[INFO] [stdout] 
[INFO] [stdout] error[E0432]: unresolved import `deskc_ids::NodeId`
[INFO] [stdout]  --> src/snapshot.rs:7:5
[INFO] [stdout]   |
[INFO] [stdout] 7 | use deskc_ids::NodeId;
[INFO] [stdout]   |     ^^^^^^^^^^^^^^^^^ no `NodeId` in the root
[INFO] [stdout] 
[INFO] [stdout] 
[INFO] [stdout] error[E0277]: the trait bound `deskc_hir::expr::Expr: Eq` is not satisfied
[INFO] [stdout]   --> src/flat_node.rs:20:5
[INFO] [stdout]    |
[INFO] [stdout] 16 | #[derive(Clone, Debug, PartialEq, Eq)]
[INFO] [stdout]    |                                   -- in this derive macro expansion
[INFO] [stdout] ...
[INFO] [stdout] 20 |     pub attributes: Attributes,
[INFO] [stdout]    |     ^^^^^^^^^^^^^^^^^^^^^^^^^^ the trait `Eq` is not implemented for `deskc_hir::expr::Expr`
[INFO] [stdout]    |
[INFO] [stdout]    = help: the trait `Eq` is implemented for `HashMap<K, V, S>`
[INFO] [stdout]    = note: required for `HashMap<deskc_types::Type, deskc_hir::expr::Expr>` to implement `Eq`
[INFO] [stdout] note: required by a bound in `AssertParamIsEq`
[INFO] [stdout]   --> /rustc/84c898d65adf2f39a5a98507f1fe0ce10a2b8dbc/library/core/src/cmp.rs:315:1
[INFO] [stdout]    = note: this error originates in the derive macro `Eq` (in Nightly builds, run with -Z macro-backtrace for more info)
[INFO] [stdout] 
[INFO] [stdout] 
[INFO] [stdout] error[E0277]: the trait bound `deskc_hir::expr::Expr: Eq` is not satisfied
[INFO] [stdout]   --> src/node.rs:10:5
[INFO] [stdout]    |
[INFO] [stdout] 5  | #[derive(Clone, Debug, PartialEq, Eq)]
[INFO] [stdout]    |                                   -- in this derive macro expansion
[INFO] [stdout] ...
[INFO] [stdout] 10 |     pub attributes: Attributes,
[INFO] [stdout]    |     ^^^^^^^^^^^^^^^^^^^^^^^^^^ the trait `Eq` is not implemented for `deskc_hir::expr::Expr`
[INFO] [stdout]    |
[INFO] [stdout]    = help: the trait `Eq` is implemented for `HashMap<K, V, S>`
[INFO] [stdout]    = note: required for `HashMap<deskc_types::Type, deskc_hir::expr::Expr>` to implement `Eq`
[INFO] [stdout] note: required by a bound in `AssertParamIsEq`
[INFO] [stdout]   --> /rustc/84c898d65adf2f39a5a98507f1fe0ce10a2b8dbc/library/core/src/cmp.rs:315:1
[INFO] [stdout]    = note: this error originates in the derive macro `Eq` (in Nightly builds, run with -Z macro-backtrace for more info)
[INFO] [stdout] 
[INFO] [stdout] 
[INFO] [stdout] error[E0277]: the trait bound `deskc_hir::expr::Expr: Eq` is not satisfied
[INFO] [stdout]   --> src/patch/mod.rs:40:25
[INFO] [stdout]    |
[INFO] [stdout] 38 | #[derive(Debug, Clone, PartialEq, Eq)]
[INFO] [stdout]    |                                   -- in this derive macro expansion
[INFO] [stdout] 39 | pub enum AttributePatch {
[INFO] [stdout] 40 |     Update { key: Type, value: Box<Expr> },
[INFO] [stdout]    |                         ^^^^^^^^^^^^^^^^ the trait `Eq` is not implemented for `deskc_hir::expr::Expr`
[INFO] [stdout]    |
[INFO] [stdout]    = help: the trait `Eq` is implemented for `Box<T, A>`
[INFO] [stdout]    = note: required for `Box<deskc_hir::expr::Expr>` to implement `Eq`
[INFO] [stdout] note: required by a bound in `AssertParamIsEq`
[INFO] [stdout]   --> /rustc/84c898d65adf2f39a5a98507f1fe0ce10a2b8dbc/library/core/src/cmp.rs:315:1
[INFO] [stdout]    = note: this error originates in the derive macro `Eq` (in Nightly builds, run with -Z macro-backtrace for more info)
[INFO] [stdout] 
[INFO] [stdout] 
[INFO] [stdout] error: aborting due to 9 previous errors
[INFO] [stdout] 
[INFO] [stdout] 
[INFO] [stdout] Some errors have detailed explanations: E0277, E0432.
[INFO] [stdout] 
[INFO] [stdout] For more information about an error, try `rustc --explain E0277`.
[INFO] [stdout] 
[INFO] [stderr] error: could not compile `dworkspace-codebase` due to 10 previous errors
[INFO] running `Command { std: "docker" "inspect" "da5869db4258f964729d5ff28cb235d9e635586b2e4982d1b7624cfb52efa436", kill_on_drop: false }`
[INFO] running `Command { std: "docker" "rm" "-f" "da5869db4258f964729d5ff28cb235d9e635586b2e4982d1b7624cfb52efa436", kill_on_drop: false }`
[INFO] [stdout] da5869db4258f964729d5ff28cb235d9e635586b2e4982d1b7624cfb52efa436
