[INFO] fetching crate dust_dds_derive 0.2.1...
[INFO] testing dust_dds_derive-0.2.1 against 1.69.0 for beta-1.70-1
[INFO] extracting crate dust_dds_derive 0.2.1 into /workspace/builds/worker-7-tc1/source
[INFO] validating manifest of crates.io crate dust_dds_derive 0.2.1 on toolchain 1.69.0
[INFO] running `Command { std: CARGO_HOME="/workspace/cargo-home" RUSTUP_HOME="/workspace/rustup-home" "/workspace/cargo-home/bin/cargo" "+1.69.0" "metadata" "--manifest-path" "Cargo.toml" "--no-deps", kill_on_drop: false }`
[INFO] started tweaking crates.io crate dust_dds_derive 0.2.1
[INFO] finished tweaking crates.io crate dust_dds_derive 0.2.1
[INFO] tweaked toml for crates.io crate dust_dds_derive 0.2.1 written to /workspace/builds/worker-7-tc1/source/Cargo.toml
[INFO] running `Command { std: CARGO_HOME="/workspace/cargo-home" RUSTUP_HOME="/workspace/rustup-home" __CARGO_TEST_CHANNEL_OVERRIDE_DO_NOT_USE_THIS="nightly" "/workspace/cargo-home/bin/cargo" "+1.69.0" "generate-lockfile" "--manifest-path" "Cargo.toml" "-Zno-index-update", kill_on_drop: false }`
[INFO] running `Command { std: CARGO_HOME="/workspace/cargo-home" RUSTUP_HOME="/workspace/rustup-home" "/workspace/cargo-home/bin/cargo" "+1.69.0" "fetch" "--manifest-path" "Cargo.toml", kill_on_drop: false }`
[INFO] [stderr]  Downloading crates ...
[INFO] [stderr]   Downloaded cdr v0.2.4
[INFO] running `Command { std: "docker" "create" "-v" "/var/lib/crater-agent-workspace/builds/worker-7-tc1/target:/opt/rustwide/target:rw,Z" "-v" "/var/lib/crater-agent-workspace/builds/worker-7-tc1/source:/opt/rustwide/workdir:ro,Z" "-v" "/var/lib/crater-agent-workspace/cargo-home:/opt/rustwide/cargo-home:ro,Z" "-v" "/var/lib/crater-agent-workspace/rustup-home:/opt/rustwide/rustup-home:ro,Z" "-e" "SOURCE_DIR=/opt/rustwide/workdir" "-e" "CARGO_TARGET_DIR=/opt/rustwide/target" "-e" "CARGO_HOME=/opt/rustwide/cargo-home" "-e" "RUSTUP_HOME=/opt/rustwide/rustup-home" "-w" "/opt/rustwide/workdir" "-m" "1610612736" "--user" "0:0" "--network" "none" "ghcr.io/rust-lang/crates-build-env/linux@sha256:5ff2268d62e97bff2cde7d5815dd6ed5b47097566f13b8d0ca110b04b60e07ed" "/opt/rustwide/cargo-home/bin/cargo" "+1.69.0" "metadata" "--no-deps" "--format-version=1", kill_on_drop: false }`
[INFO] [stdout] 3af4ace3195d0a5ac80185f9858c7e483948189ee93f30d1c811accbf0c3612a
[INFO] running `Command { std: "docker" "start" "-a" "3af4ace3195d0a5ac80185f9858c7e483948189ee93f30d1c811accbf0c3612a", kill_on_drop: false }`
[INFO] running `Command { std: "docker" "inspect" "3af4ace3195d0a5ac80185f9858c7e483948189ee93f30d1c811accbf0c3612a", kill_on_drop: false }`
[INFO] running `Command { std: "docker" "rm" "-f" "3af4ace3195d0a5ac80185f9858c7e483948189ee93f30d1c811accbf0c3612a", kill_on_drop: false }`
[INFO] [stdout] 3af4ace3195d0a5ac80185f9858c7e483948189ee93f30d1c811accbf0c3612a
[INFO] running `Command { std: "docker" "create" "-v" "/var/lib/crater-agent-workspace/builds/worker-7-tc1/target:/opt/rustwide/target:rw,Z" "-v" "/var/lib/crater-agent-workspace/builds/worker-7-tc1/source:/opt/rustwide/workdir:ro,Z" "-v" "/var/lib/crater-agent-workspace/cargo-home:/opt/rustwide/cargo-home:ro,Z" "-v" "/var/lib/crater-agent-workspace/rustup-home:/opt/rustwide/rustup-home:ro,Z" "-e" "SOURCE_DIR=/opt/rustwide/workdir" "-e" "CARGO_TARGET_DIR=/opt/rustwide/target" "-e" "CARGO_INCREMENTAL=0" "-e" "RUST_BACKTRACE=full" "-e" "RUSTFLAGS=--cap-lints=warn" "-e" "RUSTDOCFLAGS=--cap-lints=warn" "-e" "CARGO_HOME=/opt/rustwide/cargo-home" "-e" "RUSTUP_HOME=/opt/rustwide/rustup-home" "-w" "/opt/rustwide/workdir" "-m" "1610612736" "--user" "0:0" "--network" "none" "ghcr.io/rust-lang/crates-build-env/linux@sha256:5ff2268d62e97bff2cde7d5815dd6ed5b47097566f13b8d0ca110b04b60e07ed" "/opt/rustwide/cargo-home/bin/cargo" "+1.69.0" "build" "--frozen" "--message-format=json", kill_on_drop: false }`
[INFO] [stdout] c0e4d0848fcec15551e71b87169618caf2a54cd9b00be8722986184542709dfc
[INFO] running `Command { std: "docker" "start" "-a" "c0e4d0848fcec15551e71b87169618caf2a54cd9b00be8722986184542709dfc", kill_on_drop: false }`
[INFO] [stderr]    Compiling syn v1.0.109
[INFO] [stderr]    Compiling dust_dds_derive v0.2.1 (/opt/rustwide/workdir)
[INFO] [stderr]     Finished dev [unoptimized + debuginfo] target(s) in 3.80s
[INFO] running `Command { std: "docker" "inspect" "c0e4d0848fcec15551e71b87169618caf2a54cd9b00be8722986184542709dfc", kill_on_drop: false }`
[INFO] running `Command { std: "docker" "rm" "-f" "c0e4d0848fcec15551e71b87169618caf2a54cd9b00be8722986184542709dfc", kill_on_drop: false }`
[INFO] [stdout] c0e4d0848fcec15551e71b87169618caf2a54cd9b00be8722986184542709dfc
[INFO] running `Command { std: "docker" "create" "-v" "/var/lib/crater-agent-workspace/builds/worker-7-tc1/target:/opt/rustwide/target:rw,Z" "-v" "/var/lib/crater-agent-workspace/builds/worker-7-tc1/source:/opt/rustwide/workdir:ro,Z" "-v" "/var/lib/crater-agent-workspace/cargo-home:/opt/rustwide/cargo-home:ro,Z" "-v" "/var/lib/crater-agent-workspace/rustup-home:/opt/rustwide/rustup-home:ro,Z" "-e" "SOURCE_DIR=/opt/rustwide/workdir" "-e" "CARGO_TARGET_DIR=/opt/rustwide/target" "-e" "CARGO_INCREMENTAL=0" "-e" "RUST_BACKTRACE=full" "-e" "RUSTFLAGS=--cap-lints=warn" "-e" "RUSTDOCFLAGS=--cap-lints=warn" "-e" "CARGO_HOME=/opt/rustwide/cargo-home" "-e" "RUSTUP_HOME=/opt/rustwide/rustup-home" "-w" "/opt/rustwide/workdir" "-m" "1610612736" "--user" "0:0" "--network" "none" "ghcr.io/rust-lang/crates-build-env/linux@sha256:5ff2268d62e97bff2cde7d5815dd6ed5b47097566f13b8d0ca110b04b60e07ed" "/opt/rustwide/cargo-home/bin/cargo" "+1.69.0" "test" "--frozen" "--no-run" "--message-format=json", kill_on_drop: false }`
[INFO] [stdout] dd81b9de996b6e6bae1adbe281d7e94909f995803c92a877bc3db39b89207a91
[INFO] running `Command { std: "docker" "start" "-a" "dd81b9de996b6e6bae1adbe281d7e94909f995803c92a877bc3db39b89207a91", kill_on_drop: false }`
[INFO] [stderr]    Compiling proc-macro2 v1.0.56
[INFO] [stderr]    Compiling unicode-ident v1.0.8
[INFO] [stderr]    Compiling quote v1.0.26
[INFO] [stderr]    Compiling syn v1.0.109
[INFO] [stderr]    Compiling syn v2.0.15
[INFO] [stderr]    Compiling serde_derive v1.0.160
[INFO] [stderr]    Compiling dust_dds_derive v0.2.1 (/opt/rustwide/workdir)
[INFO] [stderr]    Compiling serde v1.0.160
[INFO] [stderr]    Compiling cdr v0.2.4
[INFO] [stdout] error[E0433]: failed to resolve: use of undeclared crate or module `dust_dds`
[INFO] [stdout]  --> tests/test_dds_type_derive.rs:1:5
[INFO] [stdout]   |
[INFO] [stdout] 1 | use dust_dds::topic_definition::type_support::{DdsSerde, DdsType};
[INFO] [stdout]   |     ^^^^^^^^ use of undeclared crate or module `dust_dds`
[INFO] [stdout] 
[INFO] [stdout] 
[INFO] [stdout] error: cannot determine resolution for the derive macro `DdsType`
[INFO] [stdout]  --> tests/test_dds_type_derive.rs:4:10
[INFO] [stdout]   |
[INFO] [stdout] 4 | #[derive(DdsType, DdsSerde)]
[INFO] [stdout]   |          ^^^^^^^
[INFO] [stdout]   |
[INFO] [stdout]   = note: import resolution is stuck, try simplifying macro imports
[INFO] [stdout] 
[INFO] [stdout] 
[INFO] [stdout] error: cannot determine resolution for the derive macro `DdsSerde`
[INFO] [stdout]  --> tests/test_dds_type_derive.rs:4:19
[INFO] [stdout]   |
[INFO] [stdout] 4 | #[derive(DdsType, DdsSerde)]
[INFO] [stdout]   |                   ^^^^^^^^
[INFO] [stdout]   |
[INFO] [stdout]   = note: import resolution is stuck, try simplifying macro imports
[INFO] [stdout] 
[INFO] [stdout] 
[INFO] [stdout] error: cannot determine resolution for the derive macro `DdsType`
[INFO] [stdout]   --> tests/test_dds_type_derive.rs:31:10
[INFO] [stdout]    |
[INFO] [stdout] 31 | #[derive(DdsType, DdsSerde)]
[INFO] [stdout]    |          ^^^^^^^
[INFO] [stdout]    |
[INFO] [stdout]    = note: import resolution is stuck, try simplifying macro imports
[INFO] [stdout] 
[INFO] [stdout] 
[INFO] [stdout] error: cannot determine resolution for the derive macro `DdsSerde`
[INFO] [stdout]   --> tests/test_dds_type_derive.rs:31:19
[INFO] [stdout]    |
[INFO] [stdout] 31 | #[derive(DdsType, DdsSerde)]
[INFO] [stdout]    |                   ^^^^^^^^
[INFO] [stdout]    |
[INFO] [stdout]    = note: import resolution is stuck, try simplifying macro imports
[INFO] [stdout] 
[INFO] [stdout] 
[INFO] [stdout] error: cannot find attribute `key` in this scope
[INFO] [stdout]   --> tests/test_dds_type_derive.rs:34:7
[INFO] [stdout]    |
[INFO] [stdout] 34 |     #[key]
[INFO] [stdout]    |       ^^^
[INFO] [stdout] 
[INFO] [stdout] 
[INFO] [stdout] error: cannot determine resolution for the derive macro `DdsType`
[INFO] [stdout]   --> tests/test_dds_type_derive.rs:59:10
[INFO] [stdout]    |
[INFO] [stdout] 59 | #[derive(DdsType, DdsSerde)]
[INFO] [stdout]    |          ^^^^^^^
[INFO] [stdout]    |
[INFO] [stdout]    = note: import resolution is stuck, try simplifying macro imports
[INFO] [stdout] 
[INFO] [stdout] 
[INFO] [stdout] error: cannot determine resolution for the derive macro `DdsSerde`
[INFO] [stdout]   --> tests/test_dds_type_derive.rs:59:19
[INFO] [stdout]    |
[INFO] [stdout] 59 | #[derive(DdsType, DdsSerde)]
[INFO] [stdout]    |                   ^^^^^^^^
[INFO] [stdout]    |
[INFO] [stdout]    = note: import resolution is stuck, try simplifying macro imports
[INFO] [stdout] 
[INFO] [stdout] 
[INFO] [stdout] error: cannot find attribute `key` in this scope
[INFO] [stdout]   --> tests/test_dds_type_derive.rs:61:7
[INFO] [stdout]    |
[INFO] [stdout] 61 |     #[key]
[INFO] [stdout]    |       ^^^
[INFO] [stdout] 
[INFO] [stdout] 
[INFO] [stdout] error: cannot find attribute `key` in this scope
[INFO] [stdout]   --> tests/test_dds_type_derive.rs:64:7
[INFO] [stdout]    |
[INFO] [stdout] 64 |     #[key]
[INFO] [stdout]    |       ^^^
[INFO] [stdout] 
[INFO] [stdout] 
[INFO] [stdout] error: cannot find attribute `key` in this scope
[INFO] [stdout]   --> tests/test_dds_type_derive.rs:66:7
[INFO] [stdout]    |
[INFO] [stdout] 66 |     #[key]
[INFO] [stdout]    |       ^^^
[INFO] [stdout] 
[INFO] [stdout] 
[INFO] [stdout] error: cannot determine resolution for the derive macro `DdsType`
[INFO] [stdout]    --> tests/test_dds_type_derive.rs:113:10
[INFO] [stdout]     |
[INFO] [stdout] 113 | #[derive(DdsType, DdsSerde)]
[INFO] [stdout]     |          ^^^^^^^
[INFO] [stdout]     |
[INFO] [stdout]     = note: import resolution is stuck, try simplifying macro imports
[INFO] [stdout] 
[INFO] [stdout] 
[INFO] [stdout] error: cannot determine resolution for the derive macro `DdsSerde`
[INFO] [stdout]    --> tests/test_dds_type_derive.rs:113:19
[INFO] [stdout]     |
[INFO] [stdout] 113 | #[derive(DdsType, DdsSerde)]
[INFO] [stdout]     |                   ^^^^^^^^
[INFO] [stdout]     |
[INFO] [stdout]     = note: import resolution is stuck, try simplifying macro imports
[INFO] [stdout] 
[INFO] [stdout] 
[INFO] [stdout] error: cannot find attribute `key` in this scope
[INFO] [stdout]    --> tests/test_dds_type_derive.rs:116:7
[INFO] [stdout]     |
[INFO] [stdout] 116 |     #[key]
[INFO] [stdout]     |       ^^^
[INFO] [stdout] 
[INFO] [stdout] 
[INFO] [stdout] error: cannot determine resolution for the derive macro `DdsType`
[INFO] [stdout]    --> tests/test_dds_type_derive.rs:147:10
[INFO] [stdout]     |
[INFO] [stdout] 147 | #[derive(DdsType, DdsSerde)]
[INFO] [stdout]     |          ^^^^^^^
[INFO] [stdout]     |
[INFO] [stdout]     = note: import resolution is stuck, try simplifying macro imports
[INFO] [stdout] 
[INFO] [stdout] 
[INFO] [stdout] error: cannot determine resolution for the derive macro `DdsSerde`
[INFO] [stdout]    --> tests/test_dds_type_derive.rs:147:19
[INFO] [stdout]     |
[INFO] [stdout] 147 | #[derive(DdsType, DdsSerde)]
[INFO] [stdout]     |                   ^^^^^^^^
[INFO] [stdout]     |
[INFO] [stdout]     = note: import resolution is stuck, try simplifying macro imports
[INFO] [stdout] 
[INFO] [stdout] 
[INFO] [stdout] error: cannot determine resolution for the derive macro `DdsType`
[INFO] [stdout]    --> tests/test_dds_type_derive.rs:171:10
[INFO] [stdout]     |
[INFO] [stdout] 171 | #[derive(DdsType, DdsSerde)]
[INFO] [stdout]     |          ^^^^^^^
[INFO] [stdout]     |
[INFO] [stdout]     = note: import resolution is stuck, try simplifying macro imports
[INFO] [stdout] 
[INFO] [stdout] 
[INFO] [stdout] error: cannot determine resolution for the derive macro `DdsSerde`
[INFO] [stdout]    --> tests/test_dds_type_derive.rs:171:19
[INFO] [stdout]     |
[INFO] [stdout] 171 | #[derive(DdsType, DdsSerde)]
[INFO] [stdout]     |                   ^^^^^^^^
[INFO] [stdout]     |
[INFO] [stdout]     = note: import resolution is stuck, try simplifying macro imports
[INFO] [stdout] 
[INFO] [stdout] 
[INFO] [stdout] error: cannot find attribute `key` in this scope
[INFO] [stdout]    --> tests/test_dds_type_derive.rs:172:29
[INFO] [stdout]     |
[INFO] [stdout] 172 | struct TupleWithKeys(i32, #[key] i32, #[key] bool, char);
[INFO] [stdout]     |                             ^^^
[INFO] [stdout] 
[INFO] [stdout] 
[INFO] [stdout] error: cannot find attribute `key` in this scope
[INFO] [stdout]    --> tests/test_dds_type_derive.rs:172:41
[INFO] [stdout]     |
[INFO] [stdout] 172 | struct TupleWithKeys(i32, #[key] i32, #[key] bool, char);
[INFO] [stdout]     |                                         ^^^
[INFO] [stdout] 
[INFO] [stdout] 
[INFO] [stdout] error: cannot determine resolution for the derive macro `DdsType`
[INFO] [stdout]    --> tests/test_dds_type_derive.rs:197:10
[INFO] [stdout]     |
[INFO] [stdout] 197 | #[derive(DdsType, DdsSerde, PartialEq, Eq, Debug)]
[INFO] [stdout]     |          ^^^^^^^
[INFO] [stdout]     |
[INFO] [stdout]     = note: import resolution is stuck, try simplifying macro imports
[INFO] [stdout] 
[INFO] [stdout] 
[INFO] [stdout] error: cannot determine resolution for the derive macro `DdsSerde`
[INFO] [stdout]    --> tests/test_dds_type_derive.rs:197:19
[INFO] [stdout]     |
[INFO] [stdout] 197 | #[derive(DdsType, DdsSerde, PartialEq, Eq, Debug)]
[INFO] [stdout]     |                   ^^^^^^^^
[INFO] [stdout]     |
[INFO] [stdout]     = note: import resolution is stuck, try simplifying macro imports
[INFO] [stdout] 
[INFO] [stdout] 
[INFO] [stdout] error: cannot determine resolution for the derive macro `DdsType`
[INFO] [stdout]    --> tests/test_dds_type_derive.rs:224:34
[INFO] [stdout]     |
[INFO] [stdout] 224 | #[derive(Serialize, Deserialize, DdsType, DdsSerde, PartialEq, Eq, Debug)]
[INFO] [stdout]     |                                  ^^^^^^^
[INFO] [stdout]     |
[INFO] [stdout]     = note: import resolution is stuck, try simplifying macro imports
[INFO] [stdout] 
[INFO] [stdout] 
[INFO] [stdout] error: cannot determine resolution for the derive macro `DdsSerde`
[INFO] [stdout]    --> tests/test_dds_type_derive.rs:224:43
[INFO] [stdout]     |
[INFO] [stdout] 224 | #[derive(Serialize, Deserialize, DdsType, DdsSerde, PartialEq, Eq, Debug)]
[INFO] [stdout]     |                                           ^^^^^^^^
[INFO] [stdout]     |
[INFO] [stdout]     = note: import resolution is stuck, try simplifying macro imports
[INFO] [stdout] 
[INFO] [stdout] 
[INFO] [stdout] error: cannot find attribute `key` in this scope
[INFO] [stdout]    --> tests/test_dds_type_derive.rs:225:3
[INFO] [stdout]     |
[INFO] [stdout] 225 | #[key]
[INFO] [stdout]     |   ^^^
[INFO] [stdout] 
[INFO] [stdout] 
[INFO] [stdout] error[E0599]: no function or associated item named `type_name` found for struct `StructNoKey` in the current scope
[INFO] [stdout]   --> tests/test_dds_type_derive.rs:12:29
[INFO] [stdout]    |
[INFO] [stdout] 5  | struct StructNoKey {
[INFO] [stdout]    | ------------------ function or associated item `type_name` not found for this struct
[INFO] [stdout] ...
[INFO] [stdout] 12 |     assert_eq!(StructNoKey::type_name(), "StructNoKey");
[INFO] [stdout]    |                             ^^^^^^^^^ function or associated item not found in `StructNoKey`
[INFO] [stdout] 
[INFO] [stdout] 
[INFO] [stdout] error[E0599]: no function or associated item named `has_key` found for struct `StructNoKey` in the current scope
[INFO] [stdout]   --> tests/test_dds_type_derive.rs:13:29
[INFO] [stdout]    |
[INFO] [stdout] 5  | struct StructNoKey {
[INFO] [stdout]    | ------------------ function or associated item `has_key` not found for this struct
[INFO] [stdout] ...
[INFO] [stdout] 13 |     assert_eq!(StructNoKey::has_key(), false);
[INFO] [stdout]    |                             ^^^^^^^ function or associated item not found in `StructNoKey`
[INFO] [stdout] 
[INFO] [stdout] 
[INFO] [stdout] error[E0599]: no method named `get_serialized_key` found for struct `StructNoKey` in the current scope
[INFO] [stdout]   --> tests/test_dds_type_derive.rs:19:17
[INFO] [stdout]    |
[INFO] [stdout] 5  | struct StructNoKey {
[INFO] [stdout]    | ------------------ method `get_serialized_key` not found for this struct
[INFO] [stdout] ...
[INFO] [stdout] 19 |     assert!(snk.get_serialized_key().as_ref().is_empty());
[INFO] [stdout]    |                 ^^^^^^^^^^^^^^^^^^ method not found in `StructNoKey`
[INFO] [stdout] 
[INFO] [stdout] 
[INFO] [stdout] error[E0599]: no method named `set_key_fields_from_serialized_key` found for struct `StructNoKey` in the current scope
[INFO] [stdout]   --> tests/test_dds_type_derive.rs:25:10
[INFO] [stdout]    |
[INFO] [stdout] 5  | struct StructNoKey {
[INFO] [stdout]    | ------------------ method `set_key_fields_from_serialized_key` not found for this struct
[INFO] [stdout] ...
[INFO] [stdout] 25 |     snk2.set_key_fields_from_serialized_key(&[][..].into())
[INFO] [stdout]    |          ^^^^^^^^^^^^^^^^^^^^^^^^^^^^^^^^^^ method not found in `StructNoKey`
[INFO] [stdout] 
[INFO] [stdout] 
[INFO] [stdout] error[E0599]: no function or associated item named `type_name` found for struct `StructWithKey` in the current scope
[INFO] [stdout]   --> tests/test_dds_type_derive.rs:40:31
[INFO] [stdout]    |
[INFO] [stdout] 32 | struct StructWithKey {
[INFO] [stdout]    | -------------------- function or associated item `type_name` not found for this struct
[INFO] [stdout] ...
[INFO] [stdout] 40 |     assert_eq!(StructWithKey::type_name(), "StructWithKey");
[INFO] [stdout]    |                               ^^^^^^^^^ function or associated item not found in `StructWithKey`
[INFO] [stdout] 
[INFO] [stdout] 
[INFO] [stdout] error[E0599]: no function or associated item named `has_key` found for struct `StructWithKey` in the current scope
[INFO] [stdout]   --> tests/test_dds_type_derive.rs:41:31
[INFO] [stdout]    |
[INFO] [stdout] 32 | struct StructWithKey {
[INFO] [stdout]    | -------------------- function or associated item `has_key` not found for this struct
[INFO] [stdout] ...
[INFO] [stdout] 41 |     assert_eq!(StructWithKey::has_key(), true);
[INFO] [stdout]    |                               ^^^^^^^ function or associated item not found in `StructWithKey`
[INFO] [stdout] 
[INFO] [stdout] 
[INFO] [stdout] error[E0599]: no method named `get_serialized_key` found for struct `StructWithKey` in the current scope
[INFO] [stdout]   --> tests/test_dds_type_derive.rs:47:20
[INFO] [stdout]    |
[INFO] [stdout] 32 | struct StructWithKey {
[INFO] [stdout]    | -------------------- method `get_serialized_key` not found for this struct
[INFO] [stdout] ...
[INFO] [stdout] 47 |     assert_eq!(swk.get_serialized_key(), [2, 0, 0, 0][..].into());
[INFO] [stdout]    |                    ^^^^^^^^^^^^^^^^^^ method not found in `StructWithKey`
[INFO] [stdout] 
[INFO] [stdout] 
[INFO] [stdout] error[E0599]: no method named `set_key_fields_from_serialized_key` found for struct `StructWithKey` in the current scope
[INFO] [stdout]   --> tests/test_dds_type_derive.rs:54:9
[INFO] [stdout]    |
[INFO] [stdout] 32 | struct StructWithKey {
[INFO] [stdout]    | -------------------- method `set_key_fields_from_serialized_key` not found for this struct
[INFO] [stdout] ...
[INFO] [stdout] 54 |     swk.set_key_fields_from_serialized_key(&key).unwrap();
[INFO] [stdout]    |         ^^^^^^^^^^^^^^^^^^^^^^^^^^^^^^^^^^ method not found in `StructWithKey`
[INFO] [stdout] 
[INFO] [stdout] 
[INFO] [stdout] error[E0599]: no function or associated item named `type_name` found for struct `StructManyKeys` in the current scope
[INFO] [stdout]   --> tests/test_dds_type_derive.rs:77:32
[INFO] [stdout]    |
[INFO] [stdout] 60 | struct StructManyKeys {
[INFO] [stdout]    | --------------------- function or associated item `type_name` not found for this struct
[INFO] [stdout] ...
[INFO] [stdout] 77 |     assert_eq!(StructManyKeys::type_name(), "StructManyKeys");
[INFO] [stdout]    |                                ^^^^^^^^^ function or associated item not found in `StructManyKeys`
[INFO] [stdout] 
[INFO] [stdout] 
[INFO] [stdout] error[E0599]: no function or associated item named `has_key` found for struct `StructManyKeys` in the current scope
[INFO] [stdout]   --> tests/test_dds_type_derive.rs:78:32
[INFO] [stdout]    |
[INFO] [stdout] 60 | struct StructManyKeys {
[INFO] [stdout]    | --------------------- function or associated item `has_key` not found for this struct
[INFO] [stdout] ...
[INFO] [stdout] 78 |     assert_eq!(StructManyKeys::has_key(), true);
[INFO] [stdout]    |                                ^^^^^^^ function or associated item not found in `StructManyKeys`
[INFO] [stdout] 
[INFO] [stdout] 
[INFO] [stdout] error[E0599]: no method named `get_serialized_key` found for struct `StructManyKeys` in the current scope
[INFO] [stdout]   --> tests/test_dds_type_derive.rs:89:20
[INFO] [stdout]    |
[INFO] [stdout] 60 | struct StructManyKeys {
[INFO] [stdout]    | --------------------- method `get_serialized_key` not found for this struct
[INFO] [stdout] ...
[INFO] [stdout] 89 |     assert_eq!(smk.get_serialized_key(), [1, 0, 0, 0, b'X', 0][..].into());
[INFO] [stdout]    |                    ^^^^^^^^^^^^^^^^^^ method not found in `StructManyKeys`
[INFO] [stdout] 
[INFO] [stdout] 
[INFO] [stdout] error[E0599]: no method named `set_key_fields_from_serialized_key` found for struct `StructManyKeys` in the current scope
[INFO] [stdout]    --> tests/test_dds_type_derive.rs:101:9
[INFO] [stdout]     |
[INFO] [stdout] 60  | struct StructManyKeys {
[INFO] [stdout]     | --------------------- method `set_key_fields_from_serialized_key` not found for this struct
[INFO] [stdout] ...
[INFO] [stdout] 101 |     smk.set_key_fields_from_serialized_key(&key).unwrap();
[INFO] [stdout]     |         ^^^^^^^^^^^^^^^^^^^^^^^^^^^^^^^^^^ method not found in `StructManyKeys`
[INFO] [stdout] 
[INFO] [stdout] 
[INFO] [stdout] error[E0599]: no function or associated item named `type_name` found for struct `TypeWithGeneric` in the current scope
[INFO] [stdout]    --> tests/test_dds_type_derive.rs:122:40
[INFO] [stdout]     |
[INFO] [stdout] 114 | struct TypeWithGeneric<T> {
[INFO] [stdout]     | ------------------------- function or associated item `type_name` not found for this struct
[INFO] [stdout] ...
[INFO] [stdout] 122 |     assert_eq!(TypeWithGeneric::<i32>::type_name(), "TypeWithGeneric");
[INFO] [stdout]     |                                        ^^^^^^^^^ function or associated item not found in `TypeWithGeneric<i32>`
[INFO] [stdout] 
[INFO] [stdout] 
[INFO] [stdout] error[E0599]: no function or associated item named `has_key` found for struct `TypeWithGeneric` in the current scope
[INFO] [stdout]    --> tests/test_dds_type_derive.rs:123:40
[INFO] [stdout]     |
[INFO] [stdout] 114 | struct TypeWithGeneric<T> {
[INFO] [stdout]     | ------------------------- function or associated item `has_key` not found for this struct
[INFO] [stdout] ...
[INFO] [stdout] 123 |     assert_eq!(TypeWithGeneric::<i32>::has_key(), true);
[INFO] [stdout]     |                                        ^^^^^^^ function or associated item not found in `TypeWithGeneric<i32>`
[INFO] [stdout] 
[INFO] [stdout] 
[INFO] [stdout] error[E0599]: no method named `get_serialized_key` found for struct `TypeWithGeneric` in the current scope
[INFO] [stdout]    --> tests/test_dds_type_derive.rs:132:20
[INFO] [stdout]     |
[INFO] [stdout] 114 | struct TypeWithGeneric<T> {
[INFO] [stdout]     | ------------------------- method `get_serialized_key` not found for this struct
[INFO] [stdout] ...
[INFO] [stdout] 132 |     assert_eq!(twg.get_serialized_key(), [42, 0, 0, 0][..].into())
[INFO] [stdout]     |                    ^^^^^^^^^^^^^^^^^^ method not found in `TypeWithGeneric<Vec<{integer}>>`
[INFO] [stdout] 
[INFO] [stdout] 
[INFO] [stdout] error[E0599]: no method named `set_key_fields_from_serialized_key` found for struct `TypeWithGeneric` in the current scope
[INFO] [stdout]    --> tests/test_dds_type_derive.rs:142:9
[INFO] [stdout]     |
[INFO] [stdout] 114 | struct TypeWithGeneric<T> {
[INFO] [stdout]     | ------------------------- method `set_key_fields_from_serialized_key` not found for this struct
[INFO] [stdout] ...
[INFO] [stdout] 142 |     twg.set_key_fields_from_serialized_key(&key).unwrap();
[INFO] [stdout]     |         ^^^^^^^^^^^^^^^^^^^^^^^^^^^^^^^^^^ method not found in `TypeWithGeneric<Vec<bool>>`
[INFO] [stdout] 
[INFO] [stdout] 
[INFO] [stdout] error[E0599]: no function or associated item named `type_name` found for struct `TupleNoKey` in the current scope
[INFO] [stdout]    --> tests/test_dds_type_derive.rs:152:28
[INFO] [stdout]     |
[INFO] [stdout] 148 | struct TupleNoKey(i32, i32);
[INFO] [stdout]     | ----------------- function or associated item `type_name` not found for this struct
[INFO] [stdout] ...
[INFO] [stdout] 152 |     assert_eq!(TupleNoKey::type_name(), "TupleNoKey");
[INFO] [stdout]     |                            ^^^^^^^^^ function or associated item not found in `TupleNoKey`
[INFO] [stdout] 
[INFO] [stdout] 
[INFO] [stdout] error[E0599]: no function or associated item named `has_key` found for struct `TupleNoKey` in the current scope
[INFO] [stdout]    --> tests/test_dds_type_derive.rs:153:28
[INFO] [stdout]     |
[INFO] [stdout] 148 | struct TupleNoKey(i32, i32);
[INFO] [stdout]     | ----------------- function or associated item `has_key` not found for this struct
[INFO] [stdout] ...
[INFO] [stdout] 153 |     assert_eq!(TupleNoKey::has_key(), false);
[INFO] [stdout]     |                            ^^^^^^^ function or associated item not found in `TupleNoKey`
[INFO] [stdout] 
[INFO] [stdout] 
[INFO] [stdout] error[E0599]: no method named `get_serialized_key` found for struct `TupleNoKey` in the current scope
[INFO] [stdout]    --> tests/test_dds_type_derive.rs:159:17
[INFO] [stdout]     |
[INFO] [stdout] 148 | struct TupleNoKey(i32, i32);
[INFO] [stdout]     | ----------------- method `get_serialized_key` not found for this struct
[INFO] [stdout] ...
[INFO] [stdout] 159 |     assert!(twk.get_serialized_key().as_ref().is_empty());
[INFO] [stdout]     |                 ^^^^^^^^^^^^^^^^^^ method not found in `TupleNoKey`
[INFO] [stdout] 
[INFO] [stdout] 
[INFO] [stdout] error[E0599]: no method named `set_key_fields_from_serialized_key` found for struct `TupleNoKey` in the current scope
[INFO] [stdout]    --> tests/test_dds_type_derive.rs:165:9
[INFO] [stdout]     |
[INFO] [stdout] 148 | struct TupleNoKey(i32, i32);
[INFO] [stdout]     | ----------------- method `set_key_fields_from_serialized_key` not found for this struct
[INFO] [stdout] ...
[INFO] [stdout] 165 |     twk.set_key_fields_from_serialized_key(&[][..].into())
[INFO] [stdout]     |         ^^^^^^^^^^^^^^^^^^^^^^^^^^^^^^^^^^ method not found in `TupleNoKey`
[INFO] [stdout] 
[INFO] [stdout] 
[INFO] [stdout] error[E0599]: no function or associated item named `type_name` found for struct `TupleWithKeys` in the current scope
[INFO] [stdout]    --> tests/test_dds_type_derive.rs:176:31
[INFO] [stdout]     |
[INFO] [stdout] 172 | struct TupleWithKeys(i32, #[key] i32, #[key] bool, char);
[INFO] [stdout]     | -------------------- function or associated item `type_name` not found for this struct
[INFO] [stdout] ...
[INFO] [stdout] 176 |     assert_eq!(TupleWithKeys::type_name(), "TupleWithKeys");
[INFO] [stdout]     |                               ^^^^^^^^^ function or associated item not found in `TupleWithKeys`
[INFO] [stdout] 
[INFO] [stdout] 
[INFO] [stdout] error[E0599]: no function or associated item named `has_key` found for struct `TupleWithKeys` in the current scope
[INFO] [stdout]    --> tests/test_dds_type_derive.rs:177:31
[INFO] [stdout]     |
[INFO] [stdout] 172 | struct TupleWithKeys(i32, #[key] i32, #[key] bool, char);
[INFO] [stdout]     | -------------------- function or associated item `has_key` not found for this struct
[INFO] [stdout] ...
[INFO] [stdout] 177 |     assert_eq!(TupleWithKeys::has_key(), true);
[INFO] [stdout]     |                               ^^^^^^^ function or associated item not found in `TupleWithKeys`
[INFO] [stdout] 
[INFO] [stdout] 
[INFO] [stdout] error[E0599]: no method named `get_serialized_key` found for struct `TupleWithKeys` in the current scope
[INFO] [stdout]    --> tests/test_dds_type_derive.rs:183:20
[INFO] [stdout]     |
[INFO] [stdout] 172 | struct TupleWithKeys(i32, #[key] i32, #[key] bool, char);
[INFO] [stdout]     | -------------------- method `get_serialized_key` not found for this struct
[INFO] [stdout] ...
[INFO] [stdout] 183 |     assert_eq!(twk.get_serialized_key(), [2, 0, 0, 0, 1][..].into())
[INFO] [stdout]     |                    ^^^^^^^^^^^^^^^^^^ method not found in `TupleWithKeys`
[INFO] [stdout] 
[INFO] [stdout] 
[INFO] [stdout] error[E0599]: no method named `set_key_fields_from_serialized_key` found for struct `TupleWithKeys` in the current scope
[INFO] [stdout]    --> tests/test_dds_type_derive.rs:190:9
[INFO] [stdout]     |
[INFO] [stdout] 172 | struct TupleWithKeys(i32, #[key] i32, #[key] bool, char);
[INFO] [stdout]     | -------------------- method `set_key_fields_from_serialized_key` not found for this struct
[INFO] [stdout] ...
[INFO] [stdout] 190 |     twk.set_key_fields_from_serialized_key(&key).unwrap();
[INFO] [stdout]     |         ^^^^^^^^^^^^^^^^^^^^^^^^^^^^^^^^^^ method not found in `TupleWithKeys`
[INFO] [stdout] 
[INFO] [stdout] 
[INFO] [stdout] error[E0599]: no variant or associated item named `type_name` found for enum `EnumNoKey` in the current scope
[INFO] [stdout]    --> tests/test_dds_type_derive.rs:206:27
[INFO] [stdout]     |
[INFO] [stdout] 198 | enum EnumNoKey {
[INFO] [stdout]     | -------------- variant or associated item `type_name` not found for this enum
[INFO] [stdout] ...
[INFO] [stdout] 206 |     assert_eq!(EnumNoKey::type_name(), "EnumNoKey");
[INFO] [stdout]     |                           ^^^^^^^^^ variant or associated item not found in `EnumNoKey`
[INFO] [stdout] 
[INFO] [stdout] 
[INFO] [stdout] error[E0599]: no variant or associated item named `has_key` found for enum `EnumNoKey` in the current scope
[INFO] [stdout]    --> tests/test_dds_type_derive.rs:207:27
[INFO] [stdout]     |
[INFO] [stdout] 198 | enum EnumNoKey {
[INFO] [stdout]     | -------------- variant or associated item `has_key` not found for this enum
[INFO] [stdout] ...
[INFO] [stdout] 207 |     assert_eq!(EnumNoKey::has_key(), false);
[INFO] [stdout]     |                           ^^^^^^^ variant or associated item not found in `EnumNoKey`
[INFO] [stdout] 
[INFO] [stdout] 
[INFO] [stdout] error[E0599]: no method named `get_serialized_key` found for enum `EnumNoKey` in the current scope
[INFO] [stdout]    --> tests/test_dds_type_derive.rs:213:17
[INFO] [stdout]     |
[INFO] [stdout] 198 | enum EnumNoKey {
[INFO] [stdout]     | -------------- method `get_serialized_key` not found for this enum
[INFO] [stdout] ...
[INFO] [stdout] 213 |     assert!(enk.get_serialized_key().as_ref().is_empty());
[INFO] [stdout]     |                 ^^^^^^^^^^^^^^^^^^ method not found in `EnumNoKey`
[INFO] [stdout] 
[INFO] [stdout] 
[INFO] [stdout] error[E0599]: no method named `set_key_fields_from_serialized_key` found for enum `EnumNoKey` in the current scope
[INFO] [stdout]    --> tests/test_dds_type_derive.rs:219:9
[INFO] [stdout]     |
[INFO] [stdout] 198 | enum EnumNoKey {
[INFO] [stdout]     | -------------- method `set_key_fields_from_serialized_key` not found for this enum
[INFO] [stdout] ...
[INFO] [stdout] 219 |     enk.set_key_fields_from_serialized_key(&[][..].into())
[INFO] [stdout]     |         ^^^^^^^^^^^^^^^^^^^^^^^^^^^^^^^^^^ method not found in `EnumNoKey`
[INFO] [stdout] 
[INFO] [stdout] 
[INFO] [stdout] error[E0599]: no variant or associated item named `type_name` found for enum `EnumKey` in the current scope
[INFO] [stdout]    --> tests/test_dds_type_derive.rs:234:25
[INFO] [stdout]     |
[INFO] [stdout] 226 | enum EnumKey {
[INFO] [stdout]     | ------------ variant or associated item `type_name` not found for this enum
[INFO] [stdout] ...
[INFO] [stdout] 234 |     assert_eq!(EnumKey::type_name(), "EnumKey");
[INFO] [stdout]     |                         ^^^^^^^^^ variant or associated item not found in `EnumKey`
[INFO] [stdout] 
[INFO] [stdout] 
[INFO] [stdout] error[E0599]: no variant or associated item named `has_key` found for enum `EnumKey` in the current scope
[INFO] [stdout]    --> tests/test_dds_type_derive.rs:235:25
[INFO] [stdout]     |
[INFO] [stdout] 226 | enum EnumKey {
[INFO] [stdout]     | ------------ variant or associated item `has_key` not found for this enum
[INFO] [stdout] ...
[INFO] [stdout] 235 |     assert_eq!(EnumKey::has_key(), true);
[INFO] [stdout]     |                         ^^^^^^^ variant or associated item not found in `EnumKey`
[INFO] [stdout] 
[INFO] [stdout] 
[INFO] [stdout] error[E0599]: no method named `get_serialized_key` found for enum `EnumKey` in the current scope
[INFO] [stdout]    --> tests/test_dds_type_derive.rs:241:19
[INFO] [stdout]     |
[INFO] [stdout] 226 | enum EnumKey {
[INFO] [stdout]     | ------------ method `get_serialized_key` not found for this enum
[INFO] [stdout] ...
[INFO] [stdout] 241 |     assert_eq!(ek.get_serialized_key(), [1, 0, 0, 0][..].into());
[INFO] [stdout]     |                   ^^^^^^^^^^^^^^^^^^ method not found in `EnumKey`
[INFO] [stdout] 
[INFO] [stdout] 
[INFO] [stdout] error[E0599]: no method named `set_key_fields_from_serialized_key` found for enum `EnumKey` in the current scope
[INFO] [stdout]    --> tests/test_dds_type_derive.rs:248:8
[INFO] [stdout]     |
[INFO] [stdout] 226 | enum EnumKey {
[INFO] [stdout]     | ------------ method `set_key_fields_from_serialized_key` not found for this enum
[INFO] [stdout] ...
[INFO] [stdout] 248 |     ek.set_key_fields_from_serialized_key(&key).unwrap();
[INFO] [stdout]     |        ^^^^^^^^^^^^^^^^^^^^^^^^^^^^^^^^^^ method not found in `EnumKey`
[INFO] [stdout] 
[INFO] [stdout] 
[INFO] [stdout] error: aborting due to 57 previous errors
[INFO] [stdout] 
[INFO] [stdout] 
[INFO] [stdout] Some errors have detailed explanations: E0433, E0599.
[INFO] [stdout] 
[INFO] [stdout] For more information about an error, try `rustc --explain E0433`.
[INFO] [stdout] 
[INFO] [stderr] error: could not compile `dust_dds_derive` due to 58 previous errors
[INFO] running `Command { std: "docker" "inspect" "dd81b9de996b6e6bae1adbe281d7e94909f995803c92a877bc3db39b89207a91", kill_on_drop: false }`
[INFO] running `Command { std: "docker" "rm" "-f" "dd81b9de996b6e6bae1adbe281d7e94909f995803c92a877bc3db39b89207a91", kill_on_drop: false }`
[INFO] [stdout] dd81b9de996b6e6bae1adbe281d7e94909f995803c92a877bc3db39b89207a91
