[INFO] fetching crate dusk-wallet-core 0.16.0-alpha...
[INFO] testing dusk-wallet-core-0.16.0-alpha against 1.69.0 for beta-1.70-1
[INFO] extracting crate dusk-wallet-core 0.16.0-alpha into /workspace/builds/worker-4-tc1/source
[INFO] validating manifest of crates.io crate dusk-wallet-core 0.16.0-alpha on toolchain 1.69.0
[INFO] running `Command { std: CARGO_HOME="/workspace/cargo-home" RUSTUP_HOME="/workspace/rustup-home" "/workspace/cargo-home/bin/cargo" "+1.69.0" "metadata" "--manifest-path" "Cargo.toml" "--no-deps", kill_on_drop: false }`
[INFO] removed /workspace/builds/worker-4-tc1/source/rust-toolchain
[INFO] started tweaking crates.io crate dusk-wallet-core 0.16.0-alpha
[INFO] finished tweaking crates.io crate dusk-wallet-core 0.16.0-alpha
[INFO] tweaked toml for crates.io crate dusk-wallet-core 0.16.0-alpha written to /workspace/builds/worker-4-tc1/source/Cargo.toml
[INFO] running `Command { std: CARGO_HOME="/workspace/cargo-home" RUSTUP_HOME="/workspace/rustup-home" __CARGO_TEST_CHANNEL_OVERRIDE_DO_NOT_USE_THIS="nightly" "/workspace/cargo-home/bin/cargo" "+1.69.0" "generate-lockfile" "--manifest-path" "Cargo.toml" "-Zno-index-update", kill_on_drop: false }`
[INFO] running `Command { std: CARGO_HOME="/workspace/cargo-home" RUSTUP_HOME="/workspace/rustup-home" "/workspace/cargo-home/bin/cargo" "+1.69.0" "fetch" "--manifest-path" "Cargo.toml", kill_on_drop: false }`
[INFO] [stderr]     Blocking waiting for file lock on package cache
[INFO] [stderr]  Downloading crates ...
[INFO] [stderr]   Downloaded wasm-bindgen-downcast v0.1.1
[INFO] [stderr]   Downloaded cdivsufsort v2.0.0
[INFO] [stderr]   Downloaded wasm-bindgen-downcast-macros v0.1.1
[INFO] [stderr]   Downloaded cranelift-codegen-meta v0.91.1
[INFO] [stderr]   Downloaded wasmer-compiler-singlepass v3.2.1
[INFO] [stderr]   Downloaded wasmer-middlewares v3.2.1
[INFO] [stderr]   Downloaded serde-wasm-bindgen v0.4.5
[INFO] [stderr]   Downloaded cranelift-entity v0.91.1
[INFO] [stderr]   Downloaded wasmer-vm v3.2.1
[INFO] [stderr]   Downloaded cranelift-codegen-shared v0.91.1
[INFO] [stderr]   Downloaded cranelift-egraph v0.91.1
[INFO] [stderr]   Downloaded cranelift-frontend v0.91.1
[INFO] [stderr]   Downloaded cranelift-bforest v0.91.1
[INFO] [stderr]   Downloaded wasmer-compiler v3.2.1
[INFO] [stderr]   Downloaded wasmer-derive v3.2.1
[INFO] [stderr]   Downloaded dusk-pki v0.11.4
[INFO] [stderr]   Downloaded sacabase v2.0.0
[INFO] [stderr]   Downloaded cranelift-isle v0.91.1
[INFO] [stderr]   Downloaded wasmer-compiler-cranelift v3.2.1
[INFO] [stderr]   Downloaded derive-hex v0.1.2
[INFO] [stderr]   Downloaded slice-group-by v0.3.0
[INFO] [stderr]   Downloaded ranno v0.1.0
[INFO] [stderr]   Downloaded dusk-schnorr v0.12.1
[INFO] [stderr]   Downloaded rusk-abi v0.8.0-alpha
[INFO] [stderr]   Downloaded dusk-poseidon v0.28.2
[INFO] [stderr]   Downloaded wasmer-types v3.2.1
[INFO] [stderr]   Downloaded wasmer v3.2.1
[INFO] [stderr]   Downloaded regalloc2 v0.5.1
[INFO] [stderr]   Downloaded dusk-bls12_381 v0.11.2
[INFO] [stderr]   Downloaded cranelift-codegen v0.91.1
[INFO] [stderr]   Downloaded dusk-bytes v0.1.6
[INFO] [stderr]   Downloaded dusk-jubjub v0.12.1
[INFO] [stderr]   Downloaded dusk-hades v0.20.0
[INFO] [stderr]   Downloaded wasmparser v0.95.0
[INFO] [stderr]   Downloaded suffix_array v0.5.0
[INFO] [stderr]   Downloaded piecrust v0.1.0
[INFO] [stderr]   Downloaded dusk-bls12_381-sign v0.4.1
[INFO] [stderr]   Downloaded microkelvin v0.17.0
[INFO] [stderr]   Downloaded nstack v0.16.0
[INFO] [stderr]   Downloaded piecrust-uplink v0.1.0
[INFO] [stderr]   Downloaded phoenix-core v0.18.1
[INFO] [stderr]   Downloaded dusk-plonk v0.13.1
[INFO] [stderr]   Downloaded qbsdiff v1.4.0
[INFO] running `Command { std: "docker" "create" "-v" "/var/lib/crater-agent-workspace/builds/worker-4-tc1/target:/opt/rustwide/target:rw,Z" "-v" "/var/lib/crater-agent-workspace/builds/worker-4-tc1/source:/opt/rustwide/workdir:ro,Z" "-v" "/var/lib/crater-agent-workspace/cargo-home:/opt/rustwide/cargo-home:ro,Z" "-v" "/var/lib/crater-agent-workspace/rustup-home:/opt/rustwide/rustup-home:ro,Z" "-e" "SOURCE_DIR=/opt/rustwide/workdir" "-e" "CARGO_TARGET_DIR=/opt/rustwide/target" "-e" "CARGO_HOME=/opt/rustwide/cargo-home" "-e" "RUSTUP_HOME=/opt/rustwide/rustup-home" "-w" "/opt/rustwide/workdir" "-m" "1610612736" "--user" "0:0" "--network" "none" "ghcr.io/rust-lang/crates-build-env/linux@sha256:5ff2268d62e97bff2cde7d5815dd6ed5b47097566f13b8d0ca110b04b60e07ed" "/opt/rustwide/cargo-home/bin/cargo" "+1.69.0" "metadata" "--no-deps" "--format-version=1", kill_on_drop: false }`
[INFO] [stdout] 7c0a597b94b04af529c730f4ea17f5963c6cf64c7a18691f6db5e4a1091ece89
[INFO] running `Command { std: "docker" "start" "-a" "7c0a597b94b04af529c730f4ea17f5963c6cf64c7a18691f6db5e4a1091ece89", kill_on_drop: false }`
[INFO] running `Command { std: "docker" "inspect" "7c0a597b94b04af529c730f4ea17f5963c6cf64c7a18691f6db5e4a1091ece89", kill_on_drop: false }`
[INFO] running `Command { std: "docker" "rm" "-f" "7c0a597b94b04af529c730f4ea17f5963c6cf64c7a18691f6db5e4a1091ece89", kill_on_drop: false }`
[INFO] [stdout] 7c0a597b94b04af529c730f4ea17f5963c6cf64c7a18691f6db5e4a1091ece89
[INFO] running `Command { std: "docker" "create" "-v" "/var/lib/crater-agent-workspace/builds/worker-4-tc1/target:/opt/rustwide/target:rw,Z" "-v" "/var/lib/crater-agent-workspace/builds/worker-4-tc1/source:/opt/rustwide/workdir:ro,Z" "-v" "/var/lib/crater-agent-workspace/cargo-home:/opt/rustwide/cargo-home:ro,Z" "-v" "/var/lib/crater-agent-workspace/rustup-home:/opt/rustwide/rustup-home:ro,Z" "-e" "SOURCE_DIR=/opt/rustwide/workdir" "-e" "CARGO_TARGET_DIR=/opt/rustwide/target" "-e" "CARGO_INCREMENTAL=0" "-e" "RUST_BACKTRACE=full" "-e" "RUSTFLAGS=--cap-lints=warn" "-e" "RUSTDOCFLAGS=--cap-lints=warn" "-e" "CARGO_HOME=/opt/rustwide/cargo-home" "-e" "RUSTUP_HOME=/opt/rustwide/rustup-home" "-w" "/opt/rustwide/workdir" "-m" "1610612736" "--user" "0:0" "--network" "none" "ghcr.io/rust-lang/crates-build-env/linux@sha256:5ff2268d62e97bff2cde7d5815dd6ed5b47097566f13b8d0ca110b04b60e07ed" "/opt/rustwide/cargo-home/bin/cargo" "+1.69.0" "build" "--frozen" "--message-format=json", kill_on_drop: false }`
[INFO] [stdout] 66f287361a1c83639c109d3c3bea0591225ff04303273e884735325642cbc28e
[INFO] running `Command { std: "docker" "start" "-a" "66f287361a1c83639c109d3c3bea0591225ff04303273e884735325642cbc28e", kill_on_drop: false }`
[INFO] [stderr]    Compiling libc v0.2.142
[INFO] [stderr]    Compiling autocfg v1.1.0
[INFO] [stderr]    Compiling syn v1.0.109
[INFO] [stderr]    Compiling once_cell v1.17.1
[INFO] [stderr]    Compiling cc v1.0.79
[INFO] [stderr]    Compiling bytecheck v0.6.10
[INFO] [stderr]    Compiling simdutf8 v0.1.4
[INFO] [stderr]    Compiling rend v0.4.0
[INFO] [stderr]    Compiling byteorder v1.4.3
[INFO] [stderr]    Compiling rkyv v0.7.41
[INFO] [stderr]    Compiling seahash v4.1.0
[INFO] [stderr]    Compiling ahash v0.7.6
[INFO] [stderr]    Compiling scopeguard v1.1.0
[INFO] [stderr]    Compiling subtle v2.4.1
[INFO] [stderr]    Compiling smallvec v1.10.0
[INFO] [stderr]    Compiling syn v2.0.15
[INFO] [stderr]    Compiling either v1.8.1
[INFO] [stderr]    Compiling memchr v2.5.0
[INFO] [stderr]    Compiling fnv v1.0.7
[INFO] [stderr]    Compiling crossbeam-utils v0.8.15
[INFO] [stderr]    Compiling ident_case v1.0.1
[INFO] [stderr]    Compiling typenum v1.16.0
[INFO] [stderr]    Compiling target-lexicon v0.12.7
[INFO] [stderr]    Compiling generic-array v0.14.7
[INFO] [stderr]    Compiling tinyvec_macros v0.1.1
[INFO] [stderr]    Compiling parking_lot_core v0.9.7
[INFO] [stderr]    Compiling thiserror v1.0.40
[INFO] [stderr]    Compiling cranelift-isle v0.91.1
[INFO] [stderr]    Compiling tinyvec v1.6.0
[INFO] [stderr]    Compiling indexmap v1.9.3
[INFO] [stderr]    Compiling memoffset v0.8.0
[INFO] [stderr]    Compiling crossbeam-epoch v0.9.14
[INFO] [stderr]    Compiling lock_api v0.4.9
[INFO] [stderr]    Compiling log v0.4.17
[INFO] [stderr]    Compiling corosensei v0.1.3
[INFO] [stderr]    Compiling rayon-core v1.11.0
[INFO] [stderr]    Compiling unicode-bidi v0.3.13
[INFO] [stderr]    Compiling leb128 v0.2.5
[INFO] [stderr]    Compiling cranelift-codegen-shared v0.91.1
[INFO] [stderr]    Compiling gimli v0.27.2
[INFO] [stderr]    Compiling percent-encoding v2.2.0
[INFO] [stderr]    Compiling form_urlencoded v1.1.0
[INFO] [stderr]    Compiling crossbeam-channel v0.5.8
[INFO] [stderr]    Compiling unicode-normalization v0.1.22
[INFO] [stderr]    Compiling backtrace v0.3.67
[INFO] [stderr]    Compiling crossbeam-deque v0.8.3
[INFO] [stderr]    Compiling cranelift-codegen-meta v0.91.1
[INFO] [stderr]    Compiling object v0.30.3
[INFO] [stderr]    Compiling proc-macro-error-attr v1.0.4
[INFO] [stderr]    Compiling fxhash v0.2.1
[INFO] [stderr]    Compiling more-asserts v0.2.2
[INFO] [stderr]    Compiling getrandom v0.2.9
[INFO] [stderr]    Compiling num_cpus v1.15.0
[INFO] [stderr]    Compiling rand_core v0.6.4
[INFO] [stderr]    Compiling idna v0.3.0
[INFO] [stderr]    Compiling stable_deref_trait v1.2.0
[INFO] [stderr]    Compiling rustc-demangle v0.1.23
[INFO] [stderr]    Compiling arrayvec v0.7.2
[INFO] [stderr]    Compiling cranelift-entity v0.91.1
[INFO] [stderr]    Compiling hashbrown v0.12.3
[INFO] [stderr]    Compiling fallible-iterator v0.2.0
[INFO] [stderr]    Compiling block-buffer v0.10.4
[INFO] [stderr]    Compiling crypto-common v0.1.6
[INFO] [stderr]    Compiling url v2.3.1
[INFO] [stderr]    Compiling memmap2 v0.5.10
[INFO] [stderr]    Compiling region v3.0.0
[INFO] [stderr]    Compiling num-traits v0.2.15
[INFO] [stderr]    Compiling dashmap v5.4.0
[INFO] [stderr]    Compiling ahash v0.4.7
[INFO] [stderr]    Compiling slice-group-by v0.3.0
[INFO] [stderr]    Compiling keccak v0.1.3
[INFO] [stderr]    Compiling digest v0.10.6
[INFO] [stderr]    Compiling cranelift-bforest v0.91.1
[INFO] [stderr]    Compiling hashbrown v0.9.1
[INFO] [stderr]    Compiling rayon v1.7.0
[INFO] [stderr]    Compiling regalloc2 v0.5.1
[INFO] [stderr]    Compiling gimli v0.26.2
[INFO] [stderr]    Compiling cranelift-egraph v0.91.1
[INFO] [stderr]    Compiling wasmparser v0.95.0
[INFO] [stderr]    Compiling itertools v0.9.0
[INFO] [stderr]    Compiling bumpalo v3.12.1
[INFO] [stderr]    Compiling ranno v0.1.0
[INFO] [stderr]    Compiling addr2line v0.19.0
[INFO] [stderr]    Compiling pkg-config v0.3.26
[INFO] [stderr]    Compiling microkelvin v0.17.0
[INFO] [stderr]    Compiling cdivsufsort v2.0.0
[INFO] [stderr]    Compiling darling_core v0.14.4
[INFO] [stderr]    Compiling proc-macro-error v1.0.4
[INFO] [stderr]    Compiling wasm-encoder v0.26.0
[INFO] [stderr]    Compiling tracing-core v0.1.30
[INFO] [stderr]    Compiling bzip2-sys v0.1.11+1.0.8
[INFO] [stderr]    Compiling unicode-width v0.1.10
[INFO] [stderr]    Compiling wasmer-compiler-cranelift v3.2.1
[INFO] [stderr]    Compiling io-lifetimes v1.0.10
[INFO] [stderr]    Compiling sacabase v2.0.0
[INFO] [stderr]    Compiling cranelift-codegen v0.91.1
[INFO] [stderr]    Compiling wast v57.0.0
[INFO] [stderr]    Compiling nstack v0.16.0
[INFO] [stderr]    Compiling rustix v0.37.18
[INFO] [stderr]    Compiling crc32fast v1.3.2
[INFO] [stderr]    Compiling blake3 v1.3.3
[INFO] [stderr]    Compiling linux-raw-sys v0.3.6
[INFO] [stderr]    Compiling ppv-lite86 v0.2.17
[INFO] [stderr]    Compiling arrayref v0.3.7
[INFO] [stderr]    Compiling bytes v1.4.0
[INFO] [stderr]    Compiling constant_time_eq v0.2.5
[INFO] [stderr]    Compiling bzip2 v0.4.4
[INFO] [stderr]    Compiling suffix_array v0.5.0
[INFO] [stderr]    Compiling rand_chacha v0.3.1
[INFO] [stderr]    Compiling blake2 v0.10.6
[INFO] [stderr]    Compiling atty v0.2.14
[INFO] [stderr]    Compiling miniz_oxide v0.7.1
[INFO] [stderr]    Compiling fastrand v1.9.0
[INFO] [stderr]    Compiling colored v2.0.0
[INFO] [stderr]    Compiling thiserror-impl v1.0.40
[INFO] [stderr]    Compiling zeroize_derive v1.4.2
[INFO] [stderr]    Compiling tracing-attributes v0.1.24
[INFO] [stderr]    Compiling flate2 v1.0.26
[INFO] [stderr]    Compiling rand v0.8.5
[INFO] [stderr]    Compiling qbsdiff v1.4.0
[INFO] [stderr]    Compiling ptr_meta_derive v0.1.4
[INFO] [stderr]    Compiling bytecheck_derive v0.6.10
[INFO] [stderr]    Compiling rkyv_derive v0.7.41
[INFO] [stderr]    Compiling darling_macro v0.14.4
[INFO] [stderr]    Compiling derive-hex v0.1.2
[INFO] [stderr]    Compiling enum-iterator-derive v0.7.0
[INFO] [stderr]    Compiling zeroize v1.6.0
[INFO] [stderr]    Compiling derivative v2.2.0
[INFO] [stderr]    Compiling dynasm v1.2.3
[INFO] [stderr]    Compiling ptr_meta v0.1.4
[INFO] [stderr]    Compiling merlin v3.0.0
[INFO] [stderr]    Compiling wasmer-derive v3.2.1
[INFO] [stderr]    Compiling parking_lot v0.12.1
[INFO] [stderr]    Compiling hex v0.4.3
[INFO] [stderr]    Compiling blake2b_simd v1.0.1
[INFO] [stderr]    Compiling dusk-bytes v0.1.6
[INFO] [stderr]    Compiling enum-iterator v0.7.0
[INFO] [stderr]    Compiling darling v0.14.4
[INFO] [stderr]    Compiling cpufeatures v0.2.7
[INFO] [stderr]    Compiling enumset_derive v0.6.1
[INFO] [stderr]    Compiling sha2 v0.10.6
[INFO] [stderr]    Compiling tempfile v3.5.0
[INFO] [stderr]    Compiling tracing v0.1.37
[INFO] [stderr]    Compiling wat v1.0.63
[INFO] [stderr]    Compiling enumset v1.0.12
[INFO] [stderr]    Compiling dynasmrt v1.2.3
[INFO] [stderr]    Compiling dusk-bls12_381 v0.11.2
[INFO] [stderr]    Compiling wasmer-types v3.2.1
[INFO] [stderr]    Compiling piecrust-uplink v0.1.0
[INFO] [stdout] error[E0554]: `#![feature]` may not be used on the stable release channel
[INFO] [stdout]  --> /opt/rustwide/cargo-home/registry/src/github.com-1ecc6299db9ec823/piecrust-uplink-0.1.0/src/lib.rs:7:1
[INFO] [stdout]   |
[INFO] [stdout] 7 | #![feature(alloc_error_handler, lang_items)]
[INFO] [stdout]   | ^^^^^^^^^^^^^^^^^^^^^^^^^^^^^^^^^^^^^^^^^^^^
[INFO] [stdout] 
[INFO] [stdout] 
[INFO] [stdout] error: aborting due to previous error
[INFO] [stdout] 
[INFO] [stdout] 
[INFO] [stderr] error: could not compile `piecrust-uplink` due to 2 previous errors
[INFO] [stdout] For more information about this error, try `rustc --explain E0554`.
[INFO] [stdout] 
[INFO] [stderr] warning: build failed, waiting for other jobs to finish...
[INFO] [stdout] error[E0277]: the trait bound `(fp2::Fp2, fp2::Fp2, fp2::Fp2): Archive` is not satisfied
[INFO] [stdout]    --> /opt/rustwide/cargo-home/registry/src/github.com-1ecc6299db9ec823/dusk-bls12_381-0.11.2/src/pairings.rs:307:42
[INFO] [stdout]     |
[INFO] [stdout] 307 | #[cfg_attr(feature = "rkyv-impl", derive(Archive, RkyvSerialize, RkyvDeserialize))]
[INFO] [stdout]     |                                          ^^^^^^^ the trait `Archive` is not implemented for `(fp2::Fp2, fp2::Fp2, fp2::Fp2)`
[INFO] [stdout]     |
[INFO] [stdout]     = help: the trait `Archive` is implemented for `()`
[INFO] [stdout]     = note: required for `alloc::vec::Vec<(fp2::Fp2, fp2::Fp2, fp2::Fp2)>` to implement `Archive`
[INFO] [stdout]     = help: see issue #48214
[INFO] [stdout]     = note: this error originates in the derive macro `Archive` (in Nightly builds, run with -Z macro-backtrace for more info)
[INFO] [stdout] 
[INFO] [stdout] 
[INFO] [stdout] error[E0277]: the trait bound `(fp2::Fp2, fp2::Fp2, fp2::Fp2): Archive` is not satisfied
[INFO] [stdout]    --> /opt/rustwide/cargo-home/registry/src/github.com-1ecc6299db9ec823/dusk-bls12_381-0.11.2/src/pairings.rs:307:51
[INFO] [stdout]     |
[INFO] [stdout] 307 | #[cfg_attr(feature = "rkyv-impl", derive(Archive, RkyvSerialize, RkyvDeserialize))]
[INFO] [stdout]     |                                                   ^^^^^^^^^^^^^ the trait `Archive` is not implemented for `(fp2::Fp2, fp2::Fp2, fp2::Fp2)`
[INFO] [stdout]     |
[INFO] [stdout]     = help: the trait `Archive` is implemented for `()`
[INFO] [stdout]     = note: required for `alloc::vec::Vec<(fp2::Fp2, fp2::Fp2, fp2::Fp2)>` to implement `Archive`
[INFO] [stdout]     = help: see issue #48214
[INFO] [stdout]     = note: this error originates in the derive macro `RkyvSerialize` (in Nightly builds, run with -Z macro-backtrace for more info)
[INFO] [stdout] 
[INFO] [stdout] 
[INFO] [stdout] error[E0277]: the trait bound `(fp2::Fp2, fp2::Fp2, fp2::Fp2): Archive` is not satisfied
[INFO] [stdout]    --> /opt/rustwide/cargo-home/registry/src/github.com-1ecc6299db9ec823/dusk-bls12_381-0.11.2/src/pairings.rs:307:66
[INFO] [stdout]     |
[INFO] [stdout] 307 | #[cfg_attr(feature = "rkyv-impl", derive(Archive, RkyvSerialize, RkyvDeserialize))]
[INFO] [stdout]     |                                                                  ^^^^^^^^^^^^^^^ the trait `Archive` is not implemented for `(fp2::Fp2, fp2::Fp2, fp2::Fp2)`
[INFO] [stdout]     |
[INFO] [stdout]     = help: the trait `Archive` is implemented for `()`
[INFO] [stdout]     = note: required for `alloc::vec::Vec<(fp2::Fp2, fp2::Fp2, fp2::Fp2)>` to implement `Archive`
[INFO] [stdout]     = help: see issue #48214
[INFO] [stdout]     = note: this error originates in the derive macro `RkyvDeserialize` (in Nightly builds, run with -Z macro-backtrace for more info)
[INFO] [stdout] 
[INFO] [stdout] 
[INFO] [stdout] error: aborting due to 3 previous errors
[INFO] [stdout] 
[INFO] [stdout] 
[INFO] [stderr] error: could not compile `dusk-bls12_381` due to 4 previous errors
[INFO] [stdout] For more information about this error, try `rustc --explain E0277`.
[INFO] [stdout] 
[INFO] running `Command { std: "docker" "inspect" "66f287361a1c83639c109d3c3bea0591225ff04303273e884735325642cbc28e", kill_on_drop: false }`
[INFO] running `Command { std: "docker" "rm" "-f" "66f287361a1c83639c109d3c3bea0591225ff04303273e884735325642cbc28e", kill_on_drop: false }`
[INFO] [stdout] 66f287361a1c83639c109d3c3bea0591225ff04303273e884735325642cbc28e
