[INFO] fetching crate dusk-plonk 0.14.0...
[INFO] testing dusk-plonk-0.14.0 against 1.69.0 for beta-1.70-1
[INFO] extracting crate dusk-plonk 0.14.0 into /workspace/builds/worker-3-tc1/source
[INFO] validating manifest of crates.io crate dusk-plonk 0.14.0 on toolchain 1.69.0
[INFO] running `Command { std: CARGO_HOME="/workspace/cargo-home" RUSTUP_HOME="/workspace/rustup-home" "/workspace/cargo-home/bin/cargo" "+1.69.0" "metadata" "--manifest-path" "Cargo.toml" "--no-deps", kill_on_drop: false }`
[INFO] removed /workspace/builds/worker-3-tc1/source/.cargo/config.toml
[INFO] removed /workspace/builds/worker-3-tc1/source/rust-toolchain
[INFO] started tweaking crates.io crate dusk-plonk 0.14.0
[INFO] removed 0 missing tests
[INFO] finished tweaking crates.io crate dusk-plonk 0.14.0
[INFO] tweaked toml for crates.io crate dusk-plonk 0.14.0 written to /workspace/builds/worker-3-tc1/source/Cargo.toml
[INFO] running `Command { std: CARGO_HOME="/workspace/cargo-home" RUSTUP_HOME="/workspace/rustup-home" __CARGO_TEST_CHANNEL_OVERRIDE_DO_NOT_USE_THIS="nightly" "/workspace/cargo-home/bin/cargo" "+1.69.0" "generate-lockfile" "--manifest-path" "Cargo.toml" "-Zno-index-update", kill_on_drop: false }`
[INFO] [stderr]     Blocking waiting for file lock on package cache
[INFO] running `Command { std: CARGO_HOME="/workspace/cargo-home" RUSTUP_HOME="/workspace/rustup-home" "/workspace/cargo-home/bin/cargo" "+1.69.0" "fetch" "--manifest-path" "Cargo.toml", kill_on_drop: false }`
[INFO] [stderr]     Blocking waiting for file lock on package cache
[INFO] [stderr]  Downloading crates ...
[INFO] [stderr]   Downloaded blake2b_simd v0.3.1
[INFO] [stderr]   Downloaded dusk-varint v0.1.0
[INFO] [stderr]   Downloaded canonical v0.7.1
[INFO] [stderr]   Downloaded msgpacker-derive v0.1.2
[INFO] [stderr]   Downloaded dusk-jubjub v0.12.1
[INFO] [stderr]   Downloaded canonical_derive v0.7.0
[INFO] [stderr]   Downloaded derive-hex v0.1.2
[INFO] [stderr]   Downloaded merlin v3.0.0
[INFO] [stderr]   Downloaded arbitrary v1.3.0
[INFO] [stderr]   Downloaded array-init v2.1.0
[INFO] [stderr]   Downloaded dusk-bytes v0.1.6
[INFO] [stderr]   Downloaded dusk-bls12_381 v0.11.2
[INFO] [stderr]   Downloaded dusk-cdf v0.5.0
[INFO] [stderr]   Downloaded msgpacker v0.3.1
[INFO] running `Command { std: "docker" "create" "-v" "/var/lib/crater-agent-workspace/builds/worker-3-tc1/target:/opt/rustwide/target:rw,Z" "-v" "/var/lib/crater-agent-workspace/builds/worker-3-tc1/source:/opt/rustwide/workdir:ro,Z" "-v" "/var/lib/crater-agent-workspace/cargo-home:/opt/rustwide/cargo-home:ro,Z" "-v" "/var/lib/crater-agent-workspace/rustup-home:/opt/rustwide/rustup-home:ro,Z" "-e" "SOURCE_DIR=/opt/rustwide/workdir" "-e" "CARGO_TARGET_DIR=/opt/rustwide/target" "-e" "CARGO_HOME=/opt/rustwide/cargo-home" "-e" "RUSTUP_HOME=/opt/rustwide/rustup-home" "-w" "/opt/rustwide/workdir" "-m" "1610612736" "--user" "0:0" "--network" "none" "ghcr.io/rust-lang/crates-build-env/linux@sha256:5ff2268d62e97bff2cde7d5815dd6ed5b47097566f13b8d0ca110b04b60e07ed" "/opt/rustwide/cargo-home/bin/cargo" "+1.69.0" "metadata" "--no-deps" "--format-version=1", kill_on_drop: false }`
[INFO] [stdout] 3dd8aade5a637b902e2f94c78b804252ba9ae416ede8c3354f3642ca7dd8fd91
[INFO] running `Command { std: "docker" "start" "-a" "3dd8aade5a637b902e2f94c78b804252ba9ae416ede8c3354f3642ca7dd8fd91", kill_on_drop: false }`
[INFO] running `Command { std: "docker" "inspect" "3dd8aade5a637b902e2f94c78b804252ba9ae416ede8c3354f3642ca7dd8fd91", kill_on_drop: false }`
[INFO] running `Command { std: "docker" "rm" "-f" "3dd8aade5a637b902e2f94c78b804252ba9ae416ede8c3354f3642ca7dd8fd91", kill_on_drop: false }`
[INFO] [stdout] 3dd8aade5a637b902e2f94c78b804252ba9ae416ede8c3354f3642ca7dd8fd91
[INFO] running `Command { std: "docker" "create" "-v" "/var/lib/crater-agent-workspace/builds/worker-3-tc1/target:/opt/rustwide/target:rw,Z" "-v" "/var/lib/crater-agent-workspace/builds/worker-3-tc1/source:/opt/rustwide/workdir:ro,Z" "-v" "/var/lib/crater-agent-workspace/cargo-home:/opt/rustwide/cargo-home:ro,Z" "-v" "/var/lib/crater-agent-workspace/rustup-home:/opt/rustwide/rustup-home:ro,Z" "-e" "SOURCE_DIR=/opt/rustwide/workdir" "-e" "CARGO_TARGET_DIR=/opt/rustwide/target" "-e" "CARGO_INCREMENTAL=0" "-e" "RUST_BACKTRACE=full" "-e" "RUSTFLAGS=--cap-lints=warn" "-e" "RUSTDOCFLAGS=--cap-lints=warn" "-e" "CARGO_HOME=/opt/rustwide/cargo-home" "-e" "RUSTUP_HOME=/opt/rustwide/rustup-home" "-w" "/opt/rustwide/workdir" "-m" "1610612736" "--user" "0:0" "--network" "none" "ghcr.io/rust-lang/crates-build-env/linux@sha256:5ff2268d62e97bff2cde7d5815dd6ed5b47097566f13b8d0ca110b04b60e07ed" "/opt/rustwide/cargo-home/bin/cargo" "+1.69.0" "build" "--frozen" "--message-format=json", kill_on_drop: false }`
[INFO] [stdout] a72765bd719050d220aa76856bddbd9294120f4f0c4adef827262795a0b0d585
[INFO] running `Command { std: "docker" "start" "-a" "a72765bd719050d220aa76856bddbd9294120f4f0c4adef827262795a0b0d585", kill_on_drop: false }`
[INFO] [stderr]    Compiling crossbeam-utils v0.8.15
[INFO] [stderr]    Compiling syn v1.0.109
[INFO] [stderr]    Compiling memoffset v0.8.0
[INFO] [stderr]    Compiling crossbeam-epoch v0.9.14
[INFO] [stderr]    Compiling rayon-core v1.11.0
[INFO] [stderr]    Compiling either v1.8.1
[INFO] [stderr]    Compiling num_cpus v1.15.0
[INFO] [stderr]    Compiling byteorder v1.4.3
[INFO] [stderr]    Compiling subtle v2.5.0
[INFO] [stderr]    Compiling zeroize v1.6.0
[INFO] [stderr]    Compiling keccak v0.1.3
[INFO] [stderr]    Compiling ahash v0.4.7
[INFO] [stderr]    Compiling merlin v3.0.0
[INFO] [stderr]    Compiling itertools v0.9.0
[INFO] [stderr]    Compiling hashbrown v0.9.1
[INFO] [stderr]    Compiling crossbeam-channel v0.5.8
[INFO] [stderr]    Compiling crossbeam-deque v0.8.3
[INFO] [stderr]    Compiling rayon v1.7.0
[INFO] [stderr]    Compiling derive-hex v0.1.2
[INFO] [stderr]    Compiling dusk-bytes v0.1.6
[INFO] [stderr]    Compiling dusk-bls12_381 v0.11.2
[INFO] [stderr]    Compiling dusk-jubjub v0.12.1
[INFO] [stderr]    Compiling dusk-plonk v0.14.0 (/opt/rustwide/workdir)
[INFO] [stderr]     Finished dev [unoptimized + debuginfo] target(s) in 16.67s
[INFO] running `Command { std: "docker" "inspect" "a72765bd719050d220aa76856bddbd9294120f4f0c4adef827262795a0b0d585", kill_on_drop: false }`
[INFO] running `Command { std: "docker" "rm" "-f" "a72765bd719050d220aa76856bddbd9294120f4f0c4adef827262795a0b0d585", kill_on_drop: false }`
[INFO] [stdout] a72765bd719050d220aa76856bddbd9294120f4f0c4adef827262795a0b0d585
[INFO] running `Command { std: "docker" "create" "-v" "/var/lib/crater-agent-workspace/builds/worker-3-tc1/target:/opt/rustwide/target:rw,Z" "-v" "/var/lib/crater-agent-workspace/builds/worker-3-tc1/source:/opt/rustwide/workdir:ro,Z" "-v" "/var/lib/crater-agent-workspace/cargo-home:/opt/rustwide/cargo-home:ro,Z" "-v" "/var/lib/crater-agent-workspace/rustup-home:/opt/rustwide/rustup-home:ro,Z" "-e" "SOURCE_DIR=/opt/rustwide/workdir" "-e" "CARGO_TARGET_DIR=/opt/rustwide/target" "-e" "CARGO_INCREMENTAL=0" "-e" "RUST_BACKTRACE=full" "-e" "RUSTFLAGS=--cap-lints=warn" "-e" "RUSTDOCFLAGS=--cap-lints=warn" "-e" "CARGO_HOME=/opt/rustwide/cargo-home" "-e" "RUSTUP_HOME=/opt/rustwide/rustup-home" "-w" "/opt/rustwide/workdir" "-m" "1610612736" "--user" "0:0" "--network" "none" "ghcr.io/rust-lang/crates-build-env/linux@sha256:5ff2268d62e97bff2cde7d5815dd6ed5b47097566f13b8d0ca110b04b60e07ed" "/opt/rustwide/cargo-home/bin/cargo" "+1.69.0" "test" "--frozen" "--no-run" "--message-format=json", kill_on_drop: false }`
[INFO] [stdout] be6107eb5763297e4b5ab9fea0156076822f1f2ed7c4b8bec01110faa1e5d415
[INFO] running `Command { std: "docker" "start" "-a" "be6107eb5763297e4b5ab9fea0156076822f1f2ed7c4b8bec01110faa1e5d415", kill_on_drop: false }`
[INFO] [stderr]    Compiling syn v1.0.109
[INFO] [stderr]    Compiling either v1.8.1
[INFO] [stderr]    Compiling serde v1.0.160
[INFO] [stderr]    Compiling num-traits v0.2.15
[INFO] [stderr]    Compiling plotters-backend v0.3.4
[INFO] [stderr]    Compiling textwrap v0.11.0
[INFO] [stderr]    Compiling csv-core v0.1.10
[INFO] [stderr]    Compiling same-file v1.0.6
[INFO] [stderr]    Compiling rayon v1.7.0
[INFO] [stderr]    Compiling itertools v0.10.5
[INFO] [stderr]    Compiling plotters-svg v0.3.3
[INFO] [stderr]    Compiling half v1.8.2
[INFO] [stderr]    Compiling rkyv v0.7.41
[INFO] [stderr]    Compiling cast v0.3.0
[INFO] [stderr]    Compiling clap v2.34.0
[INFO] [stderr]    Compiling itertools v0.9.0
[INFO] [stderr]    Compiling walkdir v2.3.3
[INFO] [stderr]    Compiling serde_derive v1.0.160
[INFO] [stderr]    Compiling atty v0.2.14
[INFO] [stderr]    Compiling criterion-plot v0.4.5
[INFO] [stderr]    Compiling rand v0.4.6
[INFO] [stderr]    Compiling plotters v0.3.4
[INFO] [stderr]    Compiling seahash v4.1.0
[INFO] [stderr]    Compiling oorandom v11.1.3
[INFO] [stderr]    Compiling remove_dir_all v0.5.3
[INFO] [stderr]    Compiling tempdir v0.3.7
[INFO] [stderr]    Compiling derive-hex v0.1.2
[INFO] [stderr]    Compiling ptr_meta_derive v0.1.4
[INFO] [stderr]    Compiling rkyv_derive v0.7.41
[INFO] [stderr]    Compiling dusk-bytes v0.1.6
[INFO] [stderr]    Compiling serde_json v1.0.96
[INFO] [stderr]    Compiling serde_cbor v0.11.2
[INFO] [stderr]    Compiling dusk-bls12_381 v0.11.2
[INFO] [stderr]    Compiling ptr_meta v0.1.4
[INFO] [stderr]    Compiling csv v1.2.1
[INFO] [stderr]    Compiling dusk-jubjub v0.12.1
[INFO] [stderr]    Compiling tinytemplate v1.2.1
[INFO] [stderr]    Compiling dusk-plonk v0.14.0 (/opt/rustwide/workdir)
[INFO] [stderr]    Compiling criterion v0.3.6
[INFO] [stderr]     Finished test [unoptimized + debuginfo] target(s) in 1m 05s
[INFO] running `Command { std: "docker" "inspect" "be6107eb5763297e4b5ab9fea0156076822f1f2ed7c4b8bec01110faa1e5d415", kill_on_drop: false }`
[INFO] running `Command { std: "docker" "rm" "-f" "be6107eb5763297e4b5ab9fea0156076822f1f2ed7c4b8bec01110faa1e5d415", kill_on_drop: false }`
[INFO] [stdout] be6107eb5763297e4b5ab9fea0156076822f1f2ed7c4b8bec01110faa1e5d415
[INFO] running `Command { std: "docker" "create" "-v" "/var/lib/crater-agent-workspace/builds/worker-3-tc1/target:/opt/rustwide/target:rw,Z" "-v" "/var/lib/crater-agent-workspace/builds/worker-3-tc1/source:/opt/rustwide/workdir:ro,Z" "-v" "/var/lib/crater-agent-workspace/cargo-home:/opt/rustwide/cargo-home:ro,Z" "-v" "/var/lib/crater-agent-workspace/rustup-home:/opt/rustwide/rustup-home:ro,Z" "-e" "SOURCE_DIR=/opt/rustwide/workdir" "-e" "CARGO_TARGET_DIR=/opt/rustwide/target" "-e" "CARGO_INCREMENTAL=0" "-e" "RUST_BACKTRACE=full" "-e" "RUSTFLAGS=--cap-lints=warn" "-e" "RUSTDOCFLAGS=--cap-lints=warn" "-e" "CARGO_HOME=/opt/rustwide/cargo-home" "-e" "RUSTUP_HOME=/opt/rustwide/rustup-home" "-w" "/opt/rustwide/workdir" "-m" "1610612736" "--user" "0:0" "--network" "none" "ghcr.io/rust-lang/crates-build-env/linux@sha256:5ff2268d62e97bff2cde7d5815dd6ed5b47097566f13b8d0ca110b04b60e07ed" "/opt/rustwide/cargo-home/bin/cargo" "+1.69.0" "test" "--frozen", kill_on_drop: false }`
[INFO] [stdout] 0b8f74150aecee30ee62df5848f1470a4316b64ae2cc747399ff778a9ddc0ad6
[INFO] running `Command { std: "docker" "start" "-a" "0b8f74150aecee30ee62df5848f1470a4316b64ae2cc747399ff778a9ddc0ad6", kill_on_drop: false }`
[INFO] [stderr]     Blocking waiting for file lock on package cache
[INFO] [stderr]     Finished test [unoptimized + debuginfo] target(s) in 1.55s
[INFO] [stdout] 
[INFO] [stderr]      Running unittests src/lib.rs (/opt/rustwide/target/debug/deps/dusk_plonk-9523f6351e0e8b12)
[INFO] [stdout] running 26 tests
[INFO] [stdout] test commitment_scheme::kzg10::commitment::commitment_tests::commitment_dusk_bytes_serde ... ok
[INFO] [stdout] test bit_iterator::test::test_bit_iterator8 ... ok
[INFO] [stdout] test commitment_scheme::kzg10::key::test::opening_key_dusk_bytes ... ok
[INFO] [stdout] test commitment_scheme::kzg10::srs::test::test_powers_of ... ok
[INFO] [stdout] test commitment_scheme::kzg10::key::test::commit_key_bytes_unchecked ... ok
[INFO] [stdout] test fft::domain::tests::dusk_bytes_evaluation_domain_serde ... ok
[INFO] [stdout] test commitment_scheme::kzg10::key::test::commit_key_serde ... ok
[INFO] [stdout] test fft::domain::tests::size_of_elements ... ok
[INFO] [stdout] test fft::polynomial::test::test_ruffini ... ok
[INFO] [stdout] test fft::polynomial::test::test_ruffini_zero ... ok
[INFO] [stdout] test permutation::test::test_basic_slow_permutation_poly ... ok
[INFO] [stdout] test permutation::test::test_permutation_compute_sigmas ... ok
[INFO] [stdout] test permutation::test::test_permutation_compute_sigmas_only_left_wires ... ok
[INFO] [stdout] test permutation::test::test_permutation_format ... ok
[INFO] [stdout] test proof_system::linearization_poly::evaluations_tests::proof_evaluations_dusk_bytes_serde ... ok
[INFO] [stdout] test commitment_scheme::kzg10::key::test::test_aggregate_witness ... ok
[INFO] [stdout] test proof_system::proof::proof_tests::test_dusk_bytes_serde_proof ... ok
[INFO] [stdout] test proof_system::widget::test::test_serialize_deserialize_verifier_key ... ok
[INFO] [stdout] test util::test::test_batch_inversion ... ok
[INFO] [stdout] test fft::domain::tests::elements_contents ... ok
[INFO] [stdout] test commitment_scheme::kzg10::key::test::test_basic_commit ... ok
[INFO] [stdout] test commitment_scheme::kzg10::key::test::test_batch_with_aggregation ... ok
[INFO] [stdout] test commitment_scheme::kzg10::key::test::test_batch_verification ... ok
[INFO] [stdout] test commitment_scheme::kzg10::srs::test::public_parameters_bytes_unchecked ... ok
[INFO] [stdout] test commitment_scheme::kzg10::srs::test::test_serialize_deserialize_public_parameter ... ok
[INFO] [stdout] test proof_system::widget::test::test_serialize_deserialize_prover_key ... ok
[INFO] [stdout] 
[INFO] [stdout] test result: ok. 26 passed; 0 failed; 0 ignored; 0 measured; 0 filtered out; finished in 4.30s
[INFO] [stdout] 
[INFO] [stderr]      Running tests/append_gate.rs (/opt/rustwide/target/debug/deps/append_gate-fd23630e534ad89c)
[INFO] [stdout] 
[INFO] [stdout] running 1 test
[INFO] [stdout] test append_gate ... ok
[INFO] [stdout] 
[INFO] [stdout] test result: ok. 1 passed; 0 failed; 0 ignored; 0 measured; 0 filtered out; finished in 8.89s
[INFO] [stdout] 
[INFO] [stderr]      Running tests/assert_point.rs (/opt/rustwide/target/debug/deps/assert_point-a0497bdc157a7ec6)
[INFO] [stdout] 
[INFO] [stdout] running 2 tests
[INFO] [stdout] test assert_equal_public_point ... ok
[INFO] [stdout] test assert_equal_point ... ok
[INFO] [stdout] 
[INFO] [stdout] test result: ok. 2 passed; 0 failed; 0 ignored; 0 measured; 0 filtered out; finished in 6.09s
[INFO] [stdout] 
[INFO] [stderr]      Running tests/assert_scalar.rs (/opt/rustwide/target/debug/deps/assert_scalar-09af43d1864bbd8f)
[INFO] [stdout] 
[INFO] [stdout] running 2 tests
[INFO] [stdout] test assert_equal ... ok
[INFO] [stdout] test assert_equal_constant ... ok
[INFO] [stdout] 
[INFO] [stdout] test result: ok. 2 passed; 0 failed; 0 ignored; 0 measured; 0 filtered out; finished in 14.46s
[INFO] [stdout] 
[INFO] [stderr]      Running tests/boolean.rs (/opt/rustwide/target/debug/deps/boolean-c00dc0e2f9127283)
[INFO] [stdout] 
[INFO] [stdout] running 1 test
[INFO] [stdout] test component_boolean ... ok
[INFO] [stdout] 
[INFO] [stdout] test result: ok. 1 passed; 0 failed; 0 ignored; 0 measured; 0 filtered out; finished in 5.02s
[INFO] [stdout] 
[INFO] [stderr]      Running tests/composer.rs (/opt/rustwide/target/debug/deps/composer-50776290f407da0c)
[INFO] [stdout] 
[INFO] [stdout] running 1 test
[INFO] [stdout] test circuit_with_all_gates has been running for over 60 seconds
[INFO] [stdout] test circuit_with_all_gates ... ok
[INFO] [stdout] 
[INFO] [stdout] test result: ok. 1 passed; 0 failed; 0 ignored; 0 measured; 0 filtered out; finished in 119.28s
[INFO] [stdout] 
[INFO] [stderr]      Running tests/decomposition.rs (/opt/rustwide/target/debug/deps/decomposition-ffd26bcea9d9e13d)
[INFO] [stdout] 
[INFO] [stdout] running 1 test
[INFO] [stdout] test component_decomposition has been running for over 60 seconds
[INFO] [stdout] test component_decomposition ... ok
[INFO] [stdout] 
[INFO] [stdout] test result: ok. 1 passed; 0 failed; 0 ignored; 0 measured; 0 filtered out; finished in 105.16s
[INFO] [stdout] 
[INFO] [stderr]      Running tests/ecc.rs (/opt/rustwide/target/debug/deps/ecc-5cc7b12b540bf327)
[INFO] [stdout] 
[INFO] [stdout] running 3 tests
[INFO] [stdout] test component_add_point ... ok
[INFO] [stdout] test component_mul_generator ... ok
[INFO] [stdout] test component_mul_point has been running for over 60 seconds
[INFO] [stdout] test component_mul_point ... ok
[INFO] [stdout] 
[INFO] [stdout] test result: ok. 3 passed; 0 failed; 0 ignored; 0 measured; 0 filtered out; finished in 101.78s
[INFO] [stdout] 
[INFO] [stderr]      Running tests/gate_add_mul.rs (/opt/rustwide/target/debug/deps/gate_add_mul-53d785dfd1c630de)
[INFO] [stdout] 
[INFO] [stdout] running 1 test
[INFO] [stdout] test gate_add_mul ... ok
[INFO] [stdout] 
[INFO] [stdout] test result: ok. 1 passed; 0 failed; 0 ignored; 0 measured; 0 filtered out; finished in 4.80s
[INFO] [stdout] 
[INFO] [stderr]      Running tests/logic.rs (/opt/rustwide/target/debug/deps/logic-819006ab95fbe7a5)
[INFO] [stdout] 
[INFO] [stdout] running 2 tests
[INFO] [stdout] test append_logic_xor ... FAILED
[INFO] [stdout] test append_logic_and ... FAILED
[INFO] [stdout] 
[INFO] [stdout] failures:
[INFO] [stdout] 
[INFO] [stdout] ---- append_logic_xor stdout ----
[INFO] [stdout] thread 'append_logic_xor' panicked at 'assertion failed: `(left == right)`
[INFO] [stdout]   left: `1`,
[INFO] [stdout]  right: `0`', /opt/rustwide/workdir/src/composer.rs:132:9
[INFO] [stdout] stack backtrace:
[INFO] [stdout]    0:     0x55b25aa5c4ca - std::backtrace_rs::backtrace::libunwind::trace::ha9053a9a07ca49cb
[INFO] [stdout]                                at /rustc/84c898d65adf2f39a5a98507f1fe0ce10a2b8dbc/library/std/src/../../backtrace/src/backtrace/libunwind.rs:93:5
[INFO] [stdout]    1:     0x55b25aa5c4ca - std::backtrace_rs::backtrace::trace_unsynchronized::h9c2852a457ad564e
[INFO] [stdout]                                at /rustc/84c898d65adf2f39a5a98507f1fe0ce10a2b8dbc/library/std/src/../../backtrace/src/backtrace/mod.rs:66:5
[INFO] [stdout]    2:     0x55b25aa5c4ca - std::sys_common::backtrace::_print_fmt::h457936fbfaa0070f
[INFO] [stdout]                                at /rustc/84c898d65adf2f39a5a98507f1fe0ce10a2b8dbc/library/std/src/sys_common/backtrace.rs:65:5
[INFO] [stdout]    3:     0x55b25aa5c4ca - <std::sys_common::backtrace::_print::DisplayBacktrace as core::fmt::Display>::fmt::h5779d7bf7f70cb0c
[INFO] [stdout]                                at /rustc/84c898d65adf2f39a5a98507f1fe0ce10a2b8dbc/library/std/src/sys_common/backtrace.rs:44:22
[INFO] [stdout]    4:     0x55b25aa7fd5e - core::fmt::write::h5a4baaff1bcd3eb5
[INFO] [stdout]                                at /rustc/84c898d65adf2f39a5a98507f1fe0ce10a2b8dbc/library/core/src/fmt/mod.rs:1232:17
[INFO] [stdout]    5:     0x55b25aa59775 - std::io::Write::write_fmt::h478f79c628ef31d1
[INFO] [stdout]                                at /rustc/84c898d65adf2f39a5a98507f1fe0ce10a2b8dbc/library/std/src/io/mod.rs:1684:15
[INFO] [stdout]    6:     0x55b25aa5c295 - std::sys_common::backtrace::_print::h5fcdc36060f177e8
[INFO] [stdout]                                at /rustc/84c898d65adf2f39a5a98507f1fe0ce10a2b8dbc/library/std/src/sys_common/backtrace.rs:47:5
[INFO] [stdout]    7:     0x55b25aa5c295 - std::sys_common::backtrace::print::h54ca9458b876c8bf
[INFO] [stdout]                                at /rustc/84c898d65adf2f39a5a98507f1fe0ce10a2b8dbc/library/std/src/sys_common/backtrace.rs:34:9
[INFO] [stdout]    8:     0x55b25aa5e05f - std::panicking::default_hook::{{closure}}::hbe471161c7664ed6
[INFO] [stdout]                                at /rustc/84c898d65adf2f39a5a98507f1fe0ce10a2b8dbc/library/std/src/panicking.rs:271:22
[INFO] [stdout]    9:     0x55b25aa5dd1f - std::panicking::default_hook::ha3500da57aa4ac4f
[INFO] [stdout]                                at /rustc/84c898d65adf2f39a5a98507f1fe0ce10a2b8dbc/library/std/src/panicking.rs:287:9
[INFO] [stdout]   10:     0x55b25a876d57 - <alloc::boxed::Box<F,A> as core::ops::function::Fn<Args>>::call::hdf1b89dd137ece34
[INFO] [stdout]                                at /rustc/84c898d65adf2f39a5a98507f1fe0ce10a2b8dbc/library/alloc/src/boxed.rs:2001:9
[INFO] [stdout]   11:     0x55b25a876d57 - test::test_main::{{closure}}::h9081a79f20e75698
[INFO] [stdout]                                at /rustc/84c898d65adf2f39a5a98507f1fe0ce10a2b8dbc/library/test/src/lib.rs:135:21
[INFO] [stdout]   12:     0x55b25aa5e78d - <alloc::boxed::Box<F,A> as core::ops::function::Fn<Args>>::call::h6507bddc3eebb4a5
[INFO] [stdout]                                at /rustc/84c898d65adf2f39a5a98507f1fe0ce10a2b8dbc/library/alloc/src/boxed.rs:2001:9
[INFO] [stdout]   13:     0x55b25aa5e78d - std::panicking::rust_panic_with_hook::h50c09d000dc561d2
[INFO] [stdout]                                at /rustc/84c898d65adf2f39a5a98507f1fe0ce10a2b8dbc/library/std/src/panicking.rs:696:13
[INFO] [stdout]   14:     0x55b25aa5e509 - std::panicking::begin_panic_handler::{{closure}}::h9e2b2176e00e0d9c
[INFO] [stdout]                                at /rustc/84c898d65adf2f39a5a98507f1fe0ce10a2b8dbc/library/std/src/panicking.rs:583:13
[INFO] [stdout]   15:     0x55b25aa5c936 - std::sys_common::backtrace::__rust_end_short_backtrace::h5739b8e512c09d02
[INFO] [stdout]                                at /rustc/84c898d65adf2f39a5a98507f1fe0ce10a2b8dbc/library/std/src/sys_common/backtrace.rs:150:18
[INFO] [stdout]   16:     0x55b25aa5e212 - rust_begin_unwind
[INFO] [stdout]                                at /rustc/84c898d65adf2f39a5a98507f1fe0ce10a2b8dbc/library/std/src/panicking.rs:579:5
[INFO] [stdout]   17:     0x55b25a81cfb3 - core::panicking::panic_fmt::hf33a1475b4dc5c3e
[INFO] [stdout]                                at /rustc/84c898d65adf2f39a5a98507f1fe0ce10a2b8dbc/library/core/src/panicking.rs:64:14
[INFO] [stdout]   18:     0x55b25a81d2ef - core::panicking::assert_failed_inner::haf9816227b20b6f2
[INFO] [stdout]   19:     0x55b25aa3391a - core::panicking::assert_failed::h731f1e2e2941e92f
[INFO] [stdout]                                at /rustc/84c898d65adf2f39a5a98507f1fe0ce10a2b8dbc/library/core/src/panicking.rs:211:5
[INFO] [stdout]   20:     0x55b25a83f987 - dusk_plonk::composer::Composer::append_logic_component::h7e0b7fdcbcf47328
[INFO] [stdout]                                at /opt/rustwide/workdir/src/composer.rs:132:9
[INFO] [stdout]   21:     0x55b25a83f203 - dusk_plonk::composer::Composer::append_logic_xor::h4d4824f4c53ce7c6
[INFO] [stdout]                                at /opt/rustwide/workdir/src/composer.rs:612:9
[INFO] [stdout]   22:     0x55b25a83ca1e - <logic::append_logic_xor::TestCircuit as dusk_plonk::composer::circuit::Circuit>::circuit::h36f4a5bafcd0d88b
[INFO] [stdout]                                at /opt/rustwide/workdir/tests/logic.rs:245:34
[INFO] [stdout]   23:     0x55b25a82aa69 - dusk_plonk::composer::compiler::Compiler::compile_with_circuit::h0ce381d766e256bb
[INFO] [stdout]                                at /opt/rustwide/workdir/src/composer/compiler.rs:48:9
[INFO] [stdout]   24:     0x55b25a847348 - logic::common::setup::hb0646ac54ea49b71
[INFO] [stdout]                                at /opt/rustwide/workdir/tests/common/mod.rs:24:5
[INFO] [stdout]   25:     0x55b25a83c423 - logic::append_logic_xor::hbd7466e2fa0ebd3f
[INFO] [stdout]                                at /opt/rustwide/workdir/tests/logic.rs:398:23
[INFO] [stdout]   26:     0x55b25a83b167 - logic::append_logic_xor::{{closure}}::h6683fb26656a0c16
[INFO] [stdout]                                at /opt/rustwide/workdir/tests/logic.rs:212:23
[INFO] [stdout]   27:     0x55b25a83d845 - core::ops::function::FnOnce::call_once::h142fa48c0aec9513
[INFO] [stdout]                                at /rustc/84c898d65adf2f39a5a98507f1fe0ce10a2b8dbc/library/core/src/ops/function.rs:250:5
[INFO] [stdout]   28:     0x55b25a87c13f - core::ops::function::FnOnce::call_once::h7d969581be7d0075
[INFO] [stdout]                                at /rustc/84c898d65adf2f39a5a98507f1fe0ce10a2b8dbc/library/core/src/ops/function.rs:250:5
[INFO] [stdout]   29:     0x55b25a87c13f - test::__rust_begin_short_backtrace::hca25a52684e56655
[INFO] [stdout]                                at /rustc/84c898d65adf2f39a5a98507f1fe0ce10a2b8dbc/library/test/src/lib.rs:656:18
[INFO] [stdout]   30:     0x55b25a84d75c - test::run_test::{{closure}}::ha8ac744c4af1a4bb
[INFO] [stdout]                                at /rustc/84c898d65adf2f39a5a98507f1fe0ce10a2b8dbc/library/test/src/lib.rs:647:30
[INFO] [stdout]   31:     0x55b25a84d75c - core::ops::function::FnOnce::call_once{{vtable.shim}}::h7b411a9ed45bdecf
[INFO] [stdout]                                at /rustc/84c898d65adf2f39a5a98507f1fe0ce10a2b8dbc/library/core/src/ops/function.rs:250:5
[INFO] [stdout]   32:     0x55b25a87b106 - <alloc::boxed::Box<F,A> as core::ops::function::FnOnce<Args>>::call_once::hd05328869a8ed200
[INFO] [stdout]                                at /rustc/84c898d65adf2f39a5a98507f1fe0ce10a2b8dbc/library/alloc/src/boxed.rs:1987:9
[INFO] [stdout]   33:     0x55b25a87b106 - <core::panic::unwind_safe::AssertUnwindSafe<F> as core::ops::function::FnOnce<()>>::call_once::h0c601ce20bd5b2be
[INFO] [stdout]                                at /rustc/84c898d65adf2f39a5a98507f1fe0ce10a2b8dbc/library/core/src/panic/unwind_safe.rs:271:9
[INFO] [stdout]   34:     0x55b25a87b106 - std::panicking::try::do_call::ha4be5c164fe30854
[INFO] [stdout]                                at /rustc/84c898d65adf2f39a5a98507f1fe0ce10a2b8dbc/library/std/src/panicking.rs:487:40
[INFO] [stdout]   35:     0x55b25a87b106 - std::panicking::try::h604546f3609af05f
[INFO] [stdout]                                at /rustc/84c898d65adf2f39a5a98507f1fe0ce10a2b8dbc/library/std/src/panicking.rs:451:19
[INFO] [stdout]   36:     0x55b25a87b106 - std::panic::catch_unwind::h5bfa8afe44c9c2f9
[INFO] [stdout]                                at /rustc/84c898d65adf2f39a5a98507f1fe0ce10a2b8dbc/library/std/src/panic.rs:140:14
[INFO] [stdout]   37:     0x55b25a87b106 - test::run_test_in_process::hd50dee55dd63e6aa
[INFO] [stdout]                                at /rustc/84c898d65adf2f39a5a98507f1fe0ce10a2b8dbc/library/test/src/lib.rs:679:27
[INFO] [stdout]   38:     0x55b25a87b106 - test::run_test::run_test_inner::{{closure}}::h4aa0f433aa85cea8
[INFO] [stdout]                                at /rustc/84c898d65adf2f39a5a98507f1fe0ce10a2b8dbc/library/test/src/lib.rs:573:39
[INFO] [stdout]   39:     0x55b25a847dd1 - test::run_test::run_test_inner::{{closure}}::had56431adf24b4d6
[INFO] [stdout]                                at /rustc/84c898d65adf2f39a5a98507f1fe0ce10a2b8dbc/library/test/src/lib.rs:600:37
[INFO] [stdout]   40:     0x55b25a847dd1 - std::sys_common::backtrace::__rust_begin_short_backtrace::ha8d9890e0c73bf13
[INFO] [stdout]                                at /rustc/84c898d65adf2f39a5a98507f1fe0ce10a2b8dbc/library/std/src/sys_common/backtrace.rs:134:18
[INFO] [stdout]   41:     0x55b25a84d7eb - std::thread::Builder::spawn_unchecked_::{{closure}}::{{closure}}::h251832bcb4a95327
[INFO] [stdout]                                at /rustc/84c898d65adf2f39a5a98507f1fe0ce10a2b8dbc/library/std/src/thread/mod.rs:560:17
[INFO] [stdout]   42:     0x55b25a84d7eb - <core::panic::unwind_safe::AssertUnwindSafe<F> as core::ops::function::FnOnce<()>>::call_once::h8fdff598fa414831
[INFO] [stdout]                                at /rustc/84c898d65adf2f39a5a98507f1fe0ce10a2b8dbc/library/core/src/panic/unwind_safe.rs:271:9
[INFO] [stdout]   43:     0x55b25a84d7eb - std::panicking::try::do_call::h455dd2f7764a950f
[INFO] [stdout]                                at /rustc/84c898d65adf2f39a5a98507f1fe0ce10a2b8dbc/library/std/src/panicking.rs:487:40
[INFO] [stdout]   44:     0x55b25a84d7eb - std::panicking::try::had6f23b7b73ae72a
[INFO] [stdout]                                at /rustc/84c898d65adf2f39a5a98507f1fe0ce10a2b8dbc/library/std/src/panicking.rs:451:19
[INFO] [stdout]   45:     0x55b25a84d7eb - std::panic::catch_unwind::ha6a5ca3915b4dad0
[INFO] [stdout]                                at /rustc/84c898d65adf2f39a5a98507f1fe0ce10a2b8dbc/library/std/src/panic.rs:140:14
[INFO] [stdout]   46:     0x55b25a84d7eb - std::thread::Builder::spawn_unchecked_::{{closure}}::h883b72ef75da6231
[INFO] [stdout]                                at /rustc/84c898d65adf2f39a5a98507f1fe0ce10a2b8dbc/library/std/src/thread/mod.rs:559:30
[INFO] [stdout]   47:     0x55b25a84d7eb - core::ops::function::FnOnce::call_once{{vtable.shim}}::hb7dff73dc8bd2ccb
[INFO] [stdout]                                at /rustc/84c898d65adf2f39a5a98507f1fe0ce10a2b8dbc/library/core/src/ops/function.rs:250:5
[INFO] [stdout]   48:     0x55b25aa62bd3 - <alloc::boxed::Box<F,A> as core::ops::function::FnOnce<Args>>::call_once::h39990b24eedef2ab
[INFO] [stdout]                                at /rustc/84c898d65adf2f39a5a98507f1fe0ce10a2b8dbc/library/alloc/src/boxed.rs:1987:9
[INFO] [stdout]   49:     0x55b25aa62bd3 - <alloc::boxed::Box<F,A> as core::ops::function::FnOnce<Args>>::call_once::h01a027258444143b
[INFO] [stdout]                                at /rustc/84c898d65adf2f39a5a98507f1fe0ce10a2b8dbc/library/alloc/src/boxed.rs:1987:9
[INFO] [stdout]   50:     0x55b25aa62bd3 - std::sys::unix::thread::Thread::new::thread_start::ha4f1cdd9c25884ba
[INFO] [stdout]                                at /rustc/84c898d65adf2f39a5a98507f1fe0ce10a2b8dbc/library/std/src/sys/unix/thread.rs:108:17
[INFO] [stdout]   51:     0x7fc46718eb43 - <unknown>
[INFO] [stdout]   52:     0x7fc46721fbb4 - __clone
[INFO] [stdout]   53:                0x0 - <unknown>
[INFO] [stdout] 
[INFO] [stdout] ---- append_logic_and stdout ----
[INFO] [stdout] thread 'append_logic_and' panicked at 'assertion failed: `(left == right)`
[INFO] [stdout]   left: `1`,
[INFO] [stdout]  right: `0`', /opt/rustwide/workdir/src/composer.rs:132:9
[INFO] [stdout] stack backtrace:
[INFO] [stdout]    0:     0x55b25aa5c4ca - std::backtrace_rs::backtrace::libunwind::trace::ha9053a9a07ca49cb
[INFO] [stdout]                                at /rustc/84c898d65adf2f39a5a98507f1fe0ce10a2b8dbc/library/std/src/../../backtrace/src/backtrace/libunwind.rs:93:5
[INFO] [stdout]    1:     0x55b25aa5c4ca - std::backtrace_rs::backtrace::trace_unsynchronized::h9c2852a457ad564e
[INFO] [stdout]                                at /rustc/84c898d65adf2f39a5a98507f1fe0ce10a2b8dbc/library/std/src/../../backtrace/src/backtrace/mod.rs:66:5
[INFO] [stdout]    2:     0x55b25aa5c4ca - std::sys_common::backtrace::_print_fmt::h457936fbfaa0070f
[INFO] [stdout]                                at /rustc/84c898d65adf2f39a5a98507f1fe0ce10a2b8dbc/library/std/src/sys_common/backtrace.rs:65:5
[INFO] [stdout]    3:     0x55b25aa5c4ca - <std::sys_common::backtrace::_print::DisplayBacktrace as core::fmt::Display>::fmt::h5779d7bf7f70cb0c
[INFO] [stdout]                                at /rustc/84c898d65adf2f39a5a98507f1fe0ce10a2b8dbc/library/std/src/sys_common/backtrace.rs:44:22
[INFO] [stdout]    4:     0x55b25aa7fd5e - core::fmt::write::h5a4baaff1bcd3eb5
[INFO] [stdout]                                at /rustc/84c898d65adf2f39a5a98507f1fe0ce10a2b8dbc/library/core/src/fmt/mod.rs:1232:17
[INFO] [stdout]    5:     0x55b25aa59775 - std::io::Write::write_fmt::h478f79c628ef31d1
[INFO] [stdout]                                at /rustc/84c898d65adf2f39a5a98507f1fe0ce10a2b8dbc/library/std/src/io/mod.rs:1684:15
[INFO] [stdout]    6:     0x55b25aa5c295 - std::sys_common::backtrace::_print::h5fcdc36060f177e8
[INFO] [stdout]                                at /rustc/84c898d65adf2f39a5a98507f1fe0ce10a2b8dbc/library/std/src/sys_common/backtrace.rs:47:5
[INFO] [stdout]    7:     0x55b25aa5c295 - std::sys_common::backtrace::print::h54ca9458b876c8bf
[INFO] [stdout]                                at /rustc/84c898d65adf2f39a5a98507f1fe0ce10a2b8dbc/library/std/src/sys_common/backtrace.rs:34:9
[INFO] [stdout]    8:     0x55b25aa5e05f - std::panicking::default_hook::{{closure}}::hbe471161c7664ed6
[INFO] [stdout]                                at /rustc/84c898d65adf2f39a5a98507f1fe0ce10a2b8dbc/library/std/src/panicking.rs:271:22
[INFO] [stdout]    9:     0x55b25aa5dd1f - std::panicking::default_hook::ha3500da57aa4ac4f
[INFO] [stdout]                                at /rustc/84c898d65adf2f39a5a98507f1fe0ce10a2b8dbc/library/std/src/panicking.rs:287:9
[INFO] [stdout]   10:     0x55b25a876d57 - <alloc::boxed::Box<F,A> as core::ops::function::Fn<Args>>::call::hdf1b89dd137ece34
[INFO] [stdout]                                at /rustc/84c898d65adf2f39a5a98507f1fe0ce10a2b8dbc/library/alloc/src/boxed.rs:2001:9
[INFO] [stdout]   11:     0x55b25a876d57 - test::test_main::{{closure}}::h9081a79f20e75698
[INFO] [stdout]                                at /rustc/84c898d65adf2f39a5a98507f1fe0ce10a2b8dbc/library/test/src/lib.rs:135:21
[INFO] [stdout]   12:     0x55b25aa5e78d - <alloc::boxed::Box<F,A> as core::ops::function::Fn<Args>>::call::h6507bddc3eebb4a5
[INFO] [stdout]                                at /rustc/84c898d65adf2f39a5a98507f1fe0ce10a2b8dbc/library/alloc/src/boxed.rs:2001:9
[INFO] [stdout]   13:     0x55b25aa5e78d - std::panicking::rust_panic_with_hook::h50c09d000dc561d2
[INFO] [stdout]                                at /rustc/84c898d65adf2f39a5a98507f1fe0ce10a2b8dbc/library/std/src/panicking.rs:696:13
[INFO] [stdout]   14:     0x55b25aa5e509 - std::panicking::begin_panic_handler::{{closure}}::h9e2b2176e00e0d9c
[INFO] [stdout]                                at /rustc/84c898d65adf2f39a5a98507f1fe0ce10a2b8dbc/library/std/src/panicking.rs:583:13
[INFO] [stdout]   15:     0x55b25aa5c936 - std::sys_common::backtrace::__rust_end_short_backtrace::h5739b8e512c09d02
[INFO] [stdout]                                at /rustc/84c898d65adf2f39a5a98507f1fe0ce10a2b8dbc/library/std/src/sys_common/backtrace.rs:150:18
[INFO] [stdout]   16:     0x55b25aa5e212 - rust_begin_unwind
[INFO] [stdout]                                at /rustc/84c898d65adf2f39a5a98507f1fe0ce10a2b8dbc/library/std/src/panicking.rs:579:5
[INFO] [stdout]   17:     0x55b25a81cfb3 - core::panicking::panic_fmt::hf33a1475b4dc5c3e
[INFO] [stdout]                                at /rustc/84c898d65adf2f39a5a98507f1fe0ce10a2b8dbc/library/core/src/panicking.rs:64:14
[INFO] [stdout]   18:     0x55b25a81d2ef - core::panicking::assert_failed_inner::haf9816227b20b6f2
[INFO] [stdout]   19:     0x55b25aa3391a - core::panicking::assert_failed::h731f1e2e2941e92f
[INFO] [stdout]                                at /rustc/84c898d65adf2f39a5a98507f1fe0ce10a2b8dbc/library/core/src/panicking.rs:211:5
[INFO] [stdout]   20:     0x55b25a83f987 - dusk_plonk::composer::Composer::append_logic_component::h7e0b7fdcbcf47328
[INFO] [stdout]                                at /opt/rustwide/workdir/src/composer.rs:132:9
[INFO] [stdout]   21:     0x55b25a83f1d0 - dusk_plonk::composer::Composer::append_logic_and::h00a86bdd844e8b18
[INFO] [stdout]                                at /opt/rustwide/workdir/src/composer.rs:596:9
[INFO] [stdout]   22:     0x55b25a83b05e - <logic::append_logic_and::TestCircuit as dusk_plonk::composer::circuit::Circuit>::circuit::hc12eacd515439e05
[INFO] [stdout]                                at /opt/rustwide/workdir/tests/logic.rs:48:34
[INFO] [stdout]   23:     0x55b25a82b019 - dusk_plonk::composer::compiler::Compiler::compile_with_circuit::h7c6cad36aec7eef7
[INFO] [stdout]                                at /opt/rustwide/workdir/src/composer/compiler.rs:48:9
[INFO] [stdout]   24:     0x55b25a847478 - logic::common::setup::hcc9e0f88d5ea5a9a
[INFO] [stdout]                                at /opt/rustwide/workdir/tests/common/mod.rs:24:5
[INFO] [stdout]   25:     0x55b25a83aa5a - logic::append_logic_and::h9a55a464f076d18b
[INFO] [stdout]                                at /opt/rustwide/workdir/tests/logic.rs:201:23
[INFO] [stdout]   26:     0x55b25a839787 - logic::append_logic_and::{{closure}}::h8ac0eef993c2337f
[INFO] [stdout]                                at /opt/rustwide/workdir/tests/logic.rs:15:23
[INFO] [stdout]   27:     0x55b25a83d895 - core::ops::function::FnOnce::call_once::hd50969ae33ae9a21
[INFO] [stdout]                                at /rustc/84c898d65adf2f39a5a98507f1fe0ce10a2b8dbc/library/core/src/ops/function.rs:250:5
[INFO] [stdout]   28:     0x55b25a87c13f - core::ops::function::FnOnce::call_once::h7d969581be7d0075
[INFO] [stdout]                                at /rustc/84c898d65adf2f39a5a98507f1fe0ce10a2b8dbc/library/core/src/ops/function.rs:250:5
[INFO] [stdout]   29:     0x55b25a87c13f - test::__rust_begin_short_backtrace::hca25a52684e56655
[INFO] [stdout]                                at /rustc/84c898d65adf2f39a5a98507f1fe0ce10a2b8dbc/library/test/src/lib.rs:656:18
[INFO] [stdout]   30:     0x55b25a84d75c - test::run_test::{{closure}}::ha8ac744c4af1a4bb
[INFO] [stdout]                                at /rustc/84c898d65adf2f39a5a98507f1fe0ce10a2b8dbc/library/test/src/lib.rs:647:30
[INFO] [stdout]   31:     0x55b25a84d75c - core::ops::function::FnOnce::call_once{{vtable.shim}}::h7b411a9ed45bdecf
[INFO] [stdout]                                at /rustc/84c898d65adf2f39a5a98507f1fe0ce10a2b8dbc/library/core/src/ops/function.rs:250:5
[INFO] [stdout]   32:     0x55b25a87b106 - <alloc::boxed::Box<F,A> as core::ops::function::FnOnce<Args>>::call_once::hd05328869a8ed200
[INFO] [stdout]                                at /rustc/84c898d65adf2f39a5a98507f1fe0ce10a2b8dbc/library/alloc/src/boxed.rs:1987:9
[INFO] [stdout]   33:     0x55b25a87b106 - <core::panic::unwind_safe::AssertUnwindSafe<F> as core::ops::function::FnOnce<()>>::call_once::h0c601ce20bd5b2be
[INFO] [stdout]                                at /rustc/84c898d65adf2f39a5a98507f1fe0ce10a2b8dbc/library/core/src/panic/unwind_safe.rs:271:9
[INFO] [stdout]   34:     0x55b25a87b106 - std::panicking::try::do_call::ha4be5c164fe30854
[INFO] [stdout]                                at /rustc/84c898d65adf2f39a5a98507f1fe0ce10a2b8dbc/library/std/src/panicking.rs:487:40
[INFO] [stdout]   35:     0x55b25a87b106 - std::panicking::try::h604546f3609af05f
[INFO] [stdout]                                at /rustc/84c898d65adf2f39a5a98507f1fe0ce10a2b8dbc/library/std/src/panicking.rs:451:19
[INFO] [stdout]   36:     0x55b25a87b106 - std::panic::catch_unwind::h5bfa8afe44c9c2f9
[INFO] [stdout]                                at /rustc/84c898d65adf2f39a5a98507f1fe0ce10a2b8dbc/library/std/src/panic.rs:140:14
[INFO] [stdout]   37:     0x55b25a87b106 - test::run_test_in_process::hd50dee55dd63e6aa
[INFO] [stdout]                                at /rustc/84c898d65adf2f39a5a98507f1fe0ce10a2b8dbc/library/test/src/lib.rs:679:27
[INFO] [stdout]   38:     0x55b25a87b106 - test::run_test::run_test_inner::{{closure}}::h4aa0f433aa85cea8
[INFO] [stdout]                                at /rustc/84c898d65adf2f39a5a98507f1fe0ce10a2b8dbc/library/test/src/lib.rs:573:39
[INFO] [stdout]   39:     0x55b25a847dd1 - test::run_test::run_test_inner::{{closure}}::had56431adf24b4d6
[INFO] [stdout]                                at /rustc/84c898d65adf2f39a5a98507f1fe0ce10a2b8dbc/library/test/src/lib.rs:600:37
[INFO] [stdout]   40:     0x55b25a847dd1 - std::sys_common::backtrace::__rust_begin_short_backtrace::ha8d9890e0c73bf13
[INFO] [stdout]                                at /rustc/84c898d65adf2f39a5a98507f1fe0ce10a2b8dbc/library/std/src/sys_common/backtrace.rs:134:18
[INFO] [stdout]   41:     0x55b25a84d7eb - std::thread::Builder::spawn_unchecked_::{{closure}}::{{closure}}::h251832bcb4a95327
[INFO] [stdout]                                at /rustc/84c898d65adf2f39a5a98507f1fe0ce10a2b8dbc/library/std/src/thread/mod.rs:560:17
[INFO] [stdout]   42:     0x55b25a84d7eb - <core::panic::unwind_safe::AssertUnwindSafe<F> as core::ops::function::FnOnce<()>>::call_once::h8fdff598fa414831
[INFO] [stdout]                                at /rustc/84c898d65adf2f39a5a98507f1fe0ce10a2b8dbc/library/core/src/panic/unwind_safe.rs:271:9
[INFO] [stdout]   43:     0x55b25a84d7eb - std::panicking::try::do_call::h455dd2f7764a950f
[INFO] [stdout]                                at /rustc/84c898d65adf2f39a5a98507f1fe0ce10a2b8dbc/library/std/src/panicking.rs:487:40
[INFO] [stdout]   44:     0x55b25a84d7eb - std::panicking::try::had6f23b7b73ae72a
[INFO] [stdout]                                at /rustc/84c898d65adf2f39a5a98507f1fe0ce10a2b8dbc/library/std/src/panicking.rs:451:19
[INFO] [stdout]   45:     0x55b25a84d7eb - std::panic::catch_unwind::ha6a5ca3915b4dad0
[INFO] [stdout]                                at /rustc/84c898d65adf2f39a5a98507f1fe0ce10a2b8dbc/library/std/src/panic.rs:140:14
[INFO] [stdout]   46:     0x55b25a84d7eb - std::thread::Builder::spawn_unchecked_::{{closure}}::h883b72ef75da6231
[INFO] [stdout]                                at /rustc/84c898d65adf2f39a5a98507f1fe0ce10a2b8dbc/library/std/src/thread/mod.rs:559:30
[INFO] [stdout]   47:     0x55b25a84d7eb - core::ops::function::FnOnce::call_once{{vtable.shim}}::hb7dff73dc8bd2ccb
[INFO] [stdout]                                at /rustc/84c898d65adf2f39a5a98507f1fe0ce10a2b8dbc/library/core/src/ops/function.rs:250:5
[INFO] [stdout]   48:     0x55b25aa62bd3 - <alloc::boxed::Box<F,A> as core::ops::function::FnOnce<Args>>::call_once::h39990b24eedef2ab
[INFO] [stdout]                                at /rustc/84c898d65adf2f39a5a98507f1fe0ce10a2b8dbc/library/alloc/src/boxed.rs:1987:9
[INFO] [stdout]   49:     0x55b25aa62bd3 - <alloc::boxed::Box<F,A> as core::ops::function::FnOnce<Args>>::call_once::h01a027258444143b
[INFO] [stdout]                                at /rustc/84c898d65adf2f39a5a98507f1fe0ce10a2b8dbc/library/alloc/src/boxed.rs:1987:9
[INFO] [stdout]   50:     0x55b25aa62bd3 - std::sys::unix::thread::Thread::new::thread_start::ha4f1cdd9c25884ba
[INFO] [stdout]                                at /rustc/84c898d65adf2f39a5a98507f1fe0ce10a2b8dbc/library/std/src/sys/unix/thread.rs:108:17
[INFO] [stdout]   51:     0x7fc46718eb43 - <unknown>
[INFO] [stdout]   52:     0x7fc46721fbb4 - __clone
[INFO] [stdout]   53:                0x0 - <unknown>
[INFO] [stdout] 
[INFO] [stdout] 
[INFO] [stdout] failures:
[INFO] [stdout]     append_logic_and
[INFO] [stdout]     append_logic_xor
[INFO] [stdout] 
[INFO] [stdout] test result: FAILED. 0 passed; 2 failed; 0 ignored; 0 measured; 0 filtered out; finished in 43.49s
[INFO] [stdout] 
[INFO] [stderr] error: test failed, to rerun pass `--test logic`
[INFO] running `Command { std: "docker" "inspect" "0b8f74150aecee30ee62df5848f1470a4316b64ae2cc747399ff778a9ddc0ad6", kill_on_drop: false }`
[INFO] running `Command { std: "docker" "rm" "-f" "0b8f74150aecee30ee62df5848f1470a4316b64ae2cc747399ff778a9ddc0ad6", kill_on_drop: false }`
[INFO] [stdout] 0b8f74150aecee30ee62df5848f1470a4316b64ae2cc747399ff778a9ddc0ad6
