[INFO] fetching crate durian_macros 0.3.0...
[INFO] testing durian_macros-0.3.0 against 1.69.0 for beta-1.70-1
[INFO] extracting crate durian_macros 0.3.0 into /workspace/builds/worker-1-tc1/source
[INFO] validating manifest of crates.io crate durian_macros 0.3.0 on toolchain 1.69.0
[INFO] running `Command { std: CARGO_HOME="/workspace/cargo-home" RUSTUP_HOME="/workspace/rustup-home" "/workspace/cargo-home/bin/cargo" "+1.69.0" "metadata" "--manifest-path" "Cargo.toml" "--no-deps", kill_on_drop: false }`
[INFO] started tweaking crates.io crate durian_macros 0.3.0
[INFO] finished tweaking crates.io crate durian_macros 0.3.0
[INFO] tweaked toml for crates.io crate durian_macros 0.3.0 written to /workspace/builds/worker-1-tc1/source/Cargo.toml
[INFO] running `Command { std: CARGO_HOME="/workspace/cargo-home" RUSTUP_HOME="/workspace/rustup-home" __CARGO_TEST_CHANNEL_OVERRIDE_DO_NOT_USE_THIS="nightly" "/workspace/cargo-home/bin/cargo" "+1.69.0" "generate-lockfile" "--manifest-path" "Cargo.toml" "-Zno-index-update", kill_on_drop: false }`
[INFO] running `Command { std: CARGO_HOME="/workspace/cargo-home" RUSTUP_HOME="/workspace/rustup-home" "/workspace/cargo-home/bin/cargo" "+1.69.0" "fetch" "--manifest-path" "Cargo.toml", kill_on_drop: false }`
[INFO] [stderr]  Downloading crates ...
[INFO] [stderr]   Downloaded durian_proc_macros v0.1.0
[INFO] running `Command { std: "docker" "create" "-v" "/var/lib/crater-agent-workspace/builds/worker-1-tc1/target:/opt/rustwide/target:rw,Z" "-v" "/var/lib/crater-agent-workspace/builds/worker-1-tc1/source:/opt/rustwide/workdir:ro,Z" "-v" "/var/lib/crater-agent-workspace/cargo-home:/opt/rustwide/cargo-home:ro,Z" "-v" "/var/lib/crater-agent-workspace/rustup-home:/opt/rustwide/rustup-home:ro,Z" "-e" "SOURCE_DIR=/opt/rustwide/workdir" "-e" "CARGO_TARGET_DIR=/opt/rustwide/target" "-e" "CARGO_HOME=/opt/rustwide/cargo-home" "-e" "RUSTUP_HOME=/opt/rustwide/rustup-home" "-w" "/opt/rustwide/workdir" "-m" "1610612736" "--user" "0:0" "--network" "none" "ghcr.io/rust-lang/crates-build-env/linux@sha256:5ff2268d62e97bff2cde7d5815dd6ed5b47097566f13b8d0ca110b04b60e07ed" "/opt/rustwide/cargo-home/bin/cargo" "+1.69.0" "metadata" "--no-deps" "--format-version=1", kill_on_drop: false }`
[INFO] [stdout] 2f808c5f0e83c6dfb70958b473073206d54ec62e196713ce672799f7532b0ef5
[INFO] running `Command { std: "docker" "start" "-a" "2f808c5f0e83c6dfb70958b473073206d54ec62e196713ce672799f7532b0ef5", kill_on_drop: false }`
[INFO] running `Command { std: "docker" "inspect" "2f808c5f0e83c6dfb70958b473073206d54ec62e196713ce672799f7532b0ef5", kill_on_drop: false }`
[INFO] running `Command { std: "docker" "rm" "-f" "2f808c5f0e83c6dfb70958b473073206d54ec62e196713ce672799f7532b0ef5", kill_on_drop: false }`
[INFO] [stdout] 2f808c5f0e83c6dfb70958b473073206d54ec62e196713ce672799f7532b0ef5
[INFO] running `Command { std: "docker" "create" "-v" "/var/lib/crater-agent-workspace/builds/worker-1-tc1/target:/opt/rustwide/target:rw,Z" "-v" "/var/lib/crater-agent-workspace/builds/worker-1-tc1/source:/opt/rustwide/workdir:ro,Z" "-v" "/var/lib/crater-agent-workspace/cargo-home:/opt/rustwide/cargo-home:ro,Z" "-v" "/var/lib/crater-agent-workspace/rustup-home:/opt/rustwide/rustup-home:ro,Z" "-e" "SOURCE_DIR=/opt/rustwide/workdir" "-e" "CARGO_TARGET_DIR=/opt/rustwide/target" "-e" "CARGO_INCREMENTAL=0" "-e" "RUST_BACKTRACE=full" "-e" "RUSTFLAGS=--cap-lints=warn" "-e" "RUSTDOCFLAGS=--cap-lints=warn" "-e" "CARGO_HOME=/opt/rustwide/cargo-home" "-e" "RUSTUP_HOME=/opt/rustwide/rustup-home" "-w" "/opt/rustwide/workdir" "-m" "1610612736" "--user" "0:0" "--network" "none" "ghcr.io/rust-lang/crates-build-env/linux@sha256:5ff2268d62e97bff2cde7d5815dd6ed5b47097566f13b8d0ca110b04b60e07ed" "/opt/rustwide/cargo-home/bin/cargo" "+1.69.0" "build" "--frozen" "--message-format=json", kill_on_drop: false }`
[INFO] [stdout] 2b746c145b0280785a1569dd9ba2d137c6875d6c418bf7096b6764cefcf8a3b5
[INFO] running `Command { std: "docker" "start" "-a" "2b746c145b0280785a1569dd9ba2d137c6875d6c418bf7096b6764cefcf8a3b5", kill_on_drop: false }`
[INFO] [stderr]    Compiling serde_derive v1.0.160
[INFO] [stderr]    Compiling serde v1.0.160
[INFO] [stderr]    Compiling syn v1.0.109
[INFO] [stderr]    Compiling syn v2.0.15
[INFO] [stderr]    Compiling bincode v1.3.3
[INFO] [stderr]    Compiling durian_proc_macros v0.1.0
[INFO] [stderr]    Compiling durian_macros v0.3.0 (/opt/rustwide/workdir)
[INFO] [stderr]     Finished dev [unoptimized + debuginfo] target(s) in 11.56s
[INFO] running `Command { std: "docker" "inspect" "2b746c145b0280785a1569dd9ba2d137c6875d6c418bf7096b6764cefcf8a3b5", kill_on_drop: false }`
[INFO] running `Command { std: "docker" "rm" "-f" "2b746c145b0280785a1569dd9ba2d137c6875d6c418bf7096b6764cefcf8a3b5", kill_on_drop: false }`
[INFO] [stdout] 2b746c145b0280785a1569dd9ba2d137c6875d6c418bf7096b6764cefcf8a3b5
[INFO] running `Command { std: "docker" "create" "-v" "/var/lib/crater-agent-workspace/builds/worker-1-tc1/target:/opt/rustwide/target:rw,Z" "-v" "/var/lib/crater-agent-workspace/builds/worker-1-tc1/source:/opt/rustwide/workdir:ro,Z" "-v" "/var/lib/crater-agent-workspace/cargo-home:/opt/rustwide/cargo-home:ro,Z" "-v" "/var/lib/crater-agent-workspace/rustup-home:/opt/rustwide/rustup-home:ro,Z" "-e" "SOURCE_DIR=/opt/rustwide/workdir" "-e" "CARGO_TARGET_DIR=/opt/rustwide/target" "-e" "CARGO_INCREMENTAL=0" "-e" "RUST_BACKTRACE=full" "-e" "RUSTFLAGS=--cap-lints=warn" "-e" "RUSTDOCFLAGS=--cap-lints=warn" "-e" "CARGO_HOME=/opt/rustwide/cargo-home" "-e" "RUSTUP_HOME=/opt/rustwide/rustup-home" "-w" "/opt/rustwide/workdir" "-m" "1610612736" "--user" "0:0" "--network" "none" "ghcr.io/rust-lang/crates-build-env/linux@sha256:5ff2268d62e97bff2cde7d5815dd6ed5b47097566f13b8d0ca110b04b60e07ed" "/opt/rustwide/cargo-home/bin/cargo" "+1.69.0" "test" "--frozen" "--no-run" "--message-format=json", kill_on_drop: false }`
[INFO] [stdout] 634e9bf27c980c1183771575fd024d5aa1d9b1425b0c19d56e57a000a026365c
[INFO] running `Command { std: "docker" "start" "-a" "634e9bf27c980c1183771575fd024d5aa1d9b1425b0c19d56e57a000a026365c", kill_on_drop: false }`
[INFO] [stderr]    Compiling durian_macros v0.3.0 (/opt/rustwide/workdir)
[INFO] [stderr]     Finished test [unoptimized + debuginfo] target(s) in 0.32s
[INFO] running `Command { std: "docker" "inspect" "634e9bf27c980c1183771575fd024d5aa1d9b1425b0c19d56e57a000a026365c", kill_on_drop: false }`
[INFO] running `Command { std: "docker" "rm" "-f" "634e9bf27c980c1183771575fd024d5aa1d9b1425b0c19d56e57a000a026365c", kill_on_drop: false }`
[INFO] [stdout] 634e9bf27c980c1183771575fd024d5aa1d9b1425b0c19d56e57a000a026365c
[INFO] running `Command { std: "docker" "create" "-v" "/var/lib/crater-agent-workspace/builds/worker-1-tc1/target:/opt/rustwide/target:rw,Z" "-v" "/var/lib/crater-agent-workspace/builds/worker-1-tc1/source:/opt/rustwide/workdir:ro,Z" "-v" "/var/lib/crater-agent-workspace/cargo-home:/opt/rustwide/cargo-home:ro,Z" "-v" "/var/lib/crater-agent-workspace/rustup-home:/opt/rustwide/rustup-home:ro,Z" "-e" "SOURCE_DIR=/opt/rustwide/workdir" "-e" "CARGO_TARGET_DIR=/opt/rustwide/target" "-e" "CARGO_INCREMENTAL=0" "-e" "RUST_BACKTRACE=full" "-e" "RUSTFLAGS=--cap-lints=warn" "-e" "RUSTDOCFLAGS=--cap-lints=warn" "-e" "CARGO_HOME=/opt/rustwide/cargo-home" "-e" "RUSTUP_HOME=/opt/rustwide/rustup-home" "-w" "/opt/rustwide/workdir" "-m" "1610612736" "--user" "0:0" "--network" "none" "ghcr.io/rust-lang/crates-build-env/linux@sha256:5ff2268d62e97bff2cde7d5815dd6ed5b47097566f13b8d0ca110b04b60e07ed" "/opt/rustwide/cargo-home/bin/cargo" "+1.69.0" "test" "--frozen", kill_on_drop: false }`
[INFO] [stdout] 72aa20f3a33e82b2f7dd1af74461f588247610fe45ecd129e6410c4665687ad4
[INFO] running `Command { std: "docker" "start" "-a" "72aa20f3a33e82b2f7dd1af74461f588247610fe45ecd129e6410c4665687ad4", kill_on_drop: false }`
[INFO] [stderr]     Blocking waiting for file lock on package cache
[INFO] [stderr]     Finished test [unoptimized + debuginfo] target(s) in 0.05s
[INFO] [stderr]      Running unittests src/lib.rs (/opt/rustwide/target/debug/deps/durian_macros-b878b7e86a71caf5)
[INFO] [stdout] 
[INFO] [stdout] running 0 tests
[INFO] [stdout] 
[INFO] [stdout] test result: ok. 0 passed; 0 failed; 0 ignored; 0 measured; 0 filtered out; finished in 0.00s
[INFO] [stdout] 
[INFO] [stderr]    Doc-tests durian_macros
[INFO] [stdout] 
[INFO] [stdout] running 3 tests
[INFO] [stdout] test src/lib.rs - (line 33) ... FAILED
[INFO] [stdout] test src/lib.rs - (line 13) ... FAILED
[INFO] [stdout] test src/lib.rs - (line 60) ... FAILED
[INFO] [stdout] 
[INFO] [stdout] failures:
[INFO] [stdout] 
[INFO] [stdout] ---- src/lib.rs - (line 33) stdout ----
[INFO] [stdout] error[E0433]: failed to resolve: use of undeclared crate or module `durian`
[INFO] [stdout]  --> src/lib.rs:34:5
[INFO] [stdout]   |
[INFO] [stdout] 3 | use durian::serde::{Deserialize, Serialize};
[INFO] [stdout]   |     ^^^^^^ use of undeclared crate or module `durian`
[INFO] [stdout] 
[INFO] [stdout] error[E0432]: unresolved import `durian`
[INFO] [stdout]  --> src/lib.rs:35:5
[INFO] [stdout]   |
[INFO] [stdout] 4 | use durian::{BinPacket, UnitPacket};
[INFO] [stdout]   |     ^^^^^^ use of undeclared crate or module `durian`
[INFO] [stdout] 
[INFO] [stdout] error: cannot determine resolution for the derive macro `UnitPacket`
[INFO] [stdout]   --> src/lib.rs:41:10
[INFO] [stdout]    |
[INFO] [stdout] 10 | #[derive(UnitPacket)]
[INFO] [stdout]    |          ^^^^^^^^^^
[INFO] [stdout]    |
[INFO] [stdout]    = note: import resolution is stuck, try simplifying macro imports
[INFO] [stdout] 
[INFO] [stdout] error: cannot determine resolution for the derive macro `Serialize`
[INFO] [stdout]  --> src/lib.rs:37:10
[INFO] [stdout]   |
[INFO] [stdout] 6 | #[derive(Serialize, Deserialize, BinPacket)]
[INFO] [stdout]   |          ^^^^^^^^^
[INFO] [stdout]   |
[INFO] [stdout]   = note: import resolution is stuck, try simplifying macro imports
[INFO] [stdout] 
[INFO] [stdout] error: cannot determine resolution for the derive macro `Deserialize`
[INFO] [stdout]  --> src/lib.rs:37:21
[INFO] [stdout]   |
[INFO] [stdout] 6 | #[derive(Serialize, Deserialize, BinPacket)]
[INFO] [stdout]   |                     ^^^^^^^^^^^
[INFO] [stdout]   |
[INFO] [stdout]   = note: import resolution is stuck, try simplifying macro imports
[INFO] [stdout] 
[INFO] [stdout] error: cannot determine resolution for the derive macro `BinPacket`
[INFO] [stdout]  --> src/lib.rs:37:34
[INFO] [stdout]   |
[INFO] [stdout] 6 | #[derive(Serialize, Deserialize, BinPacket)]
[INFO] [stdout]   |                                  ^^^^^^^^^
[INFO] [stdout]   |
[INFO] [stdout]   = note: import resolution is stuck, try simplifying macro imports
[INFO] [stdout] 
[INFO] [stdout] error: cannot find attribute `serde` in this scope
[INFO] [stdout]  --> src/lib.rs:38:3
[INFO] [stdout]   |
[INFO] [stdout] 7 | #[serde(crate = "durian::serde")]
[INFO] [stdout]   |   ^^^^^
[INFO] [stdout] 
[INFO] [stdout] error: aborting due to 7 previous errors
[INFO] [stdout] 
[INFO] [stdout] Some errors have detailed explanations: E0432, E0433.
[INFO] [stdout] For more information about an error, try `rustc --explain E0432`.
[INFO] [stdout] Couldn't compile the test.
[INFO] [stdout] ---- src/lib.rs - (line 13) stdout ----
[INFO] [stdout] error[E0432]: unresolved import `durian`
[INFO] [stdout]  --> src/lib.rs:14:5
[INFO] [stdout]   |
[INFO] [stdout] 3 | use durian::bincode_packet;
[INFO] [stdout]   |     ^^^^^^ use of undeclared crate or module `durian`
[INFO] [stdout] 
[INFO] [stdout] error: cannot determine resolution for the attribute macro `bincode_packet`
[INFO] [stdout]   --> src/lib.rs:27:3
[INFO] [stdout]    |
[INFO] [stdout] 16 | #[bincode_packet]
[INFO] [stdout]    |   ^^^^^^^^^^^^^^
[INFO] [stdout]    |
[INFO] [stdout]    = note: import resolution is stuck, try simplifying macro imports
[INFO] [stdout] 
[INFO] [stdout] error: cannot determine resolution for the attribute macro `bincode_packet`
[INFO] [stdout]  --> src/lib.rs:19:3
[INFO] [stdout]   |
[INFO] [stdout] 8 | #[bincode_packet]
[INFO] [stdout]   |   ^^^^^^^^^^^^^^
[INFO] [stdout]   |
[INFO] [stdout]   = note: import resolution is stuck, try simplifying macro imports
[INFO] [stdout] 
[INFO] [stdout] error: aborting due to 3 previous errors
[INFO] [stdout] 
[INFO] [stdout] For more information about this error, try `rustc --explain E0432`.
[INFO] [stdout] Couldn't compile the test.
[INFO] [stdout] ---- src/lib.rs - (line 60) stdout ----
[INFO] [stdout] error[E0432]: unresolved import `durian`
[INFO] [stdout]  --> src/lib.rs:61:5
[INFO] [stdout]   |
[INFO] [stdout] 2 | use durian::{bincode_packet, register_send, register_receive, PacketManager};
[INFO] [stdout]   |     ^^^^^^ use of undeclared crate or module `durian`
[INFO] [stdout] 
[INFO] [stdout] error: cannot determine resolution for the attribute macro `bincode_packet`
[INFO] [stdout]  --> src/lib.rs:64:3
[INFO] [stdout]   |
[INFO] [stdout] 5 | #[bincode_packet]
[INFO] [stdout]   |   ^^^^^^^^^^^^^^
[INFO] [stdout]   |
[INFO] [stdout]   = note: import resolution is stuck, try simplifying macro imports
[INFO] [stdout] 
[INFO] [stdout] error: cannot determine resolution for the attribute macro `bincode_packet`
[INFO] [stdout]  --> src/lib.rs:66:3
[INFO] [stdout]   |
[INFO] [stdout] 7 | #[bincode_packet]
[INFO] [stdout]   |   ^^^^^^^^^^^^^^
[INFO] [stdout]   |
[INFO] [stdout]   = note: import resolution is stuck, try simplifying macro imports
[INFO] [stdout] 
[INFO] [stdout] error: cannot determine resolution for the attribute macro `bincode_packet`
[INFO] [stdout]   --> src/lib.rs:70:3
[INFO] [stdout]    |
[INFO] [stdout] 11 | #[bincode_packet]
[INFO] [stdout]    |   ^^^^^^^^^^^^^^
[INFO] [stdout]    |
[INFO] [stdout]    = note: import resolution is stuck, try simplifying macro imports
[INFO] [stdout] 
[INFO] [stdout] error: cannot determine resolution for the attribute macro `bincode_packet`
[INFO] [stdout]   --> src/lib.rs:72:3
[INFO] [stdout]    |
[INFO] [stdout] 13 | #[bincode_packet]
[INFO] [stdout]    |   ^^^^^^^^^^^^^^
[INFO] [stdout]    |
[INFO] [stdout]    = note: import resolution is stuck, try simplifying macro imports
[INFO] [stdout] 
[INFO] [stdout] error: cannot determine resolution for the macro `register_receive`
[INFO] [stdout]   --> src/lib.rs:77:36
[INFO] [stdout]    |
[INFO] [stdout] 18 |     let register_receive_results = register_receive!(
[INFO] [stdout]    |                                    ^^^^^^^^^^^^^^^^
[INFO] [stdout]    |
[INFO] [stdout]    = note: import resolution is stuck, try simplifying macro imports
[INFO] [stdout] 
[INFO] [stdout] error: cannot determine resolution for the macro `register_send`
[INFO] [stdout]   --> src/lib.rs:87:33
[INFO] [stdout]    |
[INFO] [stdout] 28 |     let register_send_results = register_send!(manager, Position, Ack);
[INFO] [stdout]    |                                 ^^^^^^^^^^^^^
[INFO] [stdout]    |
[INFO] [stdout]    = note: import resolution is stuck, try simplifying macro imports
[INFO] [stdout] 
[INFO] [stdout] error: aborting due to 7 previous errors
[INFO] [stdout] 
[INFO] [stdout] For more information about this error, try `rustc --explain E0432`.
[INFO] [stdout] Couldn't compile the test.
[INFO] [stdout] 
[INFO] [stdout] failures:
[INFO] [stdout]     src/lib.rs - (line 13)
[INFO] [stdout]     src/lib.rs - (line 33)
[INFO] [stdout]     src/lib.rs - (line 60)
[INFO] [stdout] 
[INFO] [stdout] test result: FAILED. 0 passed; 3 failed; 0 ignored; 0 measured; 0 filtered out; finished in 0.08s
[INFO] [stdout] 
[INFO] [stderr] error: doctest failed, to rerun pass `--doc`
[INFO] running `Command { std: "docker" "inspect" "72aa20f3a33e82b2f7dd1af74461f588247610fe45ecd129e6410c4665687ad4", kill_on_drop: false }`
[INFO] running `Command { std: "docker" "rm" "-f" "72aa20f3a33e82b2f7dd1af74461f588247610fe45ecd129e6410c4665687ad4", kill_on_drop: false }`
[INFO] [stdout] 72aa20f3a33e82b2f7dd1af74461f588247610fe45ecd129e6410c4665687ad4
