[INFO] fetching crate duang 0.1.2...
[INFO] testing duang-0.1.2 against 1.69.0 for beta-1.70-1
[INFO] extracting crate duang 0.1.2 into /workspace/builds/worker-1-tc1/source
[INFO] validating manifest of crates.io crate duang 0.1.2 on toolchain 1.69.0
[INFO] running `Command { std: CARGO_HOME="/workspace/cargo-home" RUSTUP_HOME="/workspace/rustup-home" "/workspace/cargo-home/bin/cargo" "+1.69.0" "metadata" "--manifest-path" "Cargo.toml" "--no-deps", kill_on_drop: false }`
[INFO] started tweaking crates.io crate duang 0.1.2
[INFO] removed 0 missing tests
[INFO] finished tweaking crates.io crate duang 0.1.2
[INFO] tweaked toml for crates.io crate duang 0.1.2 written to /workspace/builds/worker-1-tc1/source/Cargo.toml
[INFO] running `Command { std: CARGO_HOME="/workspace/cargo-home" RUSTUP_HOME="/workspace/rustup-home" __CARGO_TEST_CHANNEL_OVERRIDE_DO_NOT_USE_THIS="nightly" "/workspace/cargo-home/bin/cargo" "+1.69.0" "generate-lockfile" "--manifest-path" "Cargo.toml" "-Zno-index-update", kill_on_drop: false }`
[INFO] running `Command { std: CARGO_HOME="/workspace/cargo-home" RUSTUP_HOME="/workspace/rustup-home" "/workspace/cargo-home/bin/cargo" "+1.69.0" "fetch" "--manifest-path" "Cargo.toml", kill_on_drop: false }`
[INFO] [stderr]     Blocking waiting for file lock on package cache
[INFO] [stderr]  Downloading crates ...
[INFO] [stderr]   Downloaded duang v0.1.2
[INFO] [stderr]   Downloaded basic-toml v0.1.2
[INFO] [stderr]   Downloaded demo-duang v0.0.5
[INFO] [stderr]   Downloaded trybuild v1.0.80
[INFO] running `Command { std: "docker" "create" "-v" "/var/lib/crater-agent-workspace/builds/worker-1-tc1/target:/opt/rustwide/target:rw,Z" "-v" "/var/lib/crater-agent-workspace/builds/worker-1-tc1/source:/opt/rustwide/workdir:ro,Z" "-v" "/var/lib/crater-agent-workspace/cargo-home:/opt/rustwide/cargo-home:ro,Z" "-v" "/var/lib/crater-agent-workspace/rustup-home:/opt/rustwide/rustup-home:ro,Z" "-e" "SOURCE_DIR=/opt/rustwide/workdir" "-e" "CARGO_TARGET_DIR=/opt/rustwide/target" "-e" "CARGO_HOME=/opt/rustwide/cargo-home" "-e" "RUSTUP_HOME=/opt/rustwide/rustup-home" "-w" "/opt/rustwide/workdir" "-m" "1610612736" "--user" "0:0" "--network" "none" "ghcr.io/rust-lang/crates-build-env/linux@sha256:5ff2268d62e97bff2cde7d5815dd6ed5b47097566f13b8d0ca110b04b60e07ed" "/opt/rustwide/cargo-home/bin/cargo" "+1.69.0" "metadata" "--no-deps" "--format-version=1", kill_on_drop: false }`
[INFO] [stdout] 97ee0f79f3952330a729dce4c2866d05f39c51c9953dba9cf0548e3a7ef34f55
[INFO] running `Command { std: "docker" "start" "-a" "97ee0f79f3952330a729dce4c2866d05f39c51c9953dba9cf0548e3a7ef34f55", kill_on_drop: false }`
[INFO] running `Command { std: "docker" "inspect" "97ee0f79f3952330a729dce4c2866d05f39c51c9953dba9cf0548e3a7ef34f55", kill_on_drop: false }`
[INFO] running `Command { std: "docker" "rm" "-f" "97ee0f79f3952330a729dce4c2866d05f39c51c9953dba9cf0548e3a7ef34f55", kill_on_drop: false }`
[INFO] [stdout] 97ee0f79f3952330a729dce4c2866d05f39c51c9953dba9cf0548e3a7ef34f55
[INFO] running `Command { std: "docker" "create" "-v" "/var/lib/crater-agent-workspace/builds/worker-1-tc1/target:/opt/rustwide/target:rw,Z" "-v" "/var/lib/crater-agent-workspace/builds/worker-1-tc1/source:/opt/rustwide/workdir:ro,Z" "-v" "/var/lib/crater-agent-workspace/cargo-home:/opt/rustwide/cargo-home:ro,Z" "-v" "/var/lib/crater-agent-workspace/rustup-home:/opt/rustwide/rustup-home:ro,Z" "-e" "SOURCE_DIR=/opt/rustwide/workdir" "-e" "CARGO_TARGET_DIR=/opt/rustwide/target" "-e" "CARGO_INCREMENTAL=0" "-e" "RUST_BACKTRACE=full" "-e" "RUSTFLAGS=--cap-lints=warn" "-e" "RUSTDOCFLAGS=--cap-lints=warn" "-e" "CARGO_HOME=/opt/rustwide/cargo-home" "-e" "RUSTUP_HOME=/opt/rustwide/rustup-home" "-w" "/opt/rustwide/workdir" "-m" "1610612736" "--user" "0:0" "--network" "none" "ghcr.io/rust-lang/crates-build-env/linux@sha256:5ff2268d62e97bff2cde7d5815dd6ed5b47097566f13b8d0ca110b04b60e07ed" "/opt/rustwide/cargo-home/bin/cargo" "+1.69.0" "build" "--frozen" "--message-format=json", kill_on_drop: false }`
[INFO] [stdout] dc011552b675a500f25d7805beb87a844453275689642ea5a1a2c0b496516b78
[INFO] running `Command { std: "docker" "start" "-a" "dc011552b675a500f25d7805beb87a844453275689642ea5a1a2c0b496516b78", kill_on_drop: false }`
[INFO] [stderr]     Blocking waiting for file lock on package cache
[INFO] [stderr]    Compiling proc-macro2 v0.4.30
[INFO] [stderr]    Compiling unicode-xid v0.1.0
[INFO] [stderr]    Compiling syn v0.15.44
[INFO] [stderr]    Compiling quote v0.6.13
[INFO] [stderr]    Compiling duang v0.1.2 (/opt/rustwide/workdir)
[INFO] [stderr]     Finished dev [unoptimized + debuginfo] target(s) in 9.14s
[INFO] running `Command { std: "docker" "inspect" "dc011552b675a500f25d7805beb87a844453275689642ea5a1a2c0b496516b78", kill_on_drop: false }`
[INFO] running `Command { std: "docker" "rm" "-f" "dc011552b675a500f25d7805beb87a844453275689642ea5a1a2c0b496516b78", kill_on_drop: false }`
[INFO] [stdout] dc011552b675a500f25d7805beb87a844453275689642ea5a1a2c0b496516b78
[INFO] running `Command { std: "docker" "create" "-v" "/var/lib/crater-agent-workspace/builds/worker-1-tc1/target:/opt/rustwide/target:rw,Z" "-v" "/var/lib/crater-agent-workspace/builds/worker-1-tc1/source:/opt/rustwide/workdir:ro,Z" "-v" "/var/lib/crater-agent-workspace/cargo-home:/opt/rustwide/cargo-home:ro,Z" "-v" "/var/lib/crater-agent-workspace/rustup-home:/opt/rustwide/rustup-home:ro,Z" "-e" "SOURCE_DIR=/opt/rustwide/workdir" "-e" "CARGO_TARGET_DIR=/opt/rustwide/target" "-e" "CARGO_INCREMENTAL=0" "-e" "RUST_BACKTRACE=full" "-e" "RUSTFLAGS=--cap-lints=warn" "-e" "RUSTDOCFLAGS=--cap-lints=warn" "-e" "CARGO_HOME=/opt/rustwide/cargo-home" "-e" "RUSTUP_HOME=/opt/rustwide/rustup-home" "-w" "/opt/rustwide/workdir" "-m" "1610612736" "--user" "0:0" "--network" "none" "ghcr.io/rust-lang/crates-build-env/linux@sha256:5ff2268d62e97bff2cde7d5815dd6ed5b47097566f13b8d0ca110b04b60e07ed" "/opt/rustwide/cargo-home/bin/cargo" "+1.69.0" "test" "--frozen" "--no-run" "--message-format=json", kill_on_drop: false }`
[INFO] [stdout] ca7e5cf0ab62c767fdb9e3be57c9c9f00bce6a4bdb1c7a2316fd4b7da20f1dcd
[INFO] running `Command { std: "docker" "start" "-a" "ca7e5cf0ab62c767fdb9e3be57c9c9f00bce6a4bdb1c7a2316fd4b7da20f1dcd", kill_on_drop: false }`
[INFO] [stderr]    Compiling proc-macro2 v0.4.30
[INFO] [stderr]    Compiling unicode-xid v0.1.0
[INFO] [stderr]    Compiling syn v0.15.44
[INFO] [stderr]    Compiling trybuild v1.0.80
[INFO] [stderr]    Compiling basic-toml v0.1.2
[INFO] [stderr]    Compiling glob v0.3.1
[INFO] [stderr]    Compiling quote v0.6.13
[INFO] [stderr]    Compiling duang v0.1.2
[INFO] [stderr]    Compiling duang v0.1.2 (/opt/rustwide/workdir)
[INFO] [stderr]    Compiling demo-duang v0.0.5
[INFO] [stderr]     Finished test [unoptimized + debuginfo] target(s) in 12.23s
[INFO] running `Command { std: "docker" "inspect" "ca7e5cf0ab62c767fdb9e3be57c9c9f00bce6a4bdb1c7a2316fd4b7da20f1dcd", kill_on_drop: false }`
[INFO] running `Command { std: "docker" "rm" "-f" "ca7e5cf0ab62c767fdb9e3be57c9c9f00bce6a4bdb1c7a2316fd4b7da20f1dcd", kill_on_drop: false }`
[INFO] [stdout] ca7e5cf0ab62c767fdb9e3be57c9c9f00bce6a4bdb1c7a2316fd4b7da20f1dcd
[INFO] running `Command { std: "docker" "create" "-v" "/var/lib/crater-agent-workspace/builds/worker-1-tc1/target:/opt/rustwide/target:rw,Z" "-v" "/var/lib/crater-agent-workspace/builds/worker-1-tc1/source:/opt/rustwide/workdir:ro,Z" "-v" "/var/lib/crater-agent-workspace/cargo-home:/opt/rustwide/cargo-home:ro,Z" "-v" "/var/lib/crater-agent-workspace/rustup-home:/opt/rustwide/rustup-home:ro,Z" "-e" "SOURCE_DIR=/opt/rustwide/workdir" "-e" "CARGO_TARGET_DIR=/opt/rustwide/target" "-e" "CARGO_INCREMENTAL=0" "-e" "RUST_BACKTRACE=full" "-e" "RUSTFLAGS=--cap-lints=warn" "-e" "RUSTDOCFLAGS=--cap-lints=warn" "-e" "CARGO_HOME=/opt/rustwide/cargo-home" "-e" "RUSTUP_HOME=/opt/rustwide/rustup-home" "-w" "/opt/rustwide/workdir" "-m" "1610612736" "--user" "0:0" "--network" "none" "ghcr.io/rust-lang/crates-build-env/linux@sha256:5ff2268d62e97bff2cde7d5815dd6ed5b47097566f13b8d0ca110b04b60e07ed" "/opt/rustwide/cargo-home/bin/cargo" "+1.69.0" "test" "--frozen", kill_on_drop: false }`
[INFO] [stdout] 3bd4a10e9857e0966e2b38b527e27346d24fa152eda0b7e2e15a3098a5aa1b35
[INFO] running `Command { std: "docker" "start" "-a" "3bd4a10e9857e0966e2b38b527e27346d24fa152eda0b7e2e15a3098a5aa1b35", kill_on_drop: false }`
[INFO] [stderr]     Finished test [unoptimized + debuginfo] target(s) in 0.03s
[INFO] [stderr]      Running unittests src/lib.rs (/opt/rustwide/target/debug/deps/duang-7e3c6cd92627bf34)
[INFO] [stdout] 
[INFO] [stdout] running 0 tests
[INFO] [stdout] 
[INFO] [stderr]      Running tests/progress.rs (/opt/rustwide/target/debug/deps/tests-5f92a1a44fb520d4)
[INFO] [stdout] test result: ok. 0 passed; 0 failed; 0 ignored; 0 measured; 0 filtered out; finished in 0.00s
[INFO] [stdout] 
[INFO] [stdout] 
[INFO] [stdout] running 1 test
[INFO] [stderr]    Compiling proc-macro2 v0.4.30
[INFO] [stderr]    Compiling syn v0.15.44
[INFO] [stderr]    Compiling unicode-xid v0.1.0
[INFO] [stderr]    Compiling quote v0.6.13
[INFO] [stderr]    Compiling duang v0.1.2
[INFO] [stderr]    Compiling duang v0.1.2 (/opt/rustwide/workdir)
[INFO] [stderr]    Compiling demo-duang v0.0.5
[INFO] [stderr]    Compiling duang-tests v0.0.0 (/opt/rustwide/target/tests/trybuild/duang)
[INFO] [stderr]     Finished dev [unoptimized + debuginfo] target(s) in 15.32s
[INFO] [stderr] 
[INFO] [stderr] 
[INFO] [stderr] test tests/parse.rs [should pass] ... ok
[INFO] [stderr] test tests/call.rs [should pass] ... ok
[INFO] [stderr] 
[INFO] [stderr] WARNINGS:
[INFO] [stderr] ┈┈┈┈┈┈┈┈┈┈┈┈┈┈┈┈┈┈┈┈┈┈┈┈┈┈┈┈┈┈┈┈┈┈┈┈┈┈┈┈┈┈┈┈┈┈┈┈┈┈┈┈┈┈┈┈┈┈┈┈
[INFO] [stderr] warning: type `__foo_duang_enum_hack2` should have an upper camel case name
[INFO] [stderr]   --> tests/call.rs:4:1
[INFO] [stderr]    |
[INFO] [stderr] 4  | / duang!(
[INFO] [stderr] 5  | | pub fn foo<T>(a: T,b: f64 = 13.0, c: T = a*a)
[INFO] [stderr] 6  | | where
[INFO] [stderr] 7  | |   T: std::ops::Mul<T, Output = T>,
[INFO] [stderr] ...  |
[INFO] [stderr] 12 | | }
[INFO] [stderr] 13 | | );
[INFO] [stderr]    | |_^ help: convert the identifier to upper camel case: `FooDuangEnumHack2`
[INFO] [stderr] ...
[INFO] [stderr] 16 |     foo!(a=10);
[INFO] [stderr]    |     ---------- in this macro invocation
[INFO] [stderr]    |
[INFO] [stderr]    = note: `#[warn(non_camel_case_types)]` on by default
[INFO] [stderr]    = note: this warning originates in the macro `foo` (in Nightly builds, run with -Z macro-backtrace for more info)
[INFO] [stderr] 
[INFO] [stderr] warning: 1 warning emitted
[INFO] [stderr] ┈┈┈┈┈┈┈┈┈┈┈┈┈┈┈┈┈┈┈┈┈┈┈┈┈┈┈┈┈┈┈┈┈┈┈┈┈┈┈┈┈┈┈┈┈┈┈┈┈┈┈┈┈┈┈┈┈┈┈┈
[INFO] [stderr] 
[INFO] [stderr] STDERR:
[INFO] [stderr] ┈┈┈┈┈┈┈┈┈┈┈┈┈┈┈┈┈┈┈┈┈┈┈┈┈┈┈┈┈┈┈┈┈┈┈┈┈┈┈┈┈┈┈┈┈┈┈┈┈┈┈┈┈┈┈┈┈┈┈┈
[INFO] [stderr] warning: type `__foo_duang_enum_hack2` should have an upper camel case name
[INFO] [stderr]   --> /opt/rustwide/workdir/tests/call.rs:4:1
[INFO] [stderr]    |
[INFO] [stderr] 4  | / duang!(
[INFO] [stderr] 5  | | pub fn foo<T>(a: T,b: f64 = 13.0, c: T = a*a)
[INFO] [stderr] 6  | | where
[INFO] [stderr] 7  | |   T: std::ops::Mul<T, Output = T>,
[INFO] [stderr] ...  |
[INFO] [stderr] 12 | | }
[INFO] [stderr] 13 | | );
[INFO] [stderr]    | |_^ help: convert the identifier to upper camel case: `FooDuangEnumHack2`
[INFO] [stderr] ...
[INFO] [stderr] 16 |     foo!(a=10);
[INFO] [stderr]    |     ---------- in this macro invocation
[INFO] [stderr]    |
[INFO] [stderr]    = note: `#[warn(non_camel_case_types)]` on by default
[INFO] [stderr]    = note: this warning originates in the macro `foo` (in Nightly builds, run with -Z macro-backtrace for more info)
[INFO] [stderr] ┈┈┈┈┈┈┈┈┈┈┈┈┈┈┈┈┈┈┈┈┈┈┈┈┈┈┈┈┈┈┈┈┈┈┈┈┈┈┈┈┈┈┈┈┈┈┈┈┈┈┈┈┈┈┈┈┈┈┈┈
[INFO] [stderr] 
[INFO] [stderr] test tests/right.rs [should pass] ... ok
[INFO] [stderr] 
[INFO] [stderr] WARNINGS:
[INFO] [stderr] ┈┈┈┈┈┈┈┈┈┈┈┈┈┈┈┈┈┈┈┈┈┈┈┈┈┈┈┈┈┈┈┈┈┈┈┈┈┈┈┈┈┈┈┈┈┈┈┈┈┈┈┈┈┈┈┈┈┈┈┈
[INFO] [stderr] warning: type `__foo_duang_enum_hack2` should have an upper camel case name
[INFO] [stderr]   --> tests/right.rs:4:1
[INFO] [stderr]    |
[INFO] [stderr] 4  | / duang!(
[INFO] [stderr] 5  | | pub fn foo<T>(a: T,b: f64 = 13.0, c: T = a*a) -> (T,f64,T)
[INFO] [stderr] 6  | | where
[INFO] [stderr] 7  | |   T: std::ops::Mul<T, Output = T>,
[INFO] [stderr] ...  |
[INFO] [stderr] 12 | | }
[INFO] [stderr] 13 | | );
[INFO] [stderr]    | |_^ help: convert the identifier to upper camel case: `FooDuangEnumHack2`
[INFO] [stderr] ...
[INFO] [stderr] 16 |     assert_eq!(foo!(1, c = 30, b = -2.0), (1, -2.0, 30));
[INFO] [stderr]    |                ------------------------- in this macro invocation
[INFO] [stderr]    |
[INFO] [stderr]    = note: `#[warn(non_camel_case_types)]` on by default
[INFO] [stderr]    = note: this warning originates in the macro `foo` (in Nightly builds, run with -Z macro-backtrace for more info)
[INFO] [stderr] 
[INFO] [stderr] warning: type `__foo_duang_enum_hack2` should have an upper camel case name
[INFO] [stderr]   --> tests/right.rs:4:1
[INFO] [stderr]    |
[INFO] [stderr] 4  | / duang!(
[INFO] [stderr] 5  | | pub fn foo<T>(a: T,b: f64 = 13.0, c: T = a*a) -> (T,f64,T)
[INFO] [stderr] 6  | | where
[INFO] [stderr] 7  | |   T: std::ops::Mul<T, Output = T>,
[INFO] [stderr] ...  |
[INFO] [stderr] 12 | | }
[INFO] [stderr] 13 | | );
[INFO] [stderr]    | |_^ help: convert the identifier to upper camel case: `FooDuangEnumHack2`
[INFO] [stderr] ...
[INFO] [stderr] 17 |     assert_eq!(foo!(10), (10, 13.0, 100));
[INFO] [stderr]    |                -------- in this macro invocation
[INFO] [stderr]    |
[INFO] [stderr]    = note: this warning originates in the macro `foo` (in Nightly builds, run with -Z macro-backtrace for more info)
[INFO] [stderr] 
[INFO] [stderr] warning: type `__foo_duang_enum_hack2` should have an upper camel case name
[INFO] [stderr]   --> tests/right.rs:4:1
[INFO] [stderr]    |
[INFO] [stderr] 4  | / duang!(
[INFO] [stderr] 5  | | pub fn foo<T>(a: T,b: f64 = 13.0, c: T = a*a) -> (T,f64,T)
[INFO] [stderr] 6  | | where
[INFO] [stderr] 7  | |   T: std::ops::Mul<T, Output = T>,
[INFO] [stderr] ...  |
[INFO] [stderr] 12 | | }
[INFO] [stderr] 13 | | );
[INFO] [stderr]    | |_^ help: convert the identifier to upper camel case: `FooDuangEnumHack2`
[INFO] [stderr] ...
[INFO] [stderr] 18 |     assert_eq!(foo!(a = 10), (10, 13.0, 100));
[INFO] [stderr]    |                ------------ in this macro invocation
[INFO] [stderr]    |
[INFO] [stderr]    = note: this warning originates in the macro `foo` (in Nightly builds, run with -Z macro-backtrace for more info)
[INFO] [stderr] 
[INFO] [stderr] warning: 3 warnings emitted
[INFO] [stderr] ┈┈┈┈┈┈┈┈┈┈┈┈┈┈┈┈┈┈┈┈┈┈┈┈┈┈┈┈┈┈┈┈┈┈┈┈┈┈┈┈┈┈┈┈┈┈┈┈┈┈┈┈┈┈┈┈┈┈┈┈
[INFO] [stderr] 
[INFO] [stderr] STDERR:
[INFO] [stderr] ┈┈┈┈┈┈┈┈┈┈┈┈┈┈┈┈┈┈┈┈┈┈┈┈┈┈┈┈┈┈┈┈┈┈┈┈┈┈┈┈┈┈┈┈┈┈┈┈┈┈┈┈┈┈┈┈┈┈┈┈
[INFO] [stderr] warning: type `__foo_duang_enum_hack2` should have an upper camel case name
[INFO] [stderr]   --> /opt/rustwide/workdir/tests/right.rs:4:1
[INFO] [stderr]    |
[INFO] [stderr] 4  | / duang!(
[INFO] [stderr] 5  | | pub fn foo<T>(a: T,b: f64 = 13.0, c: T = a*a) -> (T,f64,T)
[INFO] [stderr] 6  | | where
[INFO] [stderr] 7  | |   T: std::ops::Mul<T, Output = T>,
[INFO] [stderr] ...  |
[INFO] [stderr] 12 | | }
[INFO] [stderr] 13 | | );
[INFO] [stderr]    | |_^ help: convert the identifier to upper camel case: `FooDuangEnumHack2`
[INFO] [stderr] ...
[INFO] [stderr] 16 |     assert_eq!(foo!(1, c = 30, b = -2.0), (1, -2.0, 30));
[INFO] [stderr]    |                ------------------------- in this macro invocation
[INFO] [stderr]    |
[INFO] [stderr]    = note: `#[warn(non_camel_case_types)]` on by default
[INFO] [stderr]    = note: this warning originates in the macro `foo` (in Nightly builds, run with -Z macro-backtrace for more info)
[INFO] [stderr] 
[INFO] [stderr] warning: type `__foo_duang_enum_hack2` should have an upper camel case name
[INFO] [stderr]   --> /opt/rustwide/workdir/tests/right.rs:4:1
[INFO] [stderr]    |
[INFO] [stderr] 4  | / duang!(
[INFO] [stderr] 5  | | pub fn foo<T>(a: T,b: f64 = 13.0, c: T = a*a) -> (T,f64,T)
[INFO] [stderr] 6  | | where
[INFO] [stderr] 7  | |   T: std::ops::Mul<T, Output = T>,
[INFO] [stderr] ...  |
[INFO] [stderr] 12 | | }
[INFO] [stderr] 13 | | );
[INFO] [stderr]    | |_^ help: convert the identifier to upper camel case: `FooDuangEnumHack2`
[INFO] [stderr] ...
[INFO] [stderr] 17 |     assert_eq!(foo!(10), (10, 13.0, 100));
[INFO] [stderr]    |                -------- in this macro invocation
[INFO] [stderr]    |
[INFO] [stderr]    = note: this warning originates in the macro `foo` (in Nightly builds, run with -Z macro-backtrace for more info)
[INFO] [stderr] 
[INFO] [stderr] warning: type `__foo_duang_enum_hack2` should have an upper camel case name
[INFO] [stderr]   --> /opt/rustwide/workdir/tests/right.rs:4:1
[INFO] [stderr]    |
[INFO] [stderr] 4  | / duang!(
[INFO] [stderr] 5  | | pub fn foo<T>(a: T,b: f64 = 13.0, c: T = a*a) -> (T,f64,T)
[INFO] [stderr] 6  | | where
[INFO] [stderr] 7  | |   T: std::ops::Mul<T, Output = T>,
[INFO] [stderr] ...  |
[INFO] [stderr] 12 | | }
[INFO] [stderr] 13 | | );
[INFO] [stderr]    | |_^ help: convert the identifier to upper camel case: `FooDuangEnumHack2`
[INFO] [stderr] ...
[INFO] [stderr] 18 |     assert_eq!(foo!(a = 10), (10, 13.0, 100));
[INFO] [stderr]    |                ------------ in this macro invocation
[INFO] [stderr]    |
[INFO] [stderr]    = note: this warning originates in the macro `foo` (in Nightly builds, run with -Z macro-backtrace for more info)
[INFO] [stderr] ┈┈┈┈┈┈┈┈┈┈┈┈┈┈┈┈┈┈┈┈┈┈┈┈┈┈┈┈┈┈┈┈┈┈┈┈┈┈┈┈┈┈┈┈┈┈┈┈┈┈┈┈┈┈┈┈┈┈┈┈
[INFO] [stderr] 
[INFO] [stderr] test tests/error-not-captured-parameter-self.rs [should fail to compile] ... ok
[INFO] [stderr] test tests/error-call-parameter-order.rs [should fail to compile] ... mismatch
[INFO] [stderr] 
[INFO] [stderr] EXPECTED:
[INFO] [stderr] ┈┈┈┈┈┈┈┈┈┈┈┈┈┈┈┈┈┈┈┈┈┈┈┈┈┈┈┈┈┈┈┈┈┈┈┈┈┈┈┈┈┈┈┈┈┈┈┈┈┈┈┈┈┈┈┈┈┈┈┈
[INFO] [stderr] error: Unnamed parameter must be ahead of named parameter.
[INFO] [stderr]   --> $DIR/error-call-parameter-order.rs:16:12
[INFO] [stderr]    |
[INFO] [stderr] 16 |   foo!(a=1,0.1);
[INFO] [stderr]    |   ---------^^^-- in this macro invocation
[INFO] [stderr] ┈┈┈┈┈┈┈┈┈┈┈┈┈┈┈┈┈┈┈┈┈┈┈┈┈┈┈┈┈┈┈┈┈┈┈┈┈┈┈┈┈┈┈┈┈┈┈┈┈┈┈┈┈┈┈┈┈┈┈┈
[INFO] [stderr] 
[INFO] [stderr] ACTUAL OUTPUT:
[INFO] [stderr] ┈┈┈┈┈┈┈┈┈┈┈┈┈┈┈┈┈┈┈┈┈┈┈┈┈┈┈┈┈┈┈┈┈┈┈┈┈┈┈┈┈┈┈┈┈┈┈┈┈┈┈┈┈┈┈┈┈┈┈┈
[INFO] [stderr] error: Unnamed parameter must be ahead of named parameter.
[INFO] [stderr]   --> tests/error-call-parameter-order.rs:16:12
[INFO] [stderr]    |
[INFO] [stderr] 16 |   foo!(a=1,0.1);
[INFO] [stderr]    |            ^^^
[INFO] [stderr]    |
[INFO] [stderr]    = note: this error originates in the macro `call_fill` which comes from the expansion of the macro `foo` (in Nightly builds, run with -Z macro-backtrace for more info)
[INFO] [stderr] 
[INFO] [stderr] warning: type `__foo_duang_enum_hack2` should have an upper camel case name
[INFO] [stderr]   --> tests/error-call-parameter-order.rs:4:1
[INFO] [stderr]    |
[INFO] [stderr] 4  | / duang!(
[INFO] [stderr] 5  | | pub fn foo<T>(a: T,b: f64 = 13.0, c: T = a*a) -> (T,f64,T)
[INFO] [stderr] 6  | | where
[INFO] [stderr] 7  | |   T: std::ops::Mul<T, Output = T>,
[INFO] [stderr] ...  |
[INFO] [stderr] 12 | | }
[INFO] [stderr] 13 | | );
[INFO] [stderr]    | |_^ help: convert the identifier to upper camel case: `FooDuangEnumHack2`
[INFO] [stderr] ...
[INFO] [stderr] 16 |     foo!(a=1,0.1);
[INFO] [stderr]    |     ------------- in this macro invocation
[INFO] [stderr]    |
[INFO] [stderr]    = note: `#[warn(non_camel_case_types)]` on by default
[INFO] [stderr]    = note: this warning originates in the macro `foo` (in Nightly builds, run with -Z macro-backtrace for more info)
[INFO] [stderr] ┈┈┈┈┈┈┈┈┈┈┈┈┈┈┈┈┈┈┈┈┈┈┈┈┈┈┈┈┈┈┈┈┈┈┈┈┈┈┈┈┈┈┈┈┈┈┈┈┈┈┈┈┈┈┈┈┈┈┈┈
[INFO] [stderr] note: If the actual output is the correct output you can bless it by rerunning
[INFO] [stderr]       your test with the environment variable TRYBUILD=overwrite
[INFO] [stderr] 
[INFO] [stderr] test tests/error-call-repeat-assign.rs [should fail to compile] ... mismatch
[INFO] [stderr] 
[INFO] [stderr] EXPECTED:
[INFO] [stderr] ┈┈┈┈┈┈┈┈┈┈┈┈┈┈┈┈┈┈┈┈┈┈┈┈┈┈┈┈┈┈┈┈┈┈┈┈┈┈┈┈┈┈┈┈┈┈┈┈┈┈┈┈┈┈┈┈┈┈┈┈
[INFO] [stderr] error: This argument is assigned more than once.
[INFO] [stderr]   --> $DIR/error-call-repeat-assign.rs:16:14
[INFO] [stderr]    |
[INFO] [stderr] 16 |   foo!(1,c=1,c=1);
[INFO] [stderr]    |   -----------^---- in this macro invocation
[INFO] [stderr] 
[INFO] [stderr] error: Previously assigned here
[INFO] [stderr]   --> $DIR/error-call-repeat-assign.rs:16:10
[INFO] [stderr]    |
[INFO] [stderr] 16 |   foo!(1,c=1,c=1);
[INFO] [stderr]    |   -------^-------- in this macro invocation
[INFO] [stderr] 
[INFO] [stderr] error: This argument is assigned more than once.
[INFO] [stderr]   --> $DIR/error-call-repeat-assign.rs:17:14
[INFO] [stderr]    |
[INFO] [stderr] 17 |   foo!(1,c=1,a=1);
[INFO] [stderr]    |   -----------^---- in this macro invocation
[INFO] [stderr] 
[INFO] [stderr] error: Previously assigned here
[INFO] [stderr]   --> $DIR/error-call-repeat-assign.rs:17:8
[INFO] [stderr]    |
[INFO] [stderr] 17 |   foo!(1,c=1,a=1);
[INFO] [stderr]    |   -----^---------- in this macro invocation
[INFO] [stderr] ┈┈┈┈┈┈┈┈┈┈┈┈┈┈┈┈┈┈┈┈┈┈┈┈┈┈┈┈┈┈┈┈┈┈┈┈┈┈┈┈┈┈┈┈┈┈┈┈┈┈┈┈┈┈┈┈┈┈┈┈
[INFO] [stderr] 
[INFO] [stderr] ACTUAL OUTPUT:
[INFO] [stderr] ┈┈┈┈┈┈┈┈┈┈┈┈┈┈┈┈┈┈┈┈┈┈┈┈┈┈┈┈┈┈┈┈┈┈┈┈┈┈┈┈┈┈┈┈┈┈┈┈┈┈┈┈┈┈┈┈┈┈┈┈
[INFO] [stderr] error: This argument is assigned more than once.
[INFO] [stderr]   --> tests/error-call-repeat-assign.rs:16:14
[INFO] [stderr]    |
[INFO] [stderr] 16 |   foo!(1,c=1,c=1);
[INFO] [stderr]    |              ^
[INFO] [stderr]    |
[INFO] [stderr]    = note: this error originates in the macro `call_fill` which comes from the expansion of the macro `foo` (in Nightly builds, run with -Z macro-backtrace for more info)
[INFO] [stderr] 
[INFO] [stderr] error: Previously assigned here
[INFO] [stderr]   --> tests/error-call-repeat-assign.rs:16:10
[INFO] [stderr]    |
[INFO] [stderr] 16 |   foo!(1,c=1,c=1);
[INFO] [stderr]    |          ^
[INFO] [stderr]    |
[INFO] [stderr]    = note: this error originates in the macro `call_fill` which comes from the expansion of the macro `foo` (in Nightly builds, run with -Z macro-backtrace for more info)
[INFO] [stderr] 
[INFO] [stderr] error: This argument is assigned more than once.
[INFO] [stderr]   --> tests/error-call-repeat-assign.rs:17:14
[INFO] [stderr]    |
[INFO] [stderr] 17 |   foo!(1,c=1,a=1);
[INFO] [stderr]    |              ^
[INFO] [stderr]    |
[INFO] [stderr]    = note: this error originates in the macro `call_fill` which comes from the expansion of the macro `foo` (in Nightly builds, run with -Z macro-backtrace for more info)
[INFO] [stderr] 
[INFO] [stderr] error: Previously assigned here
[INFO] [stderr]   --> tests/error-call-repeat-assign.rs:17:8
[INFO] [stderr]    |
[INFO] [stderr] 17 |   foo!(1,c=1,a=1);
[INFO] [stderr]    |        ^
[INFO] [stderr]    |
[INFO] [stderr]    = note: this error originates in the macro `call_fill` which comes from the expansion of the macro `foo` (in Nightly builds, run with -Z macro-backtrace for more info)
[INFO] [stderr] 
[INFO] [stderr] warning: type `__foo_duang_enum_hack2` should have an upper camel case name
[INFO] [stderr]   --> tests/error-call-repeat-assign.rs:4:1
[INFO] [stderr]    |
[INFO] [stderr] 4  | / duang!(
[INFO] [stderr] 5  | | pub fn foo<T>(a: T,b: f64 = 13.0, c: T = a*a) -> (T,f64,T)
[INFO] [stderr] 6  | | where
[INFO] [stderr] 7  | |   T: std::ops::Mul<T, Output = T>,
[INFO] [stderr] ...  |
[INFO] [stderr] 12 | | }
[INFO] [stderr] 13 | | );
[INFO] [stderr]    | |_^ help: convert the identifier to upper camel case: `FooDuangEnumHack2`
[INFO] [stderr] ...
[INFO] [stderr] 16 |     foo!(1,c=1,c=1);
[INFO] [stderr]    |     --------------- in this macro invocation
[INFO] [stderr]    |
[INFO] [stderr]    = note: `#[warn(non_camel_case_types)]` on by default
[INFO] [stderr]    = note: this warning originates in the macro `foo` (in Nightly builds, run with -Z macro-backtrace for more info)
[INFO] [stderr] 
[INFO] [stderr] warning: type `__foo_duang_enum_hack2` should have an upper camel case name
[INFO] [stderr]   --> tests/error-call-repeat-assign.rs:4:1
[INFO] [stderr]    |
[INFO] [stderr] 4  | / duang!(
[INFO] [stderr] 5  | | pub fn foo<T>(a: T,b: f64 = 13.0, c: T = a*a) -> (T,f64,T)
[INFO] [stderr] 6  | | where
[INFO] [stderr] 7  | |   T: std::ops::Mul<T, Output = T>,
[INFO] [stderr] ...  |
[INFO] [stderr] 12 | | }
[INFO] [stderr] 13 | | );
[INFO] [stderr]    | |_^ help: convert the identifier to upper camel case: `FooDuangEnumHack2`
[INFO] [stderr] ...
[INFO] [stderr] 17 |     foo!(1,c=1,a=1);
[INFO] [stderr]    |     --------------- in this macro invocation
[INFO] [stderr]    |
[INFO] [stderr]    = note: this warning originates in the macro `foo` (in Nightly builds, run with -Z macro-backtrace for more info)
[INFO] [stderr] ┈┈┈┈┈┈┈┈┈┈┈┈┈┈┈┈┈┈┈┈┈┈┈┈┈┈┈┈┈┈┈┈┈┈┈┈┈┈┈┈┈┈┈┈┈┈┈┈┈┈┈┈┈┈┈┈┈┈┈┈
[INFO] [stderr] note: If the actual output is the correct output you can bless it by rerunning
[INFO] [stderr]       your test with the environment variable TRYBUILD=overwrite
[INFO] [stderr] 
[INFO] [stderr] test tests/error-call-missing-assign.rs [should fail to compile] ... mismatch
[INFO] [stderr] 
[INFO] [stderr] EXPECTED:
[INFO] [stderr] ┈┈┈┈┈┈┈┈┈┈┈┈┈┈┈┈┈┈┈┈┈┈┈┈┈┈┈┈┈┈┈┈┈┈┈┈┈┈┈┈┈┈┈┈┈┈┈┈┈┈┈┈┈┈┈┈┈┈┈┈
[INFO] [stderr] error: Mandatory argument is not assigned.
[INFO] [stderr]   --> $DIR/error-call-missing-assign.rs:5:15
[INFO] [stderr]    |
[INFO] [stderr] 5  | pub fn foo<T>(a: T,b: f64 = 13.0, c: T = a*a) -> (T,f64,T)
[INFO] [stderr]    |               ^
[INFO] [stderr] ...
[INFO] [stderr] 16 |   foo!(b=0.1);
[INFO] [stderr]    |   ------------ in this macro invocation
[INFO] [stderr] ┈┈┈┈┈┈┈┈┈┈┈┈┈┈┈┈┈┈┈┈┈┈┈┈┈┈┈┈┈┈┈┈┈┈┈┈┈┈┈┈┈┈┈┈┈┈┈┈┈┈┈┈┈┈┈┈┈┈┈┈
[INFO] [stderr] 
[INFO] [stderr] ACTUAL OUTPUT:
[INFO] [stderr] ┈┈┈┈┈┈┈┈┈┈┈┈┈┈┈┈┈┈┈┈┈┈┈┈┈┈┈┈┈┈┈┈┈┈┈┈┈┈┈┈┈┈┈┈┈┈┈┈┈┈┈┈┈┈┈┈┈┈┈┈
[INFO] [stderr] error: Mandatory argument is not assigned.
[INFO] [stderr]   --> tests/error-call-missing-assign.rs:5:15
[INFO] [stderr]    |
[INFO] [stderr] 5  | pub fn foo<T>(a: T,b: f64 = 13.0, c: T = a*a) -> (T,f64,T)
[INFO] [stderr]    |               ^
[INFO] [stderr] ...
[INFO] [stderr] 16 |   foo!(b=0.1);
[INFO] [stderr]    |   ----------- in this macro invocation
[INFO] [stderr]    |
[INFO] [stderr]    = note: this error originates in the macro `call_fill` which comes from the expansion of the macro `foo` (in Nightly builds, run with -Z macro-backtrace for more info)
[INFO] [stderr] 
[INFO] [stderr] warning: type `__foo_duang_enum_hack2` should have an upper camel case name
[INFO] [stderr]   --> tests/error-call-missing-assign.rs:4:1
[INFO] [stderr]    |
[INFO] [stderr] 4  | / duang!(
[INFO] [stderr] 5  | | pub fn foo<T>(a: T,b: f64 = 13.0, c: T = a*a) -> (T,f64,T)
[INFO] [stderr] 6  | | where
[INFO] [stderr] 7  | |   T: std::ops::Mul<T, Output = T>,
[INFO] [stderr] ...  |
[INFO] [stderr] 12 | | }
[INFO] [stderr] 13 | | );
[INFO] [stderr]    | |_^ help: convert the identifier to upper camel case: `FooDuangEnumHack2`
[INFO] [stderr] ...
[INFO] [stderr] 16 |     foo!(b=0.1);
[INFO] [stderr]    |     ----------- in this macro invocation
[INFO] [stderr]    |
[INFO] [stderr]    = note: `#[warn(non_camel_case_types)]` on by default
[INFO] [stderr]    = note: this warning originates in the macro `foo` (in Nightly builds, run with -Z macro-backtrace for more info)
[INFO] [stderr] ┈┈┈┈┈┈┈┈┈┈┈┈┈┈┈┈┈┈┈┈┈┈┈┈┈┈┈┈┈┈┈┈┈┈┈┈┈┈┈┈┈┈┈┈┈┈┈┈┈┈┈┈┈┈┈┈┈┈┈┈
[INFO] [stderr] note: If the actual output is the correct output you can bless it by rerunning
[INFO] [stderr]       your test with the environment variable TRYBUILD=overwrite
[INFO] [stderr] 
[INFO] [stderr] test tests/all-optional-arg.rs [should pass] ... ok
[INFO] [stderr] 
[INFO] [stderr] WARNINGS:
[INFO] [stderr] ┈┈┈┈┈┈┈┈┈┈┈┈┈┈┈┈┈┈┈┈┈┈┈┈┈┈┈┈┈┈┈┈┈┈┈┈┈┈┈┈┈┈┈┈┈┈┈┈┈┈┈┈┈┈┈┈┈┈┈┈
[INFO] [stderr] warning: type `__foo_duang_enum_hack2` should have an upper camel case name
[INFO] [stderr]   --> tests/all-optional-arg.rs:3:1
[INFO] [stderr]    |
[INFO] [stderr] 3  | / duang!(
[INFO] [stderr] 4  | | pub fn foo(a: i32 = 1, b:i32 = a) -> (i32,i32)
[INFO] [stderr] 5  | | {
[INFO] [stderr] 6  | |   (a,b)
[INFO] [stderr] 7  | | }
[INFO] [stderr] 8  | | );
[INFO] [stderr]    | |_^ help: convert the identifier to upper camel case: `FooDuangEnumHack2`
[INFO] [stderr] ...
[INFO] [stderr] 11 |     assert_eq!(foo!(), (1,1));
[INFO] [stderr]    |                ------ in this macro invocation
[INFO] [stderr]    |
[INFO] [stderr]    = note: `#[warn(non_camel_case_types)]` on by default
[INFO] [stderr]    = note: this warning originates in the macro `foo` (in Nightly builds, run with -Z macro-backtrace for more info)
[INFO] [stderr] 
[INFO] [stderr] warning: 1 warning emitted
[INFO] [stderr] ┈┈┈┈┈┈┈┈┈┈┈┈┈┈┈┈┈┈┈┈┈┈┈┈┈┈┈┈┈┈┈┈┈┈┈┈┈┈┈┈┈┈┈┈┈┈┈┈┈┈┈┈┈┈┈┈┈┈┈┈
[INFO] [stderr] 
[INFO] [stderr] STDERR:
[INFO] [stderr] ┈┈┈┈┈┈┈┈┈┈┈┈┈┈┈┈┈┈┈┈┈┈┈┈┈┈┈┈┈┈┈┈┈┈┈┈┈┈┈┈┈┈┈┈┈┈┈┈┈┈┈┈┈┈┈┈┈┈┈┈
[INFO] [stderr] warning: type `__foo_duang_enum_hack2` should have an upper camel case name
[INFO] [stderr]   --> /opt/rustwide/workdir/tests/all-optional-arg.rs:3:1
[INFO] [stderr]    |
[INFO] [stderr] 3  | / duang!(
[INFO] [stderr] 4  | | pub fn foo(a: i32 = 1, b:i32 = a) -> (i32,i32)
[INFO] [stderr] 5  | | {
[INFO] [stderr] 6  | |   (a,b)
[INFO] [stderr] 7  | | }
[INFO] [stderr] 8  | | );
[INFO] [stderr]    | |_^ help: convert the identifier to upper camel case: `FooDuangEnumHack2`
[INFO] [stderr] ...
[INFO] [stderr] 11 |     assert_eq!(foo!(), (1,1));
[INFO] [stderr]    |                ------ in this macro invocation
[INFO] [stderr]    |
[INFO] [stderr]    = note: `#[warn(non_camel_case_types)]` on by default
[INFO] [stderr]    = note: this warning originates in the macro `foo` (in Nightly builds, run with -Z macro-backtrace for more info)
[INFO] [stderr] ┈┈┈┈┈┈┈┈┈┈┈┈┈┈┈┈┈┈┈┈┈┈┈┈┈┈┈┈┈┈┈┈┈┈┈┈┈┈┈┈┈┈┈┈┈┈┈┈┈┈┈┈┈┈┈┈┈┈┈┈
[INFO] [stderr] 
[INFO] [stderr] test tests/support-impl-arg.rs [should pass] ... ok
[INFO] [stderr] 
[INFO] [stderr] WARNINGS:
[INFO] [stderr] ┈┈┈┈┈┈┈┈┈┈┈┈┈┈┈┈┈┈┈┈┈┈┈┈┈┈┈┈┈┈┈┈┈┈┈┈┈┈┈┈┈┈┈┈┈┈┈┈┈┈┈┈┈┈┈┈┈┈┈┈
[INFO] [stderr] warning: type `__foo_duang_enum_hack2` should have an upper camel case name
[INFO] [stderr]   --> tests/support-impl-arg.rs:4:1
[INFO] [stderr]    |
[INFO] [stderr] 4  | / duang!(
[INFO] [stderr] 5  | | pub fn foo(a: impl Default+IntoIterator<Item=i32> = Default::default()) -> i32
[INFO] [stderr] 6  | | {
[INFO] [stderr] 7  | |   a.into_iter().sum()
[INFO] [stderr] 8  | | }
[INFO] [stderr] 9  | | );
[INFO] [stderr]    | |_^ help: convert the identifier to upper camel case: `FooDuangEnumHack2`
[INFO] [stderr] ...
[INFO] [stderr] 12 |     assert_eq!(foo!(vec![1, 2, 3, 4, 5]), 15);
[INFO] [stderr]    |                ------------------------- in this macro invocation
[INFO] [stderr]    |
[INFO] [stderr]    = note: `#[warn(non_camel_case_types)]` on by default
[INFO] [stderr]    = note: this warning originates in the macro `foo` (in Nightly builds, run with -Z macro-backtrace for more info)
[INFO] [stderr] 
[INFO] [stderr] warning: type `__foo_duang_enum_hack2` should have an upper camel case name
[INFO] [stderr]   --> tests/support-impl-arg.rs:4:1
[INFO] [stderr]    |
[INFO] [stderr] 4  | / duang!(
[INFO] [stderr] 5  | | pub fn foo(a: impl Default+IntoIterator<Item=i32> = Default::default()) -> i32
[INFO] [stderr] 6  | | {
[INFO] [stderr] 7  | |   a.into_iter().sum()
[INFO] [stderr] 8  | | }
[INFO] [stderr] 9  | | );
[INFO] [stderr]    | |_^ help: convert the identifier to upper camel case: `FooDuangEnumHack2`
[INFO] [stderr] ...
[INFO] [stderr] 13 |     assert_eq!(foo!(Some(15)), 15);
[INFO] [stderr]    |                -------------- in this macro invocation
[INFO] [stderr]    |
[INFO] [stderr]    = note: this warning originates in the macro `foo` (in Nightly builds, run with -Z macro-backtrace for more info)
[INFO] [stderr] 
[INFO] [stderr] warning: type `__foo_duang_enum_hack2` should have an upper camel case name
[INFO] [stderr]   --> tests/support-impl-arg.rs:4:1
[INFO] [stderr]    |
[INFO] [stderr] 4  | / duang!(
[INFO] [stderr] 5  | | pub fn foo(a: impl Default+IntoIterator<Item=i32> = Default::default()) -> i32
[INFO] [stderr] 6  | | {
[INFO] [stderr] 7  | |   a.into_iter().sum()
[INFO] [stderr] 8  | | }
[INFO] [stderr] 9  | | );
[INFO] [stderr]    | |_^ help: convert the identifier to upper camel case: `FooDuangEnumHack2`
[INFO] [stderr] ...
[INFO] [stderr] 14 |     assert_eq!(foo!(a: Option<i32>), 0);
[INFO] [stderr]    |                -------------------- in this macro invocation
[INFO] [stderr]    |
[INFO] [stderr]    = note: this warning originates in the macro `foo` (in Nightly builds, run with -Z macro-backtrace for more info)
[INFO] [stderr] 
[INFO] [stderr] warning: 3 warnings emitted
[INFO] [stderr] ┈┈┈┈┈┈┈┈┈┈┈┈┈┈┈┈┈┈┈┈┈┈┈┈┈┈┈┈┈┈┈┈┈┈┈┈┈┈┈┈┈┈┈┈┈┈┈┈┈┈┈┈┈┈┈┈┈┈┈┈
[INFO] [stderr] 
[INFO] [stderr] STDERR:
[INFO] [stderr] ┈┈┈┈┈┈┈┈┈┈┈┈┈┈┈┈┈┈┈┈┈┈┈┈┈┈┈┈┈┈┈┈┈┈┈┈┈┈┈┈┈┈┈┈┈┈┈┈┈┈┈┈┈┈┈┈┈┈┈┈
[INFO] [stderr] warning: type `__foo_duang_enum_hack2` should have an upper camel case name
[INFO] [stderr]   --> /opt/rustwide/workdir/tests/support-impl-arg.rs:4:1
[INFO] [stderr]    |
[INFO] [stderr] 4  | / duang!(
[INFO] [stderr] 5  | | pub fn foo(a: impl Default+IntoIterator<Item=i32> = Default::default()) -> i32
[INFO] [stderr] 6  | | {
[INFO] [stderr] 7  | |   a.into_iter().sum()
[INFO] [stderr] 8  | | }
[INFO] [stderr] 9  | | );
[INFO] [stderr]    | |_^ help: convert the identifier to upper camel case: `FooDuangEnumHack2`
[INFO] [stderr] ...
[INFO] [stderr] 12 |     assert_eq!(foo!(vec![1, 2, 3, 4, 5]), 15);
[INFO] [stderr]    |                ------------------------- in this macro invocation
[INFO] [stderr]    |
[INFO] [stderr]    = note: `#[warn(non_camel_case_types)]` on by default
[INFO] [stderr]    = note: this warning originates in the macro `foo` (in Nightly builds, run with -Z macro-backtrace for more info)
[INFO] [stderr] 
[INFO] [stderr] warning: type `__foo_duang_enum_hack2` should have an upper camel case name
[INFO] [stderr]   --> /opt/rustwide/workdir/tests/support-impl-arg.rs:4:1
[INFO] [stderr]    |
[INFO] [stderr] 4  | / duang!(
[INFO] [stderr] 5  | | pub fn foo(a: impl Default+IntoIterator<Item=i32> = Default::default()) -> i32
[INFO] [stderr] 6  | | {
[INFO] [stderr] 7  | |   a.into_iter().sum()
[INFO] [stderr] 8  | | }
[INFO] [stderr] 9  | | );
[INFO] [stderr]    | |_^ help: convert the identifier to upper camel case: `FooDuangEnumHack2`
[INFO] [stderr] ...
[INFO] [stderr] 13 |     assert_eq!(foo!(Some(15)), 15);
[INFO] [stderr]    |                -------------- in this macro invocation
[INFO] [stderr]    |
[INFO] [stderr]    = note: this warning originates in the macro `foo` (in Nightly builds, run with -Z macro-backtrace for more info)
[INFO] [stderr] 
[INFO] [stderr] warning: type `__foo_duang_enum_hack2` should have an upper camel case name
[INFO] [stderr]   --> /opt/rustwide/workdir/tests/support-impl-arg.rs:4:1
[INFO] [stderr]    |
[INFO] [stderr] 4  | / duang!(
[INFO] [stderr] 5  | | pub fn foo(a: impl Default+IntoIterator<Item=i32> = Default::default()) -> i32
[INFO] [stderr] 6  | | {
[INFO] [stderr] 7  | |   a.into_iter().sum()
[INFO] [stderr] 8  | | }
[INFO] [stderr] 9  | | );
[INFO] [stderr]    | |_^ help: convert the identifier to upper camel case: `FooDuangEnumHack2`
[INFO] [stderr] ...
[INFO] [stderr] 14 |     assert_eq!(foo!(a: Option<i32>), 0);
[INFO] [stderr]    |                -------------------- in this macro invocation
[INFO] [stderr]    |
[INFO] [stderr]    = note: this warning originates in the macro `foo` (in Nightly builds, run with -Z macro-backtrace for more info)
[INFO] [stderr] ┈┈┈┈┈┈┈┈┈┈┈┈┈┈┈┈┈┈┈┈┈┈┈┈┈┈┈┈┈┈┈┈┈┈┈┈┈┈┈┈┈┈┈┈┈┈┈┈┈┈┈┈┈┈┈┈┈┈┈┈
[INFO] [stderr] 
[INFO] [stderr] test tests/type-notation.rs [should pass] ... ok
[INFO] [stderr] 
[INFO] [stderr] WARNINGS:
[INFO] [stderr] ┈┈┈┈┈┈┈┈┈┈┈┈┈┈┈┈┈┈┈┈┈┈┈┈┈┈┈┈┈┈┈┈┈┈┈┈┈┈┈┈┈┈┈┈┈┈┈┈┈┈┈┈┈┈┈┈┈┈┈┈
[INFO] [stderr] warning: type `__foo_duang_enum_hack2` should have an upper camel case name
[INFO] [stderr]   --> tests/type-notation.rs:3:1
[INFO] [stderr]    |
[INFO] [stderr] 3  | / duang!(
[INFO] [stderr] 4  | | pub fn foo(a: impl Default + Clone = Default::default())
[INFO] [stderr] 5  | | {
[INFO] [stderr] 6  | |   let _ = a.clone();
[INFO] [stderr] 7  | | }
[INFO] [stderr] 8  | | );
[INFO] [stderr]    | |_^ help: convert the identifier to upper camel case: `FooDuangEnumHack2`
[INFO] [stderr] ...
[INFO] [stderr] 11 |     foo!(a: i32);
[INFO] [stderr]    |     ------------ in this macro invocation
[INFO] [stderr]    |
[INFO] [stderr]    = note: `#[warn(non_camel_case_types)]` on by default
[INFO] [stderr]    = note: this warning originates in the macro `foo` (in Nightly builds, run with -Z macro-backtrace for more info)
[INFO] [stderr] 
[INFO] [stderr] warning: 1 warning emitted
[INFO] [stderr] ┈┈┈┈┈┈┈┈┈┈┈┈┈┈┈┈┈┈┈┈┈┈┈┈┈┈┈┈┈┈┈┈┈┈┈┈┈┈┈┈┈┈┈┈┈┈┈┈┈┈┈┈┈┈┈┈┈┈┈┈
[INFO] [stderr] 
[INFO] [stderr] STDERR:
[INFO] [stderr] ┈┈┈┈┈┈┈┈┈┈┈┈┈┈┈┈┈┈┈┈┈┈┈┈┈┈┈┈┈┈┈┈┈┈┈┈┈┈┈┈┈┈┈┈┈┈┈┈┈┈┈┈┈┈┈┈┈┈┈┈
[INFO] [stderr] warning: type `__foo_duang_enum_hack2` should have an upper camel case name
[INFO] [stderr]   --> /opt/rustwide/workdir/tests/type-notation.rs:3:1
[INFO] [stderr]    |
[INFO] [stderr] 3  | / duang!(
[INFO] [stderr] 4  | | pub fn foo(a: impl Default + Clone = Default::default())
[INFO] [stderr] 5  | | {
[INFO] [stderr] 6  | |   let _ = a.clone();
[INFO] [stderr] 7  | | }
[INFO] [stderr] 8  | | );
[INFO] [stderr]    | |_^ help: convert the identifier to upper camel case: `FooDuangEnumHack2`
[INFO] [stderr] ...
[INFO] [stderr] 11 |     foo!(a: i32);
[INFO] [stderr]    |     ------------ in this macro invocation
[INFO] [stderr]    |
[INFO] [stderr]    = note: `#[warn(non_camel_case_types)]` on by default
[INFO] [stderr]    = note: this warning originates in the macro `foo` (in Nightly builds, run with -Z macro-backtrace for more info)
[INFO] [stderr] ┈┈┈┈┈┈┈┈┈┈┈┈┈┈┈┈┈┈┈┈┈┈┈┈┈┈┈┈┈┈┈┈┈┈┈┈┈┈┈┈┈┈┈┈┈┈┈┈┈┈┈┈┈┈┈┈┈┈┈┈
[INFO] [stderr] 
[INFO] [stderr] test tests/old-function-remain-intact.rs [should pass] ... ok
[INFO] [stderr] test tests/error-only-type-provided-for-mandatory.rs [should fail to compile] ... mismatch
[INFO] [stderr] 
[INFO] [stderr] EXPECTED:
[INFO] [stderr] ┈┈┈┈┈┈┈┈┈┈┈┈┈┈┈┈┈┈┈┈┈┈┈┈┈┈┈┈┈┈┈┈┈┈┈┈┈┈┈┈┈┈┈┈┈┈┈┈┈┈┈┈┈┈┈┈┈┈┈┈
[INFO] [stderr] error: Mandatory argument is not assigned a value.
[INFO] [stderr]   --> $DIR/error-only-type-provided-for-mandatory.rs:15:8
[INFO] [stderr]    |
[INFO] [stderr] 15 |   foo!(a: i32);
[INFO] [stderr]    |   -----^------- in this macro invocation
[INFO] [stderr] ┈┈┈┈┈┈┈┈┈┈┈┈┈┈┈┈┈┈┈┈┈┈┈┈┈┈┈┈┈┈┈┈┈┈┈┈┈┈┈┈┈┈┈┈┈┈┈┈┈┈┈┈┈┈┈┈┈┈┈┈
[INFO] [stderr] 
[INFO] [stderr] ACTUAL OUTPUT:
[INFO] [stderr] ┈┈┈┈┈┈┈┈┈┈┈┈┈┈┈┈┈┈┈┈┈┈┈┈┈┈┈┈┈┈┈┈┈┈┈┈┈┈┈┈┈┈┈┈┈┈┈┈┈┈┈┈┈┈┈┈┈┈┈┈
[INFO] [stderr] error: Mandatory argument is not assigned a value.
[INFO] [stderr]   --> tests/error-only-type-provided-for-mandatory.rs:15:8
[INFO] [stderr]    |
[INFO] [stderr] 15 |   foo!(a: i32);
[INFO] [stderr]    |        ^
[INFO] [stderr]    |
[INFO] [stderr]    = note: this error originates in the macro `call_fill` which comes from the expansion of the macro `foo` (in Nightly builds, run with -Z macro-backtrace for more info)
[INFO] [stderr] 
[INFO] [stderr] warning: type `__foo_duang_enum_hack2` should have an upper camel case name
[INFO] [stderr]   --> tests/error-only-type-provided-for-mandatory.rs:3:1
[INFO] [stderr]    |
[INFO] [stderr] 3  | / duang!(
[INFO] [stderr] 4  | | pub fn foo<T>(a: T,b: f64 = 13.0, c: T = a*a) -> (T,f64,T)
[INFO] [stderr] 5  | | where
[INFO] [stderr] 6  | |   T: std::ops::Mul<T, Output = T>,
[INFO] [stderr] ...  |
[INFO] [stderr] 11 | | }
[INFO] [stderr] 12 | | );
[INFO] [stderr]    | |_^ help: convert the identifier to upper camel case: `FooDuangEnumHack2`
[INFO] [stderr] ...
[INFO] [stderr] 15 |     foo!(a: i32);
[INFO] [stderr]    |     ------------ in this macro invocation
[INFO] [stderr]    |
[INFO] [stderr]    = note: `#[warn(non_camel_case_types)]` on by default
[INFO] [stderr]    = note: this warning originates in the macro `foo` (in Nightly builds, run with -Z macro-backtrace for more info)
[INFO] [stderr] ┈┈┈┈┈┈┈┈┈┈┈┈┈┈┈┈┈┈┈┈┈┈┈┈┈┈┈┈┈┈┈┈┈┈┈┈┈┈┈┈┈┈┈┈┈┈┈┈┈┈┈┈┈┈┈┈┈┈┈┈
[INFO] [stderr] note: If the actual output is the correct output you can bless it by rerunning
[INFO] [stderr]       your test with the environment variable TRYBUILD=overwrite
[INFO] [stderr] 
[INFO] [stderr] test tests/default-hygiene.rs [should pass] ... ok
[INFO] [stderr] 
[INFO] [stderr] WARNINGS:
[INFO] [stderr] ┈┈┈┈┈┈┈┈┈┈┈┈┈┈┈┈┈┈┈┈┈┈┈┈┈┈┈┈┈┈┈┈┈┈┈┈┈┈┈┈┈┈┈┈┈┈┈┈┈┈┈┈┈┈┈┈┈┈┈┈
[INFO] [stderr] warning: type `__foo_duang_enum_hack2` should have an upper camel case name
[INFO] [stderr]   --> tests/default-hygiene.rs:8:3
[INFO] [stderr]    |
[INFO] [stderr] 8  | /   duang!(
[INFO] [stderr] 9  | |   pub fn foo(a: i32 = $crate::bar::NUM) -> i32
[INFO] [stderr] 10 | |   {
[INFO] [stderr] 11 | |     a
[INFO] [stderr] 12 | |   }
[INFO] [stderr] 13 | |   );
[INFO] [stderr]    | |___^ help: convert the identifier to upper camel case: `FooDuangEnumHack2`
[INFO] [stderr] ...
[INFO] [stderr] 18 |     assert_eq!(foo!(1), 1);
[INFO] [stderr]    |                ------- in this macro invocation
[INFO] [stderr]    |
[INFO] [stderr]    = note: `#[warn(non_camel_case_types)]` on by default
[INFO] [stderr]    = note: this warning originates in the macro `foo` (in Nightly builds, run with -Z macro-backtrace for more info)
[INFO] [stderr] 
[INFO] [stderr] warning: type `__foo_duang_enum_hack2` should have an upper camel case name
[INFO] [stderr]   --> tests/default-hygiene.rs:8:3
[INFO] [stderr]    |
[INFO] [stderr] 8  | /   duang!(
[INFO] [stderr] 9  | |   pub fn foo(a: i32 = $crate::bar::NUM) -> i32
[INFO] [stderr] 10 | |   {
[INFO] [stderr] 11 | |     a
[INFO] [stderr] 12 | |   }
[INFO] [stderr] 13 | |   );
[INFO] [stderr]    | |___^ help: convert the identifier to upper camel case: `FooDuangEnumHack2`
[INFO] [stderr] ...
[INFO] [stderr] 19 |     assert_eq!(foo!(), 42);
[INFO] [stderr]    |                ------ in this macro invocation
[INFO] [stderr]    |
[INFO] [stderr]    = note: this warning originates in the macro `foo` (in Nightly builds, run with -Z macro-backtrace for more info)
[INFO] [stderr] 
[INFO] [stderr] warning: type `__foo_duang_enum_hack2` should have an upper camel case name
[INFO] [stderr]   --> tests/default-hygiene.rs:8:3
[INFO] [stderr]    |
[INFO] [stderr] 8  | /   duang!(
[INFO] [stderr] 9  | |   pub fn foo(a: i32 = $crate::bar::NUM) -> i32
[INFO] [stderr] 10 | |   {
[INFO] [stderr] 11 | |     a
[INFO] [stderr] 12 | |   }
[INFO] [stderr] 13 | |   );
[INFO] [stderr]    | |___^ help: convert the identifier to upper camel case: `FooDuangEnumHack2`
[INFO] [stderr] ...
[INFO] [stderr] 21 |     assert_eq!(foo!(), 42);
[INFO] [stderr]    |                ------ in this macro invocation
[INFO] [stderr]    |
[INFO] [stderr]    = note: this warning originates in the macro `foo` (in Nightly builds, run with -Z macro-backtrace for more info)
[INFO] [stderr] 
[INFO] [stderr] warning: 3 warnings emitted
[INFO] [stderr] ┈┈┈┈┈┈┈┈┈┈┈┈┈┈┈┈┈┈┈┈┈┈┈┈┈┈┈┈┈┈┈┈┈┈┈┈┈┈┈┈┈┈┈┈┈┈┈┈┈┈┈┈┈┈┈┈┈┈┈┈
[INFO] [stderr] 
[INFO] [stderr] STDERR:
[INFO] [stderr] ┈┈┈┈┈┈┈┈┈┈┈┈┈┈┈┈┈┈┈┈┈┈┈┈┈┈┈┈┈┈┈┈┈┈┈┈┈┈┈┈┈┈┈┈┈┈┈┈┈┈┈┈┈┈┈┈┈┈┈┈
[INFO] [stderr] warning: type `__foo_duang_enum_hack2` should have an upper camel case name
[INFO] [stderr]   --> /opt/rustwide/workdir/tests/default-hygiene.rs:8:3
[INFO] [stderr]    |
[INFO] [stderr] 8  | /   duang!(
[INFO] [stderr] 9  | |   pub fn foo(a: i32 = $crate::bar::NUM) -> i32
[INFO] [stderr] 10 | |   {
[INFO] [stderr] 11 | |     a
[INFO] [stderr] 12 | |   }
[INFO] [stderr] 13 | |   );
[INFO] [stderr]    | |___^ help: convert the identifier to upper camel case: `FooDuangEnumHack2`
[INFO] [stderr] ...
[INFO] [stderr] 18 |     assert_eq!(foo!(1), 1);
[INFO] [stderr]    |                ------- in this macro invocation
[INFO] [stderr]    |
[INFO] [stderr]    = note: `#[warn(non_camel_case_types)]` on by default
[INFO] [stderr]    = note: this warning originates in the macro `foo` (in Nightly builds, run with -Z macro-backtrace for more info)
[INFO] [stderr] 
[INFO] [stderr] warning: type `__foo_duang_enum_hack2` should have an upper camel case name
[INFO] [stderr]   --> /opt/rustwide/workdir/tests/default-hygiene.rs:8:3
[INFO] [stderr]    |
[INFO] [stderr] 8  | /   duang!(
[INFO] [stderr] 9  | |   pub fn foo(a: i32 = $crate::bar::NUM) -> i32
[INFO] [stderr] 10 | |   {
[INFO] [stderr] 11 | |     a
[INFO] [stderr] 12 | |   }
[INFO] [stderr] 13 | |   );
[INFO] [stderr]    | |___^ help: convert the identifier to upper camel case: `FooDuangEnumHack2`
[INFO] [stderr] ...
[INFO] [stderr] 19 |     assert_eq!(foo!(), 42);
[INFO] [stderr]    |                ------ in this macro invocation
[INFO] [stderr]    |
[INFO] [stderr]    = note: this warning originates in the macro `foo` (in Nightly builds, run with -Z macro-backtrace for more info)
[INFO] [stderr] 
[INFO] [stderr] warning: type `__foo_duang_enum_hack2` should have an upper camel case name
[INFO] [stderr]   --> /opt/rustwide/workdir/tests/default-hygiene.rs:8:3
[INFO] [stderr]    |
[INFO] [stderr] 8  | /   duang!(
[INFO] [stderr] 9  | |   pub fn foo(a: i32 = $crate::bar::NUM) -> i32
[INFO] [stderr] 10 | |   {
[INFO] [stderr] 11 | |     a
[INFO] [stderr] 12 | |   }
[INFO] [stderr] 13 | |   );
[INFO] [stderr]    | |___^ help: convert the identifier to upper camel case: `FooDuangEnumHack2`
[INFO] [stderr] ...
[INFO] [stderr] 21 |     assert_eq!(foo!(), 42);
[INFO] [stderr]    |                ------ in this macro invocation
[INFO] [stderr]    |
[INFO] [stderr]    = note: this warning originates in the macro `foo` (in Nightly builds, run with -Z macro-backtrace for more info)
[INFO] [stderr] ┈┈┈┈┈┈┈┈┈┈┈┈┈┈┈┈┈┈┈┈┈┈┈┈┈┈┈┈┈┈┈┈┈┈┈┈┈┈┈┈┈┈┈┈┈┈┈┈┈┈┈┈┈┈┈┈┈┈┈┈
[INFO] [stderr] 
[INFO] [stderr] test tests/error-default-hygiene.rs [should fail to compile] ... mismatch
[INFO] [stderr] 
[INFO] [stderr] EXPECTED:
[INFO] [stderr] ┈┈┈┈┈┈┈┈┈┈┈┈┈┈┈┈┈┈┈┈┈┈┈┈┈┈┈┈┈┈┈┈┈┈┈┈┈┈┈┈┈┈┈┈┈┈┈┈┈┈┈┈┈┈┈┈┈┈┈┈
[INFO] [stderr] error[E0425]: cannot find value `NUM` in this scope
[INFO] [stderr]   --> $DIR/error-default-hygiene.rs:9:23
[INFO] [stderr]    |
[INFO] [stderr] 9  |   pub fn foo(a: i32 = NUM) -> i32
[INFO] [stderr]    |                       ^^^ not found in this scope
[INFO] [stderr] ...
[INFO] [stderr] 18 |   foo!();
[INFO] [stderr]    |   ------- in this macro invocation
[INFO] [stderr] help: possible candidate is found in another module, you can import it into scope
[INFO] [stderr]    |
[INFO] [stderr] 3  | use crate::bar::NUM;
[INFO] [stderr]    |
[INFO] [stderr] 
[INFO] [stderr] For more information about this error, try `rustc --explain E0425`.
[INFO] [stderr] ┈┈┈┈┈┈┈┈┈┈┈┈┈┈┈┈┈┈┈┈┈┈┈┈┈┈┈┈┈┈┈┈┈┈┈┈┈┈┈┈┈┈┈┈┈┈┈┈┈┈┈┈┈┈┈┈┈┈┈┈
[INFO] [stderr] 
[INFO] [stderr] ACTUAL OUTPUT:
[INFO] [stderr] ┈┈┈┈┈┈┈┈┈┈┈┈┈┈┈┈┈┈┈┈┈┈┈┈┈┈┈┈┈┈┈┈┈┈┈┈┈┈┈┈┈┈┈┈┈┈┈┈┈┈┈┈┈┈┈┈┈┈┈┈
[INFO] [stderr] error[E0425]: cannot find value `NUM` in this scope
[INFO] [stderr]   --> tests/error-default-hygiene.rs:9:23
[INFO] [stderr]    |
[INFO] [stderr] 9  |   pub fn foo(a: i32 = NUM) -> i32
[INFO] [stderr]    |                       ^^^ not found in this scope
[INFO] [stderr] ...
[INFO] [stderr] 18 |   foo!();
[INFO] [stderr]    |   ------ in this macro invocation
[INFO] [stderr]    |
[INFO] [stderr]    = note: this error originates in the macro `foo` (in Nightly builds, run with -Z macro-backtrace for more info)
[INFO] [stderr] help: consider importing this static
[INFO] [stderr]    |
[INFO] [stderr] 3  | use crate::bar::NUM;
[INFO] [stderr]    |
[INFO] [stderr] 
[INFO] [stderr] warning: type `__foo_duang_enum_hack2` should have an upper camel case name
[INFO] [stderr]   --> tests/error-default-hygiene.rs:8:3
[INFO] [stderr]    |
[INFO] [stderr] 8  | /   duang!(
[INFO] [stderr] 9  | |   pub fn foo(a: i32 = NUM) -> i32
[INFO] [stderr] 10 | |   {
[INFO] [stderr] 11 | |     a
[INFO] [stderr] 12 | |   }
[INFO] [stderr] 13 | |   );
[INFO] [stderr]    | |___^ help: convert the identifier to upper camel case: `FooDuangEnumHack2`
[INFO] [stderr] ...
[INFO] [stderr] 18 |     foo!();
[INFO] [stderr]    |     ------ in this macro invocation
[INFO] [stderr]    |
[INFO] [stderr]    = note: `#[warn(non_camel_case_types)]` on by default
[INFO] [stderr]    = note: this warning originates in the macro `foo` (in Nightly builds, run with -Z macro-backtrace for more info)
[INFO] [stderr] ┈┈┈┈┈┈┈┈┈┈┈┈┈┈┈┈┈┈┈┈┈┈┈┈┈┈┈┈┈┈┈┈┈┈┈┈┈┈┈┈┈┈┈┈┈┈┈┈┈┈┈┈┈┈┈┈┈┈┈┈
[INFO] [stderr] note: If the actual output is the correct output you can bless it by rerunning
[INFO] [stderr]       your test with the environment variable TRYBUILD=overwrite
[INFO] [stderr] 
[INFO] [stderr] test tests/pattern-argument.rs [should pass] ... ok
[INFO] [stderr] 
[INFO] [stderr] WARNINGS:
[INFO] [stderr] ┈┈┈┈┈┈┈┈┈┈┈┈┈┈┈┈┈┈┈┈┈┈┈┈┈┈┈┈┈┈┈┈┈┈┈┈┈┈┈┈┈┈┈┈┈┈┈┈┈┈┈┈┈┈┈┈┈┈┈┈
[INFO] [stderr] warning: type `__foo_duang_enum_hack2` should have an upper camel case name
[INFO] [stderr]  --> tests/pattern-argument.rs:3:1
[INFO] [stderr]   |
[INFO] [stderr] 3 | / duang!(
[INFO] [stderr] 4 | | pub fn foo((_a,_b):(i32,i32)) {}
[INFO] [stderr] 5 | | );
[INFO] [stderr]   | |_^ help: convert the identifier to upper camel case: `FooDuangEnumHack2`
[INFO] [stderr] ...
[INFO] [stderr] 8 |     foo!((1,2));
[INFO] [stderr]   |     ----------- in this macro invocation
[INFO] [stderr]   |
[INFO] [stderr]   = note: `#[warn(non_camel_case_types)]` on by default
[INFO] [stderr]   = note: this warning originates in the macro `foo` (in Nightly builds, run with -Z macro-backtrace for more info)
[INFO] [stderr] 
[INFO] [stderr] warning: 1 warning emitted
[INFO] [stderr] ┈┈┈┈┈┈┈┈┈┈┈┈┈┈┈┈┈┈┈┈┈┈┈┈┈┈┈┈┈┈┈┈┈┈┈┈┈┈┈┈┈┈┈┈┈┈┈┈┈┈┈┈┈┈┈┈┈┈┈┈
[INFO] [stderr] 
[INFO] [stderr] STDERR:
[INFO] [stderr] ┈┈┈┈┈┈┈┈┈┈┈┈┈┈┈┈┈┈┈┈┈┈┈┈┈┈┈┈┈┈┈┈┈┈┈┈┈┈┈┈┈┈┈┈┈┈┈┈┈┈┈┈┈┈┈┈┈┈┈┈
[INFO] [stderr] warning: type `__foo_duang_enum_hack2` should have an upper camel case name
[INFO] [stderr]  --> /opt/rustwide/workdir/tests/pattern-argument.rs:3:1
[INFO] [stderr]   |
[INFO] [stderr] 3 | / duang!(
[INFO] [stderr] 4 | | pub fn foo((_a,_b):(i32,i32)) {}
[INFO] [stderr] 5 | | );
[INFO] [stderr]   | |_^ help: convert the identifier to upper camel case: `FooDuangEnumHack2`
[INFO] [stderr] ...
[INFO] [stderr] 8 |     foo!((1,2));
[INFO] [stderr]   |     ----------- in this macro invocation
[INFO] [stderr]   |
[INFO] [stderr]   = note: `#[warn(non_camel_case_types)]` on by default
[INFO] [stderr]   = note: this warning originates in the macro `foo` (in Nightly builds, run with -Z macro-backtrace for more info)
[INFO] [stderr] ┈┈┈┈┈┈┈┈┈┈┈┈┈┈┈┈┈┈┈┈┈┈┈┈┈┈┈┈┈┈┈┈┈┈┈┈┈┈┈┈┈┈┈┈┈┈┈┈┈┈┈┈┈┈┈┈┈┈┈┈
[INFO] [stderr] 
[INFO] [stderr] test tests/error-wildchar.rs [should fail to compile] ... mismatch
[INFO] [stderr] 
[INFO] [stderr] EXPECTED:
[INFO] [stderr] ┈┈┈┈┈┈┈┈┈┈┈┈┈┈┈┈┈┈┈┈┈┈┈┈┈┈┈┈┈┈┈┈┈┈┈┈┈┈┈┈┈┈┈┈┈┈┈┈┈┈┈┈┈┈┈┈┈┈┈┈
[INFO] [stderr] error: expected expression, found reserved identifier `_`
[INFO] [stderr]  --> $DIR/error-wildchar.rs:4:16
[INFO] [stderr]   |
[INFO] [stderr] 4 | pub fn foo((_a,_):(i32,i32)) {}
[INFO] [stderr]   |                ^ expected expression
[INFO] [stderr] ...
[INFO] [stderr] 8 |   foo!((1,2));
[INFO] [stderr]   |   ------------ in this macro invocation
[INFO] [stderr] ┈┈┈┈┈┈┈┈┈┈┈┈┈┈┈┈┈┈┈┈┈┈┈┈┈┈┈┈┈┈┈┈┈┈┈┈┈┈┈┈┈┈┈┈┈┈┈┈┈┈┈┈┈┈┈┈┈┈┈┈
[INFO] [stderr] 
[INFO] [stderr] ACTUAL OUTPUT:
[INFO] [stderr] ┈┈┈┈┈┈┈┈┈┈┈┈┈┈┈┈┈┈┈┈┈┈┈┈┈┈┈┈┈┈┈┈┈┈┈┈┈┈┈┈┈┈┈┈┈┈┈┈┈┈┈┈┈┈┈┈┈┈┈┈
[INFO] [stderr] warning: type `__foo_duang_enum_hack2` should have an upper camel case name
[INFO] [stderr]  --> tests/error-wildchar.rs:3:1
[INFO] [stderr]   |
[INFO] [stderr] 3 | / duang!(
[INFO] [stderr] 4 | | pub fn foo((_a,_):(i32,i32)) {}
[INFO] [stderr] 5 | | );
[INFO] [stderr]   | |_^ help: convert the identifier to upper camel case: `FooDuangEnumHack2`
[INFO] [stderr] ...
[INFO] [stderr] 8 |     foo!((1,2));
[INFO] [stderr]   |     ----------- in this macro invocation
[INFO] [stderr]   |
[INFO] [stderr]   = note: `#[warn(non_camel_case_types)]` on by default
[INFO] [stderr]   = note: this warning originates in the macro `foo` (in Nightly builds, run with -Z macro-backtrace for more info)
[INFO] [stderr] 
[INFO] [stderr] error: in expressions, `_` can only be used on the left-hand side of an assignment
[INFO] [stderr]  --> tests/error-wildchar.rs:4:16
[INFO] [stderr]   |
[INFO] [stderr] 4 | pub fn foo((_a,_):(i32,i32)) {}
[INFO] [stderr]   |                ^ `_` not allowed here
[INFO] [stderr] ...
[INFO] [stderr] 8 |   foo!((1,2));
[INFO] [stderr]   |   ----------- in this macro invocation
[INFO] [stderr]   |
[INFO] [stderr]   = note: this error originates in the macro `foo` (in Nightly builds, run with -Z macro-backtrace for more info)
[INFO] [stderr] ┈┈┈┈┈┈┈┈┈┈┈┈┈┈┈┈┈┈┈┈┈┈┈┈┈┈┈┈┈┈┈┈┈┈┈┈┈┈┈┈┈┈┈┈┈┈┈┈┈┈┈┈┈┈┈┈┈┈┈┈
[INFO] [stderr] note: If the actual output is the correct output you can bless it by rerunning
[INFO] [stderr]       your test with the environment variable TRYBUILD=overwrite
[INFO] [stderr] 
[INFO] [stderr] 
[INFO] [stderr] 
[INFO] [stdout] test tests ... FAILED
[INFO] [stdout] 
[INFO] [stdout] failures:
[INFO] [stdout] 
[INFO] [stdout] ---- tests stdout ----
[INFO] [stdout] thread 'tests' panicked at '6 of 16 tests failed', /opt/rustwide/cargo-home/registry/src/github.com-1ecc6299db9ec823/trybuild-1.0.80/src/run.rs:101:13
[INFO] [stdout] stack backtrace:
[INFO] [stdout]    0:     0x5612db56cfaa - std::backtrace_rs::backtrace::libunwind::trace::ha9053a9a07ca49cb
[INFO] [stdout]                                at /rustc/84c898d65adf2f39a5a98507f1fe0ce10a2b8dbc/library/std/src/../../backtrace/src/backtrace/libunwind.rs:93:5
[INFO] [stdout]    1:     0x5612db56cfaa - std::backtrace_rs::backtrace::trace_unsynchronized::h9c2852a457ad564e
[INFO] [stdout]                                at /rustc/84c898d65adf2f39a5a98507f1fe0ce10a2b8dbc/library/std/src/../../backtrace/src/backtrace/mod.rs:66:5
[INFO] [stdout]    2:     0x5612db56cfaa - std::sys_common::backtrace::_print_fmt::h457936fbfaa0070f
[INFO] [stdout]                                at /rustc/84c898d65adf2f39a5a98507f1fe0ce10a2b8dbc/library/std/src/sys_common/backtrace.rs:65:5
[INFO] [stdout]    3:     0x5612db56cfaa - <std::sys_common::backtrace::_print::DisplayBacktrace as core::fmt::Display>::fmt::h5779d7bf7f70cb0c
[INFO] [stdout]                                at /rustc/84c898d65adf2f39a5a98507f1fe0ce10a2b8dbc/library/std/src/sys_common/backtrace.rs:44:22
[INFO] [stdout]    4:     0x5612db592c4e - core::fmt::write::h5a4baaff1bcd3eb5
[INFO] [stdout]                                at /rustc/84c898d65adf2f39a5a98507f1fe0ce10a2b8dbc/library/core/src/fmt/mod.rs:1232:17
[INFO] [stdout]    5:     0x5612db5695f5 - std::io::Write::write_fmt::h478f79c628ef31d1
[INFO] [stdout]                                at /rustc/84c898d65adf2f39a5a98507f1fe0ce10a2b8dbc/library/std/src/io/mod.rs:1684:15
[INFO] [stdout]    6:     0x5612db56cd75 - std::sys_common::backtrace::_print::h5fcdc36060f177e8
[INFO] [stdout]                                at /rustc/84c898d65adf2f39a5a98507f1fe0ce10a2b8dbc/library/std/src/sys_common/backtrace.rs:47:5
[INFO] [stdout]    7:     0x5612db56cd75 - std::sys_common::backtrace::print::h54ca9458b876c8bf
[INFO] [stdout]                                at /rustc/84c898d65adf2f39a5a98507f1fe0ce10a2b8dbc/library/std/src/sys_common/backtrace.rs:34:9
[INFO] [stdout]    8:     0x5612db56eb3f - std::panicking::default_hook::{{closure}}::hbe471161c7664ed6
[INFO] [stdout]                                at /rustc/84c898d65adf2f39a5a98507f1fe0ce10a2b8dbc/library/std/src/panicking.rs:271:22
[INFO] [stdout]    9:     0x5612db56e7ff - std::panicking::default_hook::ha3500da57aa4ac4f
[INFO] [stdout]                                at /rustc/84c898d65adf2f39a5a98507f1fe0ce10a2b8dbc/library/std/src/panicking.rs:287:9
[INFO] [stdout]   10:     0x5612db53f5c7 - <alloc::boxed::Box<F,A> as core::ops::function::Fn<Args>>::call::hdf1b89dd137ece34
[INFO] [stdout]                                at /rustc/84c898d65adf2f39a5a98507f1fe0ce10a2b8dbc/library/alloc/src/boxed.rs:2001:9
[INFO] [stdout]   11:     0x5612db53f5c7 - test::test_main::{{closure}}::h9081a79f20e75698
[INFO] [stdout]                                at /rustc/84c898d65adf2f39a5a98507f1fe0ce10a2b8dbc/library/test/src/lib.rs:135:21
[INFO] [stdout]   12:     0x5612db56f26d - <alloc::boxed::Box<F,A> as core::ops::function::Fn<Args>>::call::h6507bddc3eebb4a5
[INFO] [stdout]                                at /rustc/84c898d65adf2f39a5a98507f1fe0ce10a2b8dbc/library/alloc/src/boxed.rs:2001:9
[INFO] [stdout]   13:     0x5612db56f26d - std::panicking::rust_panic_with_hook::h50c09d000dc561d2
[INFO] [stdout]                                at /rustc/84c898d65adf2f39a5a98507f1fe0ce10a2b8dbc/library/std/src/panicking.rs:696:13
[INFO] [stdout]   14:     0x5612db56efe9 - std::panicking::begin_panic_handler::{{closure}}::h9e2b2176e00e0d9c
[INFO] [stdout]                                at /rustc/84c898d65adf2f39a5a98507f1fe0ce10a2b8dbc/library/std/src/panicking.rs:583:13
[INFO] [stdout]   15:     0x5612db56d416 - std::sys_common::backtrace::__rust_end_short_backtrace::h5739b8e512c09d02
[INFO] [stdout]                                at /rustc/84c898d65adf2f39a5a98507f1fe0ce10a2b8dbc/library/std/src/sys_common/backtrace.rs:150:18
[INFO] [stdout]   16:     0x5612db56ecf2 - rust_begin_unwind
[INFO] [stdout]                                at /rustc/84c898d65adf2f39a5a98507f1fe0ce10a2b8dbc/library/std/src/panicking.rs:579:5
[INFO] [stdout]   17:     0x5612db306e53 - core::panicking::panic_fmt::hf33a1475b4dc5c3e
[INFO] [stdout]                                at /rustc/84c898d65adf2f39a5a98507f1fe0ce10a2b8dbc/library/core/src/panicking.rs:64:14
[INFO] [stdout]   18:     0x5612db36b27f - trybuild::run::<impl trybuild::Runner>::run::h83f2596e0a22c530
[INFO] [stdout]                                at /opt/rustwide/cargo-home/registry/src/github.com-1ecc6299db9ec823/trybuild-1.0.80/src/run.rs:101:13
[INFO] [stdout]   19:     0x5612db370a5a - <trybuild::TestCases as core::ops::drop::Drop>::drop::hb7b5f9330615bb39
[INFO] [stdout]                                at /opt/rustwide/cargo-home/registry/src/github.com-1ecc6299db9ec823/trybuild-1.0.80/src/lib.rs:315:13
[INFO] [stdout]   20:     0x5612db3089e7 - core::ptr::drop_in_place<trybuild::TestCases>::h3e3d21bb168f360e
[INFO] [stdout]                                at /rustc/84c898d65adf2f39a5a98507f1fe0ce10a2b8dbc/library/core/src/ptr/mod.rs:490:1
[INFO] [stdout]   21:     0x5612db30867e - tests::tests::h61d47e0006087711
[INFO] [stdout]                                at /opt/rustwide/workdir/tests/progress.rs:20:1
[INFO] [stdout]   22:     0x5612db3084a7 - tests::tests::{{closure}}::hc4ba031b92b2df2a
[INFO] [stdout]                                at /opt/rustwide/workdir/tests/progress.rs:2:12
[INFO] [stdout]   23:     0x5612db308995 - core::ops::function::FnOnce::call_once::he52bf70ec4c90a91
[INFO] [stdout]                                at /rustc/84c898d65adf2f39a5a98507f1fe0ce10a2b8dbc/library/core/src/ops/function.rs:250:5
[INFO] [stdout]   24:     0x5612db5449af - core::ops::function::FnOnce::call_once::h7d969581be7d0075
[INFO] [stdout]                                at /rustc/84c898d65adf2f39a5a98507f1fe0ce10a2b8dbc/library/core/src/ops/function.rs:250:5
[INFO] [stdout]   25:     0x5612db5449af - test::__rust_begin_short_backtrace::hca25a52684e56655
[INFO] [stdout]                                at /rustc/84c898d65adf2f39a5a98507f1fe0ce10a2b8dbc/library/test/src/lib.rs:656:18
[INFO] [stdout]   26:     0x5612db515fcc - test::run_test::{{closure}}::ha8ac744c4af1a4bb
[INFO] [stdout]                                at /rustc/84c898d65adf2f39a5a98507f1fe0ce10a2b8dbc/library/test/src/lib.rs:647:30
[INFO] [stdout]   27:     0x5612db515fcc - core::ops::function::FnOnce::call_once{{vtable.shim}}::h7b411a9ed45bdecf
[INFO] [stdout]                                at /rustc/84c898d65adf2f39a5a98507f1fe0ce10a2b8dbc/library/core/src/ops/function.rs:250:5
[INFO] [stdout]   28:     0x5612db543976 - <alloc::boxed::Box<F,A> as core::ops::function::FnOnce<Args>>::call_once::hd05328869a8ed200
[INFO] [stdout]                                at /rustc/84c898d65adf2f39a5a98507f1fe0ce10a2b8dbc/library/alloc/src/boxed.rs:1987:9
[INFO] [stdout]   29:     0x5612db543976 - <core::panic::unwind_safe::AssertUnwindSafe<F> as core::ops::function::FnOnce<()>>::call_once::h0c601ce20bd5b2be
[INFO] [stdout]                                at /rustc/84c898d65adf2f39a5a98507f1fe0ce10a2b8dbc/library/core/src/panic/unwind_safe.rs:271:9
[INFO] [stdout]   30:     0x5612db543976 - std::panicking::try::do_call::ha4be5c164fe30854
[INFO] [stdout]                                at /rustc/84c898d65adf2f39a5a98507f1fe0ce10a2b8dbc/library/std/src/panicking.rs:487:40
[INFO] [stdout]   31:     0x5612db543976 - std::panicking::try::h604546f3609af05f
[INFO] [stdout]                                at /rustc/84c898d65adf2f39a5a98507f1fe0ce10a2b8dbc/library/std/src/panicking.rs:451:19
[INFO] [stdout]   32:     0x5612db543976 - std::panic::catch_unwind::h5bfa8afe44c9c2f9
[INFO] [stdout]                                at /rustc/84c898d65adf2f39a5a98507f1fe0ce10a2b8dbc/library/std/src/panic.rs:140:14
[INFO] [stdout]   33:     0x5612db543976 - test::run_test_in_process::hd50dee55dd63e6aa
[INFO] [stdout]                                at /rustc/84c898d65adf2f39a5a98507f1fe0ce10a2b8dbc/library/test/src/lib.rs:679:27
[INFO] [stdout]   34:     0x5612db543976 - test::run_test::run_test_inner::{{closure}}::h4aa0f433aa85cea8
[INFO] [stdout]                                at /rustc/84c898d65adf2f39a5a98507f1fe0ce10a2b8dbc/library/test/src/lib.rs:573:39
[INFO] [stdout]   35:     0x5612db510641 - test::run_test::run_test_inner::{{closure}}::had56431adf24b4d6
[INFO] [stdout]                                at /rustc/84c898d65adf2f39a5a98507f1fe0ce10a2b8dbc/library/test/src/lib.rs:600:37
[INFO] [stdout]   36:     0x5612db510641 - std::sys_common::backtrace::__rust_begin_short_backtrace::ha8d9890e0c73bf13
[INFO] [stdout]                                at /rustc/84c898d65adf2f39a5a98507f1fe0ce10a2b8dbc/library/std/src/sys_common/backtrace.rs:134:18
[INFO] [stdout]   37:     0x5612db51605b - std::thread::Builder::spawn_unchecked_::{{closure}}::{{closure}}::h251832bcb4a95327
[INFO] [stdout]                                at /rustc/84c898d65adf2f39a5a98507f1fe0ce10a2b8dbc/library/std/src/thread/mod.rs:560:17
[INFO] [stdout]   38:     0x5612db51605b - <core::panic::unwind_safe::AssertUnwindSafe<F> as core::ops::function::FnOnce<()>>::call_once::h8fdff598fa414831
[INFO] [stdout]                                at /rustc/84c898d65adf2f39a5a98507f1fe0ce10a2b8dbc/library/core/src/panic/unwind_safe.rs:271:9
[INFO] [stdout]   39:     0x5612db51605b - std::panicking::try::do_call::h455dd2f7764a950f
[INFO] [stdout]                                at /rustc/84c898d65adf2f39a5a98507f1fe0ce10a2b8dbc/library/std/src/panicking.rs:487:40
[INFO] [stdout]   40:     0x5612db51605b - std::panicking::try::had6f23b7b73ae72a
[INFO] [stdout]                                at /rustc/84c898d65adf2f39a5a98507f1fe0ce10a2b8dbc/library/std/src/panicking.rs:451:19
[INFO] [stdout]   41:     0x5612db51605b - std::panic::catch_unwind::ha6a5ca3915b4dad0
[INFO] [stdout]                                at /rustc/84c898d65adf2f39a5a98507f1fe0ce10a2b8dbc/library/std/src/panic.rs:140:14
[INFO] [stdout]   42:     0x5612db51605b - std::thread::Builder::spawn_unchecked_::{{closure}}::h883b72ef75da6231
[INFO] [stdout]                                at /rustc/84c898d65adf2f39a5a98507f1fe0ce10a2b8dbc/library/std/src/thread/mod.rs:559:30
[INFO] [stdout]   43:     0x5612db51605b - core::ops::function::FnOnce::call_once{{vtable.shim}}::hb7dff73dc8bd2ccb
[INFO] [stdout]                                at /rustc/84c898d65adf2f39a5a98507f1fe0ce10a2b8dbc/library/core/src/ops/function.rs:250:5
[INFO] [stdout]   44:     0x5612db5744d3 - <alloc::boxed::Box<F,A> as core::ops::function::FnOnce<Args>>::call_once::h39990b24eedef2ab
[INFO] [stdout]                                at /rustc/84c898d65adf2f39a5a98507f1fe0ce10a2b8dbc/library/alloc/src/boxed.rs:1987:9
[INFO] [stdout]   45:     0x5612db5744d3 - <alloc::boxed::Box<F,A> as core::ops::function::FnOnce<Args>>::call_once::h01a027258444143b
[INFO] [stdout]                                at /rustc/84c898d65adf2f39a5a98507f1fe0ce10a2b8dbc/library/alloc/src/boxed.rs:1987:9
[INFO] [stdout]   46:     0x5612db5744d3 - std::sys::unix::thread::Thread::new::thread_start::ha4f1cdd9c25884ba
[INFO] [stdout]                                at /rustc/84c898d65adf2f39a5a98507f1fe0ce10a2b8dbc/library/std/src/sys/unix/thread.rs:108:17
[INFO] [stdout]   47:     0x7f627bb81b43 - <unknown>
[INFO] [stdout]   48:     0x7f627bc12bb4 - __clone
[INFO] [stdout]   49:                0x0 - <unknown>
[INFO] [stdout] 
[INFO] [stdout] 
[INFO] [stdout] failures:
[INFO] [stdout]     tests
[INFO] [stdout] 
[INFO] [stdout] test result: FAILED. 0 passed; 1 failed; 0 ignored; 0 measured; 0 filtered out; finished in 21.42s
[INFO] [stdout] 
[INFO] [stderr] error: test failed, to rerun pass `--test tests`
[INFO] running `Command { std: "docker" "inspect" "3bd4a10e9857e0966e2b38b527e27346d24fa152eda0b7e2e15a3098a5aa1b35", kill_on_drop: false }`
[INFO] running `Command { std: "docker" "rm" "-f" "3bd4a10e9857e0966e2b38b527e27346d24fa152eda0b7e2e15a3098a5aa1b35", kill_on_drop: false }`
[INFO] [stdout] 3bd4a10e9857e0966e2b38b527e27346d24fa152eda0b7e2e15a3098a5aa1b35
