[INFO] fetching crate druid-material-icons 0.2.0...
[INFO] testing druid-material-icons-0.2.0 against 1.69.0 for beta-1.70-1
[INFO] extracting crate druid-material-icons 0.2.0 into /workspace/builds/worker-0-tc1/source
[INFO] validating manifest of crates.io crate druid-material-icons 0.2.0 on toolchain 1.69.0
[INFO] running `Command { std: CARGO_HOME="/workspace/cargo-home" RUSTUP_HOME="/workspace/rustup-home" "/workspace/cargo-home/bin/cargo" "+1.69.0" "metadata" "--manifest-path" "Cargo.toml" "--no-deps", kill_on_drop: false }`
[INFO] started tweaking crates.io crate druid-material-icons 0.2.0
[INFO] finished tweaking crates.io crate druid-material-icons 0.2.0
[INFO] tweaked toml for crates.io crate druid-material-icons 0.2.0 written to /workspace/builds/worker-0-tc1/source/Cargo.toml
[INFO] running `Command { std: CARGO_HOME="/workspace/cargo-home" RUSTUP_HOME="/workspace/rustup-home" __CARGO_TEST_CHANNEL_OVERRIDE_DO_NOT_USE_THIS="nightly" "/workspace/cargo-home/bin/cargo" "+1.69.0" "generate-lockfile" "--manifest-path" "Cargo.toml" "-Zno-index-update", kill_on_drop: false }`
[INFO] [stderr]     Blocking waiting for file lock on package cache
[INFO] running `Command { std: CARGO_HOME="/workspace/cargo-home" RUSTUP_HOME="/workspace/rustup-home" "/workspace/cargo-home/bin/cargo" "+1.69.0" "fetch" "--manifest-path" "Cargo.toml", kill_on_drop: false }`
[INFO] [stderr]  Downloading crates ...
[INFO] [stderr]   Downloaded keyboard-types v0.6.2
[INFO] [stderr]   Downloaded pangocairo v0.16.3
[INFO] [stderr]   Downloaded piet-cairo v0.6.2
[INFO] [stderr]   Downloaded dwrote v0.11.0
[INFO] [stderr]   Downloaded gtk-sys v0.16.0
[INFO] [stderr]   Downloaded druid-derive v0.5.0
[INFO] [stderr]   Downloaded atk v0.16.0
[INFO] [stderr]   Downloaded field-offset v0.3.5
[INFO] [stderr]   Downloaded piet-web v0.6.2
[INFO] [stderr]   Downloaded cairo-sys-rs v0.16.3
[INFO] [stderr]   Downloaded gtk3-macros v0.16.3
[INFO] [stderr]   Downloaded utf16_lit v2.0.2
[INFO] [stderr]   Downloaded unic-bidi v0.9.0
[INFO] [stderr]   Downloaded gdk v0.16.2
[INFO] [stderr]   Downloaded gdk-pixbuf v0.16.7
[INFO] [stderr]   Downloaded gdk-pixbuf-sys v0.16.3
[INFO] [stderr]   Downloaded core-text v19.2.0
[INFO] [stderr]   Downloaded unic-ucd-bidi v0.9.0
[INFO] [stderr]   Downloaded piet-common v0.6.2
[INFO] [stderr]   Downloaded pangocairo-sys v0.16.3
[INFO] [stderr]   Downloaded piet-coregraphics v0.6.2
[INFO] [stderr]   Downloaded gobject-sys v0.16.3
[INFO] [stderr]   Downloaded atk-sys v0.16.0
[INFO] [stderr]   Downloaded pango-sys v0.16.3
[INFO] [stderr]   Downloaded piet-direct2d v0.6.2
[INFO] [stderr]   Downloaded glib-macros v0.16.8
[INFO] [stderr]   Downloaded pango v0.16.5
[INFO] [stderr]   Downloaded glib-sys v0.16.3
[INFO] [stderr]   Downloaded cairo-rs v0.16.7
[INFO] [stderr]   Downloaded gdk-sys v0.16.0
[INFO] [stderr]   Downloaded kurbo v0.9.4
[INFO] [stderr]   Downloaded gio-sys v0.16.3
[INFO] [stderr]   Downloaded associative-cache v1.0.1
[INFO] [stderr]   Downloaded gio v0.16.7
[INFO] [stderr]   Downloaded glib v0.16.7
[INFO] [stderr]   Downloaded druid-shell v0.8.3
[INFO] [stderr]   Downloaded piet v0.6.2
[INFO] [stderr]   Downloaded gtk v0.16.2
[INFO] [stderr]   Downloaded druid v0.8.3
[INFO] running `Command { std: "docker" "create" "-v" "/var/lib/crater-agent-workspace/builds/worker-0-tc1/target:/opt/rustwide/target:rw,Z" "-v" "/var/lib/crater-agent-workspace/builds/worker-0-tc1/source:/opt/rustwide/workdir:ro,Z" "-v" "/var/lib/crater-agent-workspace/cargo-home:/opt/rustwide/cargo-home:ro,Z" "-v" "/var/lib/crater-agent-workspace/rustup-home:/opt/rustwide/rustup-home:ro,Z" "-e" "SOURCE_DIR=/opt/rustwide/workdir" "-e" "CARGO_TARGET_DIR=/opt/rustwide/target" "-e" "CARGO_HOME=/opt/rustwide/cargo-home" "-e" "RUSTUP_HOME=/opt/rustwide/rustup-home" "-w" "/opt/rustwide/workdir" "-m" "1610612736" "--user" "0:0" "--network" "none" "ghcr.io/rust-lang/crates-build-env/linux@sha256:5ff2268d62e97bff2cde7d5815dd6ed5b47097566f13b8d0ca110b04b60e07ed" "/opt/rustwide/cargo-home/bin/cargo" "+1.69.0" "metadata" "--no-deps" "--format-version=1", kill_on_drop: false }`
[INFO] [stdout] 11d064b491dbcea14b37f29a28d0c114a6dcd471b63dceba5f8f4900f52aaa3b
[INFO] running `Command { std: "docker" "start" "-a" "11d064b491dbcea14b37f29a28d0c114a6dcd471b63dceba5f8f4900f52aaa3b", kill_on_drop: false }`
[INFO] running `Command { std: "docker" "inspect" "11d064b491dbcea14b37f29a28d0c114a6dcd471b63dceba5f8f4900f52aaa3b", kill_on_drop: false }`
[INFO] running `Command { std: "docker" "rm" "-f" "11d064b491dbcea14b37f29a28d0c114a6dcd471b63dceba5f8f4900f52aaa3b", kill_on_drop: false }`
[INFO] [stdout] 11d064b491dbcea14b37f29a28d0c114a6dcd471b63dceba5f8f4900f52aaa3b
[INFO] running `Command { std: "docker" "create" "-v" "/var/lib/crater-agent-workspace/builds/worker-0-tc1/target:/opt/rustwide/target:rw,Z" "-v" "/var/lib/crater-agent-workspace/builds/worker-0-tc1/source:/opt/rustwide/workdir:ro,Z" "-v" "/var/lib/crater-agent-workspace/cargo-home:/opt/rustwide/cargo-home:ro,Z" "-v" "/var/lib/crater-agent-workspace/rustup-home:/opt/rustwide/rustup-home:ro,Z" "-e" "SOURCE_DIR=/opt/rustwide/workdir" "-e" "CARGO_TARGET_DIR=/opt/rustwide/target" "-e" "CARGO_INCREMENTAL=0" "-e" "RUST_BACKTRACE=full" "-e" "RUSTFLAGS=--cap-lints=warn" "-e" "RUSTDOCFLAGS=--cap-lints=warn" "-e" "CARGO_HOME=/opt/rustwide/cargo-home" "-e" "RUSTUP_HOME=/opt/rustwide/rustup-home" "-w" "/opt/rustwide/workdir" "-m" "1610612736" "--user" "0:0" "--network" "none" "ghcr.io/rust-lang/crates-build-env/linux@sha256:5ff2268d62e97bff2cde7d5815dd6ed5b47097566f13b8d0ca110b04b60e07ed" "/opt/rustwide/cargo-home/bin/cargo" "+1.69.0" "build" "--frozen" "--message-format=json", kill_on_drop: false }`
[INFO] [stdout] ac1090ac0180b9390d6152848a21696bb431fe4b3c6ba3043de8877f6ef90c72
[INFO] running `Command { std: "docker" "start" "-a" "ac1090ac0180b9390d6152848a21696bb431fe4b3c6ba3043de8877f6ef90c72", kill_on_drop: false }`
[INFO] [stderr]    Compiling autocfg v1.1.0
[INFO] [stderr]    Compiling serde v1.0.160
[INFO] [stderr]    Compiling hashbrown v0.12.3
[INFO] [stderr]    Compiling winnow v0.4.4
[INFO] [stderr]    Compiling target-lexicon v0.12.7
[INFO] [stderr]    Compiling smallvec v1.10.0
[INFO] [stderr]    Compiling heck v0.4.1
[INFO] [stderr]    Compiling pkg-config v0.3.26
[INFO] [stderr]    Compiling version-compare v0.1.1
[INFO] [stderr]    Compiling proc-macro2 v1.0.56
[INFO] [stderr]    Compiling quote v1.0.26
[INFO] [stderr]    Compiling unicode-ident v1.0.8
[INFO] [stderr]    Compiling syn v1.0.109
[INFO] [stderr]    Compiling libc v0.2.142
[INFO] [stderr]    Compiling version_check v0.9.4
[INFO] [stderr]    Compiling once_cell v1.17.1
[INFO] [stderr]    Compiling futures-core v0.3.28
[INFO] [stderr]    Compiling thiserror v1.0.40
[INFO] [stderr]    Compiling anyhow v1.0.71
[INFO] [stderr]    Compiling futures-task v0.3.28
[INFO] [stderr]    Compiling pin-project-lite v0.2.9
[INFO] [stderr]    Compiling indexmap v1.9.3
[INFO] [stderr]    Compiling slab v0.4.8
[INFO] [stderr]    Compiling proc-macro-error-attr v1.0.4
[INFO] [stderr]    Compiling proc-macro-error v1.0.4
[INFO] [stderr]    Compiling futures-util v0.3.28
[INFO] [stderr]    Compiling futures-channel v0.3.28
[INFO] [stderr]    Compiling pin-utils v0.1.0
[INFO] [stderr]    Compiling bitflags v1.3.2
[INFO] [stderr]    Compiling gio v0.16.7
[INFO] [stderr]    Compiling futures-io v0.3.28
[INFO] [stderr]    Compiling semver v1.0.17
[INFO] [stderr]    Compiling unic-common v0.9.0
[INFO] [stderr]    Compiling unic-char-range v0.9.0
[INFO] [stderr]    Compiling unic-ucd-version v0.9.0
[INFO] [stderr]    Compiling cfg-if v1.0.0
[INFO] [stderr]    Compiling memoffset v0.8.0
[INFO] [stderr]    Compiling unic-char-property v0.9.0
[INFO] [stderr]    Compiling cfg-expr v0.15.1
[INFO] [stderr]    Compiling arrayvec v0.7.2
[INFO] [stderr]    Compiling syn v2.0.15
[INFO] [stderr]    Compiling unic-ucd-bidi v0.9.0
[INFO] [stderr]    Compiling matches v0.1.10
[INFO] [stderr]    Compiling gtk v0.16.2
[INFO] [stderr]    Compiling kurbo v0.9.4
[INFO] [stderr]    Compiling tracing-core v0.1.30
[INFO] [stderr]    Compiling unicode-segmentation v1.10.1
[INFO] [stderr]    Compiling xi-unicode v0.3.0
[INFO] [stderr]    Compiling rustc-hash v1.1.0
[INFO] [stderr]    Compiling unic-bidi v0.9.0
[INFO] [stderr]    Compiling type-map v0.4.0
[INFO] [stderr]    Compiling lazy_static v1.4.0
[INFO] [stderr]    Compiling time-core v0.1.0
[INFO] [stderr]    Compiling overload v0.1.1
[INFO] [stderr]    Compiling rustc_version v0.4.0
[INFO] [stderr]    Compiling druid-shell v0.8.3
[INFO] [stderr]    Compiling sharded-slab v0.1.4
[INFO] [stderr]    Compiling nu-ansi-term v0.46.0
[INFO] [stderr]    Compiling time v0.3.20
[INFO] [stderr]    Compiling instant v0.1.12
[INFO] [stderr]    Compiling thread_local v1.1.7
[INFO] [stderr]    Compiling keyboard-types v0.6.2
[INFO] [stderr]    Compiling self_cell v0.10.2
[INFO] [stderr]    Compiling fnv v1.0.7
[INFO] [stderr]    Compiling field-offset v0.3.5
[INFO] [stderr]    Compiling piet v0.6.2
[INFO] [stderr]    Compiling tracing-subscriber v0.3.17
[INFO] [stderr]    Compiling toml_datetime v0.6.1
[INFO] [stderr]    Compiling serde_spanned v0.6.1
[INFO] [stderr]    Compiling toml_edit v0.19.8
[INFO] [stderr]    Compiling displaydoc v0.2.3
[INFO] [stderr]    Compiling druid-derive v0.5.0
[INFO] [stdout] error[E0277]: `syn::Type` doesn't implement `Debug`
[INFO] [stdout]   --> /opt/rustwide/cargo-home/registry/src/github.com-1ecc6299db9ec823/druid-derive-0.5.0/src/attr.rs:66:5
[INFO] [stdout]    |
[INFO] [stdout] 63 | #[derive(Debug)]
[INFO] [stdout]    |          ----- in this derive macro expansion
[INFO] [stdout] ...
[INFO] [stdout] 66 |     pub ty: syn::Type,
[INFO] [stdout]    |     ^^^^^^^^^^^^^^^^^ `syn::Type` cannot be formatted using `{:?}` because it doesn't implement `Debug`
[INFO] [stdout]    |
[INFO] [stdout]    = help: the trait `Debug` is not implemented for `syn::Type`
[INFO] [stdout]    = note: this error originates in the derive macro `Debug` (in Nightly builds, run with -Z macro-backtrace for more info)
[INFO] [stdout] 
[INFO] [stdout] 
[INFO] [stdout] error[E0277]: `ExprPath` doesn't implement `Debug`
[INFO] [stdout]   --> /opt/rustwide/cargo-home/registry/src/github.com-1ecc6299db9ec823/druid-derive-0.5.0/src/attr.rs:75:12
[INFO] [stdout]    |
[INFO] [stdout] 71 | #[derive(Debug, PartialEq, Eq)]
[INFO] [stdout]    |          ----- in this derive macro expansion
[INFO] [stdout] ...
[INFO] [stdout] 75 |     SameFn(ExprPath),
[INFO] [stdout]    |            ^^^^^^^^ `ExprPath` cannot be formatted using `{:?}` because it doesn't implement `Debug`
[INFO] [stdout]    |
[INFO] [stdout]    = help: the trait `Debug` is not implemented for `ExprPath`
[INFO] [stdout]    = note: this error originates in the derive macro `Debug` (in Nightly builds, run with -Z macro-backtrace for more info)
[INFO] [stdout] 
[INFO] [stdout] 
[INFO] [stdout] error[E0369]: binary operation `==` cannot be applied to type `ExprPath`
[INFO] [stdout]   --> /opt/rustwide/cargo-home/registry/src/github.com-1ecc6299db9ec823/druid-derive-0.5.0/src/attr.rs:75:12
[INFO] [stdout]    |
[INFO] [stdout] 71 | #[derive(Debug, PartialEq, Eq)]
[INFO] [stdout]    |                 --------- in this derive macro expansion
[INFO] [stdout] ...
[INFO] [stdout] 75 |     SameFn(ExprPath),
[INFO] [stdout]    |            ^^^^^^^^
[INFO] [stdout]    |
[INFO] [stdout]    = note: this error originates in the derive macro `PartialEq` (in Nightly builds, run with -Z macro-backtrace for more info)
[INFO] [stdout] 
[INFO] [stdout] 
[INFO] [stdout] error[E0277]: the trait bound `ExprPath: std::cmp::Eq` is not satisfied
[INFO] [stdout]   --> /opt/rustwide/cargo-home/registry/src/github.com-1ecc6299db9ec823/druid-derive-0.5.0/src/attr.rs:75:12
[INFO] [stdout]    |
[INFO] [stdout] 71 | #[derive(Debug, PartialEq, Eq)]
[INFO] [stdout]    |                            -- in this derive macro expansion
[INFO] [stdout] ...
[INFO] [stdout] 75 |     SameFn(ExprPath),
[INFO] [stdout]    |            ^^^^^^^^ the trait `std::cmp::Eq` is not implemented for `ExprPath`
[INFO] [stdout]    |
[INFO] [stdout] note: required by a bound in `AssertParamIsEq`
[INFO] [stdout]   --> /rustc/84c898d65adf2f39a5a98507f1fe0ce10a2b8dbc/library/core/src/cmp.rs:315:1
[INFO] [stdout]    = note: this error originates in the derive macro `Eq` (in Nightly builds, run with -Z macro-backtrace for more info)
[INFO] [stdout] 
[INFO] [stdout] 
[INFO] [stdout] error: aborting due to 4 previous errors
[INFO] [stdout] 
[INFO] [stdout] 
[INFO] [stdout] Some errors have detailed explanations: E0277, E0369.
[INFO] [stdout] 
[INFO] [stdout] For more information about an error, try `rustc --explain E0277`.
[INFO] [stdout] 
[INFO] [stderr] error: could not compile `druid-derive` due to 5 previous errors
[INFO] [stderr] warning: build failed, waiting for other jobs to finish...
[INFO] running `Command { std: "docker" "inspect" "ac1090ac0180b9390d6152848a21696bb431fe4b3c6ba3043de8877f6ef90c72", kill_on_drop: false }`
[INFO] running `Command { std: "docker" "rm" "-f" "ac1090ac0180b9390d6152848a21696bb431fe4b3c6ba3043de8877f6ef90c72", kill_on_drop: false }`
[INFO] [stdout] ac1090ac0180b9390d6152848a21696bb431fe4b3c6ba3043de8877f6ef90c72
