[INFO] fetching crate druid-derive 0.5.0...
[INFO] testing druid-derive-0.5.0 against 1.69.0 for beta-1.70-1
[INFO] extracting crate druid-derive 0.5.0 into /workspace/builds/worker-4-tc1/source
[INFO] validating manifest of crates.io crate druid-derive 0.5.0 on toolchain 1.69.0
[INFO] running `Command { std: CARGO_HOME="/workspace/cargo-home" RUSTUP_HOME="/workspace/rustup-home" "/workspace/cargo-home/bin/cargo" "+1.69.0" "metadata" "--manifest-path" "Cargo.toml" "--no-deps", kill_on_drop: false }`
[INFO] started tweaking crates.io crate druid-derive 0.5.0
[INFO] finished tweaking crates.io crate druid-derive 0.5.0
[INFO] tweaked toml for crates.io crate druid-derive 0.5.0 written to /workspace/builds/worker-4-tc1/source/Cargo.toml
[INFO] running `Command { std: CARGO_HOME="/workspace/cargo-home" RUSTUP_HOME="/workspace/rustup-home" __CARGO_TEST_CHANNEL_OVERRIDE_DO_NOT_USE_THIS="nightly" "/workspace/cargo-home/bin/cargo" "+1.69.0" "generate-lockfile" "--manifest-path" "Cargo.toml" "-Zno-index-update", kill_on_drop: false }`
[INFO] running `Command { std: CARGO_HOME="/workspace/cargo-home" RUSTUP_HOME="/workspace/rustup-home" "/workspace/cargo-home/bin/cargo" "+1.69.0" "fetch" "--manifest-path" "Cargo.toml", kill_on_drop: false }`
[INFO] [stderr]  Downloading crates ...
[INFO] [stderr]   Downloaded gio-sys v0.16.3
[INFO] [stderr]   Downloaded fluent-syntax v0.11.0
[INFO] [stderr]   Downloaded glib-macros v0.16.8
[INFO] [stderr]   Downloaded pango v0.16.5
[INFO] [stderr]   Downloaded gtk-sys v0.16.0
[INFO] [stderr]   Downloaded druid-derive v0.5.0
[INFO] [stderr]   Downloaded gtk3-macros v0.16.3
[INFO] [stderr]   Downloaded pangocairo-sys v0.16.3
[INFO] [stderr]   Downloaded cairo-sys-rs v0.16.3
[INFO] [stderr]   Downloaded associative-cache v1.0.1
[INFO] [stderr]   Downloaded pangocairo v0.16.3
[INFO] [stderr]   Downloaded unic-bidi v0.9.0
[INFO] [stderr]   Downloaded keyboard-types v0.6.2
[INFO] [stderr]   Downloaded piet-cairo v0.6.2
[INFO] [stderr]   Downloaded intl_pluralrules v7.0.2
[INFO] [stderr]   Downloaded fluent-langneg v0.13.0
[INFO] [stderr]   Downloaded unic-langid v0.9.1
[INFO] [stderr]   Downloaded cairo-rs v0.16.7
[INFO] [stderr]   Downloaded pango-sys v0.16.3
[INFO] [stderr]   Downloaded field-offset v0.3.5
[INFO] [stderr]   Downloaded utf16_lit v2.0.2
[INFO] [stderr]   Downloaded intl-memoizer v0.5.1
[INFO] [stderr]   Downloaded gdk-sys v0.16.0
[INFO] [stderr]   Downloaded type-map v0.4.0
[INFO] [stderr]   Downloaded piet-common v0.6.2
[INFO] [stderr]   Downloaded fluent-bundle v0.15.2
[INFO] [stderr]   Downloaded gdk-pixbuf-sys v0.16.3
[INFO] [stderr]   Downloaded self_cell v0.10.2
[INFO] [stderr]   Downloaded atk-sys v0.16.0
[INFO] [stderr]   Downloaded unic-langid-impl v0.9.1
[INFO] [stderr]   Downloaded gdk-pixbuf v0.16.7
[INFO] [stderr]   Downloaded unic-ucd-bidi v0.9.0
[INFO] [stderr]   Downloaded atk v0.16.0
[INFO] [stderr]   Downloaded gobject-sys v0.16.3
[INFO] [stderr]   Downloaded glib-sys v0.16.3
[INFO] [stderr]   Downloaded piet-direct2d v0.6.2
[INFO] [stderr]   Downloaded glib v0.16.7
[INFO] [stderr]   Downloaded gdk v0.16.2
[INFO] [stderr]   Downloaded kurbo v0.9.4
[INFO] [stderr]   Downloaded gio v0.16.7
[INFO] [stderr]   Downloaded piet v0.6.2
[INFO] [stderr]   Downloaded druid v0.8.3
[INFO] [stderr]   Downloaded gtk v0.16.2
[INFO] [stderr]   Downloaded druid-shell v0.8.3
[INFO] [stderr]   Downloaded piet-web v0.6.2
[INFO] [stderr]   Downloaded piet-coregraphics v0.6.2
[INFO] running `Command { std: "docker" "create" "-v" "/var/lib/crater-agent-workspace/builds/worker-4-tc1/target:/opt/rustwide/target:rw,Z" "-v" "/var/lib/crater-agent-workspace/builds/worker-4-tc1/source:/opt/rustwide/workdir:ro,Z" "-v" "/var/lib/crater-agent-workspace/cargo-home:/opt/rustwide/cargo-home:ro,Z" "-v" "/var/lib/crater-agent-workspace/rustup-home:/opt/rustwide/rustup-home:ro,Z" "-e" "SOURCE_DIR=/opt/rustwide/workdir" "-e" "CARGO_TARGET_DIR=/opt/rustwide/target" "-e" "CARGO_HOME=/opt/rustwide/cargo-home" "-e" "RUSTUP_HOME=/opt/rustwide/rustup-home" "-w" "/opt/rustwide/workdir" "-m" "1610612736" "--user" "0:0" "--network" "none" "ghcr.io/rust-lang/crates-build-env/linux@sha256:5ff2268d62e97bff2cde7d5815dd6ed5b47097566f13b8d0ca110b04b60e07ed" "/opt/rustwide/cargo-home/bin/cargo" "+1.69.0" "metadata" "--no-deps" "--format-version=1", kill_on_drop: false }`
[INFO] [stdout] 52ebc3689e2bb2828f1f26609da38c267e19a08f694200a29e034f5f544b7d41
[INFO] running `Command { std: "docker" "start" "-a" "52ebc3689e2bb2828f1f26609da38c267e19a08f694200a29e034f5f544b7d41", kill_on_drop: false }`
[INFO] running `Command { std: "docker" "inspect" "52ebc3689e2bb2828f1f26609da38c267e19a08f694200a29e034f5f544b7d41", kill_on_drop: false }`
[INFO] running `Command { std: "docker" "rm" "-f" "52ebc3689e2bb2828f1f26609da38c267e19a08f694200a29e034f5f544b7d41", kill_on_drop: false }`
[INFO] [stdout] 52ebc3689e2bb2828f1f26609da38c267e19a08f694200a29e034f5f544b7d41
[INFO] running `Command { std: "docker" "create" "-v" "/var/lib/crater-agent-workspace/builds/worker-4-tc1/target:/opt/rustwide/target:rw,Z" "-v" "/var/lib/crater-agent-workspace/builds/worker-4-tc1/source:/opt/rustwide/workdir:ro,Z" "-v" "/var/lib/crater-agent-workspace/cargo-home:/opt/rustwide/cargo-home:ro,Z" "-v" "/var/lib/crater-agent-workspace/rustup-home:/opt/rustwide/rustup-home:ro,Z" "-e" "SOURCE_DIR=/opt/rustwide/workdir" "-e" "CARGO_TARGET_DIR=/opt/rustwide/target" "-e" "CARGO_INCREMENTAL=0" "-e" "RUST_BACKTRACE=full" "-e" "RUSTFLAGS=--cap-lints=warn" "-e" "RUSTDOCFLAGS=--cap-lints=warn" "-e" "CARGO_HOME=/opt/rustwide/cargo-home" "-e" "RUSTUP_HOME=/opt/rustwide/rustup-home" "-w" "/opt/rustwide/workdir" "-m" "1610612736" "--user" "0:0" "--network" "none" "ghcr.io/rust-lang/crates-build-env/linux@sha256:5ff2268d62e97bff2cde7d5815dd6ed5b47097566f13b8d0ca110b04b60e07ed" "/opt/rustwide/cargo-home/bin/cargo" "+1.69.0" "build" "--frozen" "--message-format=json", kill_on_drop: false }`
[INFO] [stdout] b47878d4e50eb21b9bf52bd41f2ee1466f8907655ac00b6c17246103fb4da508
[INFO] running `Command { std: "docker" "start" "-a" "b47878d4e50eb21b9bf52bd41f2ee1466f8907655ac00b6c17246103fb4da508", kill_on_drop: false }`
[INFO] [stderr]    Compiling syn v1.0.109
[INFO] [stderr]    Compiling druid-derive v0.5.0 (/opt/rustwide/workdir)
[INFO] [stdout] error[E0277]: `syn::Type` doesn't implement `Debug`
[INFO] [stdout]   --> src/attr.rs:66:5
[INFO] [stdout]    |
[INFO] [stdout] 63 | #[derive(Debug)]
[INFO] [stdout]    |          ----- in this derive macro expansion
[INFO] [stdout] ...
[INFO] [stdout] 66 |     pub ty: syn::Type,
[INFO] [stdout]    |     ^^^^^^^^^^^^^^^^^ `syn::Type` cannot be formatted using `{:?}` because it doesn't implement `Debug`
[INFO] [stdout]    |
[INFO] [stdout]    = help: the trait `Debug` is not implemented for `syn::Type`
[INFO] [stdout]    = note: this error originates in the derive macro `Debug` (in Nightly builds, run with -Z macro-backtrace for more info)
[INFO] [stdout] 
[INFO] [stdout] 
[INFO] [stdout] error[E0277]: `ExprPath` doesn't implement `Debug`
[INFO] [stdout]   --> src/attr.rs:75:12
[INFO] [stdout]    |
[INFO] [stdout] 71 | #[derive(Debug, PartialEq, Eq)]
[INFO] [stdout]    |          ----- in this derive macro expansion
[INFO] [stdout] ...
[INFO] [stdout] 75 |     SameFn(ExprPath),
[INFO] [stdout]    |            ^^^^^^^^ `ExprPath` cannot be formatted using `{:?}` because it doesn't implement `Debug`
[INFO] [stdout]    |
[INFO] [stdout]    = help: the trait `Debug` is not implemented for `ExprPath`
[INFO] [stdout]    = note: this error originates in the derive macro `Debug` (in Nightly builds, run with -Z macro-backtrace for more info)
[INFO] [stdout] 
[INFO] [stdout] 
[INFO] [stdout] error[E0369]: binary operation `==` cannot be applied to type `ExprPath`
[INFO] [stdout]   --> src/attr.rs:75:12
[INFO] [stdout]    |
[INFO] [stdout] 71 | #[derive(Debug, PartialEq, Eq)]
[INFO] [stdout]    |                 --------- in this derive macro expansion
[INFO] [stdout] ...
[INFO] [stdout] 75 |     SameFn(ExprPath),
[INFO] [stdout]    |            ^^^^^^^^
[INFO] [stdout]    |
[INFO] [stdout]    = note: this error originates in the derive macro `PartialEq` (in Nightly builds, run with -Z macro-backtrace for more info)
[INFO] [stdout] 
[INFO] [stdout] 
[INFO] [stdout] error[E0277]: the trait bound `ExprPath: std::cmp::Eq` is not satisfied
[INFO] [stdout]   --> src/attr.rs:75:12
[INFO] [stdout]    |
[INFO] [stdout] 71 | #[derive(Debug, PartialEq, Eq)]
[INFO] [stdout]    |                            -- in this derive macro expansion
[INFO] [stdout] ...
[INFO] [stdout] 75 |     SameFn(ExprPath),
[INFO] [stdout]    |            ^^^^^^^^ the trait `std::cmp::Eq` is not implemented for `ExprPath`
[INFO] [stdout]    |
[INFO] [stdout] note: required by a bound in `AssertParamIsEq`
[INFO] [stdout]   --> /rustc/84c898d65adf2f39a5a98507f1fe0ce10a2b8dbc/library/core/src/cmp.rs:315:1
[INFO] [stdout]    = note: this error originates in the derive macro `Eq` (in Nightly builds, run with -Z macro-backtrace for more info)
[INFO] [stdout] 
[INFO] [stdout] 
[INFO] [stdout] error: aborting due to 4 previous errors
[INFO] [stdout] 
[INFO] [stdout] 
[INFO] [stdout] Some errors have detailed explanations: E0277, E0369.
[INFO] [stdout] 
[INFO] [stdout] For more information about an error, try `rustc --explain E0277`.
[INFO] [stdout] 
[INFO] [stderr] error: could not compile `druid-derive` due to 5 previous errors
[INFO] running `Command { std: "docker" "inspect" "b47878d4e50eb21b9bf52bd41f2ee1466f8907655ac00b6c17246103fb4da508", kill_on_drop: false }`
[INFO] running `Command { std: "docker" "rm" "-f" "b47878d4e50eb21b9bf52bd41f2ee1466f8907655ac00b6c17246103fb4da508", kill_on_drop: false }`
[INFO] [stdout] b47878d4e50eb21b9bf52bd41f2ee1466f8907655ac00b6c17246103fb4da508
