[INFO] fetching crate drone-test 0.1.2...
[INFO] testing drone-test-0.1.2 against 1.69.0 for beta-1.70-1
[INFO] extracting crate drone-test 0.1.2 into /workspace/builds/worker-3-tc1/source
[INFO] validating manifest of crates.io crate drone-test 0.1.2 on toolchain 1.69.0
[INFO] running `Command { std: CARGO_HOME="/workspace/cargo-home" RUSTUP_HOME="/workspace/rustup-home" "/workspace/cargo-home/bin/cargo" "+1.69.0" "metadata" "--manifest-path" "Cargo.toml" "--no-deps", kill_on_drop: false }`
[INFO] started tweaking crates.io crate drone-test 0.1.2
[INFO] finished tweaking crates.io crate drone-test 0.1.2
[INFO] tweaked toml for crates.io crate drone-test 0.1.2 written to /workspace/builds/worker-3-tc1/source/Cargo.toml
[INFO] running `Command { std: CARGO_HOME="/workspace/cargo-home" RUSTUP_HOME="/workspace/rustup-home" __CARGO_TEST_CHANNEL_OVERRIDE_DO_NOT_USE_THIS="nightly" "/workspace/cargo-home/bin/cargo" "+1.69.0" "generate-lockfile" "--manifest-path" "Cargo.toml" "-Zno-index-update", kill_on_drop: false }`
[INFO] running `Command { std: CARGO_HOME="/workspace/cargo-home" RUSTUP_HOME="/workspace/rustup-home" "/workspace/cargo-home/bin/cargo" "+1.69.0" "fetch" "--manifest-path" "Cargo.toml", kill_on_drop: false }`
[INFO] [stderr]  Downloading crates ...
[INFO] [stderr]   Downloaded sc v0.2.7
[INFO] [stderr]   Downloaded clippy v0.0.302
[INFO] running `Command { std: "docker" "create" "-v" "/var/lib/crater-agent-workspace/builds/worker-3-tc1/target:/opt/rustwide/target:rw,Z" "-v" "/var/lib/crater-agent-workspace/builds/worker-3-tc1/source:/opt/rustwide/workdir:ro,Z" "-v" "/var/lib/crater-agent-workspace/cargo-home:/opt/rustwide/cargo-home:ro,Z" "-v" "/var/lib/crater-agent-workspace/rustup-home:/opt/rustwide/rustup-home:ro,Z" "-e" "SOURCE_DIR=/opt/rustwide/workdir" "-e" "CARGO_TARGET_DIR=/opt/rustwide/target" "-e" "CARGO_HOME=/opt/rustwide/cargo-home" "-e" "RUSTUP_HOME=/opt/rustwide/rustup-home" "-w" "/opt/rustwide/workdir" "-m" "1610612736" "--user" "0:0" "--network" "none" "ghcr.io/rust-lang/crates-build-env/linux@sha256:5ff2268d62e97bff2cde7d5815dd6ed5b47097566f13b8d0ca110b04b60e07ed" "/opt/rustwide/cargo-home/bin/cargo" "+1.69.0" "metadata" "--no-deps" "--format-version=1", kill_on_drop: false }`
[INFO] [stdout] 839451fe05b488567e177aaa9d436598d351c3ec21845cf43a12926c044aac9f
[INFO] running `Command { std: "docker" "start" "-a" "839451fe05b488567e177aaa9d436598d351c3ec21845cf43a12926c044aac9f", kill_on_drop: false }`
[INFO] running `Command { std: "docker" "inspect" "839451fe05b488567e177aaa9d436598d351c3ec21845cf43a12926c044aac9f", kill_on_drop: false }`
[INFO] running `Command { std: "docker" "rm" "-f" "839451fe05b488567e177aaa9d436598d351c3ec21845cf43a12926c044aac9f", kill_on_drop: false }`
[INFO] [stdout] 839451fe05b488567e177aaa9d436598d351c3ec21845cf43a12926c044aac9f
[INFO] running `Command { std: "docker" "create" "-v" "/var/lib/crater-agent-workspace/builds/worker-3-tc1/target:/opt/rustwide/target:rw,Z" "-v" "/var/lib/crater-agent-workspace/builds/worker-3-tc1/source:/opt/rustwide/workdir:ro,Z" "-v" "/var/lib/crater-agent-workspace/cargo-home:/opt/rustwide/cargo-home:ro,Z" "-v" "/var/lib/crater-agent-workspace/rustup-home:/opt/rustwide/rustup-home:ro,Z" "-e" "SOURCE_DIR=/opt/rustwide/workdir" "-e" "CARGO_TARGET_DIR=/opt/rustwide/target" "-e" "CARGO_INCREMENTAL=0" "-e" "RUST_BACKTRACE=full" "-e" "RUSTFLAGS=--cap-lints=warn" "-e" "RUSTDOCFLAGS=--cap-lints=warn" "-e" "CARGO_HOME=/opt/rustwide/cargo-home" "-e" "RUSTUP_HOME=/opt/rustwide/rustup-home" "-w" "/opt/rustwide/workdir" "-m" "1610612736" "--user" "0:0" "--network" "none" "ghcr.io/rust-lang/crates-build-env/linux@sha256:5ff2268d62e97bff2cde7d5815dd6ed5b47097566f13b8d0ca110b04b60e07ed" "/opt/rustwide/cargo-home/bin/cargo" "+1.69.0" "build" "--frozen" "--message-format=json", kill_on_drop: false }`
[INFO] [stdout] 6e7f613765eb932c22cf9f87f3743192610d07bdeba6597367a8ef1940057585
[INFO] running `Command { std: "docker" "start" "-a" "6e7f613765eb932c22cf9f87f3743192610d07bdeba6597367a8ef1940057585", kill_on_drop: false }`
[INFO] [stderr]    Compiling sc v0.2.7
[INFO] [stderr]    Compiling drone-test v0.1.2 (/opt/rustwide/workdir)
[INFO] [stdout] error[E0554]: `#![feature]` may not be used on the stable release channel
[INFO] [stdout]  --> src/lib.rs:3:1
[INFO] [stdout]   |
[INFO] [stdout] 3 | #![feature(core_intrinsics)]
[INFO] [stdout]   | ^^^^^^^^^^^^^^^^^^^^^^^^^^^^
[INFO] [stdout] 
[INFO] [stdout] 
[INFO] [stdout] error[E0554]: `#![feature]` may not be used on the stable release channel
[INFO] [stdout]  --> src/lib.rs:4:1
[INFO] [stdout]   |
[INFO] [stdout] 4 | #![feature(lang_items)]
[INFO] [stdout]   | ^^^^^^^^^^^^^^^^^^^^^^^
[INFO] [stdout] 
[INFO] [stdout] 
[INFO] [stdout] error[E0554]: `#![feature]` may not be used on the stable release channel
[INFO] [stdout]  --> src/lib.rs:3:12
[INFO] [stdout]   |
[INFO] [stdout] 3 | #![feature(core_intrinsics)]
[INFO] [stdout]   |            ^^^^^^^^^^^^^^^
[INFO] [stdout] 
[INFO] [stdout] 
[INFO] [stdout] error[E0718]: `start` language item must be applied to a function with 1 generic argument
[INFO] [stdout]    --> src/lib.rs:122:1
[INFO] [stdout]     |
[INFO] [stdout] 122 | #[lang = "start"]
[INFO] [stdout]     | ^^^^^^^^^^^^^^^^^
[INFO] [stdout] 123 | extern "C" fn start(
[INFO] [stdout]     |                    - this function has 0 generic arguments
[INFO] [stdout] 
[INFO] [stdout] 
[INFO] [stdout] error: aborting due to 4 previous errors
[INFO] [stdout] 
[INFO] [stdout] 
[INFO] [stdout] Some errors have detailed explanations: E0554, E0718.
[INFO] [stdout] 
[INFO] [stdout] For more information about an error, try `rustc --explain E0554`.
[INFO] [stdout] 
[INFO] [stderr] error: could not compile `drone-test` due to 5 previous errors
[INFO] running `Command { std: "docker" "inspect" "6e7f613765eb932c22cf9f87f3743192610d07bdeba6597367a8ef1940057585", kill_on_drop: false }`
[INFO] running `Command { std: "docker" "rm" "-f" "6e7f613765eb932c22cf9f87f3743192610d07bdeba6597367a8ef1940057585", kill_on_drop: false }`
[INFO] [stdout] 6e7f613765eb932c22cf9f87f3743192610d07bdeba6597367a8ef1940057585
