[INFO] fetching crate drogue-rak811 0.4.0...
[INFO] testing drogue-rak811-0.4.0 against 1.69.0 for beta-1.70-1
[INFO] extracting crate drogue-rak811 0.4.0 into /workspace/builds/worker-7-tc1/source
[INFO] validating manifest of crates.io crate drogue-rak811 0.4.0 on toolchain 1.69.0
[INFO] running `Command { std: CARGO_HOME="/workspace/cargo-home" RUSTUP_HOME="/workspace/rustup-home" "/workspace/cargo-home/bin/cargo" "+1.69.0" "metadata" "--manifest-path" "Cargo.toml" "--no-deps", kill_on_drop: false }`
[INFO] started tweaking crates.io crate drogue-rak811 0.4.0
[INFO] finished tweaking crates.io crate drogue-rak811 0.4.0
[INFO] tweaked toml for crates.io crate drogue-rak811 0.4.0 written to /workspace/builds/worker-7-tc1/source/Cargo.toml
[INFO] running `Command { std: CARGO_HOME="/workspace/cargo-home" RUSTUP_HOME="/workspace/rustup-home" __CARGO_TEST_CHANNEL_OVERRIDE_DO_NOT_USE_THIS="nightly" "/workspace/cargo-home/bin/cargo" "+1.69.0" "generate-lockfile" "--manifest-path" "Cargo.toml" "-Zno-index-update", kill_on_drop: false }`
[INFO] running `Command { std: CARGO_HOME="/workspace/cargo-home" RUSTUP_HOME="/workspace/rustup-home" "/workspace/cargo-home/bin/cargo" "+1.69.0" "fetch" "--manifest-path" "Cargo.toml", kill_on_drop: false }`
[INFO] [stderr]  Downloading crates ...
[INFO] [stderr]   Downloaded as-slice v0.1.5
[INFO] [stderr]   Downloaded hash32 v0.1.1
[INFO] [stderr]   Downloaded moveslice v2.0.1
[INFO] [stderr]   Downloaded generic-array v0.13.3
[INFO] [stderr]   Downloaded heapless v0.5.6
[INFO] running `Command { std: "docker" "create" "-v" "/var/lib/crater-agent-workspace/builds/worker-7-tc1/target:/opt/rustwide/target:rw,Z" "-v" "/var/lib/crater-agent-workspace/builds/worker-7-tc1/source:/opt/rustwide/workdir:ro,Z" "-v" "/var/lib/crater-agent-workspace/cargo-home:/opt/rustwide/cargo-home:ro,Z" "-v" "/var/lib/crater-agent-workspace/rustup-home:/opt/rustwide/rustup-home:ro,Z" "-e" "SOURCE_DIR=/opt/rustwide/workdir" "-e" "CARGO_TARGET_DIR=/opt/rustwide/target" "-e" "CARGO_HOME=/opt/rustwide/cargo-home" "-e" "RUSTUP_HOME=/opt/rustwide/rustup-home" "-w" "/opt/rustwide/workdir" "-m" "1610612736" "--user" "0:0" "--network" "none" "ghcr.io/rust-lang/crates-build-env/linux@sha256:5ff2268d62e97bff2cde7d5815dd6ed5b47097566f13b8d0ca110b04b60e07ed" "/opt/rustwide/cargo-home/bin/cargo" "+1.69.0" "metadata" "--no-deps" "--format-version=1", kill_on_drop: false }`
[INFO] [stdout] 38841fd51f94352ed73fab2d9405d152d500dbd6905df1197e115bc3c4d85f44
[INFO] running `Command { std: "docker" "start" "-a" "38841fd51f94352ed73fab2d9405d152d500dbd6905df1197e115bc3c4d85f44", kill_on_drop: false }`
[INFO] running `Command { std: "docker" "inspect" "38841fd51f94352ed73fab2d9405d152d500dbd6905df1197e115bc3c4d85f44", kill_on_drop: false }`
[INFO] running `Command { std: "docker" "rm" "-f" "38841fd51f94352ed73fab2d9405d152d500dbd6905df1197e115bc3c4d85f44", kill_on_drop: false }`
[INFO] [stdout] 38841fd51f94352ed73fab2d9405d152d500dbd6905df1197e115bc3c4d85f44
[INFO] running `Command { std: "docker" "create" "-v" "/var/lib/crater-agent-workspace/builds/worker-7-tc1/target:/opt/rustwide/target:rw,Z" "-v" "/var/lib/crater-agent-workspace/builds/worker-7-tc1/source:/opt/rustwide/workdir:ro,Z" "-v" "/var/lib/crater-agent-workspace/cargo-home:/opt/rustwide/cargo-home:ro,Z" "-v" "/var/lib/crater-agent-workspace/rustup-home:/opt/rustwide/rustup-home:ro,Z" "-e" "SOURCE_DIR=/opt/rustwide/workdir" "-e" "CARGO_TARGET_DIR=/opt/rustwide/target" "-e" "CARGO_INCREMENTAL=0" "-e" "RUST_BACKTRACE=full" "-e" "RUSTFLAGS=--cap-lints=warn" "-e" "RUSTDOCFLAGS=--cap-lints=warn" "-e" "CARGO_HOME=/opt/rustwide/cargo-home" "-e" "RUSTUP_HOME=/opt/rustwide/rustup-home" "-w" "/opt/rustwide/workdir" "-m" "1610612736" "--user" "0:0" "--network" "none" "ghcr.io/rust-lang/crates-build-env/linux@sha256:5ff2268d62e97bff2cde7d5815dd6ed5b47097566f13b8d0ca110b04b60e07ed" "/opt/rustwide/cargo-home/bin/cargo" "+1.69.0" "build" "--frozen" "--message-format=json", kill_on_drop: false }`
[INFO] [stdout] 1eea65997a2a7347273dda87ad68355c2f283c6b5473019806c49405e73cc251
[INFO] running `Command { std: "docker" "start" "-a" "1eea65997a2a7347273dda87ad68355c2f283c6b5473019806c49405e73cc251", kill_on_drop: false }`
[INFO] [stderr]    Compiling memchr v2.5.0
[INFO] [stderr]    Compiling nom v5.1.3
[INFO] [stderr]    Compiling heapless v0.5.6
[INFO] [stderr]    Compiling stable_deref_trait v1.2.0
[INFO] [stderr]    Compiling generic-array v0.14.7
[INFO] [stderr]    Compiling nb v1.1.0
[INFO] [stderr]    Compiling byteorder v1.4.3
[INFO] [stderr]    Compiling generic-array v0.12.4
[INFO] [stderr]    Compiling generic-array v0.13.3
[INFO] [stderr]    Compiling nb v0.1.3
[INFO] [stderr]    Compiling hash32 v0.1.1
[INFO] [stderr]    Compiling log v0.4.17
[INFO] [stderr]    Compiling void v1.0.2
[INFO] [stderr]    Compiling moveslice v2.0.1
[INFO] [stderr]    Compiling embedded-hal v0.2.7
[INFO] [stderr]    Compiling as-slice v0.1.5
[INFO] [stderr]    Compiling drogue-rak811 v0.4.0 (/opt/rustwide/workdir)
[INFO] [stdout] warning: unused variable: `major`
[INFO] [stdout]   --> src/parser.rs:80:9
[INFO] [stdout]    |
[INFO] [stdout] 80 |         major: parse_u8 >>
[INFO] [stdout]    |         ^^^^^ help: if this is intentional, prefix it with an underscore: `_major`
[INFO] [stdout]    |
[INFO] [stdout]    = note: `#[warn(unused_variables)]` on by default
[INFO] [stdout] 
[INFO] [stdout] 
[INFO] [stdout] warning: unused variable: `minor`
[INFO] [stdout]   --> src/parser.rs:82:9
[INFO] [stdout]    |
[INFO] [stdout] 82 |         minor: parse_u8 >>
[INFO] [stdout]    |         ^^^^^ help: if this is intentional, prefix it with an underscore: `_minor`
[INFO] [stdout] 
[INFO] [stdout] 
[INFO] [stdout] warning: unused variable: `patch`
[INFO] [stdout]   --> src/parser.rs:84:9
[INFO] [stdout]    |
[INFO] [stdout] 84 |         patch: parse_u8 >>
[INFO] [stdout]    |         ^^^^^ help: if this is intentional, prefix it with an underscore: `_patch`
[INFO] [stdout] 
[INFO] [stdout] 
[INFO] [stdout] warning: unused variable: `region`
[INFO] [stdout]   --> src/parser.rs:86:9
[INFO] [stdout]    |
[INFO] [stdout] 86 |         region: lora_region >>
[INFO] [stdout]    |         ^^^^^^ help: if this is intentional, prefix it with an underscore: `_region`
[INFO] [stdout] 
[INFO] [stdout] 
[INFO] [stdout] warning: 4 warnings emitted
[INFO] [stdout] 
[INFO] [stdout] 
[INFO] [stderr]     Finished dev [unoptimized + debuginfo] target(s) in 5.97s
[INFO] running `Command { std: "docker" "inspect" "1eea65997a2a7347273dda87ad68355c2f283c6b5473019806c49405e73cc251", kill_on_drop: false }`
[INFO] running `Command { std: "docker" "rm" "-f" "1eea65997a2a7347273dda87ad68355c2f283c6b5473019806c49405e73cc251", kill_on_drop: false }`
[INFO] [stdout] 1eea65997a2a7347273dda87ad68355c2f283c6b5473019806c49405e73cc251
[INFO] running `Command { std: "docker" "create" "-v" "/var/lib/crater-agent-workspace/builds/worker-7-tc1/target:/opt/rustwide/target:rw,Z" "-v" "/var/lib/crater-agent-workspace/builds/worker-7-tc1/source:/opt/rustwide/workdir:ro,Z" "-v" "/var/lib/crater-agent-workspace/cargo-home:/opt/rustwide/cargo-home:ro,Z" "-v" "/var/lib/crater-agent-workspace/rustup-home:/opt/rustwide/rustup-home:ro,Z" "-e" "SOURCE_DIR=/opt/rustwide/workdir" "-e" "CARGO_TARGET_DIR=/opt/rustwide/target" "-e" "CARGO_INCREMENTAL=0" "-e" "RUST_BACKTRACE=full" "-e" "RUSTFLAGS=--cap-lints=warn" "-e" "RUSTDOCFLAGS=--cap-lints=warn" "-e" "CARGO_HOME=/opt/rustwide/cargo-home" "-e" "RUSTUP_HOME=/opt/rustwide/rustup-home" "-w" "/opt/rustwide/workdir" "-m" "1610612736" "--user" "0:0" "--network" "none" "ghcr.io/rust-lang/crates-build-env/linux@sha256:5ff2268d62e97bff2cde7d5815dd6ed5b47097566f13b8d0ca110b04b60e07ed" "/opt/rustwide/cargo-home/bin/cargo" "+1.69.0" "test" "--frozen" "--no-run" "--message-format=json", kill_on_drop: false }`
[INFO] [stdout] 94b61a6b8784ad263f409d1f380366a9b8eafe20e043e416a9b58e20d2c4f05c
[INFO] running `Command { std: "docker" "start" "-a" "94b61a6b8784ad263f409d1f380366a9b8eafe20e043e416a9b58e20d2c4f05c", kill_on_drop: false }`
[INFO] [stderr]    Compiling drogue-rak811 v0.4.0 (/opt/rustwide/workdir)
[INFO] [stdout] warning: unused variable: `major`
[INFO] [stdout]   --> src/parser.rs:80:9
[INFO] [stdout]    |
[INFO] [stdout] 80 |         major: parse_u8 >>
[INFO] [stdout]    |         ^^^^^ help: if this is intentional, prefix it with an underscore: `_major`
[INFO] [stdout]    |
[INFO] [stdout]    = note: `#[warn(unused_variables)]` on by default
[INFO] [stdout] 
[INFO] [stdout] 
[INFO] [stdout] warning: unused variable: `minor`
[INFO] [stdout]   --> src/parser.rs:82:9
[INFO] [stdout]    |
[INFO] [stdout] 82 |         minor: parse_u8 >>
[INFO] [stdout]    |         ^^^^^ help: if this is intentional, prefix it with an underscore: `_minor`
[INFO] [stdout] 
[INFO] [stdout] 
[INFO] [stdout] warning: unused variable: `patch`
[INFO] [stdout]   --> src/parser.rs:84:9
[INFO] [stdout]    |
[INFO] [stdout] 84 |         patch: parse_u8 >>
[INFO] [stdout]    |         ^^^^^ help: if this is intentional, prefix it with an underscore: `_patch`
[INFO] [stdout] 
[INFO] [stdout] 
[INFO] [stdout] warning: unused variable: `region`
[INFO] [stdout]   --> src/parser.rs:86:9
[INFO] [stdout]    |
[INFO] [stdout] 86 |         region: lora_region >>
[INFO] [stdout]    |         ^^^^^^ help: if this is intentional, prefix it with an underscore: `_region`
[INFO] [stdout] 
[INFO] [stdout] 
[INFO] [stdout] warning: 4 warnings emitted
[INFO] [stdout] 
[INFO] [stdout] 
[INFO] [stdout] warning: unused variable: `major`
[INFO] [stdout]   --> src/parser.rs:80:9
[INFO] [stdout]    |
[INFO] [stdout] 80 |         major: parse_u8 >>
[INFO] [stdout]    |         ^^^^^ help: if this is intentional, prefix it with an underscore: `_major`
[INFO] [stdout]    |
[INFO] [stdout]    = note: `#[warn(unused_variables)]` on by default
[INFO] [stdout] 
[INFO] [stdout] 
[INFO] [stdout] warning: unused variable: `minor`
[INFO] [stdout]   --> src/parser.rs:82:9
[INFO] [stdout]    |
[INFO] [stdout] 82 |         minor: parse_u8 >>
[INFO] [stdout]    |         ^^^^^ help: if this is intentional, prefix it with an underscore: `_minor`
[INFO] [stdout] 
[INFO] [stdout] 
[INFO] [stdout] warning: unused variable: `patch`
[INFO] [stdout]   --> src/parser.rs:84:9
[INFO] [stdout]    |
[INFO] [stdout] 84 |         patch: parse_u8 >>
[INFO] [stdout]    |         ^^^^^ help: if this is intentional, prefix it with an underscore: `_patch`
[INFO] [stdout] 
[INFO] [stdout] 
[INFO] [stdout] warning: unused variable: `region`
[INFO] [stdout]   --> src/parser.rs:86:9
[INFO] [stdout]    |
[INFO] [stdout] 86 |         region: lora_region >>
[INFO] [stdout]    |         ^^^^^^ help: if this is intentional, prefix it with an underscore: `_region`
[INFO] [stdout] 
[INFO] [stdout] 
[INFO] [stdout] warning: 4 warnings emitted
[INFO] [stdout] 
[INFO] [stdout] 
[INFO] [stderr]     Finished test [unoptimized + debuginfo] target(s) in 0.79s
[INFO] running `Command { std: "docker" "inspect" "94b61a6b8784ad263f409d1f380366a9b8eafe20e043e416a9b58e20d2c4f05c", kill_on_drop: false }`
[INFO] running `Command { std: "docker" "rm" "-f" "94b61a6b8784ad263f409d1f380366a9b8eafe20e043e416a9b58e20d2c4f05c", kill_on_drop: false }`
[INFO] [stdout] 94b61a6b8784ad263f409d1f380366a9b8eafe20e043e416a9b58e20d2c4f05c
[INFO] running `Command { std: "docker" "create" "-v" "/var/lib/crater-agent-workspace/builds/worker-7-tc1/target:/opt/rustwide/target:rw,Z" "-v" "/var/lib/crater-agent-workspace/builds/worker-7-tc1/source:/opt/rustwide/workdir:ro,Z" "-v" "/var/lib/crater-agent-workspace/cargo-home:/opt/rustwide/cargo-home:ro,Z" "-v" "/var/lib/crater-agent-workspace/rustup-home:/opt/rustwide/rustup-home:ro,Z" "-e" "SOURCE_DIR=/opt/rustwide/workdir" "-e" "CARGO_TARGET_DIR=/opt/rustwide/target" "-e" "CARGO_INCREMENTAL=0" "-e" "RUST_BACKTRACE=full" "-e" "RUSTFLAGS=--cap-lints=warn" "-e" "RUSTDOCFLAGS=--cap-lints=warn" "-e" "CARGO_HOME=/opt/rustwide/cargo-home" "-e" "RUSTUP_HOME=/opt/rustwide/rustup-home" "-w" "/opt/rustwide/workdir" "-m" "1610612736" "--user" "0:0" "--network" "none" "ghcr.io/rust-lang/crates-build-env/linux@sha256:5ff2268d62e97bff2cde7d5815dd6ed5b47097566f13b8d0ca110b04b60e07ed" "/opt/rustwide/cargo-home/bin/cargo" "+1.69.0" "test" "--frozen", kill_on_drop: false }`
[INFO] [stdout] fd957bb5b7d7447361720cc0ca3ba15f90c189c83ff9039f9b6a65929fa42152
[INFO] running `Command { std: "docker" "start" "-a" "fd957bb5b7d7447361720cc0ca3ba15f90c189c83ff9039f9b6a65929fa42152", kill_on_drop: false }`
[INFO] [stderr]     Blocking waiting for file lock on package cache
[INFO] [stderr] warning: unused variable: `major`
[INFO] [stderr]   --> src/parser.rs:80:9
[INFO] [stderr]    |
[INFO] [stderr] 80 |         major: parse_u8 >>
[INFO] [stderr]    |         ^^^^^ help: if this is intentional, prefix it with an underscore: `_major`
[INFO] [stderr]    |
[INFO] [stderr]    = note: `#[warn(unused_variables)]` on by default
[INFO] [stderr] 
[INFO] [stderr] warning: unused variable: `minor`
[INFO] [stderr]   --> src/parser.rs:82:9
[INFO] [stderr]    |
[INFO] [stderr] 82 |         minor: parse_u8 >>
[INFO] [stderr]    |         ^^^^^ help: if this is intentional, prefix it with an underscore: `_minor`
[INFO] [stderr] 
[INFO] [stderr] warning: unused variable: `patch`
[INFO] [stderr]   --> src/parser.rs:84:9
[INFO] [stderr]    |
[INFO] [stderr] 84 |         patch: parse_u8 >>
[INFO] [stderr]    |         ^^^^^ help: if this is intentional, prefix it with an underscore: `_patch`
[INFO] [stderr] 
[INFO] [stderr] warning: unused variable: `region`
[INFO] [stderr]   --> src/parser.rs:86:9
[INFO] [stderr]    |
[INFO] [stderr] 86 |         region: lora_region >>
[INFO] [stderr]    |         ^^^^^^ help: if this is intentional, prefix it with an underscore: `_region`
[INFO] [stderr] 
[INFO] [stderr] warning: `drogue-rak811` (lib) generated 4 warnings (run `cargo fix --lib -p drogue-rak811` to apply 4 suggestions)
[INFO] [stderr] warning: `drogue-rak811` (lib test) generated 4 warnings (4 duplicates)
[INFO] [stderr]     Finished test [unoptimized + debuginfo] target(s) in 0.30s
[INFO] [stderr]      Running unittests src/lib.rs (/opt/rustwide/target/debug/deps/drogue_rak811-7b42ba3575712b6b)
[INFO] [stdout] 
[INFO] [stdout] running 3 tests
[INFO] [stdout] test tests::it_works ... ok
[INFO] [stdout] test parser::tests::it_works ... ok
[INFO] [stderr]    Doc-tests drogue-rak811
[INFO] [stdout] test protocol::tests::it_works ... ok
[INFO] [stdout] 
[INFO] [stdout] test result: ok. 3 passed; 0 failed; 0 ignored; 0 measured; 0 filtered out; finished in 0.01s
[INFO] [stdout] 
[INFO] [stdout] 
[INFO] [stdout] running 4 tests
[INFO] [stdout] test src/lib.rs - (line 31) ... FAILED
[INFO] [stdout] test src/lib.rs - (line 10) ... FAILED
[INFO] [stdout] test src/lib.rs - (line 42) ... FAILED
[INFO] [stdout] test src/lib.rs - (line 52) ... FAILED
[INFO] [stdout] 
[INFO] [stdout] failures:
[INFO] [stdout] 
[INFO] [stdout] ---- src/lib.rs - (line 31) stdout ----
[INFO] [stdout] error[E0433]: failed to resolve: use of undeclared crate or module `rak811`
[INFO] [stdout]  --> src/lib.rs:32:17
[INFO] [stdout]   |
[INFO] [stdout] 3 | driver.set_band(rak811::LoraRegion::EU868).unwrap();
[INFO] [stdout]   |                 ^^^^^^ use of undeclared crate or module `rak811`
[INFO] [stdout] 
[INFO] [stdout] error[E0433]: failed to resolve: use of undeclared crate or module `rak811`
[INFO] [stdout]  --> src/lib.rs:33:17
[INFO] [stdout]   |
[INFO] [stdout] 4 | driver.set_mode(rak811::LoraMode::WAN).unwrap();
[INFO] [stdout]   |                 ^^^^^^ use of undeclared crate or module `rak811`
[INFO] [stdout] 
[INFO] [stdout] error[E0425]: cannot find value `driver` in this scope
[INFO] [stdout]  --> src/lib.rs:32:1
[INFO] [stdout]   |
[INFO] [stdout] 3 | driver.set_band(rak811::LoraRegion::EU868).unwrap();
[INFO] [stdout]   | ^^^^^^ not found in this scope
[INFO] [stdout] 
[INFO] [stdout] error[E0425]: cannot find value `driver` in this scope
[INFO] [stdout]  --> src/lib.rs:33:1
[INFO] [stdout]   |
[INFO] [stdout] 4 | driver.set_mode(rak811::LoraMode::WAN).unwrap();
[INFO] [stdout]   | ^^^^^^ not found in this scope
[INFO] [stdout] 
[INFO] [stdout] error: aborting due to 4 previous errors
[INFO] [stdout] 
[INFO] [stdout] Some errors have detailed explanations: E0425, E0433.
[INFO] [stdout] For more information about an error, try `rustc --explain E0425`.
[INFO] [stdout] Couldn't compile the test.
[INFO] [stdout] ---- src/lib.rs - (line 10) stdout ----
[INFO] [stdout] error[E0433]: failed to resolve: use of undeclared type `Level`
[INFO] [stdout]   --> src/lib.rs:19:39
[INFO] [stdout]    |
[INFO] [stdout] 11 |     port1.p1_02.into_push_pull_output(Level::High).degrade(),
[INFO] [stdout]    |                                       ^^^^^ use of undeclared type `Level`
[INFO] [stdout] 
[INFO] [stdout] error[E0425]: cannot find value `uarte` in this scope
[INFO] [stdout]  --> src/lib.rs:11:28
[INFO] [stdout]   |
[INFO] [stdout] 3 | let (uarte_tx, uarte_rx) = uarte
[INFO] [stdout]   |                            ^^^^^ not found in this scope
[INFO] [stdout] 
[INFO] [stdout] error[E0425]: cannot find value `ctx` in this scope
[INFO] [stdout]  --> src/lib.rs:12:12
[INFO] [stdout]   |
[INFO] [stdout] 4 |     .split(ctx.resources.tx_buf, ctx.resources.rx_buf)
[INFO] [stdout]   |            ^^^ not found in this scope
[INFO] [stdout] 
[INFO] [stdout] error[E0425]: cannot find value `ctx` in this scope
[INFO] [stdout]  --> src/lib.rs:12:34
[INFO] [stdout]   |
[INFO] [stdout] 4 |     .split(ctx.resources.tx_buf, ctx.resources.rx_buf)
[INFO] [stdout]   |                                  ^^^ not found in this scope
[INFO] [stdout] 
[INFO] [stdout] error[E0433]: failed to resolve: use of undeclared crate or module `rak811`
[INFO] [stdout]  --> src/lib.rs:16:14
[INFO] [stdout]   |
[INFO] [stdout] 8 | let driver = rak811::Rak811Driver::new(
[INFO] [stdout]   |              ^^^^^^ use of undeclared crate or module `rak811`
[INFO] [stdout]   |
[INFO] [stdout] help: consider importing this struct
[INFO] [stdout]   |
[INFO] [stdout] 2 | use drogue_rak811::Rak811Driver;
[INFO] [stdout]   |
[INFO] [stdout] help: if you import `Rak811Driver`, refer to it directly
[INFO] [stdout]   |
[INFO] [stdout] 8 - let driver = rak811::Rak811Driver::new(
[INFO] [stdout] 8 + let driver = Rak811Driver::new(
[INFO] [stdout]   |
[INFO] [stdout] 
[INFO] [stdout] error[E0425]: cannot find value `port1` in this scope
[INFO] [stdout]   --> src/lib.rs:19:5
[INFO] [stdout]    |
[INFO] [stdout] 11 |     port1.p1_02.into_push_pull_output(Level::High).degrade(),
[INFO] [stdout]    |     ^^^^^ not found in this scope
[INFO] [stdout] 
[INFO] [stdout] error: aborting due to 6 previous errors
[INFO] [stdout] 
[INFO] [stdout] Some errors have detailed explanations: E0425, E0433.
[INFO] [stdout] For more information about an error, try `rustc --explain E0425`.
[INFO] [stdout] Couldn't compile the test.
[INFO] [stdout] ---- src/lib.rs - (line 42) stdout ----
[INFO] [stdout] error: expected `;`, found `driver`
[INFO] [stdout]  --> src/lib.rs:44:70
[INFO] [stdout]   |
[INFO] [stdout] 4 | driver.set_app_eui(&[0x70, 0xB3, 0xD5, 0x7E, 0xD0, 0x03, 0xB1, 0x84])
[INFO] [stdout]   |                                                                      ^ help: add `;` here
[INFO] [stdout] ...
[INFO] [stdout] 7 | driver .set_app_key(&[0x00]).unwrap();
[INFO] [stdout]   | ------ unexpected token
[INFO] [stdout] 
[INFO] [stdout] error[E0425]: cannot find value `driver` in this scope
[INFO] [stdout]  --> src/lib.rs:43:1
[INFO] [stdout]   |
[INFO] [stdout] 3 | driver.set_device_eui(&[0x00, 0xBB, 0x7C, 0x95, 0xAD, 0xB5, 0x30, 0xB9]).unwrap();
[INFO] [stdout]   | ^^^^^^ not found in this scope
[INFO] [stdout] 
[INFO] [stdout] error[E0425]: cannot find value `driver` in this scope
[INFO] [stdout]  --> src/lib.rs:47:1
[INFO] [stdout]   |
[INFO] [stdout] 7 | driver .set_app_key(&[0x00]).unwrap();
[INFO] [stdout]   | ^^^^^^ not found in this scope
[INFO] [stdout] 
[INFO] [stdout] error: aborting due to 3 previous errors
[INFO] [stdout] 
[INFO] [stdout] For more information about this error, try `rustc --explain E0425`.
[INFO] [stdout] Couldn't compile the test.
[INFO] [stdout] ---- src/lib.rs - (line 52) stdout ----
[INFO] [stdout] error[E0433]: failed to resolve: use of undeclared crate or module `rak811`
[INFO] [stdout]  --> src/lib.rs:53:13
[INFO] [stdout]   |
[INFO] [stdout] 3 | driver.join(rak811::ConnectMode::OTAA).unwrap();
[INFO] [stdout]   |             ^^^^^^ use of undeclared crate or module `rak811`
[INFO] [stdout] 
[INFO] [stdout] error[E0433]: failed to resolve: use of undeclared crate or module `rak811`
[INFO] [stdout]  --> src/lib.rs:56:13
[INFO] [stdout]   |
[INFO] [stdout] 6 | driver.send(rak811::QoS::Confirmed, 1, b"hello!").unwrap();
[INFO] [stdout]   |             ^^^^^^ use of undeclared crate or module `rak811`
[INFO] [stdout] 
[INFO] [stdout] error[E0425]: cannot find value `driver` in this scope
[INFO] [stdout]  --> src/lib.rs:53:1
[INFO] [stdout]   |
[INFO] [stdout] 3 | driver.join(rak811::ConnectMode::OTAA).unwrap();
[INFO] [stdout]   | ^^^^^^ not found in this scope
[INFO] [stdout] 
[INFO] [stdout] error[E0425]: cannot find value `driver` in this scope
[INFO] [stdout]  --> src/lib.rs:56:1
[INFO] [stdout]   |
[INFO] [stdout] 6 | driver.send(rak811::QoS::Confirmed, 1, b"hello!").unwrap();
[INFO] [stdout]   | ^^^^^^ not found in this scope
[INFO] [stdout] 
[INFO] [stdout] error: aborting due to 4 previous errors
[INFO] [stdout] 
[INFO] [stdout] Some errors have detailed explanations: E0425, E0433.
[INFO] [stdout] For more information about an error, try `rustc --explain E0425`.
[INFO] [stdout] Couldn't compile the test.
[INFO] [stdout] 
[INFO] [stdout] failures:
[INFO] [stdout]     src/lib.rs - (line 10)
[INFO] [stdout]     src/lib.rs - (line 31)
[INFO] [stdout]     src/lib.rs - (line 42)
[INFO] [stdout]     src/lib.rs - (line 52)
[INFO] [stdout] 
[INFO] [stdout] test result: FAILED. 0 passed; 4 failed; 0 ignored; 0 measured; 0 filtered out; finished in 0.17s
[INFO] [stdout] 
[INFO] [stderr] error: doctest failed, to rerun pass `--doc`
[INFO] running `Command { std: "docker" "inspect" "fd957bb5b7d7447361720cc0ca3ba15f90c189c83ff9039f9b6a65929fa42152", kill_on_drop: false }`
[INFO] running `Command { std: "docker" "rm" "-f" "fd957bb5b7d7447361720cc0ca3ba15f90c189c83ff9039f9b6a65929fa42152", kill_on_drop: false }`
[INFO] [stdout] fd957bb5b7d7447361720cc0ca3ba15f90c189c83ff9039f9b6a65929fa42152
