[INFO] fetching crate dpdk-unix 0.3.0...
[INFO] testing dpdk-unix-0.3.0 against 1.69.0 for beta-1.70-1
[INFO] extracting crate dpdk-unix 0.3.0 into /workspace/builds/worker-7-tc1/source
[INFO] validating manifest of crates.io crate dpdk-unix 0.3.0 on toolchain 1.69.0
[INFO] running `Command { std: CARGO_HOME="/workspace/cargo-home" RUSTUP_HOME="/workspace/rustup-home" "/workspace/cargo-home/bin/cargo" "+1.69.0" "metadata" "--manifest-path" "Cargo.toml" "--no-deps", kill_on_drop: false }`
[INFO] started tweaking crates.io crate dpdk-unix 0.3.0
[INFO] finished tweaking crates.io crate dpdk-unix 0.3.0
[INFO] tweaked toml for crates.io crate dpdk-unix 0.3.0 written to /workspace/builds/worker-7-tc1/source/Cargo.toml
[INFO] running `Command { std: CARGO_HOME="/workspace/cargo-home" RUSTUP_HOME="/workspace/rustup-home" __CARGO_TEST_CHANNEL_OVERRIDE_DO_NOT_USE_THIS="nightly" "/workspace/cargo-home/bin/cargo" "+1.69.0" "generate-lockfile" "--manifest-path" "Cargo.toml" "-Zno-index-update", kill_on_drop: false }`
[INFO] running `Command { std: CARGO_HOME="/workspace/cargo-home" RUSTUP_HOME="/workspace/rustup-home" "/workspace/cargo-home/bin/cargo" "+1.69.0" "fetch" "--manifest-path" "Cargo.toml", kill_on_drop: false }`
[INFO] [stderr]     Blocking waiting for file lock on package cache
[INFO] [stderr]  Downloading crates ...
[INFO] [stderr]   Downloaded likely v0.1.0
[INFO] [stderr]   Downloaded errno v0.1.8
[INFO] [stderr]   Downloaded const-cstr-fork v0.2.2
[INFO] [stderr]   Downloaded libc-extra v0.3.2
[INFO] [stderr]   Downloaded raw-cpuid v5.0.0
[INFO] [stderr]   Downloaded syscall-alt v0.0.14
[INFO] [stderr]   Downloaded rust-extra v0.0.13
[INFO] running `Command { std: "docker" "create" "-v" "/var/lib/crater-agent-workspace/builds/worker-7-tc1/target:/opt/rustwide/target:rw,Z" "-v" "/var/lib/crater-agent-workspace/builds/worker-7-tc1/source:/opt/rustwide/workdir:ro,Z" "-v" "/var/lib/crater-agent-workspace/cargo-home:/opt/rustwide/cargo-home:ro,Z" "-v" "/var/lib/crater-agent-workspace/rustup-home:/opt/rustwide/rustup-home:ro,Z" "-e" "SOURCE_DIR=/opt/rustwide/workdir" "-e" "CARGO_TARGET_DIR=/opt/rustwide/target" "-e" "CARGO_HOME=/opt/rustwide/cargo-home" "-e" "RUSTUP_HOME=/opt/rustwide/rustup-home" "-w" "/opt/rustwide/workdir" "-m" "1610612736" "--user" "0:0" "--network" "none" "ghcr.io/rust-lang/crates-build-env/linux@sha256:5ff2268d62e97bff2cde7d5815dd6ed5b47097566f13b8d0ca110b04b60e07ed" "/opt/rustwide/cargo-home/bin/cargo" "+1.69.0" "metadata" "--no-deps" "--format-version=1", kill_on_drop: false }`
[INFO] [stdout] 54255d82a85793e5ad5e3ee92606ee86190c8a1f000a48ec0d0d150d22e9cce5
[INFO] running `Command { std: "docker" "start" "-a" "54255d82a85793e5ad5e3ee92606ee86190c8a1f000a48ec0d0d150d22e9cce5", kill_on_drop: false }`
[INFO] running `Command { std: "docker" "inspect" "54255d82a85793e5ad5e3ee92606ee86190c8a1f000a48ec0d0d150d22e9cce5", kill_on_drop: false }`
[INFO] running `Command { std: "docker" "rm" "-f" "54255d82a85793e5ad5e3ee92606ee86190c8a1f000a48ec0d0d150d22e9cce5", kill_on_drop: false }`
[INFO] [stdout] 54255d82a85793e5ad5e3ee92606ee86190c8a1f000a48ec0d0d150d22e9cce5
[INFO] running `Command { std: "docker" "create" "-v" "/var/lib/crater-agent-workspace/builds/worker-7-tc1/target:/opt/rustwide/target:rw,Z" "-v" "/var/lib/crater-agent-workspace/builds/worker-7-tc1/source:/opt/rustwide/workdir:ro,Z" "-v" "/var/lib/crater-agent-workspace/cargo-home:/opt/rustwide/cargo-home:ro,Z" "-v" "/var/lib/crater-agent-workspace/rustup-home:/opt/rustwide/rustup-home:ro,Z" "-e" "SOURCE_DIR=/opt/rustwide/workdir" "-e" "CARGO_TARGET_DIR=/opt/rustwide/target" "-e" "CARGO_INCREMENTAL=0" "-e" "RUST_BACKTRACE=full" "-e" "RUSTFLAGS=--cap-lints=warn" "-e" "RUSTDOCFLAGS=--cap-lints=warn" "-e" "CARGO_HOME=/opt/rustwide/cargo-home" "-e" "RUSTUP_HOME=/opt/rustwide/rustup-home" "-w" "/opt/rustwide/workdir" "-m" "1610612736" "--user" "0:0" "--network" "none" "ghcr.io/rust-lang/crates-build-env/linux@sha256:5ff2268d62e97bff2cde7d5815dd6ed5b47097566f13b8d0ca110b04b60e07ed" "/opt/rustwide/cargo-home/bin/cargo" "+1.69.0" "build" "--frozen" "--message-format=json", kill_on_drop: false }`
[INFO] [stdout] 980c9509f99ee236d17dda44178fea46d9122234ade1a7785958e92a31e1deff
[INFO] running `Command { std: "docker" "start" "-a" "980c9509f99ee236d17dda44178fea46d9122234ade1a7785958e92a31e1deff", kill_on_drop: false }`
[INFO] [stderr]    Compiling semver-parser v0.7.0
[INFO] [stderr]    Compiling scopeguard v0.3.3
[INFO] [stderr]    Compiling byteorder v1.4.3
[INFO] [stderr]    Compiling syscall-alt v0.0.14
[INFO] [stderr]    Compiling likely v0.1.0
[INFO] [stderr]    Compiling const-cstr-fork v0.2.2
[INFO] [stderr]    Compiling rust-extra v0.0.13
[INFO] [stderr]    Compiling errno v0.1.8
[INFO] [stdout] error[E0557]: feature has been removed
[INFO] [stdout]  --> /opt/rustwide/cargo-home/registry/src/github.com-1ecc6299db9ec823/syscall-alt-0.0.14/src/lib.rs:9:12
[INFO] [stdout]   |
[INFO] [stdout] 9 | #![feature(const_fn)]
[INFO] [stdout]   |            ^^^^^^^^ feature has been removed
[INFO] [stdout]   |
[INFO] [stdout]   = note: split into finer-grained feature gates
[INFO] [stdout] 
[INFO] [stdout] 
[INFO] [stderr]    Compiling libc-extra v0.3.2
[INFO] [stdout] error: cannot find macro `asm` in this scope
[INFO] [stdout]  --> /opt/rustwide/cargo-home/registry/src/github.com-1ecc6299db9ec823/syscall-alt-0.0.14/src/syscalls/linux_like/x86_64/syscall0.rs:9:2
[INFO] [stdout]   |
[INFO] [stdout] 9 |     asm!
[INFO] [stdout]   |     ^^^
[INFO] [stdout]   |
[INFO] [stdout]   = help: consider importing this macro:
[INFO] [stdout]           core::arch::asm
[INFO] [stdout] 
[INFO] [stdout] 
[INFO] [stdout] error: cannot find macro `asm` in this scope
[INFO] [stdout]  --> /opt/rustwide/cargo-home/registry/src/github.com-1ecc6299db9ec823/syscall-alt-0.0.14/src/syscalls/linux_like/x86_64/syscall1.rs:9:2
[INFO] [stdout]   |
[INFO] [stdout] 9 |     asm!
[INFO] [stdout]   |     ^^^
[INFO] [stdout]   |
[INFO] [stdout]   = help: consider importing this macro:
[INFO] [stdout]           core::arch::asm
[INFO] [stdout] 
[INFO] [stdout] 
[INFO] [stdout] error: cannot find macro `asm` in this scope
[INFO] [stdout]  --> /opt/rustwide/cargo-home/registry/src/github.com-1ecc6299db9ec823/syscall-alt-0.0.14/src/syscalls/linux_like/x86_64/syscall2.rs:9:2
[INFO] [stdout]   |
[INFO] [stdout] 9 |     asm!
[INFO] [stdout]   |     ^^^
[INFO] [stdout]   |
[INFO] [stdout]   = help: consider importing this macro:
[INFO] [stdout]           core::arch::asm
[INFO] [stdout] 
[INFO] [stdout] 
[INFO] [stdout] error: cannot find macro `asm` in this scope
[INFO] [stdout]  --> /opt/rustwide/cargo-home/registry/src/github.com-1ecc6299db9ec823/syscall-alt-0.0.14/src/syscalls/linux_like/x86_64/syscall3.rs:9:2
[INFO] [stdout]   |
[INFO] [stdout] 9 |     asm!
[INFO] [stdout]   |     ^^^
[INFO] [stdout]   |
[INFO] [stdout]   = help: consider importing this macro:
[INFO] [stdout]           core::arch::asm
[INFO] [stdout] 
[INFO] [stdout] 
[INFO] [stdout] error: cannot find macro `asm` in this scope
[INFO] [stdout]  --> /opt/rustwide/cargo-home/registry/src/github.com-1ecc6299db9ec823/syscall-alt-0.0.14/src/syscalls/linux_like/x86_64/syscall4.rs:9:2
[INFO] [stdout]   |
[INFO] [stdout] 9 |     asm!
[INFO] [stdout]   |     ^^^
[INFO] [stdout]   |
[INFO] [stdout]   = help: consider importing this macro:
[INFO] [stdout]           core::arch::asm
[INFO] [stdout] 
[INFO] [stdout] 
[INFO] [stdout] error: cannot find macro `asm` in this scope
[INFO] [stdout]  --> /opt/rustwide/cargo-home/registry/src/github.com-1ecc6299db9ec823/syscall-alt-0.0.14/src/syscalls/linux_like/x86_64/syscall5.rs:9:2
[INFO] [stdout]   |
[INFO] [stdout] 9 |     asm!
[INFO] [stdout]   |     ^^^
[INFO] [stdout]   |
[INFO] [stdout]   = help: consider importing this macro:
[INFO] [stdout]           core::arch::asm
[INFO] [stdout] 
[INFO] [stdout] 
[INFO] [stdout] error: cannot find macro `asm` in this scope
[INFO] [stdout]  --> /opt/rustwide/cargo-home/registry/src/github.com-1ecc6299db9ec823/syscall-alt-0.0.14/src/syscalls/linux_like/x86_64/syscall6.rs:9:2
[INFO] [stdout]   |
[INFO] [stdout] 9 |     asm!
[INFO] [stdout]   |     ^^^
[INFO] [stdout]   |
[INFO] [stdout]   = help: consider importing this macro:
[INFO] [stdout]           core::arch::asm
[INFO] [stdout] 
[INFO] [stdout] 
[INFO] [stdout] error[E0554]: `#![feature]` may not be used on the stable release channel
[INFO] [stdout]  --> /opt/rustwide/cargo-home/registry/src/github.com-1ecc6299db9ec823/syscall-alt-0.0.14/src/lib.rs:7:1
[INFO] [stdout]   |
[INFO] [stdout] 7 | #![feature(asm)]
[INFO] [stdout]   | ^^^^^^^^^^^^^^^^
[INFO] [stdout] 
[INFO] [stdout] 
[INFO] [stdout] error[E0554]: `#![feature]` may not be used on the stable release channel
[INFO] [stdout]  --> /opt/rustwide/cargo-home/registry/src/github.com-1ecc6299db9ec823/syscall-alt-0.0.14/src/lib.rs:8:1
[INFO] [stdout]   |
[INFO] [stdout] 8 | #![feature(associated_consts)]
[INFO] [stdout]   | ^^^^^^^^^^^^^^^^^^^^^^^^^^^^^^ help: remove the attribute
[INFO] [stdout]   |
[INFO] [stdout]   = help: the feature `associated_consts` has been stable since `1.20.0` and no longer requires an attribute to enable
[INFO] [stdout] 
[INFO] [stdout] 
[INFO] [stdout] error[E0554]: `#![feature]` may not be used on the stable release channel
[INFO] [stdout]  --> /opt/rustwide/cargo-home/registry/src/github.com-1ecc6299db9ec823/syscall-alt-0.0.14/src/lib.rs:9:1
[INFO] [stdout]   |
[INFO] [stdout] 9 | #![feature(const_fn)]
[INFO] [stdout]   | ^^^^^^^^^^^^^^^^^^^^^
[INFO] [stdout] 
[INFO] [stdout] 
[INFO] [stdout] error[E0554]: `#![feature]` may not be used on the stable release channel
[INFO] [stdout]  --> /opt/rustwide/cargo-home/registry/src/github.com-1ecc6299db9ec823/rust-extra-0.0.13/src/lib.rs:7:1
[INFO] [stdout]   |
[INFO] [stdout] 7 | #![feature(core_intrinsics)]
[INFO] [stdout]   | ^^^^^^^^^^^^^^^^^^^^^^^^^^^^
[INFO] [stdout] 
[INFO] [stdout] 
[INFO] [stdout] error[E0554]: `#![feature]` may not be used on the stable release channel
[INFO] [stdout]  --> /opt/rustwide/cargo-home/registry/src/github.com-1ecc6299db9ec823/rust-extra-0.0.13/src/lib.rs:8:1
[INFO] [stdout]   |
[INFO] [stdout] 8 | #![feature(associated_consts)]
[INFO] [stdout]   | ^^^^^^^^^^^^^^^^^^^^^^^^^^^^^^ help: remove the attribute
[INFO] [stdout]   |
[INFO] [stdout]   = help: the feature `associated_consts` has been stable since `1.20.0` and no longer requires an attribute to enable
[INFO] [stdout] 
[INFO] [stdout] 
[INFO] [stdout] error[E0554]: `#![feature]` may not be used on the stable release channel
[INFO] [stdout]  --> /opt/rustwide/cargo-home/registry/src/github.com-1ecc6299db9ec823/rust-extra-0.0.13/src/lib.rs:7:12
[INFO] [stdout]   |
[INFO] [stdout] 7 | #![feature(core_intrinsics)]
[INFO] [stdout]   |            ^^^^^^^^^^^^^^^
[INFO] [stdout] 
[INFO] [stdout] 
[INFO] [stdout] error[E0554]: `#![feature]` may not be used on the stable release channel
[INFO] [stdout]  --> /opt/rustwide/cargo-home/registry/src/github.com-1ecc6299db9ec823/syscall-alt-0.0.14/src/lib.rs:7:12
[INFO] [stdout]   |
[INFO] [stdout] 7 | #![feature(asm)]
[INFO] [stdout]   |            ^^^
[INFO] [stdout] 
[INFO] [stdout] 
[INFO] [stdout] error: aborting due to 3 previous errors
[INFO] [stdout] 
[INFO] [stdout] 
[INFO] [stdout] For more information about this error, try `rustc --explain E0554`.
[INFO] [stdout] 
[INFO] [stderr]    Compiling hashbrown v0.1.8
[INFO] [stderr] error: could not compile `rust-extra` due to 4 previous errors
[INFO] [stderr] warning: build failed, waiting for other jobs to finish...
[INFO] [stdout] error[E0554]: `#![feature]` may not be used on the stable release channel
[INFO] [stdout]   --> /opt/rustwide/cargo-home/registry/src/github.com-1ecc6299db9ec823/hashbrown-0.1.8/src/lib.rs:15:5
[INFO] [stdout]    |
[INFO] [stdout] 15 | /     feature(
[INFO] [stdout] 16 | |         alloc,
[INFO] [stdout] 17 | |         alloc_layout_extra,
[INFO] [stdout] 18 | |         allocator_api,
[INFO] [stdout] ...  |
[INFO] [stdout] 22 | |         dropck_eyepatch
[INFO] [stdout] 23 | |     )
[INFO] [stdout]    | |_____^
[INFO] [stdout] 
[INFO] [stdout] 
[INFO] [stdout] error: aborting due to 12 previous errors
[INFO] [stdout] 
[INFO] [stdout] 
[INFO] [stdout] Some errors have detailed explanations: E0554, E0557.
[INFO] [stdout] 
[INFO] [stdout] For more information about an error, try `rustc --explain E0554`.
[INFO] [stdout] 
[INFO] [stdout] error[E0554]: `#![feature]` may not be used on the stable release channel
[INFO] [stdout]   --> /opt/rustwide/cargo-home/registry/src/github.com-1ecc6299db9ec823/hashbrown-0.1.8/src/lib.rs:16:9
[INFO] [stdout]    |
[INFO] [stdout] 16 |         alloc,
[INFO] [stdout]    |         ^^^^^
[INFO] [stdout] 
[INFO] [stdout] 
[INFO] [stdout] error[E0554]: `#![feature]` may not be used on the stable release channel
[INFO] [stdout]   --> /opt/rustwide/cargo-home/registry/src/github.com-1ecc6299db9ec823/hashbrown-0.1.8/src/lib.rs:17:9
[INFO] [stdout]    |
[INFO] [stdout] 17 |         alloc_layout_extra,
[INFO] [stdout]    |         ^^^^^^^^^^^^^^^^^^
[INFO] [stdout] 
[INFO] [stdout] 
[INFO] [stdout] error[E0554]: `#![feature]` may not be used on the stable release channel
[INFO] [stdout]   --> /opt/rustwide/cargo-home/registry/src/github.com-1ecc6299db9ec823/hashbrown-0.1.8/src/lib.rs:18:9
[INFO] [stdout]    |
[INFO] [stdout] 18 |         allocator_api,
[INFO] [stdout]    |         ^^^^^^^^^^^^^
[INFO] [stdout] 
[INFO] [stdout] 
[INFO] [stdout] error[E0554]: `#![feature]` may not be used on the stable release channel
[INFO] [stdout]   --> /opt/rustwide/cargo-home/registry/src/github.com-1ecc6299db9ec823/hashbrown-0.1.8/src/lib.rs:19:9
[INFO] [stdout]    |
[INFO] [stdout] 19 |         ptr_offset_from,
[INFO] [stdout]    |         ^^^^^^^^^^^^^^^
[INFO] [stdout] 
[INFO] [stdout] 
[INFO] [stdout] error[E0554]: `#![feature]` may not be used on the stable release channel
[INFO] [stdout]   --> /opt/rustwide/cargo-home/registry/src/github.com-1ecc6299db9ec823/hashbrown-0.1.8/src/lib.rs:20:9
[INFO] [stdout]    |
[INFO] [stdout] 20 |         test,
[INFO] [stdout]    |         ^^^^
[INFO] [stdout] 
[INFO] [stdout] 
[INFO] [stdout] error[E0554]: `#![feature]` may not be used on the stable release channel
[INFO] [stdout]   --> /opt/rustwide/cargo-home/registry/src/github.com-1ecc6299db9ec823/hashbrown-0.1.8/src/lib.rs:21:9
[INFO] [stdout]    |
[INFO] [stdout] 21 |         core_intrinsics,
[INFO] [stdout]    |         ^^^^^^^^^^^^^^^
[INFO] [stdout] 
[INFO] [stdout] 
[INFO] [stderr] error: could not compile `syscall-alt` due to 13 previous errors
[INFO] [stdout] error: aborting due to 7 previous errors
[INFO] [stdout] 
[INFO] [stdout] 
[INFO] [stdout] For more information about this error, try `rustc --explain E0554`.
[INFO] [stdout] 
[INFO] [stderr] error: could not compile `hashbrown` due to 8 previous errors
[INFO] running `Command { std: "docker" "inspect" "980c9509f99ee236d17dda44178fea46d9122234ade1a7785958e92a31e1deff", kill_on_drop: false }`
[INFO] running `Command { std: "docker" "rm" "-f" "980c9509f99ee236d17dda44178fea46d9122234ade1a7785958e92a31e1deff", kill_on_drop: false }`
[INFO] [stdout] 980c9509f99ee236d17dda44178fea46d9122234ade1a7785958e92a31e1deff
