[INFO] fetching crate domain_derive 0.2.137...
[INFO] testing domain_derive-0.2.137 against 1.69.0 for beta-1.70-1
[INFO] extracting crate domain_derive 0.2.137 into /workspace/builds/worker-7-tc1/source
[INFO] validating manifest of crates.io crate domain_derive 0.2.137 on toolchain 1.69.0
[INFO] running `Command { std: CARGO_HOME="/workspace/cargo-home" RUSTUP_HOME="/workspace/rustup-home" "/workspace/cargo-home/bin/cargo" "+1.69.0" "metadata" "--manifest-path" "Cargo.toml" "--no-deps", kill_on_drop: false }`
[INFO] started tweaking crates.io crate domain_derive 0.2.137
[INFO] finished tweaking crates.io crate domain_derive 0.2.137
[INFO] tweaked toml for crates.io crate domain_derive 0.2.137 written to /workspace/builds/worker-7-tc1/source/Cargo.toml
[INFO] running `Command { std: CARGO_HOME="/workspace/cargo-home" RUSTUP_HOME="/workspace/rustup-home" __CARGO_TEST_CHANNEL_OVERRIDE_DO_NOT_USE_THIS="nightly" "/workspace/cargo-home/bin/cargo" "+1.69.0" "generate-lockfile" "--manifest-path" "Cargo.toml" "-Zno-index-update", kill_on_drop: false }`
[INFO] running `Command { std: CARGO_HOME="/workspace/cargo-home" RUSTUP_HOME="/workspace/rustup-home" "/workspace/cargo-home/bin/cargo" "+1.69.0" "fetch" "--manifest-path" "Cargo.toml", kill_on_drop: false }`
[INFO] [stderr]  Downloading crates ...
[INFO] [stderr]   Downloaded domain_patterns v0.2.141
[INFO] running `Command { std: "docker" "create" "-v" "/var/lib/crater-agent-workspace/builds/worker-7-tc1/target:/opt/rustwide/target:rw,Z" "-v" "/var/lib/crater-agent-workspace/builds/worker-7-tc1/source:/opt/rustwide/workdir:ro,Z" "-v" "/var/lib/crater-agent-workspace/cargo-home:/opt/rustwide/cargo-home:ro,Z" "-v" "/var/lib/crater-agent-workspace/rustup-home:/opt/rustwide/rustup-home:ro,Z" "-e" "SOURCE_DIR=/opt/rustwide/workdir" "-e" "CARGO_TARGET_DIR=/opt/rustwide/target" "-e" "CARGO_HOME=/opt/rustwide/cargo-home" "-e" "RUSTUP_HOME=/opt/rustwide/rustup-home" "-w" "/opt/rustwide/workdir" "-m" "1610612736" "--user" "0:0" "--network" "none" "ghcr.io/rust-lang/crates-build-env/linux@sha256:5ff2268d62e97bff2cde7d5815dd6ed5b47097566f13b8d0ca110b04b60e07ed" "/opt/rustwide/cargo-home/bin/cargo" "+1.69.0" "metadata" "--no-deps" "--format-version=1", kill_on_drop: false }`
[INFO] [stdout] a19028a25a6f8d01c8a14f98c8b830688f4f67de7439b0617700ae2ab5620770
[INFO] running `Command { std: "docker" "start" "-a" "a19028a25a6f8d01c8a14f98c8b830688f4f67de7439b0617700ae2ab5620770", kill_on_drop: false }`
[INFO] running `Command { std: "docker" "inspect" "a19028a25a6f8d01c8a14f98c8b830688f4f67de7439b0617700ae2ab5620770", kill_on_drop: false }`
[INFO] running `Command { std: "docker" "rm" "-f" "a19028a25a6f8d01c8a14f98c8b830688f4f67de7439b0617700ae2ab5620770", kill_on_drop: false }`
[INFO] [stdout] a19028a25a6f8d01c8a14f98c8b830688f4f67de7439b0617700ae2ab5620770
[INFO] running `Command { std: "docker" "create" "-v" "/var/lib/crater-agent-workspace/builds/worker-7-tc1/target:/opt/rustwide/target:rw,Z" "-v" "/var/lib/crater-agent-workspace/builds/worker-7-tc1/source:/opt/rustwide/workdir:ro,Z" "-v" "/var/lib/crater-agent-workspace/cargo-home:/opt/rustwide/cargo-home:ro,Z" "-v" "/var/lib/crater-agent-workspace/rustup-home:/opt/rustwide/rustup-home:ro,Z" "-e" "SOURCE_DIR=/opt/rustwide/workdir" "-e" "CARGO_TARGET_DIR=/opt/rustwide/target" "-e" "CARGO_INCREMENTAL=0" "-e" "RUST_BACKTRACE=full" "-e" "RUSTFLAGS=--cap-lints=warn" "-e" "RUSTDOCFLAGS=--cap-lints=warn" "-e" "CARGO_HOME=/opt/rustwide/cargo-home" "-e" "RUSTUP_HOME=/opt/rustwide/rustup-home" "-w" "/opt/rustwide/workdir" "-m" "1610612736" "--user" "0:0" "--network" "none" "ghcr.io/rust-lang/crates-build-env/linux@sha256:5ff2268d62e97bff2cde7d5815dd6ed5b47097566f13b8d0ca110b04b60e07ed" "/opt/rustwide/cargo-home/bin/cargo" "+1.69.0" "build" "--frozen" "--message-format=json", kill_on_drop: false }`
[INFO] [stdout] ec49ff9ac2e9fa8c7aa70974e3a33f80cab17fe7d12e1cde89db3c04dc011295
[INFO] running `Command { std: "docker" "start" "-a" "ec49ff9ac2e9fa8c7aa70974e3a33f80cab17fe7d12e1cde89db3c04dc011295", kill_on_drop: false }`
[INFO] [stderr]    Compiling syn v1.0.109
[INFO] [stderr]    Compiling serde v1.0.160
[INFO] [stderr]    Compiling domain_patterns v0.2.141
[INFO] [stderr]    Compiling domain_derive v0.2.137 (/opt/rustwide/workdir)
[INFO] [stdout] error[E0432]: unresolved import `syn::export`
[INFO] [stdout]  --> src/entity.rs:3:10
[INFO] [stdout]   |
[INFO] [stdout] 3 | use syn::export::TokenStream2;
[INFO] [stdout]   |          ^^^^^^ could not find `export` in `syn`
[INFO] [stdout] 
[INFO] [stdout] 
[INFO] [stdout] error[E0432]: unresolved import `syn::export`
[INFO] [stdout]  --> src/value_object.rs:3:10
[INFO] [stdout]   |
[INFO] [stdout] 3 | use syn::export::Span;
[INFO] [stdout]   |          ^^^^^^ could not find `export` in `syn`
[INFO] [stdout] 
[INFO] [stdout] 
[INFO] [stdout] error[E0432]: unresolved import `syn::export`
[INFO] [stdout]  --> src/domain_events.rs:2:10
[INFO] [stdout]   |
[INFO] [stdout] 2 | use syn::export::TokenStream2;
[INFO] [stdout]   |          ^^^^^^ could not find `export` in `syn`
[INFO] [stdout] 
[INFO] [stdout] 
[INFO] [stdout] warning: unused import: `Path`
[INFO] [stdout]  --> src/entity.rs:1:37
[INFO] [stdout]   |
[INFO] [stdout] 1 | use syn::{DeriveInput, Data, Field, Path, Error, Attribute, DataStruct};
[INFO] [stdout]   |                                     ^^^^
[INFO] [stdout]   |
[INFO] [stdout]   = note: `#[warn(unused_imports)]` on by default
[INFO] [stdout] 
[INFO] [stdout] 
[INFO] [stdout] warning: unused imports: `Field`, `Path`
[INFO] [stdout]  --> src/domain_event.rs:1:30
[INFO] [stdout]   |
[INFO] [stdout] 1 | use syn::{DeriveInput, Data, Field, Path, Error};
[INFO] [stdout]   |                              ^^^^^  ^^^^
[INFO] [stdout] 
[INFO] [stdout] 
[INFO] [stdout] warning: unused imports: `Field`, `Path`
[INFO] [stdout]  --> src/domain_events.rs:1:30
[INFO] [stdout]   |
[INFO] [stdout] 1 | use syn::{DeriveInput, Data, Field, Path, Error, Ident};
[INFO] [stdout]   |                              ^^^^^  ^^^^
[INFO] [stdout] 
[INFO] [stdout] 
[INFO] [stdout] warning: unused imports: `Data`, `DeriveInput`, `Error`
[INFO] [stdout]  --> src/type_checks.rs:1:11
[INFO] [stdout]   |
[INFO] [stdout] 1 | use syn::{DeriveInput, Data, Field, Path, Error};
[INFO] [stdout]   |           ^^^^^^^^^^^  ^^^^               ^^^^^
[INFO] [stdout] 
[INFO] [stdout] 
[INFO] [stdout] warning: unused import: `syn::spanned::Spanned`
[INFO] [stdout]    --> src/lib.rs:135:5
[INFO] [stdout]     |
[INFO] [stdout] 135 | use syn::spanned::Spanned;
[INFO] [stdout]     |     ^^^^^^^^^^^^^^^^^^^^^
[INFO] [stdout] 
[INFO] [stdout] 
[INFO] [stdout] error: aborting due to 3 previous errors; 5 warnings emitted
[INFO] [stdout] 
[INFO] [stdout] 
[INFO] [stdout] For more information about this error, try `rustc --explain E0432`.
[INFO] [stdout] 
[INFO] [stderr] error: could not compile `domain_derive` due to 4 previous errors; 5 warnings emitted
[INFO] running `Command { std: "docker" "inspect" "ec49ff9ac2e9fa8c7aa70974e3a33f80cab17fe7d12e1cde89db3c04dc011295", kill_on_drop: false }`
[INFO] running `Command { std: "docker" "rm" "-f" "ec49ff9ac2e9fa8c7aa70974e3a33f80cab17fe7d12e1cde89db3c04dc011295", kill_on_drop: false }`
[INFO] [stdout] ec49ff9ac2e9fa8c7aa70974e3a33f80cab17fe7d12e1cde89db3c04dc011295
