[INFO] fetching crate dolphin-memory 0.2.3...
[INFO] testing dolphin-memory-0.2.3 against 1.69.0 for beta-1.70-1
[INFO] extracting crate dolphin-memory 0.2.3 into /workspace/builds/worker-0-tc1/source
[INFO] validating manifest of crates.io crate dolphin-memory 0.2.3 on toolchain 1.69.0
[INFO] running `Command { std: CARGO_HOME="/workspace/cargo-home" RUSTUP_HOME="/workspace/rustup-home" "/workspace/cargo-home/bin/cargo" "+1.69.0" "metadata" "--manifest-path" "Cargo.toml" "--no-deps", kill_on_drop: false }`
[INFO] started tweaking crates.io crate dolphin-memory 0.2.3
[INFO] finished tweaking crates.io crate dolphin-memory 0.2.3
[INFO] tweaked toml for crates.io crate dolphin-memory 0.2.3 written to /workspace/builds/worker-0-tc1/source/Cargo.toml
[INFO] running `Command { std: CARGO_HOME="/workspace/cargo-home" RUSTUP_HOME="/workspace/rustup-home" __CARGO_TEST_CHANNEL_OVERRIDE_DO_NOT_USE_THIS="nightly" "/workspace/cargo-home/bin/cargo" "+1.69.0" "generate-lockfile" "--manifest-path" "Cargo.toml" "-Zno-index-update", kill_on_drop: false }`
[INFO] running `Command { std: CARGO_HOME="/workspace/cargo-home" RUSTUP_HOME="/workspace/rustup-home" "/workspace/cargo-home/bin/cargo" "+1.69.0" "fetch" "--manifest-path" "Cargo.toml", kill_on_drop: false }`
[INFO] [stderr]  Downloading crates ...
[INFO] [stderr]   Downloaded process-memory v0.4.0
[INFO] running `Command { std: "docker" "create" "-v" "/var/lib/crater-agent-workspace/builds/worker-0-tc1/target:/opt/rustwide/target:rw,Z" "-v" "/var/lib/crater-agent-workspace/builds/worker-0-tc1/source:/opt/rustwide/workdir:ro,Z" "-v" "/var/lib/crater-agent-workspace/cargo-home:/opt/rustwide/cargo-home:ro,Z" "-v" "/var/lib/crater-agent-workspace/rustup-home:/opt/rustwide/rustup-home:ro,Z" "-e" "SOURCE_DIR=/opt/rustwide/workdir" "-e" "CARGO_TARGET_DIR=/opt/rustwide/target" "-e" "CARGO_HOME=/opt/rustwide/cargo-home" "-e" "RUSTUP_HOME=/opt/rustwide/rustup-home" "-w" "/opt/rustwide/workdir" "-m" "1610612736" "--user" "0:0" "--network" "none" "ghcr.io/rust-lang/crates-build-env/linux@sha256:5ff2268d62e97bff2cde7d5815dd6ed5b47097566f13b8d0ca110b04b60e07ed" "/opt/rustwide/cargo-home/bin/cargo" "+1.69.0" "metadata" "--no-deps" "--format-version=1", kill_on_drop: false }`
[INFO] [stdout] 308b5f47ec845e7279d7785b0c4f0c86f7acb847ab1776d756fe42a5ce75dc9a
[INFO] running `Command { std: "docker" "start" "-a" "308b5f47ec845e7279d7785b0c4f0c86f7acb847ab1776d756fe42a5ce75dc9a", kill_on_drop: false }`
[INFO] running `Command { std: "docker" "inspect" "308b5f47ec845e7279d7785b0c4f0c86f7acb847ab1776d756fe42a5ce75dc9a", kill_on_drop: false }`
[INFO] running `Command { std: "docker" "rm" "-f" "308b5f47ec845e7279d7785b0c4f0c86f7acb847ab1776d756fe42a5ce75dc9a", kill_on_drop: false }`
[INFO] [stdout] 308b5f47ec845e7279d7785b0c4f0c86f7acb847ab1776d756fe42a5ce75dc9a
[INFO] running `Command { std: "docker" "create" "-v" "/var/lib/crater-agent-workspace/builds/worker-0-tc1/target:/opt/rustwide/target:rw,Z" "-v" "/var/lib/crater-agent-workspace/builds/worker-0-tc1/source:/opt/rustwide/workdir:ro,Z" "-v" "/var/lib/crater-agent-workspace/cargo-home:/opt/rustwide/cargo-home:ro,Z" "-v" "/var/lib/crater-agent-workspace/rustup-home:/opt/rustwide/rustup-home:ro,Z" "-e" "SOURCE_DIR=/opt/rustwide/workdir" "-e" "CARGO_TARGET_DIR=/opt/rustwide/target" "-e" "CARGO_INCREMENTAL=0" "-e" "RUST_BACKTRACE=full" "-e" "RUSTFLAGS=--cap-lints=warn" "-e" "RUSTDOCFLAGS=--cap-lints=warn" "-e" "CARGO_HOME=/opt/rustwide/cargo-home" "-e" "RUSTUP_HOME=/opt/rustwide/rustup-home" "-w" "/opt/rustwide/workdir" "-m" "1610612736" "--user" "0:0" "--network" "none" "ghcr.io/rust-lang/crates-build-env/linux@sha256:5ff2268d62e97bff2cde7d5815dd6ed5b47097566f13b8d0ca110b04b60e07ed" "/opt/rustwide/cargo-home/bin/cargo" "+1.69.0" "build" "--frozen" "--message-format=json", kill_on_drop: false }`
[INFO] [stdout] fc6d2f464e5129b7649be53b59841a9b21cb93085d8551f03961c1b12087e183
[INFO] running `Command { std: "docker" "start" "-a" "fc6d2f464e5129b7649be53b59841a9b21cb93085d8551f03961c1b12087e183", kill_on_drop: false }`
[INFO] [stderr]     Blocking waiting for file lock on package cache
[INFO] [stderr]    Compiling winapi v0.3.9
[INFO] [stderr]    Compiling process-memory v0.4.0
[INFO] [stderr]    Compiling dolphin-memory v0.2.3 (/opt/rustwide/workdir)
[INFO] [stdout] error[E0432]: unresolved import `winapi::um`
[INFO] [stdout]   --> src/lib.rs:17:13
[INFO] [stdout]    |
[INFO] [stdout] 17 | use winapi::um::memoryapi;
[INFO] [stdout]    |             ^^ could not find `um` in `winapi`
[INFO] [stdout] 
[INFO] [stdout] 
[INFO] [stdout] error[E0432]: unresolved import `winapi::um`
[INFO] [stdout]   --> src/lib.rs:18:13
[INFO] [stdout]    |
[INFO] [stdout] 18 | use winapi::um::psapi;
[INFO] [stdout]    |             ^^ could not find `um` in `winapi`
[INFO] [stdout] 
[INFO] [stdout] 
[INFO] [stdout] error[E0432]: unresolved import `winapi::um`
[INFO] [stdout]   --> src/lib.rs:19:13
[INFO] [stdout]    |
[INFO] [stdout] 19 | use winapi::um::winnt;
[INFO] [stdout]    |             ^^ could not find `um` in `winapi`
[INFO] [stdout] 
[INFO] [stdout] 
[INFO] [stdout] error[E0433]: failed to resolve: could not find `um` in `winapi`
[INFO] [stdout]    --> src/lib.rs:434:29
[INFO] [stdout]     |
[INFO] [stdout] 434 |     let mut entry = winapi::um::tlhelp32::PROCESSENTRY32 {
[INFO] [stdout]     |                             ^^ could not find `um` in `winapi`
[INFO] [stdout] 
[INFO] [stdout] 
[INFO] [stdout] error[E0433]: failed to resolve: could not find `um` in `winapi`
[INFO] [stdout]    --> src/lib.rs:435:45
[INFO] [stdout]     |
[INFO] [stdout] 435 |         dwSize: std::mem::size_of::<winapi::um::tlhelp32::PROCESSENTRY32>() as u32,
[INFO] [stdout]     |                                             ^^ could not find `um` in `winapi`
[INFO] [stdout] 
[INFO] [stdout] 
[INFO] [stdout] error[E0433]: failed to resolve: could not find `shared` in `winapi`
[INFO] [stdout]    --> src/lib.rs:436:32
[INFO] [stdout]     |
[INFO] [stdout] 436 |         szExeFile: [0; winapi::shared::minwindef::MAX_PATH],
[INFO] [stdout]     |                                ^^^^^^ could not find `shared` in `winapi`
[INFO] [stdout] 
[INFO] [stdout] 
[INFO] [stdout] error[E0433]: failed to resolve: could not find `um` in `winapi`
[INFO] [stdout]    --> src/lib.rs:447:27
[INFO] [stdout]     |
[INFO] [stdout] 447 |     let snapshot: winapi::um::winnt::HANDLE;
[INFO] [stdout]     |                           ^^ could not find `um` in `winapi`
[INFO] [stdout] 
[INFO] [stdout] 
[INFO] [stdout] error[E0433]: failed to resolve: could not find `um` in `winapi`
[INFO] [stdout]    --> src/lib.rs:449:17
[INFO] [stdout]     |
[INFO] [stdout] 449 |         winapi::um::tlhelp32::CreateToolhelp32Snapshot(winapi::um::tlhelp32::TH32CS_SNAPPROCESS, 0)
[INFO] [stdout]     |                 ^^ could not find `um` in `winapi`
[INFO] [stdout] 
[INFO] [stdout] 
[INFO] [stdout] error[E0433]: failed to resolve: could not find `um` in `winapi`
[INFO] [stdout]    --> src/lib.rs:449:64
[INFO] [stdout]     |
[INFO] [stdout] 449 |         winapi::um::tlhelp32::CreateToolhelp32Snapshot(winapi::um::tlhelp32::TH32CS_SNAPPROCESS, 0)
[INFO] [stdout]     |                                                                ^^ could not find `um` in `winapi`
[INFO] [stdout] 
[INFO] [stdout] 
[INFO] [stdout] error[E0433]: failed to resolve: could not find `um` in `winapi`
[INFO] [stdout]    --> src/lib.rs:452:25
[INFO] [stdout]     |
[INFO] [stdout] 452 |     if unsafe { winapi::um::tlhelp32::Process32First(snapshot, &mut entry) }
[INFO] [stdout]     |                         ^^ could not find `um` in `winapi`
[INFO] [stdout] 
[INFO] [stdout] 
[INFO] [stdout] error[E0433]: failed to resolve: could not find `shared` in `winapi`
[INFO] [stdout]    --> src/lib.rs:453:20
[INFO] [stdout]     |
[INFO] [stdout] 453 |         == winapi::shared::minwindef::TRUE
[INFO] [stdout]     |                    ^^^^^^ could not find `shared` in `winapi`
[INFO] [stdout] 
[INFO] [stdout] 
[INFO] [stdout] error[E0433]: failed to resolve: could not find `um` in `winapi`
[INFO] [stdout]    --> src/lib.rs:455:32
[INFO] [stdout]     |
[INFO] [stdout] 455 |         while unsafe { winapi::um::tlhelp32::Process32Next(snapshot, &mut entry) }
[INFO] [stdout]     |                                ^^ could not find `um` in `winapi`
[INFO] [stdout] 
[INFO] [stdout] 
[INFO] [stdout] error[E0433]: failed to resolve: could not find `shared` in `winapi`
[INFO] [stdout]    --> src/lib.rs:456:24
[INFO] [stdout]     |
[INFO] [stdout] 456 |             == winapi::shared::minwindef::TRUE
[INFO] [stdout]     |                        ^^^^^^ could not find `shared` in `winapi`
[INFO] [stdout] 
[INFO] [stdout] 
[INFO] [stdout] error[E0699]: the type of this value must be known to call a method on a raw pointer on it
[INFO] [stdout]    --> src/lib.rs:566:24
[INFO] [stdout]     |
[INFO] [stdout] 566 |         unsafe { p = p.add(info.RegionSize) };
[INFO] [stdout]     |                        ^^^
[INFO] [stdout] 
[INFO] [stdout] 
[INFO] [stdout] error: aborting due to 14 previous errors
[INFO] [stdout] 
[INFO] [stdout] 
[INFO] [stdout] Some errors have detailed explanations: E0432, E0433, E0699.
[INFO] [stdout] 
[INFO] [stdout] For more information about an error, try `rustc --explain E0432`.
[INFO] [stdout] 
[INFO] [stderr] error: could not compile `dolphin-memory` due to 15 previous errors
[INFO] running `Command { std: "docker" "inspect" "fc6d2f464e5129b7649be53b59841a9b21cb93085d8551f03961c1b12087e183", kill_on_drop: false }`
[INFO] running `Command { std: "docker" "rm" "-f" "fc6d2f464e5129b7649be53b59841a9b21cb93085d8551f03961c1b12087e183", kill_on_drop: false }`
[INFO] [stdout] fc6d2f464e5129b7649be53b59841a9b21cb93085d8551f03961c1b12087e183
