[INFO] fetching crate dochy_archiver 0.8.0...
[INFO] testing dochy_archiver-0.8.0 against 1.69.0 for beta-1.70-1
[INFO] extracting crate dochy_archiver 0.8.0 into /workspace/builds/worker-4-tc1/source
[INFO] validating manifest of crates.io crate dochy_archiver 0.8.0 on toolchain 1.69.0
[INFO] running `Command { std: CARGO_HOME="/workspace/cargo-home" RUSTUP_HOME="/workspace/rustup-home" "/workspace/cargo-home/bin/cargo" "+1.69.0" "metadata" "--manifest-path" "Cargo.toml" "--no-deps", kill_on_drop: false }`
[INFO] started tweaking crates.io crate dochy_archiver 0.8.0
[INFO] finished tweaking crates.io crate dochy_archiver 0.8.0
[INFO] tweaked toml for crates.io crate dochy_archiver 0.8.0 written to /workspace/builds/worker-4-tc1/source/Cargo.toml
[INFO] running `Command { std: CARGO_HOME="/workspace/cargo-home" RUSTUP_HOME="/workspace/rustup-home" __CARGO_TEST_CHANNEL_OVERRIDE_DO_NOT_USE_THIS="nightly" "/workspace/cargo-home/bin/cargo" "+1.69.0" "generate-lockfile" "--manifest-path" "Cargo.toml" "-Zno-index-update", kill_on_drop: false }`
[INFO] running `Command { std: CARGO_HOME="/workspace/cargo-home" RUSTUP_HOME="/workspace/rustup-home" "/workspace/cargo-home/bin/cargo" "+1.69.0" "fetch" "--manifest-path" "Cargo.toml", kill_on_drop: false }`
[INFO] [stderr]  Downloading crates ...
[INFO] [stderr]   Downloaded with_capacity_safe v0.3.0
[INFO] [stderr]   Downloaded dochy_compaction v0.8.0
[INFO] running `Command { std: "docker" "create" "-v" "/var/lib/crater-agent-workspace/builds/worker-4-tc1/target:/opt/rustwide/target:rw,Z" "-v" "/var/lib/crater-agent-workspace/builds/worker-4-tc1/source:/opt/rustwide/workdir:ro,Z" "-v" "/var/lib/crater-agent-workspace/cargo-home:/opt/rustwide/cargo-home:ro,Z" "-v" "/var/lib/crater-agent-workspace/rustup-home:/opt/rustwide/rustup-home:ro,Z" "-e" "SOURCE_DIR=/opt/rustwide/workdir" "-e" "CARGO_TARGET_DIR=/opt/rustwide/target" "-e" "CARGO_HOME=/opt/rustwide/cargo-home" "-e" "RUSTUP_HOME=/opt/rustwide/rustup-home" "-w" "/opt/rustwide/workdir" "-m" "1610612736" "--user" "0:0" "--network" "none" "ghcr.io/rust-lang/crates-build-env/linux@sha256:5ff2268d62e97bff2cde7d5815dd6ed5b47097566f13b8d0ca110b04b60e07ed" "/opt/rustwide/cargo-home/bin/cargo" "+1.69.0" "metadata" "--no-deps" "--format-version=1", kill_on_drop: false }`
[INFO] [stdout] 0f280c8aa08163f3b97c9a0cd64175f2e5ae62b978bfabc06af2187ab06bfb99
[INFO] running `Command { std: "docker" "start" "-a" "0f280c8aa08163f3b97c9a0cd64175f2e5ae62b978bfabc06af2187ab06bfb99", kill_on_drop: false }`
[INFO] running `Command { std: "docker" "inspect" "0f280c8aa08163f3b97c9a0cd64175f2e5ae62b978bfabc06af2187ab06bfb99", kill_on_drop: false }`
[INFO] running `Command { std: "docker" "rm" "-f" "0f280c8aa08163f3b97c9a0cd64175f2e5ae62b978bfabc06af2187ab06bfb99", kill_on_drop: false }`
[INFO] [stdout] 0f280c8aa08163f3b97c9a0cd64175f2e5ae62b978bfabc06af2187ab06bfb99
[INFO] running `Command { std: "docker" "create" "-v" "/var/lib/crater-agent-workspace/builds/worker-4-tc1/target:/opt/rustwide/target:rw,Z" "-v" "/var/lib/crater-agent-workspace/builds/worker-4-tc1/source:/opt/rustwide/workdir:ro,Z" "-v" "/var/lib/crater-agent-workspace/cargo-home:/opt/rustwide/cargo-home:ro,Z" "-v" "/var/lib/crater-agent-workspace/rustup-home:/opt/rustwide/rustup-home:ro,Z" "-e" "SOURCE_DIR=/opt/rustwide/workdir" "-e" "CARGO_TARGET_DIR=/opt/rustwide/target" "-e" "CARGO_INCREMENTAL=0" "-e" "RUST_BACKTRACE=full" "-e" "RUSTFLAGS=--cap-lints=warn" "-e" "RUSTDOCFLAGS=--cap-lints=warn" "-e" "CARGO_HOME=/opt/rustwide/cargo-home" "-e" "RUSTUP_HOME=/opt/rustwide/rustup-home" "-w" "/opt/rustwide/workdir" "-m" "1610612736" "--user" "0:0" "--network" "none" "ghcr.io/rust-lang/crates-build-env/linux@sha256:5ff2268d62e97bff2cde7d5815dd6ed5b47097566f13b8d0ca110b04b60e07ed" "/opt/rustwide/cargo-home/bin/cargo" "+1.69.0" "build" "--frozen" "--message-format=json", kill_on_drop: false }`
[INFO] [stdout] f6aeaefb37c0600e3457ad92e4de2aa25f7cb1c3776fe88b501c802bf1cb62d1
[INFO] running `Command { std: "docker" "start" "-a" "f6aeaefb37c0600e3457ad92e4de2aa25f7cb1c3776fe88b501c802bf1cb62d1", kill_on_drop: false }`
[INFO] [stderr]    Compiling anyhow v1.0.71
[INFO] [stderr]    Compiling snap v1.1.0
[INFO] [stderr]    Compiling bit-vec v0.6.3
[INFO] [stderr]    Compiling with_capacity_safe v0.3.0
[INFO] [stderr]    Compiling arrayvec v0.5.2
[INFO] [stderr]    Compiling metrohash v1.0.6
[INFO] [stdout] error[E0554]: `#![feature]` may not be used on the stable release channel
[INFO] [stdout]  --> /opt/rustwide/cargo-home/registry/src/github.com-1ecc6299db9ec823/with_capacity_safe-0.3.0/src/lib.rs:1:12
[INFO] [stdout]   |
[INFO] [stdout] 1 | #![feature(try_reserve)]
[INFO] [stdout]   |            ^^^^^^^^^^^
[INFO] [stdout] 
[INFO] [stdout] 
[INFO] [stdout] error[E0223]: ambiguous associated type
[INFO] [stdout]   --> /opt/rustwide/cargo-home/registry/src/github.com-1ecc6299db9ec823/with_capacity_safe-0.3.0/src/lib.rs:58:17
[INFO] [stdout]    |
[INFO] [stdout] 58 |                 TryReserveError::AllocError { .. } => {
[INFO] [stdout]    |                 ^^^^^^^^^^^^^^^^^^^^^^^^^^^
[INFO] [stdout]    |
[INFO] [stdout] help: if there were a trait named `Example` with associated type `AllocError` implemented for `TryReserveError`, you could use the fully-qualified path
[INFO] [stdout]    |
[INFO] [stdout] 58 |                 <TryReserveError as Example>::AllocError { .. } => {
[INFO] [stdout]    |                 ~~~~~~~~~~~~~~~~~~~~~~~~~~~~~~~~~~~~~~~~
[INFO] [stdout] 
[INFO] [stdout] 
[INFO] [stdout] error[E0599]: no associated item named `CapacityOverflow` found for struct `TryReserveError` in the current scope
[INFO] [stdout]   --> /opt/rustwide/cargo-home/registry/src/github.com-1ecc6299db9ec823/with_capacity_safe-0.3.0/src/lib.rs:61:34
[INFO] [stdout]    |
[INFO] [stdout] 61 |                 TryReserveError::CapacityOverflow => {
[INFO] [stdout]    |                                  ^^^^^^^^^^^^^^^^ associated item not found in `TryReserveError`
[INFO] [stdout] 
[INFO] [stdout] 
[INFO] [stdout] error: aborting due to 3 previous errors
[INFO] [stdout] 
[INFO] [stdout] 
[INFO] [stdout] Some errors have detailed explanations: E0223, E0554, E0599.
[INFO] [stdout] 
[INFO] [stdout] For more information about an error, try `rustc --explain E0223`.
[INFO] [stdout] 
[INFO] [stderr] error: could not compile `with_capacity_safe` due to 4 previous errors
[INFO] [stderr] warning: build failed, waiting for other jobs to finish...
[INFO] running `Command { std: "docker" "inspect" "f6aeaefb37c0600e3457ad92e4de2aa25f7cb1c3776fe88b501c802bf1cb62d1", kill_on_drop: false }`
[INFO] running `Command { std: "docker" "rm" "-f" "f6aeaefb37c0600e3457ad92e4de2aa25f7cb1c3776fe88b501c802bf1cb62d1", kill_on_drop: false }`
[INFO] [stdout] f6aeaefb37c0600e3457ad92e4de2aa25f7cb1c3776fe88b501c802bf1cb62d1
