[INFO] fetching crate dmsdk 0.2.0...
[INFO] testing dmsdk-0.2.0 against 1.69.0 for beta-1.70-1
[INFO] extracting crate dmsdk 0.2.0 into /workspace/builds/worker-5-tc1/source
[INFO] validating manifest of crates.io crate dmsdk 0.2.0 on toolchain 1.69.0
[INFO] running `Command { std: CARGO_HOME="/workspace/cargo-home" RUSTUP_HOME="/workspace/rustup-home" "/workspace/cargo-home/bin/cargo" "+1.69.0" "metadata" "--manifest-path" "Cargo.toml" "--no-deps", kill_on_drop: false }`
[INFO] started tweaking crates.io crate dmsdk 0.2.0
[INFO] finished tweaking crates.io crate dmsdk 0.2.0
[INFO] tweaked toml for crates.io crate dmsdk 0.2.0 written to /workspace/builds/worker-5-tc1/source/Cargo.toml
[INFO] running `Command { std: CARGO_HOME="/workspace/cargo-home" RUSTUP_HOME="/workspace/rustup-home" __CARGO_TEST_CHANNEL_OVERRIDE_DO_NOT_USE_THIS="nightly" "/workspace/cargo-home/bin/cargo" "+1.69.0" "generate-lockfile" "--manifest-path" "Cargo.toml" "-Zno-index-update", kill_on_drop: false }`
[INFO] running `Command { std: CARGO_HOME="/workspace/cargo-home" RUSTUP_HOME="/workspace/rustup-home" "/workspace/cargo-home/bin/cargo" "+1.69.0" "fetch" "--manifest-path" "Cargo.toml", kill_on_drop: false }`
[INFO] [stderr]  Downloading crates ...
[INFO] [stderr]   Downloaded bindgen v0.63.0
[INFO] [stderr]   Downloaded dmsdk_ffi v0.1.1
[INFO] running `Command { std: "docker" "create" "-v" "/var/lib/crater-agent-workspace/builds/worker-5-tc1/target:/opt/rustwide/target:rw,Z" "-v" "/var/lib/crater-agent-workspace/builds/worker-5-tc1/source:/opt/rustwide/workdir:ro,Z" "-v" "/var/lib/crater-agent-workspace/cargo-home:/opt/rustwide/cargo-home:ro,Z" "-v" "/var/lib/crater-agent-workspace/rustup-home:/opt/rustwide/rustup-home:ro,Z" "-e" "SOURCE_DIR=/opt/rustwide/workdir" "-e" "CARGO_TARGET_DIR=/opt/rustwide/target" "-e" "CARGO_HOME=/opt/rustwide/cargo-home" "-e" "RUSTUP_HOME=/opt/rustwide/rustup-home" "-w" "/opt/rustwide/workdir" "-m" "1610612736" "--user" "0:0" "--network" "none" "ghcr.io/rust-lang/crates-build-env/linux@sha256:5ff2268d62e97bff2cde7d5815dd6ed5b47097566f13b8d0ca110b04b60e07ed" "/opt/rustwide/cargo-home/bin/cargo" "+1.69.0" "metadata" "--no-deps" "--format-version=1", kill_on_drop: false }`
[INFO] [stdout] bc71a7e2ad132b50f71fa4abf02ce3b2e4fad93ebd70da1dbc9ccfb400cf245b
[INFO] running `Command { std: "docker" "start" "-a" "bc71a7e2ad132b50f71fa4abf02ce3b2e4fad93ebd70da1dbc9ccfb400cf245b", kill_on_drop: false }`
[INFO] running `Command { std: "docker" "inspect" "bc71a7e2ad132b50f71fa4abf02ce3b2e4fad93ebd70da1dbc9ccfb400cf245b", kill_on_drop: false }`
[INFO] running `Command { std: "docker" "rm" "-f" "bc71a7e2ad132b50f71fa4abf02ce3b2e4fad93ebd70da1dbc9ccfb400cf245b", kill_on_drop: false }`
[INFO] [stdout] bc71a7e2ad132b50f71fa4abf02ce3b2e4fad93ebd70da1dbc9ccfb400cf245b
[INFO] running `Command { std: "docker" "create" "-v" "/var/lib/crater-agent-workspace/builds/worker-5-tc1/target:/opt/rustwide/target:rw,Z" "-v" "/var/lib/crater-agent-workspace/builds/worker-5-tc1/source:/opt/rustwide/workdir:ro,Z" "-v" "/var/lib/crater-agent-workspace/cargo-home:/opt/rustwide/cargo-home:ro,Z" "-v" "/var/lib/crater-agent-workspace/rustup-home:/opt/rustwide/rustup-home:ro,Z" "-e" "SOURCE_DIR=/opt/rustwide/workdir" "-e" "CARGO_TARGET_DIR=/opt/rustwide/target" "-e" "CARGO_INCREMENTAL=0" "-e" "RUST_BACKTRACE=full" "-e" "RUSTFLAGS=--cap-lints=warn" "-e" "RUSTDOCFLAGS=--cap-lints=warn" "-e" "CARGO_HOME=/opt/rustwide/cargo-home" "-e" "RUSTUP_HOME=/opt/rustwide/rustup-home" "-w" "/opt/rustwide/workdir" "-m" "1610612736" "--user" "0:0" "--network" "none" "ghcr.io/rust-lang/crates-build-env/linux@sha256:5ff2268d62e97bff2cde7d5815dd6ed5b47097566f13b8d0ca110b04b60e07ed" "/opt/rustwide/cargo-home/bin/cargo" "+1.69.0" "build" "--frozen" "--message-format=json", kill_on_drop: false }`
[INFO] [stdout] 8e06ad24c0e4d7fc46b0d2014b64d09ebff22e1a2e6257f722610338ffc1b731
[INFO] running `Command { std: "docker" "start" "-a" "8e06ad24c0e4d7fc46b0d2014b64d09ebff22e1a2e6257f722610338ffc1b731", kill_on_drop: false }`
[INFO] [stderr]    Compiling proc-macro2 v1.0.56
[INFO] [stderr]    Compiling libc v0.2.142
[INFO] [stderr]    Compiling quote v1.0.26
[INFO] [stderr]    Compiling glob v0.3.1
[INFO] [stderr]    Compiling unicode-ident v1.0.8
[INFO] [stderr]    Compiling memchr v2.5.0
[INFO] [stderr]    Compiling cfg-if v1.0.0
[INFO] [stderr]    Compiling syn v1.0.109
[INFO] [stderr]    Compiling minimal-lexical v0.2.1
[INFO] [stderr]    Compiling log v0.4.17
[INFO] [stderr]    Compiling libloading v0.7.4
[INFO] [stderr]    Compiling regex-syntax v0.7.1
[INFO] [stderr]    Compiling either v1.8.1
[INFO] [stderr]    Compiling bindgen v0.63.0
[INFO] [stderr]    Compiling clang-sys v1.6.1
[INFO] [stderr]    Compiling rustc-hash v1.1.0
[INFO] [stderr]    Compiling shlex v1.1.0
[INFO] [stderr]    Compiling bitflags v1.3.2
[INFO] [stderr]    Compiling lazycell v1.3.0
[INFO] [stderr]    Compiling lazy_static v1.4.0
[INFO] [stderr]    Compiling peeking_take_while v0.1.2
[INFO] [stderr]    Compiling nom v7.1.3
[INFO] [stderr]    Compiling paste v1.0.12
[INFO] [stderr]    Compiling which v4.4.0
[INFO] [stderr]    Compiling regex v1.8.1
[INFO] [stderr]    Compiling cexpr v0.6.0
[INFO] [stderr]    Compiling ctor v0.1.26
[INFO] [stderr]    Compiling dmsdk_ffi v0.1.1
[INFO] [stderr]    Compiling dmsdk v0.2.0 (/opt/rustwide/workdir)
[INFO] [stderr]     Finished dev [unoptimized + debuginfo] target(s) in 27.03s
[INFO] running `Command { std: "docker" "inspect" "8e06ad24c0e4d7fc46b0d2014b64d09ebff22e1a2e6257f722610338ffc1b731", kill_on_drop: false }`
[INFO] running `Command { std: "docker" "rm" "-f" "8e06ad24c0e4d7fc46b0d2014b64d09ebff22e1a2e6257f722610338ffc1b731", kill_on_drop: false }`
[INFO] [stdout] 8e06ad24c0e4d7fc46b0d2014b64d09ebff22e1a2e6257f722610338ffc1b731
[INFO] running `Command { std: "docker" "create" "-v" "/var/lib/crater-agent-workspace/builds/worker-5-tc1/target:/opt/rustwide/target:rw,Z" "-v" "/var/lib/crater-agent-workspace/builds/worker-5-tc1/source:/opt/rustwide/workdir:ro,Z" "-v" "/var/lib/crater-agent-workspace/cargo-home:/opt/rustwide/cargo-home:ro,Z" "-v" "/var/lib/crater-agent-workspace/rustup-home:/opt/rustwide/rustup-home:ro,Z" "-e" "SOURCE_DIR=/opt/rustwide/workdir" "-e" "CARGO_TARGET_DIR=/opt/rustwide/target" "-e" "CARGO_INCREMENTAL=0" "-e" "RUST_BACKTRACE=full" "-e" "RUSTFLAGS=--cap-lints=warn" "-e" "RUSTDOCFLAGS=--cap-lints=warn" "-e" "CARGO_HOME=/opt/rustwide/cargo-home" "-e" "RUSTUP_HOME=/opt/rustwide/rustup-home" "-w" "/opt/rustwide/workdir" "-m" "1610612736" "--user" "0:0" "--network" "none" "ghcr.io/rust-lang/crates-build-env/linux@sha256:5ff2268d62e97bff2cde7d5815dd6ed5b47097566f13b8d0ca110b04b60e07ed" "/opt/rustwide/cargo-home/bin/cargo" "+1.69.0" "test" "--frozen" "--no-run" "--message-format=json", kill_on_drop: false }`
[INFO] [stdout] 22c9af605cf5a8b402a4a46ce03a2f4a85a4a0388104bb50de921c6d301dc7bf
[INFO] running `Command { std: "docker" "start" "-a" "22c9af605cf5a8b402a4a46ce03a2f4a85a4a0388104bb50de921c6d301dc7bf", kill_on_drop: false }`
[INFO] [stderr]    Compiling dmsdk v0.2.0 (/opt/rustwide/workdir)
[INFO] [stderr]     Finished test [unoptimized + debuginfo] target(s) in 0.35s
[INFO] running `Command { std: "docker" "inspect" "22c9af605cf5a8b402a4a46ce03a2f4a85a4a0388104bb50de921c6d301dc7bf", kill_on_drop: false }`
[INFO] running `Command { std: "docker" "rm" "-f" "22c9af605cf5a8b402a4a46ce03a2f4a85a4a0388104bb50de921c6d301dc7bf", kill_on_drop: false }`
[INFO] [stdout] 22c9af605cf5a8b402a4a46ce03a2f4a85a4a0388104bb50de921c6d301dc7bf
[INFO] running `Command { std: "docker" "create" "-v" "/var/lib/crater-agent-workspace/builds/worker-5-tc1/target:/opt/rustwide/target:rw,Z" "-v" "/var/lib/crater-agent-workspace/builds/worker-5-tc1/source:/opt/rustwide/workdir:ro,Z" "-v" "/var/lib/crater-agent-workspace/cargo-home:/opt/rustwide/cargo-home:ro,Z" "-v" "/var/lib/crater-agent-workspace/rustup-home:/opt/rustwide/rustup-home:ro,Z" "-e" "SOURCE_DIR=/opt/rustwide/workdir" "-e" "CARGO_TARGET_DIR=/opt/rustwide/target" "-e" "CARGO_INCREMENTAL=0" "-e" "RUST_BACKTRACE=full" "-e" "RUSTFLAGS=--cap-lints=warn" "-e" "RUSTDOCFLAGS=--cap-lints=warn" "-e" "CARGO_HOME=/opt/rustwide/cargo-home" "-e" "RUSTUP_HOME=/opt/rustwide/rustup-home" "-w" "/opt/rustwide/workdir" "-m" "1610612736" "--user" "0:0" "--network" "none" "ghcr.io/rust-lang/crates-build-env/linux@sha256:5ff2268d62e97bff2cde7d5815dd6ed5b47097566f13b8d0ca110b04b60e07ed" "/opt/rustwide/cargo-home/bin/cargo" "+1.69.0" "test" "--frozen", kill_on_drop: false }`
[INFO] [stdout] d138fb1efd0e9bdffc970fa6899e18d00c86b268e71655f02420a52e703be754
[INFO] running `Command { std: "docker" "start" "-a" "d138fb1efd0e9bdffc970fa6899e18d00c86b268e71655f02420a52e703be754", kill_on_drop: false }`
[INFO] [stderr]     Blocking waiting for file lock on package cache
[INFO] [stderr]     Finished test [unoptimized + debuginfo] target(s) in 0.93s
[INFO] [stderr]      Running unittests src/lib.rs (/opt/rustwide/target/debug/deps/dmsdk-bd080ec5b59ffb3b)
[INFO] [stdout] 
[INFO] [stdout] running 0 tests
[INFO] [stdout] 
[INFO] [stdout] test result: ok. 0 passed; 0 failed; 0 ignored; 0 measured; 0 filtered out; finished in 0.00s
[INFO] [stdout] 
[INFO] [stderr]    Doc-tests dmsdk
[INFO] [stdout] 
[INFO] [stdout] running 14 tests
[INFO] [stdout] test src/dmlog.rs - dmlog::__internal_fatal (line 142) ... FAILED
[INFO] [stdout] test src/dmlog.rs - dmlog::__internal_error (line 124) ... FAILED
[INFO] [stdout] test src/dmconfigfile.rs - dmconfigfile::get_int (line 46) ... FAILED
[INFO] [stdout] test src/dmlog.rs - dmlog::__internal_info (line 88) ... FAILED
[INFO] [stdout] test src/dmextension.rs - dmextension::declare_extension (line 164) ... FAILED
[INFO] [stdout] test src/dmconfigfile.rs - dmconfigfile::get_string (line 17) ... FAILED
[INFO] [stdout] test src/dmlog.rs - dmlog::__internal_debug (line 52) ... FAILED
[INFO] [stdout] test src/dmlog.rs - dmlog::__internal_user_debug (line 70) ... FAILED
[INFO] [stdout] test src/dmconfigfile.rs - dmconfigfile::declare_configfile_extension (line 204) ... FAILED
[INFO] [stdout] test src/dmconfigfile.rs - dmconfigfile::get_float (line 71) ... FAILED
[INFO] [stdout] test src/dmlog.rs - dmlog::__internal_warning (line 106) ... FAILED
[INFO] [stdout] test src/lua.rs - lua::__internal_lua_error (line 232) ... FAILED
[INFO] [stdout] test src/lua.rs - lua::__internal_push_fstring (line 256) ... ok
[INFO] [stdout] test src/lua.rs - lua::declare_functions (line 38) ... ok
[INFO] [stdout] 
[INFO] [stdout] failures:
[INFO] [stdout] 
[INFO] [stdout] ---- src/dmlog.rs - dmlog::__internal_fatal (line 142) stdout ----
[INFO] [stdout] error[E0433]: failed to resolve: use of undeclared crate or module `dmlog`
[INFO] [stdout]  --> src/dmlog.rs:146:1
[INFO] [stdout]   |
[INFO] [stdout] 6 | dmlog::fatal!("Lucky number: {lucky_number}");
[INFO] [stdout]   | ^^^^^ use of undeclared crate or module `dmlog`
[INFO] [stdout] 
[INFO] [stdout] error[E0433]: failed to resolve: use of undeclared crate or module `dmlog`
[INFO] [stdout]  --> src/dmlog.rs:143:1
[INFO] [stdout]   |
[INFO] [stdout] 3 | dmlog::fatal!("Something has gone very, very wrong!");
[INFO] [stdout]   | ^^^^^ use of undeclared crate or module `dmlog`
[INFO] [stdout] 
[INFO] [stdout] error: aborting due to 2 previous errors
[INFO] [stdout] 
[INFO] [stdout] For more information about this error, try `rustc --explain E0433`.
[INFO] [stdout] Couldn't compile the test.
[INFO] [stdout] ---- src/dmlog.rs - dmlog::__internal_error (line 124) stdout ----
[INFO] [stdout] error[E0433]: failed to resolve: use of undeclared crate or module `dmlog`
[INFO] [stdout]  --> src/dmlog.rs:128:1
[INFO] [stdout]   |
[INFO] [stdout] 6 | dmlog::error!("Lucky number: {lucky_number}");
[INFO] [stdout]   | ^^^^^ use of undeclared crate or module `dmlog`
[INFO] [stdout] 
[INFO] [stdout] error[E0433]: failed to resolve: use of undeclared crate or module `dmlog`
[INFO] [stdout]  --> src/dmlog.rs:125:1
[INFO] [stdout]   |
[INFO] [stdout] 3 | dmlog::error!("This is an error message!");
[INFO] [stdout]   | ^^^^^ use of undeclared crate or module `dmlog`
[INFO] [stdout] 
[INFO] [stdout] error: aborting due to 2 previous errors
[INFO] [stdout] 
[INFO] [stdout] For more information about this error, try `rustc --explain E0433`.
[INFO] [stdout] Couldn't compile the test.
[INFO] [stdout] ---- src/dmconfigfile.rs - dmconfigfile::get_int (line 46) stdout ----
[INFO] [stdout] error[E0425]: cannot find value `LOG_DOMAIN` in the crate root
[INFO] [stdout]  --> src/dmconfigfile.rs:52:5
[INFO] [stdout]   |
[INFO] [stdout] 9 |     dmlog::info!("Window width is: {display_width}");
[INFO] [stdout]   |     ^^^^^^^^^^^^^^^^^^^^^^^^^^^^^^^^^^^^^^^^^^^^^^^^ not found in the crate root
[INFO] [stdout]   |
[INFO] [stdout]   = note: this error originates in the macro `dmlog::info` (in Nightly builds, run with -Z macro-backtrace for more info)
[INFO] [stdout] 
[INFO] [stdout] error: aborting due to previous error
[INFO] [stdout] 
[INFO] [stdout] For more information about this error, try `rustc --explain E0425`.
[INFO] [stdout] Couldn't compile the test.
[INFO] [stdout] ---- src/dmlog.rs - dmlog::__internal_info (line 88) stdout ----
[INFO] [stdout] error[E0433]: failed to resolve: use of undeclared crate or module `dmlog`
[INFO] [stdout]  --> src/dmlog.rs:92:1
[INFO] [stdout]   |
[INFO] [stdout] 6 | dmlog::info!("Lucky number: {lucky_number}");
[INFO] [stdout]   | ^^^^^ use of undeclared crate or module `dmlog`
[INFO] [stdout] 
[INFO] [stdout] error[E0433]: failed to resolve: use of undeclared crate or module `dmlog`
[INFO] [stdout]  --> src/dmlog.rs:89:1
[INFO] [stdout]   |
[INFO] [stdout] 3 | dmlog::info!("This is an informative message!");
[INFO] [stdout]   | ^^^^^ use of undeclared crate or module `dmlog`
[INFO] [stdout] 
[INFO] [stdout] error: aborting due to 2 previous errors
[INFO] [stdout] 
[INFO] [stdout] For more information about this error, try `rustc --explain E0433`.
[INFO] [stdout] Couldn't compile the test.
[INFO] [stdout] ---- src/dmextension.rs - dmextension::declare_extension (line 164) stdout ----
[INFO] [stdout] error[E0425]: cannot find value `LOG_DOMAIN` in the crate root
[INFO] [stdout]  --> src/dmextension.rs:170:5
[INFO] [stdout]   |
[INFO] [stdout] 9 |     dmlog::info!("Registered extension MY_EXTENSION");
[INFO] [stdout]   |     ^^^^^^^^^^^^^^^^^^^^^^^^^^^^^^^^^^^^^^^^^^^^^^^^^ not found in the crate root
[INFO] [stdout]   |
[INFO] [stdout]   = note: this error originates in the macro `dmlog::info` (in Nightly builds, run with -Z macro-backtrace for more info)
[INFO] [stdout] 
[INFO] [stdout] error: aborting due to previous error
[INFO] [stdout] 
[INFO] [stdout] For more information about this error, try `rustc --explain E0425`.
[INFO] [stdout] Couldn't compile the test.
[INFO] [stdout] ---- src/dmconfigfile.rs - dmconfigfile::get_string (line 17) stdout ----
[INFO] [stdout] error[E0425]: cannot find value `LOG_DOMAIN` in the crate root
[INFO] [stdout]  --> src/dmconfigfile.rs:23:5
[INFO] [stdout]   |
[INFO] [stdout] 9 |     dmlog::info!("Project title is: {title}");
[INFO] [stdout]   |     ^^^^^^^^^^^^^^^^^^^^^^^^^^^^^^^^^^^^^^^^^ not found in the crate root
[INFO] [stdout]   |
[INFO] [stdout]   = note: this error originates in the macro `dmlog::info` (in Nightly builds, run with -Z macro-backtrace for more info)
[INFO] [stdout] 
[INFO] [stdout] error: aborting due to previous error
[INFO] [stdout] 
[INFO] [stdout] For more information about this error, try `rustc --explain E0425`.
[INFO] [stdout] Couldn't compile the test.
[INFO] [stdout] ---- src/dmlog.rs - dmlog::__internal_debug (line 52) stdout ----
[INFO] [stdout] error[E0433]: failed to resolve: use of undeclared crate or module `dmlog`
[INFO] [stdout]  --> src/dmlog.rs:56:1
[INFO] [stdout]   |
[INFO] [stdout] 6 | dmlog::debug!("Lucky number: {lucky_number}");
[INFO] [stdout]   | ^^^^^ use of undeclared crate or module `dmlog`
[INFO] [stdout] 
[INFO] [stdout] error[E0433]: failed to resolve: use of undeclared crate or module `dmlog`
[INFO] [stdout]  --> src/dmlog.rs:53:1
[INFO] [stdout]   |
[INFO] [stdout] 3 | dmlog::debug!("This is a debug message!");
[INFO] [stdout]   | ^^^^^ use of undeclared crate or module `dmlog`
[INFO] [stdout] 
[INFO] [stdout] error: aborting due to 2 previous errors
[INFO] [stdout] 
[INFO] [stdout] For more information about this error, try `rustc --explain E0433`.
[INFO] [stdout] Couldn't compile the test.
[INFO] [stdout] ---- src/dmlog.rs - dmlog::__internal_user_debug (line 70) stdout ----
[INFO] [stdout] error[E0433]: failed to resolve: use of undeclared crate or module `dmlog`
[INFO] [stdout]  --> src/dmlog.rs:74:1
[INFO] [stdout]   |
[INFO] [stdout] 6 | dmlog::user_debug!("Lucky number: {lucky_number}");
[INFO] [stdout]   | ^^^^^ use of undeclared crate or module `dmlog`
[INFO] [stdout] 
[INFO] [stdout] error[E0433]: failed to resolve: use of undeclared crate or module `dmlog`
[INFO] [stdout]  --> src/dmlog.rs:71:1
[INFO] [stdout]   |
[INFO] [stdout] 3 | dmlog::user_debug!("This is a user debug message!");
[INFO] [stdout]   | ^^^^^ use of undeclared crate or module `dmlog`
[INFO] [stdout] 
[INFO] [stdout] error: aborting due to 2 previous errors
[INFO] [stdout] 
[INFO] [stdout] For more information about this error, try `rustc --explain E0433`.
[INFO] [stdout] Couldn't compile the test.
[INFO] [stdout] ---- src/dmconfigfile.rs - dmconfigfile::declare_configfile_extension (line 204) stdout ----
[INFO] [stdout] error[E0425]: cannot find value `LOG_DOMAIN` in the crate root
[INFO] [stdout]  --> src/dmconfigfile.rs:209:5
[INFO] [stdout]   |
[INFO] [stdout] 8 |     dmlog::info!("Config plugin created");
[INFO] [stdout]   |     ^^^^^^^^^^^^^^^^^^^^^^^^^^^^^^^^^^^^^ not found in the crate root
[INFO] [stdout]   |
[INFO] [stdout]   = note: this error originates in the macro `dmlog::info` (in Nightly builds, run with -Z macro-backtrace for more info)
[INFO] [stdout] 
[INFO] [stdout] error[E0425]: cannot find value `LOG_DOMAIN` in the crate root
[INFO] [stdout]   --> src/dmconfigfile.rs:213:5
[INFO] [stdout]    |
[INFO] [stdout] 12 |     dmlog::info!("Config plugin destroyed");
[INFO] [stdout]    |     ^^^^^^^^^^^^^^^^^^^^^^^^^^^^^^^^^^^^^^^ not found in the crate root
[INFO] [stdout]    |
[INFO] [stdout]    = note: this error originates in the macro `dmlog::info` (in Nightly builds, run with -Z macro-backtrace for more info)
[INFO] [stdout] 
[INFO] [stdout] error[E0425]: cannot find value `LOG_DOMAIN` in the crate root
[INFO] [stdout]   --> src/dmconfigfile.rs:236:1
[INFO] [stdout]    |
[INFO] [stdout] 35 | / declare_configfile_extension!(
[INFO] [stdout] 36 | |     MY_CONFIG_PLUGIN,
[INFO] [stdout] 37 | |     Some(plugin_create),
[INFO] [stdout] 38 | |     Some(plugin_destroy),
[INFO] [stdout] ...  |
[INFO] [stdout] 41 | |     Some(get_float)
[INFO] [stdout] 42 | | );
[INFO] [stdout]    | |_^ not found in the crate root
[INFO] [stdout]    |
[INFO] [stdout]    = note: this error originates in the macro `dmlog::error` which comes from the expansion of the macro `declare_configfile_extension` (in Nightly builds, run with -Z macro-backtrace for more info)
[INFO] [stdout] 
[INFO] [stdout] error[E0425]: cannot find value `LOG_DOMAIN` in the crate root
[INFO] [stdout]   --> src/dmconfigfile.rs:236:1
[INFO] [stdout]    |
[INFO] [stdout] 35 | / declare_configfile_extension!(
[INFO] [stdout] 36 | |     MY_CONFIG_PLUGIN,
[INFO] [stdout] 37 | |     Some(plugin_create),
[INFO] [stdout] 38 | |     Some(plugin_destroy),
[INFO] [stdout] ...  |
[INFO] [stdout] 41 | |     Some(get_float)
[INFO] [stdout] 42 | | );
[INFO] [stdout]    | |_^ not found in the crate root
[INFO] [stdout]    |
[INFO] [stdout]    = note: this error originates in the macro `dmlog::error` which comes from the expansion of the macro `declare_configfile_extension` (in Nightly builds, run with -Z macro-backtrace for more info)
[INFO] [stdout] 
[INFO] [stdout] error: aborting due to 4 previous errors
[INFO] [stdout] 
[INFO] [stdout] For more information about this error, try `rustc --explain E0425`.
[INFO] [stdout] Couldn't compile the test.
[INFO] [stdout] ---- src/dmconfigfile.rs - dmconfigfile::get_float (line 71) stdout ----
[INFO] [stdout] error[E0425]: cannot find value `LOG_DOMAIN` in the crate root
[INFO] [stdout]  --> src/dmconfigfile.rs:77:5
[INFO] [stdout]   |
[INFO] [stdout] 9 |     dmlog::info!("Gravity is: {gravity}");
[INFO] [stdout]   |     ^^^^^^^^^^^^^^^^^^^^^^^^^^^^^^^^^^^^^ not found in the crate root
[INFO] [stdout]   |
[INFO] [stdout]   = note: this error originates in the macro `dmlog::info` (in Nightly builds, run with -Z macro-backtrace for more info)
[INFO] [stdout] 
[INFO] [stdout] error: aborting due to previous error
[INFO] [stdout] 
[INFO] [stdout] For more information about this error, try `rustc --explain E0425`.
[INFO] [stdout] Couldn't compile the test.
[INFO] [stdout] ---- src/dmlog.rs - dmlog::__internal_warning (line 106) stdout ----
[INFO] [stdout] error[E0433]: failed to resolve: use of undeclared crate or module `dmlog`
[INFO] [stdout]  --> src/dmlog.rs:110:1
[INFO] [stdout]   |
[INFO] [stdout] 6 | dmlog::warning!("Lucky number: {lucky_number}");
[INFO] [stdout]   | ^^^^^ use of undeclared crate or module `dmlog`
[INFO] [stdout] 
[INFO] [stdout] error[E0433]: failed to resolve: use of undeclared crate or module `dmlog`
[INFO] [stdout]  --> src/dmlog.rs:107:1
[INFO] [stdout]   |
[INFO] [stdout] 3 | dmlog::warning!("This is a warning message!");
[INFO] [stdout]   | ^^^^^ use of undeclared crate or module `dmlog`
[INFO] [stdout] 
[INFO] [stdout] error: aborting due to 2 previous errors
[INFO] [stdout] 
[INFO] [stdout] For more information about this error, try `rustc --explain E0433`.
[INFO] [stdout] Couldn't compile the test.
[INFO] [stdout] ---- src/lua.rs - lua::__internal_lua_error (line 232) stdout ----
[INFO] [stdout] error[E0425]: cannot find value `LOG_DOMAIN` in the crate root
[INFO] [stdout]   --> src/lua.rs:241:5
[INFO] [stdout]    |
[INFO] [stdout] 12 |     dmlog::warning!("This line shouldn't get printed!");
[INFO] [stdout]    |     ^^^^^^^^^^^^^^^^^^^^^^^^^^^^^^^^^^^^^^^^^^^^^^^^^^^ not found in the crate root
[INFO] [stdout]    |
[INFO] [stdout]    = note: this error originates in the macro `dmlog::warning` (in Nightly builds, run with -Z macro-backtrace for more info)
[INFO] [stdout] 
[INFO] [stdout] error: aborting due to previous error
[INFO] [stdout] 
[INFO] [stdout] For more information about this error, try `rustc --explain E0425`.
[INFO] [stdout] Couldn't compile the test.
[INFO] [stdout] 
[INFO] [stdout] failures:
[INFO] [stdout]     src/dmconfigfile.rs - dmconfigfile::declare_configfile_extension (line 204)
[INFO] [stdout]     src/dmconfigfile.rs - dmconfigfile::get_float (line 71)
[INFO] [stdout]     src/dmconfigfile.rs - dmconfigfile::get_int (line 46)
[INFO] [stdout]     src/dmconfigfile.rs - dmconfigfile::get_string (line 17)
[INFO] [stdout]     src/dmextension.rs - dmextension::declare_extension (line 164)
[INFO] [stdout]     src/dmlog.rs - dmlog::__internal_debug (line 52)
[INFO] [stdout]     src/dmlog.rs - dmlog::__internal_error (line 124)
[INFO] [stdout]     src/dmlog.rs - dmlog::__internal_fatal (line 142)
[INFO] [stdout]     src/dmlog.rs - dmlog::__internal_info (line 88)
[INFO] [stdout]     src/dmlog.rs - dmlog::__internal_user_debug (line 70)
[INFO] [stdout]     src/dmlog.rs - dmlog::__internal_warning (line 106)
[INFO] [stdout]     src/lua.rs - lua::__internal_lua_error (line 232)
[INFO] [stdout] 
[INFO] [stdout] test result: FAILED. 2 passed; 12 failed; 0 ignored; 0 measured; 0 filtered out; finished in 0.22s
[INFO] [stdout] 
[INFO] [stderr] error: doctest failed, to rerun pass `--doc`
[INFO] running `Command { std: "docker" "inspect" "d138fb1efd0e9bdffc970fa6899e18d00c86b268e71655f02420a52e703be754", kill_on_drop: false }`
[INFO] running `Command { std: "docker" "rm" "-f" "d138fb1efd0e9bdffc970fa6899e18d00c86b268e71655f02420a52e703be754", kill_on_drop: false }`
[INFO] [stdout] d138fb1efd0e9bdffc970fa6899e18d00c86b268e71655f02420a52e703be754
