[INFO] fetching crate dlc-messages 0.4.0...
[INFO] testing dlc-messages-0.4.0 against 1.69.0 for beta-1.70-1
[INFO] extracting crate dlc-messages 0.4.0 into /workspace/builds/worker-5-tc1/source
[INFO] validating manifest of crates.io crate dlc-messages 0.4.0 on toolchain 1.69.0
[INFO] running `Command { std: CARGO_HOME="/workspace/cargo-home" RUSTUP_HOME="/workspace/rustup-home" "/workspace/cargo-home/bin/cargo" "+1.69.0" "metadata" "--manifest-path" "Cargo.toml" "--no-deps", kill_on_drop: false }`
[INFO] started tweaking crates.io crate dlc-messages 0.4.0
[INFO] finished tweaking crates.io crate dlc-messages 0.4.0
[INFO] tweaked toml for crates.io crate dlc-messages 0.4.0 written to /workspace/builds/worker-5-tc1/source/Cargo.toml
[INFO] running `Command { std: CARGO_HOME="/workspace/cargo-home" RUSTUP_HOME="/workspace/rustup-home" __CARGO_TEST_CHANNEL_OVERRIDE_DO_NOT_USE_THIS="nightly" "/workspace/cargo-home/bin/cargo" "+1.69.0" "generate-lockfile" "--manifest-path" "Cargo.toml" "-Zno-index-update", kill_on_drop: false }`
[INFO] running `Command { std: CARGO_HOME="/workspace/cargo-home" RUSTUP_HOME="/workspace/rustup-home" "/workspace/cargo-home/bin/cargo" "+1.69.0" "fetch" "--manifest-path" "Cargo.toml", kill_on_drop: false }`
[INFO] [stderr]  Downloading crates ...
[INFO] [stderr]   Downloaded miniscript v8.0.1
[INFO] [stderr]   Downloaded secp256k1-zkp v0.7.0
[INFO] [stderr]   Downloaded dlc v0.4.0
[INFO] [stderr]   Downloaded lightning v0.0.113
[INFO] [stderr]   Downloaded secp256k1-zkp-sys v0.7.0
[INFO] running `Command { std: "docker" "create" "-v" "/var/lib/crater-agent-workspace/builds/worker-5-tc1/target:/opt/rustwide/target:rw,Z" "-v" "/var/lib/crater-agent-workspace/builds/worker-5-tc1/source:/opt/rustwide/workdir:ro,Z" "-v" "/var/lib/crater-agent-workspace/cargo-home:/opt/rustwide/cargo-home:ro,Z" "-v" "/var/lib/crater-agent-workspace/rustup-home:/opt/rustwide/rustup-home:ro,Z" "-e" "SOURCE_DIR=/opt/rustwide/workdir" "-e" "CARGO_TARGET_DIR=/opt/rustwide/target" "-e" "CARGO_HOME=/opt/rustwide/cargo-home" "-e" "RUSTUP_HOME=/opt/rustwide/rustup-home" "-w" "/opt/rustwide/workdir" "-m" "1610612736" "--user" "0:0" "--network" "none" "ghcr.io/rust-lang/crates-build-env/linux@sha256:5ff2268d62e97bff2cde7d5815dd6ed5b47097566f13b8d0ca110b04b60e07ed" "/opt/rustwide/cargo-home/bin/cargo" "+1.69.0" "metadata" "--no-deps" "--format-version=1", kill_on_drop: false }`
[INFO] [stdout] 82d02811ecf761326009fc92833ba447ef520c4e48367d062764f0a7e8168717
[INFO] running `Command { std: "docker" "start" "-a" "82d02811ecf761326009fc92833ba447ef520c4e48367d062764f0a7e8168717", kill_on_drop: false }`
[INFO] running `Command { std: "docker" "inspect" "82d02811ecf761326009fc92833ba447ef520c4e48367d062764f0a7e8168717", kill_on_drop: false }`
[INFO] running `Command { std: "docker" "rm" "-f" "82d02811ecf761326009fc92833ba447ef520c4e48367d062764f0a7e8168717", kill_on_drop: false }`
[INFO] [stdout] 82d02811ecf761326009fc92833ba447ef520c4e48367d062764f0a7e8168717
[INFO] running `Command { std: "docker" "create" "-v" "/var/lib/crater-agent-workspace/builds/worker-5-tc1/target:/opt/rustwide/target:rw,Z" "-v" "/var/lib/crater-agent-workspace/builds/worker-5-tc1/source:/opt/rustwide/workdir:ro,Z" "-v" "/var/lib/crater-agent-workspace/cargo-home:/opt/rustwide/cargo-home:ro,Z" "-v" "/var/lib/crater-agent-workspace/rustup-home:/opt/rustwide/rustup-home:ro,Z" "-e" "SOURCE_DIR=/opt/rustwide/workdir" "-e" "CARGO_TARGET_DIR=/opt/rustwide/target" "-e" "CARGO_INCREMENTAL=0" "-e" "RUST_BACKTRACE=full" "-e" "RUSTFLAGS=--cap-lints=warn" "-e" "RUSTDOCFLAGS=--cap-lints=warn" "-e" "CARGO_HOME=/opt/rustwide/cargo-home" "-e" "RUSTUP_HOME=/opt/rustwide/rustup-home" "-w" "/opt/rustwide/workdir" "-m" "1610612736" "--user" "0:0" "--network" "none" "ghcr.io/rust-lang/crates-build-env/linux@sha256:5ff2268d62e97bff2cde7d5815dd6ed5b47097566f13b8d0ca110b04b60e07ed" "/opt/rustwide/cargo-home/bin/cargo" "+1.69.0" "build" "--frozen" "--message-format=json", kill_on_drop: false }`
[INFO] [stdout] 8bb94183f95b342d3456120e40b22bd9d03a13724b4bdb515cd7ed7e9dd68eba
[INFO] running `Command { std: "docker" "start" "-a" "8bb94183f95b342d3456120e40b22bd9d03a13724b4bdb515cd7ed7e9dd68eba", kill_on_drop: false }`
[INFO] [stderr]    Compiling libc v0.2.142
[INFO] [stderr]    Compiling serde v1.0.160
[INFO] [stderr]    Compiling bitcoin_hashes v0.11.0
[INFO] [stderr]    Compiling bech32 v0.9.1
[INFO] [stderr]    Compiling secp256k1-sys v0.6.1
[INFO] [stderr]    Compiling secp256k1-zkp-sys v0.7.0
[INFO] [stderr]    Compiling getrandom v0.2.9
[INFO] [stderr]    Compiling rand_core v0.6.4
[INFO] [stderr]    Compiling rand_chacha v0.3.1
[INFO] [stderr]    Compiling rand v0.8.5
[INFO] [stderr]    Compiling secp256k1 v0.24.3
[INFO] [stderr]    Compiling bitcoin v0.29.2
[INFO] [stderr]    Compiling secp256k1-zkp v0.7.0
[INFO] [stderr]    Compiling miniscript v8.0.1
[INFO] [stderr]    Compiling lightning v0.0.113
[INFO] [stderr]    Compiling dlc v0.4.0
[INFO] [stderr]    Compiling dlc-messages v0.4.0 (/opt/rustwide/workdir)
[INFO] [stderr]     Finished dev [unoptimized + debuginfo] target(s) in 21.71s
[INFO] running `Command { std: "docker" "inspect" "8bb94183f95b342d3456120e40b22bd9d03a13724b4bdb515cd7ed7e9dd68eba", kill_on_drop: false }`
[INFO] running `Command { std: "docker" "rm" "-f" "8bb94183f95b342d3456120e40b22bd9d03a13724b4bdb515cd7ed7e9dd68eba", kill_on_drop: false }`
[INFO] [stdout] 8bb94183f95b342d3456120e40b22bd9d03a13724b4bdb515cd7ed7e9dd68eba
[INFO] running `Command { std: "docker" "create" "-v" "/var/lib/crater-agent-workspace/builds/worker-5-tc1/target:/opt/rustwide/target:rw,Z" "-v" "/var/lib/crater-agent-workspace/builds/worker-5-tc1/source:/opt/rustwide/workdir:ro,Z" "-v" "/var/lib/crater-agent-workspace/cargo-home:/opt/rustwide/cargo-home:ro,Z" "-v" "/var/lib/crater-agent-workspace/rustup-home:/opt/rustwide/rustup-home:ro,Z" "-e" "SOURCE_DIR=/opt/rustwide/workdir" "-e" "CARGO_TARGET_DIR=/opt/rustwide/target" "-e" "CARGO_INCREMENTAL=0" "-e" "RUST_BACKTRACE=full" "-e" "RUSTFLAGS=--cap-lints=warn" "-e" "RUSTDOCFLAGS=--cap-lints=warn" "-e" "CARGO_HOME=/opt/rustwide/cargo-home" "-e" "RUSTUP_HOME=/opt/rustwide/rustup-home" "-w" "/opt/rustwide/workdir" "-m" "1610612736" "--user" "0:0" "--network" "none" "ghcr.io/rust-lang/crates-build-env/linux@sha256:5ff2268d62e97bff2cde7d5815dd6ed5b47097566f13b8d0ca110b04b60e07ed" "/opt/rustwide/cargo-home/bin/cargo" "+1.69.0" "test" "--frozen" "--no-run" "--message-format=json", kill_on_drop: false }`
[INFO] [stdout] c3239a47c76127cee0a9dbfe1c5276f6b528f31c5f27ee92abf5b213f4b1c060
[INFO] running `Command { std: "docker" "start" "-a" "c3239a47c76127cee0a9dbfe1c5276f6b528f31c5f27ee92abf5b213f4b1c060", kill_on_drop: false }`
[INFO] [stderr]    Compiling serde_json v1.0.96
[INFO] [stderr]    Compiling dlc-messages v0.4.0 (/opt/rustwide/workdir)
[INFO] [stdout] error[E0463]: can't find crate for `bitcoin_test_utils`
[INFO] [stdout]   --> src/lib.rs:22:1
[INFO] [stdout]    |
[INFO] [stdout] 22 | extern crate bitcoin_test_utils;
[INFO] [stdout]    | ^^^^^^^^^^^^^^^^^^^^^^^^^^^^^^^^ can't find crate
[INFO] [stdout] 
[INFO] [stdout] 
[INFO] [stdout] error[E0277]: the trait bound `OfferDlc: serde::Deserialize<'_>` is not satisfied
[INFO] [stdout]     --> src/message_handler.rs:238:30
[INFO] [stdout]      |
[INFO] [stdout] 238  |             let msg: $type = serde_json::from_str(&$input).unwrap();
[INFO] [stdout]      |                              ^^^^^^^^^^^^^^^^^^^^ the trait `serde::Deserialize<'_>` is not implemented for `OfferDlc`
[INFO] [stdout] ...
[INFO] [stdout] 262  |         read_test!(OfferDlc, input);
[INFO] [stdout]      |         --------------------------- in this macro invocation
[INFO] [stdout]      |
[INFO] [stdout]      = help: the following other types implement trait `serde::Deserialize<'de>`:
[INFO] [stdout]                &'a Path
[INFO] [stdout]                &'a [u8]
[INFO] [stdout]                &'a str
[INFO] [stdout]                ()
[INFO] [stdout]                (T0, T1)
[INFO] [stdout]                (T0, T1, T2)
[INFO] [stdout]                (T0, T1, T2, T3)
[INFO] [stdout]                (T0, T1, T2, T3, T4)
[INFO] [stdout]              and 143 others
[INFO] [stdout] note: required by a bound in `serde_json::from_str`
[INFO] [stdout]     --> /opt/rustwide/cargo-home/registry/src/github.com-1ecc6299db9ec823/serde_json-1.0.96/src/de.rs:2603:8
[INFO] [stdout]      |
[INFO] [stdout] 2603 |     T: de::Deserialize<'a>,
[INFO] [stdout]      |        ^^^^^^^^^^^^^^^^^^^ required by this bound in `from_str`
[INFO] [stdout]      = note: this error originates in the macro `read_test` (in Nightly builds, run with -Z macro-backtrace for more info)
[INFO] [stdout] 
[INFO] [stdout] 
[INFO] [stdout] error[E0277]: the trait bound `AcceptDlc: serde::Deserialize<'_>` is not satisfied
[INFO] [stdout]     --> src/message_handler.rs:238:30
[INFO] [stdout]      |
[INFO] [stdout] 238  |             let msg: $type = serde_json::from_str(&$input).unwrap();
[INFO] [stdout]      |                              ^^^^^^^^^^^^^^^^^^^^ the trait `serde::Deserialize<'_>` is not implemented for `AcceptDlc`
[INFO] [stdout] ...
[INFO] [stdout] 268  |         read_test!(AcceptDlc, input);
[INFO] [stdout]      |         ---------------------------- in this macro invocation
[INFO] [stdout]      |
[INFO] [stdout]      = help: the following other types implement trait `serde::Deserialize<'de>`:
[INFO] [stdout]                &'a Path
[INFO] [stdout]                &'a [u8]
[INFO] [stdout]                &'a str
[INFO] [stdout]                ()
[INFO] [stdout]                (T0, T1)
[INFO] [stdout]                (T0, T1, T2)
[INFO] [stdout]                (T0, T1, T2, T3)
[INFO] [stdout]                (T0, T1, T2, T3, T4)
[INFO] [stdout]              and 143 others
[INFO] [stdout] note: required by a bound in `serde_json::from_str`
[INFO] [stdout]     --> /opt/rustwide/cargo-home/registry/src/github.com-1ecc6299db9ec823/serde_json-1.0.96/src/de.rs:2603:8
[INFO] [stdout]      |
[INFO] [stdout] 2603 |     T: de::Deserialize<'a>,
[INFO] [stdout]      |        ^^^^^^^^^^^^^^^^^^^ required by this bound in `from_str`
[INFO] [stdout]      = note: this error originates in the macro `read_test` (in Nightly builds, run with -Z macro-backtrace for more info)
[INFO] [stdout] 
[INFO] [stdout] 
[INFO] [stdout] error[E0277]: the trait bound `SignDlc: serde::Deserialize<'_>` is not satisfied
[INFO] [stdout]     --> src/message_handler.rs:238:30
[INFO] [stdout]      |
[INFO] [stdout] 238  |             let msg: $type = serde_json::from_str(&$input).unwrap();
[INFO] [stdout]      |                              ^^^^^^^^^^^^^^^^^^^^ the trait `serde::Deserialize<'_>` is not implemented for `SignDlc`
[INFO] [stdout] ...
[INFO] [stdout] 274  |         read_test!(SignDlc, input);
[INFO] [stdout]      |         -------------------------- in this macro invocation
[INFO] [stdout]      |
[INFO] [stdout]      = help: the following other types implement trait `serde::Deserialize<'de>`:
[INFO] [stdout]                &'a Path
[INFO] [stdout]                &'a [u8]
[INFO] [stdout]                &'a str
[INFO] [stdout]                ()
[INFO] [stdout]                (T0, T1)
[INFO] [stdout]                (T0, T1, T2)
[INFO] [stdout]                (T0, T1, T2, T3)
[INFO] [stdout]                (T0, T1, T2, T3, T4)
[INFO] [stdout]              and 143 others
[INFO] [stdout] note: required by a bound in `serde_json::from_str`
[INFO] [stdout]     --> /opt/rustwide/cargo-home/registry/src/github.com-1ecc6299db9ec823/serde_json-1.0.96/src/de.rs:2603:8
[INFO] [stdout]      |
[INFO] [stdout] 2603 |     T: de::Deserialize<'a>,
[INFO] [stdout]      |        ^^^^^^^^^^^^^^^^^^^ required by this bound in `from_str`
[INFO] [stdout]      = note: this error originates in the macro `read_test` (in Nightly builds, run with -Z macro-backtrace for more info)
[INFO] [stdout] 
[INFO] [stdout] 
[INFO] [stdout] error[E0277]: the trait bound `segmentation::SegmentStart: serde::Deserialize<'_>` is not satisfied
[INFO] [stdout]     --> src/message_handler.rs:238:30
[INFO] [stdout]      |
[INFO] [stdout] 238  |             let msg: $type = serde_json::from_str(&$input).unwrap();
[INFO] [stdout]      |                              ^^^^^^^^^^^^^^^^^^^^ the trait `serde::Deserialize<'_>` is not implemented for `segmentation::SegmentStart`
[INFO] [stdout] ...
[INFO] [stdout] 280  |         read_test!(SegmentStart, input);
[INFO] [stdout]      |         ------------------------------- in this macro invocation
[INFO] [stdout]      |
[INFO] [stdout]      = help: the following other types implement trait `serde::Deserialize<'de>`:
[INFO] [stdout]                &'a Path
[INFO] [stdout]                &'a [u8]
[INFO] [stdout]                &'a str
[INFO] [stdout]                ()
[INFO] [stdout]                (T0, T1)
[INFO] [stdout]                (T0, T1, T2)
[INFO] [stdout]                (T0, T1, T2, T3)
[INFO] [stdout]                (T0, T1, T2, T3, T4)
[INFO] [stdout]              and 143 others
[INFO] [stdout] note: required by a bound in `serde_json::from_str`
[INFO] [stdout]     --> /opt/rustwide/cargo-home/registry/src/github.com-1ecc6299db9ec823/serde_json-1.0.96/src/de.rs:2603:8
[INFO] [stdout]      |
[INFO] [stdout] 2603 |     T: de::Deserialize<'a>,
[INFO] [stdout]      |        ^^^^^^^^^^^^^^^^^^^ required by this bound in `from_str`
[INFO] [stdout]      = note: this error originates in the macro `read_test` (in Nightly builds, run with -Z macro-backtrace for more info)
[INFO] [stdout] 
[INFO] [stdout] 
[INFO] [stdout] error[E0277]: the trait bound `segmentation::SegmentChunk: serde::Deserialize<'_>` is not satisfied
[INFO] [stdout]     --> src/message_handler.rs:238:30
[INFO] [stdout]      |
[INFO] [stdout] 238  |             let msg: $type = serde_json::from_str(&$input).unwrap();
[INFO] [stdout]      |                              ^^^^^^^^^^^^^^^^^^^^ the trait `serde::Deserialize<'_>` is not implemented for `segmentation::SegmentChunk`
[INFO] [stdout] ...
[INFO] [stdout] 286  |         read_test!(SegmentChunk, input);
[INFO] [stdout]      |         ------------------------------- in this macro invocation
[INFO] [stdout]      |
[INFO] [stdout]      = help: the following other types implement trait `serde::Deserialize<'de>`:
[INFO] [stdout]                &'a Path
[INFO] [stdout]                &'a [u8]
[INFO] [stdout]                &'a str
[INFO] [stdout]                ()
[INFO] [stdout]                (T0, T1)
[INFO] [stdout]                (T0, T1, T2)
[INFO] [stdout]                (T0, T1, T2, T3)
[INFO] [stdout]                (T0, T1, T2, T3, T4)
[INFO] [stdout]              and 143 others
[INFO] [stdout] note: required by a bound in `serde_json::from_str`
[INFO] [stdout]     --> /opt/rustwide/cargo-home/registry/src/github.com-1ecc6299db9ec823/serde_json-1.0.96/src/de.rs:2603:8
[INFO] [stdout]      |
[INFO] [stdout] 2603 |     T: de::Deserialize<'a>,
[INFO] [stdout]      |        ^^^^^^^^^^^^^^^^^^^ required by this bound in `from_str`
[INFO] [stdout]      = note: this error originates in the macro `read_test` (in Nightly builds, run with -Z macro-backtrace for more info)
[INFO] [stdout] 
[INFO] [stdout] 
[INFO] [stdout] error[E0277]: the trait bound `OfferDlc: serde::Deserialize<'_>` is not satisfied
[INFO] [stdout]     --> src/message_handler.rs:305:29
[INFO] [stdout]      |
[INFO] [stdout] 305  |         let msg: OfferDlc = serde_json::from_str(input).unwrap();
[INFO] [stdout]      |                             ^^^^^^^^^^^^^^^^^^^^ the trait `serde::Deserialize<'_>` is not implemented for `OfferDlc`
[INFO] [stdout]      |
[INFO] [stdout]      = help: the following other types implement trait `serde::Deserialize<'de>`:
[INFO] [stdout]                &'a Path
[INFO] [stdout]                &'a [u8]
[INFO] [stdout]                &'a str
[INFO] [stdout]                ()
[INFO] [stdout]                (T0, T1)
[INFO] [stdout]                (T0, T1, T2)
[INFO] [stdout]                (T0, T1, T2, T3)
[INFO] [stdout]                (T0, T1, T2, T3, T4)
[INFO] [stdout]              and 143 others
[INFO] [stdout] note: required by a bound in `serde_json::from_str`
[INFO] [stdout]     --> /opt/rustwide/cargo-home/registry/src/github.com-1ecc6299db9ec823/serde_json-1.0.96/src/de.rs:2603:8
[INFO] [stdout]      |
[INFO] [stdout] 2603 |     T: de::Deserialize<'a>,
[INFO] [stdout]      |        ^^^^^^^^^^^^^^^^^^^ required by this bound in `from_str`
[INFO] [stdout] 
[INFO] [stdout] 
[INFO] [stdout] error[E0277]: the trait bound `AcceptDlc: serde::Deserialize<'_>` is not satisfied
[INFO] [stdout]     --> src/message_handler.rs:314:30
[INFO] [stdout]      |
[INFO] [stdout] 314  |         let msg: AcceptDlc = serde_json::from_str(input).unwrap();
[INFO] [stdout]      |                              ^^^^^^^^^^^^^^^^^^^^ the trait `serde::Deserialize<'_>` is not implemented for `AcceptDlc`
[INFO] [stdout]      |
[INFO] [stdout]      = help: the following other types implement trait `serde::Deserialize<'de>`:
[INFO] [stdout]                &'a Path
[INFO] [stdout]                &'a [u8]
[INFO] [stdout]                &'a str
[INFO] [stdout]                ()
[INFO] [stdout]                (T0, T1)
[INFO] [stdout]                (T0, T1, T2)
[INFO] [stdout]                (T0, T1, T2, T3)
[INFO] [stdout]                (T0, T1, T2, T3, T4)
[INFO] [stdout]              and 143 others
[INFO] [stdout] note: required by a bound in `serde_json::from_str`
[INFO] [stdout]     --> /opt/rustwide/cargo-home/registry/src/github.com-1ecc6299db9ec823/serde_json-1.0.96/src/de.rs:2603:8
[INFO] [stdout]      |
[INFO] [stdout] 2603 |     T: de::Deserialize<'a>,
[INFO] [stdout]      |        ^^^^^^^^^^^^^^^^^^^ required by this bound in `from_str`
[INFO] [stdout] 
[INFO] [stdout] 
[INFO] [stdout] error[E0277]: the trait bound `AcceptDlc: serde::Deserialize<'_>` is not satisfied
[INFO] [stdout]     --> src/message_handler.rs:323:30
[INFO] [stdout]      |
[INFO] [stdout] 323  |         let msg: AcceptDlc = serde_json::from_str(input).unwrap();
[INFO] [stdout]      |                              ^^^^^^^^^^^^^^^^^^^^ the trait `serde::Deserialize<'_>` is not implemented for `AcceptDlc`
[INFO] [stdout]      |
[INFO] [stdout]      = help: the following other types implement trait `serde::Deserialize<'de>`:
[INFO] [stdout]                &'a Path
[INFO] [stdout]                &'a [u8]
[INFO] [stdout]                &'a str
[INFO] [stdout]                ()
[INFO] [stdout]                (T0, T1)
[INFO] [stdout]                (T0, T1, T2)
[INFO] [stdout]                (T0, T1, T2, T3)
[INFO] [stdout]                (T0, T1, T2, T3, T4)
[INFO] [stdout]              and 143 others
[INFO] [stdout] note: required by a bound in `serde_json::from_str`
[INFO] [stdout]     --> /opt/rustwide/cargo-home/registry/src/github.com-1ecc6299db9ec823/serde_json-1.0.96/src/de.rs:2603:8
[INFO] [stdout]      |
[INFO] [stdout] 2603 |     T: de::Deserialize<'a>,
[INFO] [stdout]      |        ^^^^^^^^^^^^^^^^^^^ required by this bound in `from_str`
[INFO] [stdout] 
[INFO] [stdout] 
[INFO] [stdout] error[E0277]: the trait bound `segmentation::SegmentStart: serde::Deserialize<'_>` is not satisfied
[INFO] [stdout]     --> src/message_handler.rs:334:43
[INFO] [stdout]      |
[INFO] [stdout] 334  |         let segment_start: SegmentStart = serde_json::from_str(input1).unwrap();
[INFO] [stdout]      |                                           ^^^^^^^^^^^^^^^^^^^^ the trait `serde::Deserialize<'_>` is not implemented for `segmentation::SegmentStart`
[INFO] [stdout]      |
[INFO] [stdout]      = help: the following other types implement trait `serde::Deserialize<'de>`:
[INFO] [stdout]                &'a Path
[INFO] [stdout]                &'a [u8]
[INFO] [stdout]                &'a str
[INFO] [stdout]                ()
[INFO] [stdout]                (T0, T1)
[INFO] [stdout]                (T0, T1, T2)
[INFO] [stdout]                (T0, T1, T2, T3)
[INFO] [stdout]                (T0, T1, T2, T3, T4)
[INFO] [stdout]              and 143 others
[INFO] [stdout] note: required by a bound in `serde_json::from_str`
[INFO] [stdout]     --> /opt/rustwide/cargo-home/registry/src/github.com-1ecc6299db9ec823/serde_json-1.0.96/src/de.rs:2603:8
[INFO] [stdout]      |
[INFO] [stdout] 2603 |     T: de::Deserialize<'a>,
[INFO] [stdout]      |        ^^^^^^^^^^^^^^^^^^^ required by this bound in `from_str`
[INFO] [stdout] 
[INFO] [stdout] 
[INFO] [stdout] error[E0277]: the trait bound `segmentation::SegmentChunk: serde::Deserialize<'_>` is not satisfied
[INFO] [stdout]     --> src/message_handler.rs:335:43
[INFO] [stdout]      |
[INFO] [stdout] 335  |         let segment_chunk: SegmentChunk = serde_json::from_str(input2).unwrap();
[INFO] [stdout]      |                                           ^^^^^^^^^^^^^^^^^^^^ the trait `serde::Deserialize<'_>` is not implemented for `segmentation::SegmentChunk`
[INFO] [stdout]      |
[INFO] [stdout]      = help: the following other types implement trait `serde::Deserialize<'de>`:
[INFO] [stdout]                &'a Path
[INFO] [stdout]                &'a [u8]
[INFO] [stdout]                &'a str
[INFO] [stdout]                ()
[INFO] [stdout]                (T0, T1)
[INFO] [stdout]                (T0, T1, T2)
[INFO] [stdout]                (T0, T1, T2, T3)
[INFO] [stdout]                (T0, T1, T2, T3, T4)
[INFO] [stdout]              and 143 others
[INFO] [stdout] note: required by a bound in `serde_json::from_str`
[INFO] [stdout]     --> /opt/rustwide/cargo-home/registry/src/github.com-1ecc6299db9ec823/serde_json-1.0.96/src/de.rs:2603:8
[INFO] [stdout]      |
[INFO] [stdout] 2603 |     T: de::Deserialize<'a>,
[INFO] [stdout]      |        ^^^^^^^^^^^^^^^^^^^ required by this bound in `from_str`
[INFO] [stdout] 
[INFO] [stdout] 
[INFO] [stdout] error[E0277]: the trait bound `OfferDlc: serde::Deserialize<'_>` is not satisfied
[INFO] [stdout]     --> src/lib.rs:596:30
[INFO] [stdout]      |
[INFO] [stdout] 596  |             let msg: $type = serde_json::from_str(&$input).unwrap();
[INFO] [stdout]      |                              ^^^^^^^^^^^^^^^^^^^^ the trait `serde::Deserialize<'_>` is not implemented for `OfferDlc`
[INFO] [stdout] ...
[INFO] [stdout] 612  |         roundtrip_test!(OfferDlc, input);
[INFO] [stdout]      |         -------------------------------- in this macro invocation
[INFO] [stdout]      |
[INFO] [stdout]      = help: the following other types implement trait `serde::Deserialize<'de>`:
[INFO] [stdout]                &'a Path
[INFO] [stdout]                &'a [u8]
[INFO] [stdout]                &'a str
[INFO] [stdout]                ()
[INFO] [stdout]                (T0, T1)
[INFO] [stdout]                (T0, T1, T2)
[INFO] [stdout]                (T0, T1, T2, T3)
[INFO] [stdout]                (T0, T1, T2, T3, T4)
[INFO] [stdout]              and 143 others
[INFO] [stdout] note: required by a bound in `serde_json::from_str`
[INFO] [stdout]     --> /opt/rustwide/cargo-home/registry/src/github.com-1ecc6299db9ec823/serde_json-1.0.96/src/de.rs:2603:8
[INFO] [stdout]      |
[INFO] [stdout] 2603 |     T: de::Deserialize<'a>,
[INFO] [stdout]      |        ^^^^^^^^^^^^^^^^^^^ required by this bound in `from_str`
[INFO] [stdout]      = note: this error originates in the macro `roundtrip_test` (in Nightly builds, run with -Z macro-backtrace for more info)
[INFO] [stdout] 
[INFO] [stdout] 
[INFO] [stdout] error[E0277]: the trait bound `AcceptDlc: serde::Deserialize<'_>` is not satisfied
[INFO] [stdout]     --> src/lib.rs:596:30
[INFO] [stdout]      |
[INFO] [stdout] 596  |             let msg: $type = serde_json::from_str(&$input).unwrap();
[INFO] [stdout]      |                              ^^^^^^^^^^^^^^^^^^^^ the trait `serde::Deserialize<'_>` is not implemented for `AcceptDlc`
[INFO] [stdout] ...
[INFO] [stdout] 618  |         roundtrip_test!(AcceptDlc, input);
[INFO] [stdout]      |         --------------------------------- in this macro invocation
[INFO] [stdout]      |
[INFO] [stdout]      = help: the following other types implement trait `serde::Deserialize<'de>`:
[INFO] [stdout]                &'a Path
[INFO] [stdout]                &'a [u8]
[INFO] [stdout]                &'a str
[INFO] [stdout]                ()
[INFO] [stdout]                (T0, T1)
[INFO] [stdout]                (T0, T1, T2)
[INFO] [stdout]                (T0, T1, T2, T3)
[INFO] [stdout]                (T0, T1, T2, T3, T4)
[INFO] [stdout]              and 143 others
[INFO] [stdout] note: required by a bound in `serde_json::from_str`
[INFO] [stdout]     --> /opt/rustwide/cargo-home/registry/src/github.com-1ecc6299db9ec823/serde_json-1.0.96/src/de.rs:2603:8
[INFO] [stdout]      |
[INFO] [stdout] 2603 |     T: de::Deserialize<'a>,
[INFO] [stdout]      |        ^^^^^^^^^^^^^^^^^^^ required by this bound in `from_str`
[INFO] [stdout]      = note: this error originates in the macro `roundtrip_test` (in Nightly builds, run with -Z macro-backtrace for more info)
[INFO] [stdout] 
[INFO] [stdout] 
[INFO] [stdout] error[E0277]: the trait bound `SignDlc: serde::Deserialize<'_>` is not satisfied
[INFO] [stdout]     --> src/lib.rs:596:30
[INFO] [stdout]      |
[INFO] [stdout] 596  |             let msg: $type = serde_json::from_str(&$input).unwrap();
[INFO] [stdout]      |                              ^^^^^^^^^^^^^^^^^^^^ the trait `serde::Deserialize<'_>` is not implemented for `SignDlc`
[INFO] [stdout] ...
[INFO] [stdout] 624  |         roundtrip_test!(SignDlc, input);
[INFO] [stdout]      |         ------------------------------- in this macro invocation
[INFO] [stdout]      |
[INFO] [stdout]      = help: the following other types implement trait `serde::Deserialize<'de>`:
[INFO] [stdout]                &'a Path
[INFO] [stdout]                &'a [u8]
[INFO] [stdout]                &'a str
[INFO] [stdout]                ()
[INFO] [stdout]                (T0, T1)
[INFO] [stdout]                (T0, T1, T2)
[INFO] [stdout]                (T0, T1, T2, T3)
[INFO] [stdout]                (T0, T1, T2, T3, T4)
[INFO] [stdout]              and 143 others
[INFO] [stdout] note: required by a bound in `serde_json::from_str`
[INFO] [stdout]     --> /opt/rustwide/cargo-home/registry/src/github.com-1ecc6299db9ec823/serde_json-1.0.96/src/de.rs:2603:8
[INFO] [stdout]      |
[INFO] [stdout] 2603 |     T: de::Deserialize<'a>,
[INFO] [stdout]      |        ^^^^^^^^^^^^^^^^^^^ required by this bound in `from_str`
[INFO] [stdout]      = note: this error originates in the macro `roundtrip_test` (in Nightly builds, run with -Z macro-backtrace for more info)
[INFO] [stdout] 
[INFO] [stdout] 
[INFO] [stdout] error[E0277]: the trait bound `OfferDlc: serde::Deserialize<'_>` is not satisfied
[INFO] [stdout]     --> src/lib.rs:630:37
[INFO] [stdout]      |
[INFO] [stdout] 630  |         let valid_offer: OfferDlc = serde_json::from_str(input).unwrap();
[INFO] [stdout]      |                                     ^^^^^^^^^^^^^^^^^^^^ the trait `serde::Deserialize<'_>` is not implemented for `OfferDlc`
[INFO] [stdout]      |
[INFO] [stdout]      = help: the following other types implement trait `serde::Deserialize<'de>`:
[INFO] [stdout]                &'a Path
[INFO] [stdout]                &'a [u8]
[INFO] [stdout]                &'a str
[INFO] [stdout]                ()
[INFO] [stdout]                (T0, T1)
[INFO] [stdout]                (T0, T1, T2)
[INFO] [stdout]                (T0, T1, T2, T3)
[INFO] [stdout]                (T0, T1, T2, T3, T4)
[INFO] [stdout]              and 143 others
[INFO] [stdout] note: required by a bound in `serde_json::from_str`
[INFO] [stdout]     --> /opt/rustwide/cargo-home/registry/src/github.com-1ecc6299db9ec823/serde_json-1.0.96/src/de.rs:2603:8
[INFO] [stdout]      |
[INFO] [stdout] 2603 |     T: de::Deserialize<'a>,
[INFO] [stdout]      |        ^^^^^^^^^^^^^^^^^^^ required by this bound in `from_str`
[INFO] [stdout] 
[INFO] [stdout] 
[INFO] [stdout] error[E0277]: the trait bound `OfferDlc: serde::Deserialize<'_>` is not satisfied
[INFO] [stdout]     --> src/lib.rs:639:31
[INFO] [stdout]      |
[INFO] [stdout] 639  |         let offer: OfferDlc = serde_json::from_str(input).unwrap();
[INFO] [stdout]      |                               ^^^^^^^^^^^^^^^^^^^^ the trait `serde::Deserialize<'_>` is not implemented for `OfferDlc`
[INFO] [stdout]      |
[INFO] [stdout]      = help: the following other types implement trait `serde::Deserialize<'de>`:
[INFO] [stdout]                &'a Path
[INFO] [stdout]                &'a [u8]
[INFO] [stdout]                &'a str
[INFO] [stdout]                ()
[INFO] [stdout]                (T0, T1)
[INFO] [stdout]                (T0, T1, T2)
[INFO] [stdout]                (T0, T1, T2, T3)
[INFO] [stdout]                (T0, T1, T2, T3, T4)
[INFO] [stdout]              and 143 others
[INFO] [stdout] note: required by a bound in `serde_json::from_str`
[INFO] [stdout]     --> /opt/rustwide/cargo-home/registry/src/github.com-1ecc6299db9ec823/serde_json-1.0.96/src/de.rs:2603:8
[INFO] [stdout]      |
[INFO] [stdout] 2603 |     T: de::Deserialize<'a>,
[INFO] [stdout]      |        ^^^^^^^^^^^^^^^^^^^ required by this bound in `from_str`
[INFO] [stdout] 
[INFO] [stdout] 
[INFO] [stdout] error[E0277]: the trait bound `OfferDlc: serde::Deserialize<'_>` is not satisfied
[INFO] [stdout]     --> src/lib.rs:660:31
[INFO] [stdout]      |
[INFO] [stdout] 660  |         let offer: OfferDlc = serde_json::from_str(input).unwrap();
[INFO] [stdout]      |                               ^^^^^^^^^^^^^^^^^^^^ the trait `serde::Deserialize<'_>` is not implemented for `OfferDlc`
[INFO] [stdout]      |
[INFO] [stdout]      = help: the following other types implement trait `serde::Deserialize<'de>`:
[INFO] [stdout]                &'a Path
[INFO] [stdout]                &'a [u8]
[INFO] [stdout]                &'a str
[INFO] [stdout]                ()
[INFO] [stdout]                (T0, T1)
[INFO] [stdout]                (T0, T1, T2)
[INFO] [stdout]                (T0, T1, T2, T3)
[INFO] [stdout]                (T0, T1, T2, T3, T4)
[INFO] [stdout]              and 143 others
[INFO] [stdout] note: required by a bound in `serde_json::from_str`
[INFO] [stdout]     --> /opt/rustwide/cargo-home/registry/src/github.com-1ecc6299db9ec823/serde_json-1.0.96/src/de.rs:2603:8
[INFO] [stdout]      |
[INFO] [stdout] 2603 |     T: de::Deserialize<'a>,
[INFO] [stdout]      |        ^^^^^^^^^^^^^^^^^^^ required by this bound in `from_str`
[INFO] [stdout] 
[INFO] [stdout] 
[INFO] [stdout] error: aborting due to 17 previous errors
[INFO] [stdout] 
[INFO] [stdout] 
[INFO] [stdout] Some errors have detailed explanations: E0277, E0463.
[INFO] [stdout] 
[INFO] [stdout] For more information about an error, try `rustc --explain E0277`.
[INFO] [stdout] 
[INFO] [stderr] error: could not compile `dlc-messages` due to 18 previous errors
[INFO] running `Command { std: "docker" "inspect" "c3239a47c76127cee0a9dbfe1c5276f6b528f31c5f27ee92abf5b213f4b1c060", kill_on_drop: false }`
[INFO] running `Command { std: "docker" "rm" "-f" "c3239a47c76127cee0a9dbfe1c5276f6b528f31c5f27ee92abf5b213f4b1c060", kill_on_drop: false }`
[INFO] [stdout] c3239a47c76127cee0a9dbfe1c5276f6b528f31c5f27ee92abf5b213f4b1c060
