[INFO] fetching crate dlc-manager 0.4.0...
[INFO] testing dlc-manager-0.4.0 against 1.69.0 for beta-1.70-1
[INFO] extracting crate dlc-manager 0.4.0 into /workspace/builds/worker-5-tc1/source
[INFO] validating manifest of crates.io crate dlc-manager 0.4.0 on toolchain 1.69.0
[INFO] running `Command { std: CARGO_HOME="/workspace/cargo-home" RUSTUP_HOME="/workspace/rustup-home" "/workspace/cargo-home/bin/cargo" "+1.69.0" "metadata" "--manifest-path" "Cargo.toml" "--no-deps", kill_on_drop: false }`
[INFO] started tweaking crates.io crate dlc-manager 0.4.0
[INFO] finished tweaking crates.io crate dlc-manager 0.4.0
[INFO] tweaked toml for crates.io crate dlc-manager 0.4.0 written to /workspace/builds/worker-5-tc1/source/Cargo.toml
[INFO] running `Command { std: CARGO_HOME="/workspace/cargo-home" RUSTUP_HOME="/workspace/rustup-home" __CARGO_TEST_CHANNEL_OVERRIDE_DO_NOT_USE_THIS="nightly" "/workspace/cargo-home/bin/cargo" "+1.69.0" "generate-lockfile" "--manifest-path" "Cargo.toml" "-Zno-index-update", kill_on_drop: false }`
[INFO] running `Command { std: CARGO_HOME="/workspace/cargo-home" RUSTUP_HOME="/workspace/rustup-home" "/workspace/cargo-home/bin/cargo" "+1.69.0" "fetch" "--manifest-path" "Cargo.toml", kill_on_drop: false }`
[INFO] [stderr]  Downloading crates ...
[INFO] [stderr]   Downloaded secp256k1-zkp v0.7.0
[INFO] [stderr]   Downloaded miniscript v8.0.1
[INFO] [stderr]   Downloaded lightning v0.0.113
[INFO] [stderr]   Downloaded secp256k1-zkp-sys v0.7.0
[INFO] [stderr]   Downloaded dlc v0.4.0
[INFO] [stderr]   Downloaded dlc-trie v0.4.0
[INFO] [stderr]   Downloaded dlc-messages v0.4.0
[INFO] running `Command { std: "docker" "create" "-v" "/var/lib/crater-agent-workspace/builds/worker-5-tc1/target:/opt/rustwide/target:rw,Z" "-v" "/var/lib/crater-agent-workspace/builds/worker-5-tc1/source:/opt/rustwide/workdir:ro,Z" "-v" "/var/lib/crater-agent-workspace/cargo-home:/opt/rustwide/cargo-home:ro,Z" "-v" "/var/lib/crater-agent-workspace/rustup-home:/opt/rustwide/rustup-home:ro,Z" "-e" "SOURCE_DIR=/opt/rustwide/workdir" "-e" "CARGO_TARGET_DIR=/opt/rustwide/target" "-e" "CARGO_HOME=/opt/rustwide/cargo-home" "-e" "RUSTUP_HOME=/opt/rustwide/rustup-home" "-w" "/opt/rustwide/workdir" "-m" "1610612736" "--user" "0:0" "--network" "none" "ghcr.io/rust-lang/crates-build-env/linux@sha256:5ff2268d62e97bff2cde7d5815dd6ed5b47097566f13b8d0ca110b04b60e07ed" "/opt/rustwide/cargo-home/bin/cargo" "+1.69.0" "metadata" "--no-deps" "--format-version=1", kill_on_drop: false }`
[INFO] [stdout] 20047d010bd7f628bf6ad85a44b3f318565989571e9f685f9f49bf638b17ce51
[INFO] running `Command { std: "docker" "start" "-a" "20047d010bd7f628bf6ad85a44b3f318565989571e9f685f9f49bf638b17ce51", kill_on_drop: false }`
[INFO] running `Command { std: "docker" "inspect" "20047d010bd7f628bf6ad85a44b3f318565989571e9f685f9f49bf638b17ce51", kill_on_drop: false }`
[INFO] running `Command { std: "docker" "rm" "-f" "20047d010bd7f628bf6ad85a44b3f318565989571e9f685f9f49bf638b17ce51", kill_on_drop: false }`
[INFO] [stdout] 20047d010bd7f628bf6ad85a44b3f318565989571e9f685f9f49bf638b17ce51
[INFO] running `Command { std: "docker" "create" "-v" "/var/lib/crater-agent-workspace/builds/worker-5-tc1/target:/opt/rustwide/target:rw,Z" "-v" "/var/lib/crater-agent-workspace/builds/worker-5-tc1/source:/opt/rustwide/workdir:ro,Z" "-v" "/var/lib/crater-agent-workspace/cargo-home:/opt/rustwide/cargo-home:ro,Z" "-v" "/var/lib/crater-agent-workspace/rustup-home:/opt/rustwide/rustup-home:ro,Z" "-e" "SOURCE_DIR=/opt/rustwide/workdir" "-e" "CARGO_TARGET_DIR=/opt/rustwide/target" "-e" "CARGO_INCREMENTAL=0" "-e" "RUST_BACKTRACE=full" "-e" "RUSTFLAGS=--cap-lints=warn" "-e" "RUSTDOCFLAGS=--cap-lints=warn" "-e" "CARGO_HOME=/opt/rustwide/cargo-home" "-e" "RUSTUP_HOME=/opt/rustwide/rustup-home" "-w" "/opt/rustwide/workdir" "-m" "1610612736" "--user" "0:0" "--network" "none" "ghcr.io/rust-lang/crates-build-env/linux@sha256:5ff2268d62e97bff2cde7d5815dd6ed5b47097566f13b8d0ca110b04b60e07ed" "/opt/rustwide/cargo-home/bin/cargo" "+1.69.0" "build" "--frozen" "--message-format=json", kill_on_drop: false }`
[INFO] [stdout] 9448d4fc162fbebe0229f9d301a4014943f3b4b774c84382eb965fdcbc2c73f4
[INFO] running `Command { std: "docker" "start" "-a" "9448d4fc162fbebe0229f9d301a4014943f3b4b774c84382eb965fdcbc2c73f4", kill_on_drop: false }`
[INFO] [stderr]    Compiling serde v1.0.160
[INFO] [stderr]    Compiling ppv-lite86 v0.2.17
[INFO] [stderr]    Compiling bech32 v0.9.1
[INFO] [stderr]    Compiling async-trait v0.1.68
[INFO] [stderr]    Compiling secp256k1-sys v0.6.1
[INFO] [stderr]    Compiling secp256k1-zkp-sys v0.7.0
[INFO] [stderr]    Compiling syn v2.0.15
[INFO] [stderr]    Compiling getrandom v0.2.9
[INFO] [stderr]    Compiling rand_core v0.6.4
[INFO] [stderr]    Compiling rand_chacha v0.3.1
[INFO] [stderr]    Compiling rand v0.8.5
[INFO] [stderr]    Compiling serde_derive v1.0.160
[INFO] [stderr]    Compiling bitcoin_hashes v0.11.0
[INFO] [stderr]    Compiling secp256k1 v0.24.3
[INFO] [stderr]    Compiling bitcoin v0.29.2
[INFO] [stderr]    Compiling secp256k1-zkp v0.7.0
[INFO] [stderr]    Compiling miniscript v8.0.1
[INFO] [stderr]    Compiling lightning v0.0.113
[INFO] [stderr]    Compiling dlc v0.4.0
[INFO] [stderr]    Compiling dlc-trie v0.4.0
[INFO] [stderr]    Compiling dlc-messages v0.4.0
[INFO] [stderr]    Compiling dlc-manager v0.4.0 (/opt/rustwide/workdir)
[INFO] [stderr]     Finished dev [unoptimized + debuginfo] target(s) in 30.28s
[INFO] running `Command { std: "docker" "inspect" "9448d4fc162fbebe0229f9d301a4014943f3b4b774c84382eb965fdcbc2c73f4", kill_on_drop: false }`
[INFO] running `Command { std: "docker" "rm" "-f" "9448d4fc162fbebe0229f9d301a4014943f3b4b774c84382eb965fdcbc2c73f4", kill_on_drop: false }`
[INFO] [stdout] 9448d4fc162fbebe0229f9d301a4014943f3b4b774c84382eb965fdcbc2c73f4
[INFO] running `Command { std: "docker" "create" "-v" "/var/lib/crater-agent-workspace/builds/worker-5-tc1/target:/opt/rustwide/target:rw,Z" "-v" "/var/lib/crater-agent-workspace/builds/worker-5-tc1/source:/opt/rustwide/workdir:ro,Z" "-v" "/var/lib/crater-agent-workspace/cargo-home:/opt/rustwide/cargo-home:ro,Z" "-v" "/var/lib/crater-agent-workspace/rustup-home:/opt/rustwide/rustup-home:ro,Z" "-e" "SOURCE_DIR=/opt/rustwide/workdir" "-e" "CARGO_TARGET_DIR=/opt/rustwide/target" "-e" "CARGO_INCREMENTAL=0" "-e" "RUST_BACKTRACE=full" "-e" "RUSTFLAGS=--cap-lints=warn" "-e" "RUSTDOCFLAGS=--cap-lints=warn" "-e" "CARGO_HOME=/opt/rustwide/cargo-home" "-e" "RUSTUP_HOME=/opt/rustwide/rustup-home" "-w" "/opt/rustwide/workdir" "-m" "1610612736" "--user" "0:0" "--network" "none" "ghcr.io/rust-lang/crates-build-env/linux@sha256:5ff2268d62e97bff2cde7d5815dd6ed5b47097566f13b8d0ca110b04b60e07ed" "/opt/rustwide/cargo-home/bin/cargo" "+1.69.0" "test" "--frozen" "--no-run" "--message-format=json", kill_on_drop: false }`
[INFO] [stdout] 6f48b5106fe393aa89b82164ba998089de77ebe7756358ae56c31236e0f7d9a8
[INFO] running `Command { std: "docker" "start" "-a" "6f48b5106fe393aa89b82164ba998089de77ebe7756358ae56c31236e0f7d9a8", kill_on_drop: false }`
[INFO] [stderr]    Compiling crossbeam-utils v0.8.15
[INFO] [stderr]    Compiling serde_json v1.0.96
[INFO] [stderr]    Compiling memoffset v0.8.0
[INFO] [stderr]    Compiling crossbeam-epoch v0.9.14
[INFO] [stderr]    Compiling num-traits v0.2.15
[INFO] [stderr]    Compiling either v1.8.1
[INFO] [stderr]    Compiling rayon-core v1.11.0
[INFO] [stderr]    Compiling indexmap v1.9.3
[INFO] [stderr]    Compiling regex-syntax v0.7.1
[INFO] [stderr]    Compiling os_str_bytes v6.5.0
[INFO] [stderr]    Compiling byteorder v1.4.3
[INFO] [stderr]    Compiling plotters-backend v0.3.4
[INFO] [stderr]    Compiling ciborium-io v0.2.0
[INFO] [stderr]    Compiling hashbrown v0.12.3
[INFO] [stderr]    Compiling half v1.8.2
[INFO] [stderr]    Compiling textwrap v0.16.0
[INFO] [stderr]    Compiling cast v0.3.0
[INFO] [stderr]    Compiling same-file v1.0.6
[INFO] [stderr]    Compiling clap_lex v0.2.4
[INFO] [stderr]    Compiling itertools v0.10.5
[INFO] [stderr]    Compiling oorandom v11.1.3
[INFO] [stderr]    Compiling ciborium-ll v0.2.0
[INFO] [stderr]    Compiling base64-compat v1.0.0
[INFO] [stderr]    Compiling plotters-svg v0.3.3
[INFO] [stderr]    Compiling walkdir v2.3.3
[INFO] [stderr]    Compiling humantime v2.1.0
[INFO] [stderr]    Compiling anes v0.1.6
[INFO] [stderr]    Compiling ciborium v0.2.0
[INFO] [stderr]    Compiling crossbeam-channel v0.5.8
[INFO] [stderr]    Compiling clap v3.2.25
[INFO] [stderr]    Compiling crossbeam-deque v0.8.3
[INFO] [stderr]    Compiling regex v1.8.1
[INFO] [stderr]    Compiling jsonrpc v0.12.1
[INFO] [stderr]    Compiling tinytemplate v1.2.1
[INFO] [stderr]    Compiling bitcoincore-rpc-json v0.16.0
[INFO] [stderr]    Compiling criterion-plot v0.5.0
[INFO] [stderr]    Compiling plotters v0.3.4
[INFO] [stderr]    Compiling rayon v1.7.0
[INFO] [stderr]    Compiling env_logger v0.9.3
[INFO] [stderr]    Compiling criterion v0.4.0
[INFO] [stderr]    Compiling bitcoincore-rpc v0.16.0
[INFO] [stderr]    Compiling dlc-manager v0.4.0 (/opt/rustwide/workdir)
[INFO] [stdout] error[E0463]: can't find crate for `bitcoin_rpc_provider`
[INFO] [stdout]  --> tests/manager_execution_tests.rs:1:1
[INFO] [stdout]   |
[INFO] [stdout] 1 | extern crate bitcoin_rpc_provider;
[INFO] [stdout]   | ^^^^^^^^^^^^^^^^^^^^^^^^^^^^^^^^^^ can't find crate
[INFO] [stdout] 
[INFO] [stdout] 
[INFO] [stdout] error[E0463]: can't find crate for `bitcoin_test_utils`
[INFO] [stdout]  --> tests/manager_execution_tests.rs:2:1
[INFO] [stdout]   |
[INFO] [stdout] 2 | extern crate bitcoin_test_utils;
[INFO] [stdout]   | ^^^^^^^^^^^^^^^^^^^^^^^^^^^^^^^^ can't find crate
[INFO] [stdout] 
[INFO] [stdout] 
[INFO] [stdout] error[E0463]: can't find crate for `bitcoin_rpc_provider`
[INFO] [stdout]  --> tests/test_utils.rs:3:1
[INFO] [stdout]   |
[INFO] [stdout] 3 | extern crate bitcoin_rpc_provider;
[INFO] [stdout]   | ^^^^^^^^^^^^^^^^^^^^^^^^^^^^^^^^^^ can't find crate
[INFO] [stdout] 
[INFO] [stdout] 
[INFO] [stdout] error[E0463]: can't find crate for `bitcoin_test_utils`
[INFO] [stdout]  --> tests/test_utils.rs:4:1
[INFO] [stdout]   |
[INFO] [stdout] 4 | extern crate bitcoin_test_utils;
[INFO] [stdout]   | ^^^^^^^^^^^^^^^^^^^^^^^^^^^^^^^^ can't find crate
[INFO] [stdout] 
[INFO] [stdout] 
[INFO] [stdout] error[E0463]: can't find crate for `bitcoin_rpc_provider`
[INFO] [stdout]  --> tests/test_utils.rs:3:1
[INFO] [stdout]   |
[INFO] [stdout] 3 | extern crate bitcoin_rpc_provider;
[INFO] [stdout]   | ^^^^^^^^^^^^^^^^^^^^^^^^^^^^^^^^^^ can't find crate
[INFO] [stdout] 
[INFO] [stdout] 
[INFO] [stdout] error[E0463]: can't find crate for `bitcoin_test_utils`
[INFO] [stdout]  --> tests/test_utils.rs:4:1
[INFO] [stdout]   |
[INFO] [stdout] 4 | extern crate bitcoin_test_utils;
[INFO] [stdout]   | ^^^^^^^^^^^^^^^^^^^^^^^^^^^^^^^^ can't find crate
[INFO] [stdout] 
[INFO] [stdout] 
[INFO] [stdout] error[E0463]: can't find crate for `bitcoin_rpc_provider`
[INFO] [stdout]  --> tests/test_utils.rs:3:1
[INFO] [stdout]   |
[INFO] [stdout] 3 | extern crate bitcoin_rpc_provider;
[INFO] [stdout]   | ^^^^^^^^^^^^^^^^^^^^^^^^^^^^^^^^^^ can't find crate
[INFO] [stdout] 
[INFO] [stdout] 
[INFO] [stdout] error[E0463]: can't find crate for `bitcoin_test_utils`
[INFO] [stdout]  --> tests/test_utils.rs:4:1
[INFO] [stdout]   |
[INFO] [stdout] 4 | extern crate bitcoin_test_utils;
[INFO] [stdout]   | ^^^^^^^^^^^^^^^^^^^^^^^^^^^^^^^^ can't find crate
[INFO] [stdout] 
[INFO] [stdout] 
[INFO] [stdout] error[E0433]: failed to resolve: use of undeclared crate or module `mocks`
[INFO] [stdout]   --> tests/test_utils.rs:30:5
[INFO] [stdout]    |
[INFO] [stdout] 30 | use mocks::mock_oracle_provider::MockOracle;
[INFO] [stdout]    |     ^^^^^ use of undeclared crate or module `mocks`
[INFO] [stdout] 
[INFO] [stdout] 
[INFO] [stdout] error[E0432]: unresolved import `simple_wallet`
[INFO] [stdout]   --> tests/test_utils.rs:32:5
[INFO] [stdout]    |
[INFO] [stdout] 32 | use simple_wallet::{WalletBlockchainProvider, WalletStorage};
[INFO] [stdout]    |     ^^^^^^^^^^^^^ use of undeclared crate or module `simple_wallet`
[INFO] [stdout] 
[INFO] [stdout] 
[INFO] [stdout] error[E0433]: failed to resolve: use of undeclared crate or module `simple_wallet`
[INFO] [stdout]    --> tests/test_utils.rs:575:14
[INFO] [stdout]     |
[INFO] [stdout] 575 |     wallet: &simple_wallet::SimpleWallet<B, W>,
[INFO] [stdout]     |              ^^^^^^^^^^^^^ use of undeclared crate or module `simple_wallet`
[INFO] [stdout] 
[INFO] [stdout] 
[INFO] [stdout] error[E0433]: failed to resolve: use of undeclared crate or module `mocks`
[INFO] [stdout]   --> tests/test_utils.rs:30:5
[INFO] [stdout]    |
[INFO] [stdout] 30 | use mocks::mock_oracle_provider::MockOracle;
[INFO] [stdout]    |     ^^^^^ use of undeclared crate or module `mocks`
[INFO] [stdout] 
[INFO] [stdout] 
[INFO] [stdout] error[E0433]: failed to resolve: use of undeclared crate or module `mocks`
[INFO] [stdout]   --> tests/test_utils.rs:30:5
[INFO] [stdout]    |
[INFO] [stdout] 30 | use mocks::mock_oracle_provider::MockOracle;
[INFO] [stdout]    |     ^^^^^ use of undeclared crate or module `mocks`
[INFO] [stdout] 
[INFO] [stdout] 
[INFO] [stdout] error[E0433]: failed to resolve: use of undeclared crate or module `bitcoin_test_utils`
[INFO] [stdout]  --> tests/channel_execution_tests.rs:5:5
[INFO] [stdout]   |
[INFO] [stdout] 5 | use bitcoin_test_utils::rpc_helpers::init_clients;
[INFO] [stdout]   |     ^^^^^^^^^^^^^^^^^^ use of undeclared crate or module `bitcoin_test_utils`
[INFO] [stdout] 
[INFO] [stdout] 
[INFO] [stdout] error[E0432]: unresolved import `simple_wallet`
[INFO] [stdout]   --> tests/test_utils.rs:32:5
[INFO] [stdout]    |
[INFO] [stdout] 32 | use simple_wallet::{WalletBlockchainProvider, WalletStorage};
[INFO] [stdout]    |     ^^^^^^^^^^^^^ use of undeclared crate or module `simple_wallet`
[INFO] [stdout] 
[INFO] [stdout] 
[INFO] [stdout] error[E0432]: unresolved import `simple_wallet`
[INFO] [stdout]   --> tests/test_utils.rs:32:5
[INFO] [stdout]    |
[INFO] [stdout] 32 | use simple_wallet::{WalletBlockchainProvider, WalletStorage};
[INFO] [stdout]    |     ^^^^^^^^^^^^^ use of undeclared crate or module `simple_wallet`
[INFO] [stdout] 
[INFO] [stdout] 
[INFO] [stdout] error[E0432]: unresolved import `electrs_blockchain_provider`
[INFO] [stdout]   --> tests/manager_execution_tests.rs:13:5
[INFO] [stdout]    |
[INFO] [stdout] 13 | use electrs_blockchain_provider::ElectrsBlockchainProvider;
[INFO] [stdout]    |     ^^^^^^^^^^^^^^^^^^^^^^^^^^^ use of undeclared crate or module `electrs_blockchain_provider`
[INFO] [stdout] 
[INFO] [stdout] 
[INFO] [stdout] error[E0433]: failed to resolve: use of undeclared crate or module `mocks`
[INFO] [stdout]   --> tests/channel_execution_tests.rs:18:5
[INFO] [stdout]    |
[INFO] [stdout] 18 | use mocks::memory_storage_provider::MemoryStorage;
[INFO] [stdout]    |     ^^^^^ use of undeclared crate or module `mocks`
[INFO] [stdout] 
[INFO] [stdout] 
[INFO] [stdout] error[E0432]: unresolved import `simple_wallet`
[INFO] [stdout]   --> tests/manager_execution_tests.rs:14:5
[INFO] [stdout]    |
[INFO] [stdout] 14 | use simple_wallet::SimpleWallet;
[INFO] [stdout]    |     ^^^^^^^^^^^^^ use of undeclared crate or module `simple_wallet`
[INFO] [stdout] 
[INFO] [stdout] 
[INFO] [stdout] error[E0433]: failed to resolve: use of undeclared crate or module `mocks`
[INFO] [stdout]   --> tests/channel_execution_tests.rs:19:5
[INFO] [stdout]    |
[INFO] [stdout] 19 | use mocks::mock_oracle_provider::MockOracle;
[INFO] [stdout]    |     ^^^^^ use of undeclared crate or module `mocks`
[INFO] [stdout] 
[INFO] [stdout] 
[INFO] [stdout] error[E0433]: failed to resolve: use of undeclared crate or module `mocks`
[INFO] [stdout]   --> tests/channel_execution_tests.rs:20:5
[INFO] [stdout]    |
[INFO] [stdout] 20 | use mocks::mock_time::MockTime;
[INFO] [stdout]    |     ^^^^^ use of undeclared crate or module `mocks`
[INFO] [stdout] 
[INFO] [stdout] 
[INFO] [stdout] error[E0432]: unresolved import `electrs_blockchain_provider`
[INFO] [stdout]   --> tests/channel_execution_tests.rs:16:5
[INFO] [stdout]    |
[INFO] [stdout] 16 | use electrs_blockchain_provider::ElectrsBlockchainProvider;
[INFO] [stdout]    |     ^^^^^^^^^^^^^^^^^^^^^^^^^^^ use of undeclared crate or module `electrs_blockchain_provider`
[INFO] [stdout] 
[INFO] [stdout] 
[INFO] [stdout] error[E0432]: unresolved import `simple_wallet`
[INFO] [stdout]   --> tests/channel_execution_tests.rs:23:5
[INFO] [stdout]    |
[INFO] [stdout] 23 | use simple_wallet::SimpleWallet;
[INFO] [stdout]    |     ^^^^^^^^^^^^^ use of undeclared crate or module `simple_wallet`
[INFO] [stdout] 
[INFO] [stdout] 
[INFO] [stdout] error[E0433]: failed to resolve: use of undeclared crate or module `simple_wallet`
[INFO] [stdout]    --> tests/test_utils.rs:575:14
[INFO] [stdout]     |
[INFO] [stdout] 575 |     wallet: &simple_wallet::SimpleWallet<B, W>,
[INFO] [stdout]     |              ^^^^^^^^^^^^^ use of undeclared crate or module `simple_wallet`
[INFO] [stdout] 
[INFO] [stdout] 
[INFO] [stdout] error[E0433]: failed to resolve: use of undeclared crate or module `simple_wallet`
[INFO] [stdout]    --> tests/test_utils.rs:575:14
[INFO] [stdout]     |
[INFO] [stdout] 575 |     wallet: &simple_wallet::SimpleWallet<B, W>,
[INFO] [stdout]     |              ^^^^^^^^^^^^^ use of undeclared crate or module `simple_wallet`
[INFO] [stdout] 
[INFO] [stdout] 
[INFO] [stdout] error: aborting due to 5 previous errors
[INFO] [stdout] 
[INFO] [stdout] 
[INFO] [stdout] Some errors have detailed explanations: E0432, E0433, E0463.
[INFO] [stdout] 
[INFO] [stdout] For more information about an error, try `rustc --explain E0432`.
[INFO] [stdout] 
[INFO] [stderr] error: could not compile `dlc-manager` due to 6 previous errors
[INFO] [stderr] warning: build failed, waiting for other jobs to finish...
[INFO] [stdout] error[E0433]: failed to resolve: use of undeclared crate or module `mocks`
[INFO] [stdout]    --> tests/channel_execution_tests.rs:270:32
[INFO] [stdout]     |
[INFO] [stdout] 270 |     let alice_store = Arc::new(mocks::memory_storage_provider::MemoryStorage::new());
[INFO] [stdout]     |                                ^^^^^ use of undeclared crate or module `mocks`
[INFO] [stdout] 
[INFO] [stdout] 
[INFO] [stdout] error[E0433]: failed to resolve: use of undeclared crate or module `mocks`
[INFO] [stdout]    --> tests/channel_execution_tests.rs:271:30
[INFO] [stdout]     |
[INFO] [stdout] 271 |     let bob_store = Arc::new(mocks::memory_storage_provider::MemoryStorage::new());
[INFO] [stdout]     |                              ^^^^^ use of undeclared crate or module `mocks`
[INFO] [stdout] 
[INFO] [stdout] 
[INFO] [stdout] error[E0433]: failed to resolve: use of undeclared crate or module `mocks`
[INFO] [stdout]    --> tests/manager_execution_tests.rs:425:32
[INFO] [stdout]     |
[INFO] [stdout] 425 |     let alice_store = Arc::new(mocks::memory_storage_provider::MemoryStorage::new());
[INFO] [stdout]     |                                ^^^^^ use of undeclared crate or module `mocks`
[INFO] [stdout] 
[INFO] [stdout] 
[INFO] [stdout] error[E0433]: failed to resolve: use of undeclared crate or module `mocks`
[INFO] [stdout]    --> tests/channel_execution_tests.rs:272:30
[INFO] [stdout]     |
[INFO] [stdout] 272 |     let mock_time = Arc::new(mocks::mock_time::MockTime {});
[INFO] [stdout]     |                              ^^^^^ use of undeclared crate or module `mocks`
[INFO] [stdout] 
[INFO] [stdout] 
[INFO] [stdout] error[E0433]: failed to resolve: use of undeclared crate or module `mocks`
[INFO] [stdout]    --> tests/channel_execution_tests.rs:273:5
[INFO] [stdout]     |
[INFO] [stdout] 273 |     mocks::mock_time::set_time((EVENT_MATURITY as u64) - 1);
[INFO] [stdout]     |     ^^^^^ use of undeclared crate or module `mocks`
[INFO] [stdout] 
[INFO] [stdout] 
[INFO] [stdout] error[E0433]: failed to resolve: use of undeclared crate or module `mocks`
[INFO] [stdout]    --> tests/manager_execution_tests.rs:426:30
[INFO] [stdout]     |
[INFO] [stdout] 426 |     let bob_store = Arc::new(mocks::memory_storage_provider::MemoryStorage::new());
[INFO] [stdout]     |                              ^^^^^ use of undeclared crate or module `mocks`
[INFO] [stdout] 
[INFO] [stdout] 
[INFO] [stdout] error[E0433]: failed to resolve: use of undeclared crate or module `mocks`
[INFO] [stdout]    --> tests/manager_execution_tests.rs:427:30
[INFO] [stdout]     |
[INFO] [stdout] 427 |     let mock_time = Arc::new(mocks::mock_time::MockTime {});
[INFO] [stdout]     |                              ^^^^^ use of undeclared crate or module `mocks`
[INFO] [stdout] 
[INFO] [stdout] 
[INFO] [stdout] error[E0433]: failed to resolve: use of undeclared crate or module `mocks`
[INFO] [stdout]    --> tests/manager_execution_tests.rs:428:5
[INFO] [stdout]     |
[INFO] [stdout] 428 |     mocks::mock_time::set_time((EVENT_MATURITY as u64) - 1);
[INFO] [stdout]     |     ^^^^^ use of undeclared crate or module `mocks`
[INFO] [stdout] 
[INFO] [stdout] 
[INFO] [stdout] error[E0433]: failed to resolve: use of undeclared crate or module `mocks`
[INFO] [stdout]    --> tests/channel_execution_tests.rs:503:13
[INFO] [stdout]     |
[INFO] [stdout] 503 |             mocks::mock_time::set_time((EVENT_MATURITY as u64) + 1);
[INFO] [stdout]     |             ^^^^^ use of undeclared crate or module `mocks`
[INFO] [stdout] 
[INFO] [stdout] 
[INFO] [stdout] error[E0433]: failed to resolve: use of undeclared crate or module `mocks`
[INFO] [stdout]    --> tests/manager_execution_tests.rs:652:13
[INFO] [stdout]     |
[INFO] [stdout] 652 |             mocks::mock_time::set_time((EVENT_MATURITY as u64) + 1);
[INFO] [stdout]     |             ^^^^^ use of undeclared crate or module `mocks`
[INFO] [stdout] 
[INFO] [stdout] 
[INFO] [stdout] error[E0433]: failed to resolve: use of undeclared crate or module `mocks`
[INFO] [stdout]    --> tests/manager_execution_tests.rs:687:21
[INFO] [stdout]     |
[INFO] [stdout] 687 |                     mocks::mock_time::set_time(
[INFO] [stdout]     |                     ^^^^^ use of undeclared crate or module `mocks`
[INFO] [stdout] 
[INFO] [stdout] 
[INFO] [stdout] error[E0433]: failed to resolve: use of undeclared crate or module `mocks`
[INFO] [stdout]     --> tests/channel_execution_tests.rs:1161:13
[INFO] [stdout]      |
[INFO] [stdout] 1161 |             mocks::mock_time::set_time(
[INFO] [stdout]      |             ^^^^^ use of undeclared crate or module `mocks`
[INFO] [stdout] 
[INFO] [stdout] 
[INFO] [stdout] error[E0433]: failed to resolve: use of undeclared crate or module `mocks`
[INFO] [stdout]     --> tests/channel_execution_tests.rs:1186:17
[INFO] [stdout]      |
[INFO] [stdout] 1186 |                 mocks::mock_time::set_time(
[INFO] [stdout]      |                 ^^^^^ use of undeclared crate or module `mocks`
[INFO] [stdout] 
[INFO] [stdout] 
[INFO] [stdout] error[E0433]: failed to resolve: use of undeclared crate or module `mocks`
[INFO] [stdout]     --> tests/channel_execution_tests.rs:1199:17
[INFO] [stdout]      |
[INFO] [stdout] 1199 |                 mocks::mock_time::set_time(
[INFO] [stdout]      |                 ^^^^^ use of undeclared crate or module `mocks`
[INFO] [stdout] 
[INFO] [stdout] 
[INFO] [stdout] error[E0433]: failed to resolve: use of undeclared crate or module `mocks`
[INFO] [stdout]     --> tests/channel_execution_tests.rs:1236:9
[INFO] [stdout]      |
[INFO] [stdout] 1236 |         mocks::mock_time::set_time(
[INFO] [stdout]      |         ^^^^^ use of undeclared crate or module `mocks`
[INFO] [stdout] 
[INFO] [stdout] 
[INFO] [stdout] error[E0433]: failed to resolve: use of undeclared crate or module `mocks`
[INFO] [stdout]     --> tests/channel_execution_tests.rs:1261:13
[INFO] [stdout]      |
[INFO] [stdout] 1261 |             mocks::mock_time::set_time(
[INFO] [stdout]      |             ^^^^^ use of undeclared crate or module `mocks`
[INFO] [stdout] 
[INFO] [stdout] 
[INFO] [stdout] error[E0433]: failed to resolve: use of undeclared crate or module `mocks`
[INFO] [stdout]     --> tests/channel_execution_tests.rs:1274:13
[INFO] [stdout]      |
[INFO] [stdout] 1274 |             mocks::mock_time::set_time(
[INFO] [stdout]      |             ^^^^^ use of undeclared crate or module `mocks`
[INFO] [stdout] 
[INFO] [stdout] 
[INFO] [stdout] error: aborting due to 15 previous errors
[INFO] [stdout] 
[INFO] [stdout] 
[INFO] [stdout] Some errors have detailed explanations: E0432, E0433, E0463.
[INFO] [stdout] 
[INFO] [stdout] For more information about an error, try `rustc --explain E0432`.
[INFO] [stdout] 
[INFO] [stderr] error: could not compile `dlc-manager` due to 16 previous errors
[INFO] [stdout] error: aborting due to 22 previous errors
[INFO] [stdout] 
[INFO] [stdout] 
[INFO] [stdout] Some errors have detailed explanations: E0432, E0433, E0463.
[INFO] [stdout] 
[INFO] [stdout] For more information about an error, try `rustc --explain E0432`.
[INFO] [stdout] 
[INFO] [stderr] error: could not compile `dlc-manager` due to 23 previous errors
[INFO] [stdout] error[E0277]: the trait bound `offered_contract::OfferedContract: secp256k1_zkp::serde::Deserialize<'_>` is not satisfied
[INFO] [stdout]     --> src/contract/offered_contract.rs:184:38
[INFO] [stdout]      |
[INFO] [stdout] 184  |         let offer: OfferedContract = serde_json::from_str(input).unwrap();
[INFO] [stdout]      |                                      ^^^^^^^^^^^^^^^^^^^^ the trait `secp256k1_zkp::serde::Deserialize<'_>` is not implemented for `offered_contract::OfferedContract`
[INFO] [stdout]      |
[INFO] [stdout]      = help: the following other types implement trait `secp256k1_zkp::serde::Deserialize<'de>`:
[INFO] [stdout]                &'a Path
[INFO] [stdout]                &'a [u8]
[INFO] [stdout]                &'a serde_json::value::RawValue
[INFO] [stdout]                &'a str
[INFO] [stdout]                ()
[INFO] [stdout]                (T0, T1)
[INFO] [stdout]                (T0, T1, T2)
[INFO] [stdout]                (T0, T1, T2, T3)
[INFO] [stdout]              and 328 others
[INFO] [stdout] note: required by a bound in `serde_json::from_str`
[INFO] [stdout]     --> /opt/rustwide/cargo-home/registry/src/github.com-1ecc6299db9ec823/serde_json-1.0.96/src/de.rs:2603:8
[INFO] [stdout]      |
[INFO] [stdout] 2603 |     T: de::Deserialize<'a>,
[INFO] [stdout]      |        ^^^^^^^^^^^^^^^^^^^ required by this bound in `from_str`
[INFO] [stdout] 
[INFO] [stdout] 
[INFO] [stdout] error[E0433]: failed to resolve: use of undeclared crate or module `bitcoin_test_utils`
[INFO] [stdout]    --> src/utils.rs:207:27
[INFO] [stdout]     |
[INFO] [stdout] 207 | ...   let transaction = bitcoin_test_utils::tx_from_string("01000000010000000000000000000000000000000000000000000000000000000000000000fff...
[INFO] [stdout]     |                         ^^^^^^^^^^^^^^^^^^ use of undeclared crate or module `bitcoin_test_utils`
[INFO] [stdout] 
[INFO] [stdout] 
[INFO] [stdout] error[E0433]: failed to resolve: use of undeclared crate or module `bitcoin_test_utils`
[INFO] [stdout]    --> src/utils.rs:210:27
[INFO] [stdout]     |
[INFO] [stdout] 210 |         let expected_id = bitcoin_test_utils::str_to_hex(
[INFO] [stdout]     |                           ^^^^^^^^^^^^^^^^^^ use of undeclared crate or module `bitcoin_test_utils`
[INFO] [stdout] 
[INFO] [stdout] 
[INFO] [stdout] error: aborting due to 3 previous errors
[INFO] [stdout] 
[INFO] [stdout] 
[INFO] [stdout] Some errors have detailed explanations: E0277, E0433.
[INFO] [stdout] 
[INFO] [stdout] For more information about an error, try `rustc --explain E0277`.
[INFO] [stdout] 
[INFO] [stderr] error: could not compile `dlc-manager` due to 4 previous errors
[INFO] running `Command { std: "docker" "inspect" "6f48b5106fe393aa89b82164ba998089de77ebe7756358ae56c31236e0f7d9a8", kill_on_drop: false }`
[INFO] running `Command { std: "docker" "rm" "-f" "6f48b5106fe393aa89b82164ba998089de77ebe7756358ae56c31236e0f7d9a8", kill_on_drop: false }`
[INFO] [stdout] 6f48b5106fe393aa89b82164ba998089de77ebe7756358ae56c31236e0f7d9a8
