[INFO] fetching crate disk 0.1.5...
[INFO] testing disk-0.1.5 against 1.69.0 for beta-1.70-1
[INFO] extracting crate disk 0.1.5 into /workspace/builds/worker-4-tc1/source
[INFO] validating manifest of crates.io crate disk 0.1.5 on toolchain 1.69.0
[INFO] running `Command { std: CARGO_HOME="/workspace/cargo-home" RUSTUP_HOME="/workspace/rustup-home" "/workspace/cargo-home/bin/cargo" "+1.69.0" "metadata" "--manifest-path" "Cargo.toml" "--no-deps", kill_on_drop: false }`
[INFO] started tweaking crates.io crate disk 0.1.5
[INFO] finished tweaking crates.io crate disk 0.1.5
[INFO] tweaked toml for crates.io crate disk 0.1.5 written to /workspace/builds/worker-4-tc1/source/Cargo.toml
[INFO] running `Command { std: CARGO_HOME="/workspace/cargo-home" RUSTUP_HOME="/workspace/rustup-home" __CARGO_TEST_CHANNEL_OVERRIDE_DO_NOT_USE_THIS="nightly" "/workspace/cargo-home/bin/cargo" "+1.69.0" "generate-lockfile" "--manifest-path" "Cargo.toml" "-Zno-index-update", kill_on_drop: false }`
[INFO] running `Command { std: CARGO_HOME="/workspace/cargo-home" RUSTUP_HOME="/workspace/rustup-home" "/workspace/cargo-home/bin/cargo" "+1.69.0" "fetch" "--manifest-path" "Cargo.toml", kill_on_drop: false }`
[INFO] [stderr]  Downloading crates ...
[INFO] [stderr]   Downloaded const_format v0.2.30
[INFO] [stderr]   Downloaded serde_plain v1.0.1
[INFO] [stderr]   Downloaded const_format_proc_macros v0.2.29
[INFO] [stderr]   Downloaded bson v2.6.1
[INFO] [stderr]   Downloaded const-str v0.5.4
[INFO] [stderr]   Downloaded const-str-proc-macro v0.5.4
[INFO] [stderr]   Downloaded postcard v1.0.4
[INFO] [stderr]   Downloaded iter-read v0.3.1
[INFO] [stderr]   Downloaded konst_macro_rules v0.2.19
[INFO] [stderr]   Downloaded cobs v0.2.3
[INFO] [stderr]   Downloaded konst v0.2.19
[INFO] [stderr]   Downloaded seq-macro v0.3.3
[INFO] [stderr]   Downloaded serde-pickle v1.1.1
[INFO] running `Command { std: "docker" "create" "-v" "/var/lib/crater-agent-workspace/builds/worker-4-tc1/target:/opt/rustwide/target:rw,Z" "-v" "/var/lib/crater-agent-workspace/builds/worker-4-tc1/source:/opt/rustwide/workdir:ro,Z" "-v" "/var/lib/crater-agent-workspace/cargo-home:/opt/rustwide/cargo-home:ro,Z" "-v" "/var/lib/crater-agent-workspace/rustup-home:/opt/rustwide/rustup-home:ro,Z" "-e" "SOURCE_DIR=/opt/rustwide/workdir" "-e" "CARGO_TARGET_DIR=/opt/rustwide/target" "-e" "CARGO_HOME=/opt/rustwide/cargo-home" "-e" "RUSTUP_HOME=/opt/rustwide/rustup-home" "-w" "/opt/rustwide/workdir" "-m" "1610612736" "--user" "0:0" "--network" "none" "ghcr.io/rust-lang/crates-build-env/linux@sha256:5ff2268d62e97bff2cde7d5815dd6ed5b47097566f13b8d0ca110b04b60e07ed" "/opt/rustwide/cargo-home/bin/cargo" "+1.69.0" "metadata" "--no-deps" "--format-version=1", kill_on_drop: false }`
[INFO] [stdout] 32f8ac689c933eb3c202006dd149809ce82cb0553508defef5a5d4aa8d040013
[INFO] running `Command { std: "docker" "start" "-a" "32f8ac689c933eb3c202006dd149809ce82cb0553508defef5a5d4aa8d040013", kill_on_drop: false }`
[INFO] running `Command { std: "docker" "inspect" "32f8ac689c933eb3c202006dd149809ce82cb0553508defef5a5d4aa8d040013", kill_on_drop: false }`
[INFO] running `Command { std: "docker" "rm" "-f" "32f8ac689c933eb3c202006dd149809ce82cb0553508defef5a5d4aa8d040013", kill_on_drop: false }`
[INFO] [stdout] 32f8ac689c933eb3c202006dd149809ce82cb0553508defef5a5d4aa8d040013
[INFO] running `Command { std: "docker" "create" "-v" "/var/lib/crater-agent-workspace/builds/worker-4-tc1/target:/opt/rustwide/target:rw,Z" "-v" "/var/lib/crater-agent-workspace/builds/worker-4-tc1/source:/opt/rustwide/workdir:ro,Z" "-v" "/var/lib/crater-agent-workspace/cargo-home:/opt/rustwide/cargo-home:ro,Z" "-v" "/var/lib/crater-agent-workspace/rustup-home:/opt/rustwide/rustup-home:ro,Z" "-e" "SOURCE_DIR=/opt/rustwide/workdir" "-e" "CARGO_TARGET_DIR=/opt/rustwide/target" "-e" "CARGO_INCREMENTAL=0" "-e" "RUST_BACKTRACE=full" "-e" "RUSTFLAGS=--cap-lints=warn" "-e" "RUSTDOCFLAGS=--cap-lints=warn" "-e" "CARGO_HOME=/opt/rustwide/cargo-home" "-e" "RUSTUP_HOME=/opt/rustwide/rustup-home" "-w" "/opt/rustwide/workdir" "-m" "1610612736" "--user" "0:0" "--network" "none" "ghcr.io/rust-lang/crates-build-env/linux@sha256:5ff2268d62e97bff2cde7d5815dd6ed5b47097566f13b8d0ca110b04b60e07ed" "/opt/rustwide/cargo-home/bin/cargo" "+1.69.0" "build" "--frozen" "--message-format=json", kill_on_drop: false }`
[INFO] [stdout] 3fbf623638a0ad296390435f986ba4f7ddab196fab42fa096644aee2703e64a4
[INFO] running `Command { std: "docker" "start" "-a" "3fbf623638a0ad296390435f986ba4f7ddab196fab42fa096644aee2703e64a4", kill_on_drop: false }`
[INFO] [stderr]    Compiling unicode-segmentation v1.10.1
[INFO] [stderr]    Compiling unicode-xid v0.2.4
[INFO] [stderr]    Compiling konst_macro_rules v0.2.19
[INFO] [stderr]    Compiling syn v2.0.15
[INFO] [stderr]    Compiling paste v1.0.12
[INFO] [stderr]    Compiling dirs-sys v0.4.0
[INFO] [stderr]    Compiling memmap2 v0.5.10
[INFO] [stderr]    Compiling seq-macro v0.3.3
[INFO] [stderr]    Compiling const_format_proc_macros v0.2.29
[INFO] [stderr]    Compiling konst v0.2.19
[INFO] [stderr]    Compiling directories v5.0.0
[INFO] [stderr]    Compiling heck v0.4.1
[INFO] [stderr]    Compiling const_format v0.2.30
[INFO] [stderr]    Compiling const-str-proc-macro v0.5.4
[INFO] [stderr]    Compiling serde_derive v1.0.160
[INFO] [stderr]    Compiling const-str v0.5.4
[INFO] [stderr]    Compiling serde v1.0.160
[INFO] [stderr]    Compiling disk v0.1.5 (/opt/rustwide/workdir)
[INFO] [stdout] warning: unused import: `ensure`
[INFO] [stdout]  --> src/common.rs:2:26
[INFO] [stdout]   |
[INFO] [stdout] 2 | use anyhow::{anyhow,bail,ensure,Error};
[INFO] [stdout]   |                          ^^^^^^
[INFO] [stdout]   |
[INFO] [stdout]   = note: `#[warn(unused_imports)]` on by default
[INFO] [stdout] 
[INFO] [stdout] 
[INFO] [stdout] warning: unused imports: `Deserialize`, `Serialize`
[INFO] [stdout]  --> src/common.rs:4:13
[INFO] [stdout]   |
[INFO] [stdout] 4 | use serde::{Serialize,Deserialize};
[INFO] [stdout]   |             ^^^^^^^^^ ^^^^^^^^^^^
[INFO] [stdout] 
[INFO] [stdout] 
[INFO] [stdout] warning: unused macro definition: `impl_file_bytes`
[INFO] [stdout]   --> src/common.rs:56:14
[INFO] [stdout]    |
[INFO] [stdout] 56 | macro_rules! impl_file_bytes {
[INFO] [stdout]    |              ^^^^^^^^^^^^^^^
[INFO] [stdout]    |
[INFO] [stdout]    = note: `#[warn(unused_macros)]` on by default
[INFO] [stdout] 
[INFO] [stdout] 
[INFO] [stdout] warning: unused import: `impl_file_bytes`
[INFO] [stdout]   --> src/common.rs:90:16
[INFO] [stdout]    |
[INFO] [stdout] 90 | pub(crate) use impl_file_bytes;
[INFO] [stdout]    |                ^^^^^^^^^^^^^^^
[INFO] [stdout] 
[INFO] [stdout] 
[INFO] [stdout] warning: unused macro definition: `impl_io`
[INFO] [stdout]   --> src/common.rs:94:14
[INFO] [stdout]    |
[INFO] [stdout] 94 | macro_rules! impl_io {
[INFO] [stdout]    |              ^^^^^^^
[INFO] [stdout] 
[INFO] [stdout] 
[INFO] [stdout] warning: unused import: `impl_io`
[INFO] [stdout]    --> src/common.rs:354:16
[INFO] [stdout]     |
[INFO] [stdout] 354 | pub(crate) use impl_io;
[INFO] [stdout]     |                ^^^^^^^
[INFO] [stdout] 
[INFO] [stdout] 
[INFO] [stdout] warning: unused macro definition: `impl_common`
[INFO] [stdout]    --> src/common.rs:358:14
[INFO] [stdout]     |
[INFO] [stdout] 358 | macro_rules! impl_common {
[INFO] [stdout]     |              ^^^^^^^^^^^
[INFO] [stdout] 
[INFO] [stdout] 
[INFO] [stdout] warning: unused import: `impl_common`
[INFO] [stdout]    --> src/common.rs:535:16
[INFO] [stdout]     |
[INFO] [stdout] 535 | pub(crate) use impl_common;
[INFO] [stdout]     |                ^^^^^^^^^^^
[INFO] [stdout] 
[INFO] [stdout] 
[INFO] [stdout] warning: unused macro definition: `impl_string`
[INFO] [stdout]    --> src/common.rs:540:14
[INFO] [stdout]     |
[INFO] [stdout] 540 | macro_rules! impl_string {
[INFO] [stdout]     |              ^^^^^^^^^^^
[INFO] [stdout] 
[INFO] [stdout] 
[INFO] [stdout] warning: unused import: `impl_string`
[INFO] [stdout]    --> src/common.rs:567:16
[INFO] [stdout]     |
[INFO] [stdout] 567 | pub(crate) use impl_string;
[INFO] [stdout]     |                ^^^^^^^^^^^
[INFO] [stdout] 
[INFO] [stdout] 
[INFO] [stdout] warning: unused macro definition: `impl_binary`
[INFO] [stdout]    --> src/common.rs:572:14
[INFO] [stdout]     |
[INFO] [stdout] 572 | macro_rules! impl_binary {
[INFO] [stdout]     |              ^^^^^^^^^^^
[INFO] [stdout] 
[INFO] [stdout] 
[INFO] [stdout] warning: unused import: `impl_binary`
[INFO] [stdout]    --> src/common.rs:584:16
[INFO] [stdout]     |
[INFO] [stdout] 584 | pub(crate) use impl_binary;
[INFO] [stdout]     |                ^^^^^^^^^^^
[INFO] [stdout] 
[INFO] [stdout] 
[INFO] [stdout] warning: unused macro definition: `impl_macro_binary`
[INFO] [stdout]    --> src/common.rs:757:14
[INFO] [stdout]     |
[INFO] [stdout] 757 | macro_rules! impl_macro_binary {
[INFO] [stdout]     |              ^^^^^^^^^^^^^^^^^
[INFO] [stdout] 
[INFO] [stdout] 
[INFO] [stdout] warning: unused import: `impl_macro_binary`
[INFO] [stdout]    --> src/common.rs:822:16
[INFO] [stdout]     |
[INFO] [stdout] 822 | pub(crate) use impl_macro_binary;
[INFO] [stdout]     |                ^^^^^^^^^^^^^^^^^
[INFO] [stdout] 
[INFO] [stdout] 
[INFO] [stdout] warning: unused macro definition: `impl_macro_no_ext`
[INFO] [stdout]    --> src/common.rs:825:14
[INFO] [stdout]     |
[INFO] [stdout] 825 | macro_rules! impl_macro_no_ext {
[INFO] [stdout]     |              ^^^^^^^^^^^^^^^^^
[INFO] [stdout] 
[INFO] [stdout] 
[INFO] [stdout] warning: unused import: `impl_macro_no_ext`
[INFO] [stdout]    --> src/common.rs:883:16
[INFO] [stdout]     |
[INFO] [stdout] 883 | pub(crate) use impl_macro_no_ext;
[INFO] [stdout]     |                ^^^^^^^^^^^^^^^^^
[INFO] [stdout] 
[INFO] [stdout] 
[INFO] [stdout] warning: unused macro definition: `impl_macro`
[INFO] [stdout]    --> src/common.rs:886:14
[INFO] [stdout]     |
[INFO] [stdout] 886 | macro_rules! impl_macro {
[INFO] [stdout]     |              ^^^^^^^^^^
[INFO] [stdout] 
[INFO] [stdout] 
[INFO] [stdout] warning: unused import: `impl_macro`
[INFO] [stdout]    --> src/common.rs:944:16
[INFO] [stdout]     |
[INFO] [stdout] 944 | pub(crate) use impl_macro;
[INFO] [stdout]     |                ^^^^^^^^^^
[INFO] [stdout] 
[INFO] [stdout] 
[INFO] [stdout] warning: constant `DASH` is never used
[INFO] [stdout]  --> src/common.rs:9:18
[INFO] [stdout]   |
[INFO] [stdout] 9 | pub(crate) const DASH: &str = "--------------------------------------------";
[INFO] [stdout]   |                  ^^^^
[INFO] [stdout]   |
[INFO] [stdout]   = note: `#[warn(dead_code)]` on by default
[INFO] [stdout] 
[INFO] [stdout] 
[INFO] [stdout] warning: function `base` is never used
[INFO] [stdout]   --> src/common.rs:14:15
[INFO] [stdout]    |
[INFO] [stdout] 14 | pub(crate) fn base(project_name: &str) -> Result<ProjectDirs, Error> {
[INFO] [stdout]    |               ^^^^
[INFO] [stdout] 
[INFO] [stdout] 
[INFO] [stdout] warning: function `get_projectdir` is never used
[INFO] [stdout]   --> src/common.rs:22:15
[INFO] [stdout]    |
[INFO] [stdout] 22 | pub(crate) fn get_projectdir(dir: &Dir, project_name: &str) -> Result<PathBuf, Error> {
[INFO] [stdout]    |               ^^^^^^^^^^^^^^
[INFO] [stdout] 
[INFO] [stdout] 
[INFO] [stdout] warning: function `convert_error` is never used
[INFO] [stdout]   --> src/common.rs:39:15
[INFO] [stdout]    |
[INFO] [stdout] 39 | pub(crate) fn convert_error<T, E: std::fmt::Display + std::fmt::Debug + Send + Sync + 'static>(result: Result<T, E>) -> Result<T, Error> {
[INFO] [stdout]    |               ^^^^^^^^^^^^^
[INFO] [stdout] 
[INFO] [stdout] 
[INFO] [stdout] warning: function `assert_safe_path` is never used
[INFO] [stdout]   --> src/common.rs:48:15
[INFO] [stdout]    |
[INFO] [stdout] 48 | pub(crate) fn assert_safe_path(path: &Path) -> Result<(), Error> {
[INFO] [stdout]    |               ^^^^^^^^^^^^^^^^
[INFO] [stdout] 
[INFO] [stdout] 
[INFO] [stdout] warning: 23 warnings emitted
[INFO] [stdout] 
[INFO] [stdout] 
[INFO] [stderr]     Finished dev [unoptimized + debuginfo] target(s) in 8.89s
[INFO] running `Command { std: "docker" "inspect" "3fbf623638a0ad296390435f986ba4f7ddab196fab42fa096644aee2703e64a4", kill_on_drop: false }`
[INFO] running `Command { std: "docker" "rm" "-f" "3fbf623638a0ad296390435f986ba4f7ddab196fab42fa096644aee2703e64a4", kill_on_drop: false }`
[INFO] [stdout] 3fbf623638a0ad296390435f986ba4f7ddab196fab42fa096644aee2703e64a4
[INFO] running `Command { std: "docker" "create" "-v" "/var/lib/crater-agent-workspace/builds/worker-4-tc1/target:/opt/rustwide/target:rw,Z" "-v" "/var/lib/crater-agent-workspace/builds/worker-4-tc1/source:/opt/rustwide/workdir:ro,Z" "-v" "/var/lib/crater-agent-workspace/cargo-home:/opt/rustwide/cargo-home:ro,Z" "-v" "/var/lib/crater-agent-workspace/rustup-home:/opt/rustwide/rustup-home:ro,Z" "-e" "SOURCE_DIR=/opt/rustwide/workdir" "-e" "CARGO_TARGET_DIR=/opt/rustwide/target" "-e" "CARGO_INCREMENTAL=0" "-e" "RUST_BACKTRACE=full" "-e" "RUSTFLAGS=--cap-lints=warn" "-e" "RUSTDOCFLAGS=--cap-lints=warn" "-e" "CARGO_HOME=/opt/rustwide/cargo-home" "-e" "RUSTUP_HOME=/opt/rustwide/rustup-home" "-w" "/opt/rustwide/workdir" "-m" "1610612736" "--user" "0:0" "--network" "none" "ghcr.io/rust-lang/crates-build-env/linux@sha256:5ff2268d62e97bff2cde7d5815dd6ed5b47097566f13b8d0ca110b04b60e07ed" "/opt/rustwide/cargo-home/bin/cargo" "+1.69.0" "test" "--frozen" "--no-run" "--message-format=json", kill_on_drop: false }`
[INFO] [stdout] e0d0680c3af702fd6abbc0b24e970560f93df36ee76bf7e4c5e7f7aac3c4421d
[INFO] running `Command { std: "docker" "start" "-a" "e0d0680c3af702fd6abbc0b24e970560f93df36ee76bf7e4c5e7f7aac3c4421d", kill_on_drop: false }`
[INFO] [stdout] warning: unused import: `ensure`
[INFO] [stdout]  --> src/common.rs:2:26
[INFO] [stdout]   |
[INFO] [stdout] 2 | use anyhow::{anyhow,bail,ensure,Error};
[INFO] [stdout]   |                          ^^^^^^
[INFO] [stdout]   |
[INFO] [stdout]   = note: `#[warn(unused_imports)]` on by default
[INFO] [stdout] 
[INFO] [stdout] 
[INFO] [stdout] warning: unused imports: `Deserialize`, `Serialize`
[INFO] [stdout]  --> src/common.rs:4:13
[INFO] [stdout]   |
[INFO] [stdout] 4 | use serde::{Serialize,Deserialize};
[INFO] [stdout]   |             ^^^^^^^^^ ^^^^^^^^^^^
[INFO] [stdout] 
[INFO] [stdout] 
[INFO] [stdout] warning: unused macro definition: `impl_file_bytes`
[INFO] [stdout]   --> src/common.rs:56:14
[INFO] [stdout]    |
[INFO] [stdout] 56 | macro_rules! impl_file_bytes {
[INFO] [stdout]    |              ^^^^^^^^^^^^^^^
[INFO] [stdout]    |
[INFO] [stdout]    = note: `#[warn(unused_macros)]` on by default
[INFO] [stdout] 
[INFO] [stdout] 
[INFO] [stdout] warning: unused import: `impl_file_bytes`
[INFO] [stdout]   --> src/common.rs:90:16
[INFO] [stdout]    |
[INFO] [stdout] 90 | pub(crate) use impl_file_bytes;
[INFO] [stdout]    |                ^^^^^^^^^^^^^^^
[INFO] [stdout] 
[INFO] [stdout] 
[INFO] [stdout] warning: unused macro definition: `impl_io`
[INFO] [stdout]   --> src/common.rs:94:14
[INFO] [stdout]    |
[INFO] [stdout] 94 | macro_rules! impl_io {
[INFO] [stdout]    |              ^^^^^^^
[INFO] [stdout] 
[INFO] [stdout] 
[INFO] [stdout] warning: unused import: `impl_io`
[INFO] [stdout]    --> src/common.rs:354:16
[INFO] [stdout]     |
[INFO] [stdout] 354 | pub(crate) use impl_io;
[INFO] [stdout]     |                ^^^^^^^
[INFO] [stdout] 
[INFO] [stdout] 
[INFO] [stdout] warning: unused macro definition: `impl_common`
[INFO] [stdout]    --> src/common.rs:358:14
[INFO] [stdout]     |
[INFO] [stdout] 358 | macro_rules! impl_common {
[INFO] [stdout]     |              ^^^^^^^^^^^
[INFO] [stdout] 
[INFO] [stdout] 
[INFO] [stdout] warning: unused import: `impl_common`
[INFO] [stdout]    --> src/common.rs:535:16
[INFO] [stdout]     |
[INFO] [stdout] 535 | pub(crate) use impl_common;
[INFO] [stdout]     |                ^^^^^^^^^^^
[INFO] [stdout] 
[INFO] [stdout] 
[INFO] [stdout] warning: unused macro definition: `impl_string`
[INFO] [stdout]    --> src/common.rs:540:14
[INFO] [stdout]     |
[INFO] [stdout] 540 | macro_rules! impl_string {
[INFO] [stdout]     |              ^^^^^^^^^^^
[INFO] [stdout] 
[INFO] [stdout] 
[INFO] [stdout] warning: unused import: `impl_string`
[INFO] [stdout]    --> src/common.rs:567:16
[INFO] [stdout]     |
[INFO] [stdout] 567 | pub(crate) use impl_string;
[INFO] [stdout]     |                ^^^^^^^^^^^
[INFO] [stdout] 
[INFO] [stdout] 
[INFO] [stdout] warning: unused macro definition: `impl_binary`
[INFO] [stdout]    --> src/common.rs:572:14
[INFO] [stdout]     |
[INFO] [stdout] 572 | macro_rules! impl_binary {
[INFO] [stdout]     |              ^^^^^^^^^^^
[INFO] [stdout] 
[INFO] [stdout] 
[INFO] [stdout] warning: unused import: `impl_binary`
[INFO] [stdout]    --> src/common.rs:584:16
[INFO] [stdout]     |
[INFO] [stdout] 584 | pub(crate) use impl_binary;
[INFO] [stdout]     |                ^^^^^^^^^^^
[INFO] [stdout] 
[INFO] [stdout] 
[INFO] [stdout] warning: unused macro definition: `impl_macro_binary`
[INFO] [stdout]    --> src/common.rs:757:14
[INFO] [stdout]     |
[INFO] [stdout] 757 | macro_rules! impl_macro_binary {
[INFO] [stdout]     |              ^^^^^^^^^^^^^^^^^
[INFO] [stdout] 
[INFO] [stdout] 
[INFO] [stdout] warning: unused import: `impl_macro_binary`
[INFO] [stdout]    --> src/common.rs:822:16
[INFO] [stdout]     |
[INFO] [stdout] 822 | pub(crate) use impl_macro_binary;
[INFO] [stdout]     |                ^^^^^^^^^^^^^^^^^
[INFO] [stdout] 
[INFO] [stdout] 
[INFO] [stdout] warning: unused macro definition: `impl_macro_no_ext`
[INFO] [stdout]    --> src/common.rs:825:14
[INFO] [stdout]     |
[INFO] [stdout] 825 | macro_rules! impl_macro_no_ext {
[INFO] [stdout]     |              ^^^^^^^^^^^^^^^^^
[INFO] [stdout] 
[INFO] [stdout] 
[INFO] [stdout] warning: unused import: `impl_macro_no_ext`
[INFO] [stdout]    --> src/common.rs:883:16
[INFO] [stdout]     |
[INFO] [stdout] 883 | pub(crate) use impl_macro_no_ext;
[INFO] [stdout]     |                ^^^^^^^^^^^^^^^^^
[INFO] [stdout] 
[INFO] [stdout] 
[INFO] [stdout] warning: unused macro definition: `impl_macro`
[INFO] [stdout]    --> src/common.rs:886:14
[INFO] [stdout]     |
[INFO] [stdout] 886 | macro_rules! impl_macro {
[INFO] [stdout]     |              ^^^^^^^^^^
[INFO] [stdout] 
[INFO] [stdout] 
[INFO] [stdout] warning: unused import: `impl_macro`
[INFO] [stdout]    --> src/common.rs:944:16
[INFO] [stdout]     |
[INFO] [stdout] 944 | pub(crate) use impl_macro;
[INFO] [stdout]     |                ^^^^^^^^^^
[INFO] [stdout] 
[INFO] [stdout] 
[INFO] [stdout] warning: constant `DASH` is never used
[INFO] [stdout]  --> src/common.rs:9:18
[INFO] [stdout]   |
[INFO] [stdout] 9 | pub(crate) const DASH: &str = "--------------------------------------------";
[INFO] [stdout]   |                  ^^^^
[INFO] [stdout]   |
[INFO] [stdout]   = note: `#[warn(dead_code)]` on by default
[INFO] [stdout] 
[INFO] [stdout] 
[INFO] [stdout] warning: function `base` is never used
[INFO] [stdout]   --> src/common.rs:14:15
[INFO] [stdout]    |
[INFO] [stdout] 14 | pub(crate) fn base(project_name: &str) -> Result<ProjectDirs, Error> {
[INFO] [stdout]    |               ^^^^
[INFO] [stdout] 
[INFO] [stdout] 
[INFO] [stdout] warning: function `get_projectdir` is never used
[INFO] [stdout]   --> src/common.rs:22:15
[INFO] [stdout]    |
[INFO] [stdout] 22 | pub(crate) fn get_projectdir(dir: &Dir, project_name: &str) -> Result<PathBuf, Error> {
[INFO] [stdout]    |               ^^^^^^^^^^^^^^
[INFO] [stdout] 
[INFO] [stdout] 
[INFO] [stdout] warning: function `convert_error` is never used
[INFO] [stdout]   --> src/common.rs:39:15
[INFO] [stdout]    |
[INFO] [stdout] 39 | pub(crate) fn convert_error<T, E: std::fmt::Display + std::fmt::Debug + Send + Sync + 'static>(result: Result<T, E>) -> Result<T, Error> {
[INFO] [stdout]    |               ^^^^^^^^^^^^^
[INFO] [stdout] 
[INFO] [stdout] 
[INFO] [stdout] warning: function `assert_safe_path` is never used
[INFO] [stdout]   --> src/common.rs:48:15
[INFO] [stdout]    |
[INFO] [stdout] 48 | pub(crate) fn assert_safe_path(path: &Path) -> Result<(), Error> {
[INFO] [stdout]    |               ^^^^^^^^^^^^^^^^
[INFO] [stdout] 
[INFO] [stdout] 
[INFO] [stdout] warning: 23 warnings emitted
[INFO] [stdout] 
[INFO] [stdout] 
[INFO] [stderr]    Compiling disk v0.1.5 (/opt/rustwide/workdir)
[INFO] [stdout] warning: unused import: `ensure`
[INFO] [stdout]  --> src/common.rs:2:26
[INFO] [stdout]   |
[INFO] [stdout] 2 | use anyhow::{anyhow,bail,ensure,Error};
[INFO] [stdout]   |                          ^^^^^^
[INFO] [stdout]   |
[INFO] [stdout]   = note: `#[warn(unused_imports)]` on by default
[INFO] [stdout] 
[INFO] [stdout] 
[INFO] [stdout] warning: unused imports: `Deserialize`, `Serialize`
[INFO] [stdout]  --> src/common.rs:4:13
[INFO] [stdout]   |
[INFO] [stdout] 4 | use serde::{Serialize,Deserialize};
[INFO] [stdout]   |             ^^^^^^^^^ ^^^^^^^^^^^
[INFO] [stdout] 
[INFO] [stdout] 
[INFO] [stdout] warning: unused macro definition: `impl_file_bytes`
[INFO] [stdout]   --> src/common.rs:56:14
[INFO] [stdout]    |
[INFO] [stdout] 56 | macro_rules! impl_file_bytes {
[INFO] [stdout]    |              ^^^^^^^^^^^^^^^
[INFO] [stdout]    |
[INFO] [stdout]    = note: `#[warn(unused_macros)]` on by default
[INFO] [stdout] 
[INFO] [stdout] 
[INFO] [stdout] warning: unused import: `impl_file_bytes`
[INFO] [stdout]   --> src/common.rs:90:16
[INFO] [stdout]    |
[INFO] [stdout] 90 | pub(crate) use impl_file_bytes;
[INFO] [stdout]    |                ^^^^^^^^^^^^^^^
[INFO] [stdout] 
[INFO] [stdout] 
[INFO] [stdout] warning: unused macro definition: `impl_io`
[INFO] [stdout]   --> src/common.rs:94:14
[INFO] [stdout]    |
[INFO] [stdout] 94 | macro_rules! impl_io {
[INFO] [stdout]    |              ^^^^^^^
[INFO] [stdout] 
[INFO] [stdout] 
[INFO] [stdout] warning: unused import: `impl_io`
[INFO] [stdout]    --> src/common.rs:354:16
[INFO] [stdout]     |
[INFO] [stdout] 354 | pub(crate) use impl_io;
[INFO] [stdout]     |                ^^^^^^^
[INFO] [stdout] 
[INFO] [stdout] 
[INFO] [stdout] warning: unused macro definition: `impl_common`
[INFO] [stdout]    --> src/common.rs:358:14
[INFO] [stdout]     |
[INFO] [stdout] 358 | macro_rules! impl_common {
[INFO] [stdout]     |              ^^^^^^^^^^^
[INFO] [stdout] 
[INFO] [stdout] 
[INFO] [stdout] warning: unused import: `impl_common`
[INFO] [stdout]    --> src/common.rs:535:16
[INFO] [stdout]     |
[INFO] [stdout] 535 | pub(crate) use impl_common;
[INFO] [stdout]     |                ^^^^^^^^^^^
[INFO] [stdout] 
[INFO] [stdout] 
[INFO] [stdout] warning: unused macro definition: `impl_string`
[INFO] [stdout]    --> src/common.rs:540:14
[INFO] [stdout]     |
[INFO] [stdout] 540 | macro_rules! impl_string {
[INFO] [stdout]     |              ^^^^^^^^^^^
[INFO] [stdout] 
[INFO] [stdout] 
[INFO] [stdout] warning: unused import: `impl_string`
[INFO] [stdout]    --> src/common.rs:567:16
[INFO] [stdout]     |
[INFO] [stdout] 567 | pub(crate) use impl_string;
[INFO] [stdout]     |                ^^^^^^^^^^^
[INFO] [stdout] 
[INFO] [stdout] 
[INFO] [stdout] warning: unused macro definition: `impl_binary`
[INFO] [stdout]    --> src/common.rs:572:14
[INFO] [stdout]     |
[INFO] [stdout] 572 | macro_rules! impl_binary {
[INFO] [stdout]     |              ^^^^^^^^^^^
[INFO] [stdout] 
[INFO] [stdout] 
[INFO] [stdout] warning: unused import: `impl_binary`
[INFO] [stdout]    --> src/common.rs:584:16
[INFO] [stdout]     |
[INFO] [stdout] 584 | pub(crate) use impl_binary;
[INFO] [stdout]     |                ^^^^^^^^^^^
[INFO] [stdout] 
[INFO] [stdout] 
[INFO] [stdout] warning: unused macro definition: `impl_macro_binary`
[INFO] [stdout]    --> src/common.rs:757:14
[INFO] [stdout]     |
[INFO] [stdout] 757 | macro_rules! impl_macro_binary {
[INFO] [stdout]     |              ^^^^^^^^^^^^^^^^^
[INFO] [stdout] 
[INFO] [stdout] 
[INFO] [stdout] warning: unused import: `impl_macro_binary`
[INFO] [stdout]    --> src/common.rs:822:16
[INFO] [stdout]     |
[INFO] [stdout] 822 | pub(crate) use impl_macro_binary;
[INFO] [stdout]     |                ^^^^^^^^^^^^^^^^^
[INFO] [stdout] 
[INFO] [stdout] 
[INFO] [stdout] warning: unused macro definition: `impl_macro_no_ext`
[INFO] [stdout]    --> src/common.rs:825:14
[INFO] [stdout]     |
[INFO] [stdout] 825 | macro_rules! impl_macro_no_ext {
[INFO] [stdout]     |              ^^^^^^^^^^^^^^^^^
[INFO] [stdout] 
[INFO] [stdout] 
[INFO] [stdout] warning: unused import: `impl_macro_no_ext`
[INFO] [stdout]    --> src/common.rs:883:16
[INFO] [stdout]     |
[INFO] [stdout] 883 | pub(crate) use impl_macro_no_ext;
[INFO] [stdout]     |                ^^^^^^^^^^^^^^^^^
[INFO] [stdout] 
[INFO] [stdout] 
[INFO] [stdout] warning: unused macro definition: `impl_macro`
[INFO] [stdout]    --> src/common.rs:886:14
[INFO] [stdout]     |
[INFO] [stdout] 886 | macro_rules! impl_macro {
[INFO] [stdout]     |              ^^^^^^^^^^
[INFO] [stdout] 
[INFO] [stdout] 
[INFO] [stdout] warning: unused import: `impl_macro`
[INFO] [stdout]    --> src/common.rs:944:16
[INFO] [stdout]     |
[INFO] [stdout] 944 | pub(crate) use impl_macro;
[INFO] [stdout]     |                ^^^^^^^^^^
[INFO] [stdout] 
[INFO] [stdout] 
[INFO] [stdout] warning: constant `DASH` is never used
[INFO] [stdout]  --> src/common.rs:9:18
[INFO] [stdout]   |
[INFO] [stdout] 9 | pub(crate) const DASH: &str = "--------------------------------------------";
[INFO] [stdout]   |                  ^^^^
[INFO] [stdout]   |
[INFO] [stdout]   = note: `#[warn(dead_code)]` on by default
[INFO] [stdout] 
[INFO] [stdout] 
[INFO] [stdout] warning: function `base` is never used
[INFO] [stdout]   --> src/common.rs:14:15
[INFO] [stdout]    |
[INFO] [stdout] 14 | pub(crate) fn base(project_name: &str) -> Result<ProjectDirs, Error> {
[INFO] [stdout]    |               ^^^^
[INFO] [stdout] 
[INFO] [stdout] 
[INFO] [stdout] warning: function `get_projectdir` is never used
[INFO] [stdout]   --> src/common.rs:22:15
[INFO] [stdout]    |
[INFO] [stdout] 22 | pub(crate) fn get_projectdir(dir: &Dir, project_name: &str) -> Result<PathBuf, Error> {
[INFO] [stdout]    |               ^^^^^^^^^^^^^^
[INFO] [stdout] 
[INFO] [stdout] 
[INFO] [stdout] warning: function `convert_error` is never used
[INFO] [stdout]   --> src/common.rs:39:15
[INFO] [stdout]    |
[INFO] [stdout] 39 | pub(crate) fn convert_error<T, E: std::fmt::Display + std::fmt::Debug + Send + Sync + 'static>(result: Result<T, E>) -> Result<T, Error> {
[INFO] [stdout]    |               ^^^^^^^^^^^^^
[INFO] [stdout] 
[INFO] [stdout] 
[INFO] [stdout] warning: function `assert_safe_path` is never used
[INFO] [stdout]   --> src/common.rs:48:15
[INFO] [stdout]    |
[INFO] [stdout] 48 | pub(crate) fn assert_safe_path(path: &Path) -> Result<(), Error> {
[INFO] [stdout]    |               ^^^^^^^^^^^^^^^^
[INFO] [stdout] 
[INFO] [stdout] 
[INFO] [stdout] warning: 23 warnings emitted
[INFO] [stdout] 
[INFO] [stdout] 
[INFO] [stderr]     Finished test [unoptimized + debuginfo] target(s) in 0.52s
[INFO] running `Command { std: "docker" "inspect" "e0d0680c3af702fd6abbc0b24e970560f93df36ee76bf7e4c5e7f7aac3c4421d", kill_on_drop: false }`
[INFO] running `Command { std: "docker" "rm" "-f" "e0d0680c3af702fd6abbc0b24e970560f93df36ee76bf7e4c5e7f7aac3c4421d", kill_on_drop: false }`
[INFO] [stdout] e0d0680c3af702fd6abbc0b24e970560f93df36ee76bf7e4c5e7f7aac3c4421d
[INFO] running `Command { std: "docker" "create" "-v" "/var/lib/crater-agent-workspace/builds/worker-4-tc1/target:/opt/rustwide/target:rw,Z" "-v" "/var/lib/crater-agent-workspace/builds/worker-4-tc1/source:/opt/rustwide/workdir:ro,Z" "-v" "/var/lib/crater-agent-workspace/cargo-home:/opt/rustwide/cargo-home:ro,Z" "-v" "/var/lib/crater-agent-workspace/rustup-home:/opt/rustwide/rustup-home:ro,Z" "-e" "SOURCE_DIR=/opt/rustwide/workdir" "-e" "CARGO_TARGET_DIR=/opt/rustwide/target" "-e" "CARGO_INCREMENTAL=0" "-e" "RUST_BACKTRACE=full" "-e" "RUSTFLAGS=--cap-lints=warn" "-e" "RUSTDOCFLAGS=--cap-lints=warn" "-e" "CARGO_HOME=/opt/rustwide/cargo-home" "-e" "RUSTUP_HOME=/opt/rustwide/rustup-home" "-w" "/opt/rustwide/workdir" "-m" "1610612736" "--user" "0:0" "--network" "none" "ghcr.io/rust-lang/crates-build-env/linux@sha256:5ff2268d62e97bff2cde7d5815dd6ed5b47097566f13b8d0ca110b04b60e07ed" "/opt/rustwide/cargo-home/bin/cargo" "+1.69.0" "test" "--frozen", kill_on_drop: false }`
[INFO] [stdout] fa023e3cd1552d6ff274912731463c35adbc05e142d695578b03aff7e28349ee
[INFO] running `Command { std: "docker" "start" "-a" "fa023e3cd1552d6ff274912731463c35adbc05e142d695578b03aff7e28349ee", kill_on_drop: false }`
[INFO] [stderr] warning: unused import: `ensure`
[INFO] [stderr]  --> src/common.rs:2:26
[INFO] [stderr]   |
[INFO] [stderr] 2 | use anyhow::{anyhow,bail,ensure,Error};
[INFO] [stderr]   |                          ^^^^^^
[INFO] [stderr]   |
[INFO] [stderr]   = note: `#[warn(unused_imports)]` on by default
[INFO] [stderr] 
[INFO] [stderr] warning: unused imports: `Deserialize`, `Serialize`
[INFO] [stderr]  --> src/common.rs:4:13
[INFO] [stderr]   |
[INFO] [stderr] 4 | use serde::{Serialize,Deserialize};
[INFO] [stderr]   |             ^^^^^^^^^ ^^^^^^^^^^^
[INFO] [stderr] 
[INFO] [stderr] warning: unused macro definition: `impl_file_bytes`
[INFO] [stderr]   --> src/common.rs:56:14
[INFO] [stderr]    |
[INFO] [stderr] 56 | macro_rules! impl_file_bytes {
[INFO] [stderr]    |              ^^^^^^^^^^^^^^^
[INFO] [stderr]    |
[INFO] [stderr]    = note: `#[warn(unused_macros)]` on by default
[INFO] [stderr] 
[INFO] [stderr] warning: unused import: `impl_file_bytes`
[INFO] [stderr]   --> src/common.rs:90:16
[INFO] [stderr]    |
[INFO] [stderr] 90 | pub(crate) use impl_file_bytes;
[INFO] [stderr]    |                ^^^^^^^^^^^^^^^
[INFO] [stderr] 
[INFO] [stderr] warning: unused macro definition: `impl_io`
[INFO] [stderr]   --> src/common.rs:94:14
[INFO] [stderr]    |
[INFO] [stderr] 94 | macro_rules! impl_io {
[INFO] [stderr]    |              ^^^^^^^
[INFO] [stderr] 
[INFO] [stderr] warning: unused import: `impl_io`
[INFO] [stderr]    --> src/common.rs:354:16
[INFO] [stderr]     |
[INFO] [stderr] 354 | pub(crate) use impl_io;
[INFO] [stderr]     |                ^^^^^^^
[INFO] [stderr] 
[INFO] [stderr] warning: unused macro definition: `impl_common`
[INFO] [stderr]    --> src/common.rs:358:14
[INFO] [stderr]     |
[INFO] [stderr] 358 | macro_rules! impl_common {
[INFO] [stderr]     |              ^^^^^^^^^^^
[INFO] [stderr] 
[INFO] [stderr] warning: unused import: `impl_common`
[INFO] [stderr]    --> src/common.rs:535:16
[INFO] [stderr]     |
[INFO] [stderr] 535 | pub(crate) use impl_common;
[INFO] [stderr]     |                ^^^^^^^^^^^
[INFO] [stderr] 
[INFO] [stderr] warning: unused macro definition: `impl_string`
[INFO] [stderr]    --> src/common.rs:540:14
[INFO] [stderr]     |
[INFO] [stderr] 540 | macro_rules! impl_string {
[INFO] [stderr]     |              ^^^^^^^^^^^
[INFO] [stderr] 
[INFO] [stderr] warning: unused import: `impl_string`
[INFO] [stderr]    --> src/common.rs:567:16
[INFO] [stderr]     |
[INFO] [stderr] 567 | pub(crate) use impl_string;
[INFO] [stderr]     |                ^^^^^^^^^^^
[INFO] [stderr] 
[INFO] [stderr] warning: unused macro definition: `impl_binary`
[INFO] [stderr]    --> src/common.rs:572:14
[INFO] [stderr]     |
[INFO] [stderr] 572 | macro_rules! impl_binary {
[INFO] [stderr]     |              ^^^^^^^^^^^
[INFO] [stderr] 
[INFO] [stderr] warning: unused import: `impl_binary`
[INFO] [stderr]    --> src/common.rs:584:16
[INFO] [stderr]     |
[INFO] [stderr] 584 | pub(crate) use impl_binary;
[INFO] [stderr]     |                ^^^^^^^^^^^
[INFO] [stderr] 
[INFO] [stderr] warning: unused macro definition: `impl_macro_binary`
[INFO] [stderr]    --> src/common.rs:757:14
[INFO] [stderr]     |
[INFO] [stderr] 757 | macro_rules! impl_macro_binary {
[INFO] [stderr]     |              ^^^^^^^^^^^^^^^^^
[INFO] [stderr] 
[INFO] [stderr] warning: unused import: `impl_macro_binary`
[INFO] [stderr]    --> src/common.rs:822:16
[INFO] [stderr]     |
[INFO] [stderr] 822 | pub(crate) use impl_macro_binary;
[INFO] [stderr]     |                ^^^^^^^^^^^^^^^^^
[INFO] [stderr] 
[INFO] [stderr] warning: unused macro definition: `impl_macro_no_ext`
[INFO] [stderr]    --> src/common.rs:825:14
[INFO] [stderr]     |
[INFO] [stderr] 825 | macro_rules! impl_macro_no_ext {
[INFO] [stderr]     |              ^^^^^^^^^^^^^^^^^
[INFO] [stderr] 
[INFO] [stderr] warning: unused import: `impl_macro_no_ext`
[INFO] [stderr]    --> src/common.rs:883:16
[INFO] [stderr]     |
[INFO] [stderr] 883 | pub(crate) use impl_macro_no_ext;
[INFO] [stderr]     |                ^^^^^^^^^^^^^^^^^
[INFO] [stderr] 
[INFO] [stderr] warning: unused macro definition: `impl_macro`
[INFO] [stderr]    --> src/common.rs:886:14
[INFO] [stderr]     |
[INFO] [stderr] 886 | macro_rules! impl_macro {
[INFO] [stderr]     |              ^^^^^^^^^^
[INFO] [stderr] 
[INFO] [stderr] warning: unused import: `impl_macro`
[INFO] [stderr]    --> src/common.rs:944:16
[INFO] [stderr]     |
[INFO] [stderr] 944 | pub(crate) use impl_macro;
[INFO] [stderr]     |                ^^^^^^^^^^
[INFO] [stderr] 
[INFO] [stderr] warning: constant `DASH` is never used
[INFO] [stderr]  --> src/common.rs:9:18
[INFO] [stderr]   |
[INFO] [stderr] 9 | pub(crate) const DASH: &str = "--------------------------------------------";
[INFO] [stderr]   |                  ^^^^
[INFO] [stderr]   |
[INFO] [stderr]   = note: `#[warn(dead_code)]` on by default
[INFO] [stderr] 
[INFO] [stderr] warning: function `base` is never used
[INFO] [stderr]   --> src/common.rs:14:15
[INFO] [stderr]    |
[INFO] [stderr] 14 | pub(crate) fn base(project_name: &str) -> Result<ProjectDirs, Error> {
[INFO] [stderr]    |               ^^^^
[INFO] [stderr] 
[INFO] [stderr] warning: function `get_projectdir` is never used
[INFO] [stderr]   --> src/common.rs:22:15
[INFO] [stderr]    |
[INFO] [stderr] 22 | pub(crate) fn get_projectdir(dir: &Dir, project_name: &str) -> Result<PathBuf, Error> {
[INFO] [stderr]    |               ^^^^^^^^^^^^^^
[INFO] [stderr] 
[INFO] [stderr] warning: function `convert_error` is never used
[INFO] [stderr]   --> src/common.rs:39:15
[INFO] [stderr]    |
[INFO] [stderr] 39 | pub(crate) fn convert_error<T, E: std::fmt::Display + std::fmt::Debug + Send + Sync + 'static>(result: Result<T, E>) -> Result<T, Error> {
[INFO] [stderr]    |               ^^^^^^^^^^^^^
[INFO] [stderr] 
[INFO] [stderr] warning: function `assert_safe_path` is never used
[INFO] [stderr]   --> src/common.rs:48:15
[INFO] [stderr]    |
[INFO] [stderr] 48 | pub(crate) fn assert_safe_path(path: &Path) -> Result<(), Error> {
[INFO] [stderr]    |               ^^^^^^^^^^^^^^^^
[INFO] [stderr] 
[INFO] [stderr] warning: `disk` (lib) generated 23 warnings (run `cargo fix --lib -p disk` to apply 10 suggestions)
[INFO] [stderr] warning: `disk` (lib test) generated 23 warnings (23 duplicates)
[INFO] [stderr]     Finished test [unoptimized + debuginfo] target(s) in 0.06s
[INFO] [stderr]      Running unittests src/lib.rs (/opt/rustwide/target/debug/deps/disk-cc2c3c4c65f0956a)
[INFO] [stdout] 
[INFO] [stdout] running 0 tests
[INFO] [stdout] 
[INFO] [stdout] test result: ok. 0 passed; 0 failed; 0 ignored; 0 measured; 0 filtered out; finished in 0.00s
[INFO] [stdout] 
[INFO] [stderr]    Doc-tests disk
[INFO] [stdout] 
[INFO] [stdout] running 6 tests
[INFO] [stdout] test src/lib.rs - (line 106) ... ignored
[INFO] [stdout] test src/lib.rs - (line 180) ... ignored
[INFO] [stdout] test src/lib.rs - (line 164) ... FAILED
[INFO] [stdout] test src/lib.rs - (line 10) ... FAILED
[INFO] [stdout] test src/lib.rs - (line 132) ... FAILED
[INFO] [stdout] test src/lib.rs - (line 49) ... FAILED
[INFO] [stdout] 
[INFO] [stdout] failures:
[INFO] [stdout] 
[INFO] [stdout] ---- src/lib.rs - (line 164) stdout ----
[INFO] [stdout] error[E0405]: cannot find trait `Toml` in crate `disk`
[INFO] [stdout]  --> src/lib.rs:167:19
[INFO] [stdout]   |
[INFO] [stdout] 6 | unsafe impl disk::Toml for State {
[INFO] [stdout]   |                   ^^^^ not found in `disk`
[INFO] [stdout] 
[INFO] [stdout] error: aborting due to previous error
[INFO] [stdout] 
[INFO] [stdout] For more information about this error, try `rustc --explain E0405`.
[INFO] [stdout] Couldn't compile the test.
[INFO] [stdout] ---- src/lib.rs - (line 10) stdout ----
[INFO] [stdout] error[E0432]: unresolved import `disk::Toml`
[INFO] [stdout]  --> src/lib.rs:12:5
[INFO] [stdout]   |
[INFO] [stdout] 5 | use disk::Toml;
[INFO] [stdout]   |     ^^^^^^^^^^ no `Toml` in the root
[INFO] [stdout] 
[INFO] [stdout] error[E0433]: failed to resolve: could not find `toml` in `disk`
[INFO] [stdout]   --> src/lib.rs:33:7
[INFO] [stdout]    |
[INFO] [stdout] 26 | disk::toml!(State, disk::Dir::Data, "MyProject", "", "state");
[INFO] [stdout]    |       ^^^^ could not find `toml` in `disk`
[INFO] [stdout] 
[INFO] [stdout] error: aborting due to 2 previous errors
[INFO] [stdout] 
[INFO] [stdout] Some errors have detailed explanations: E0432, E0433.
[INFO] [stdout] For more information about an error, try `rustc --explain E0432`.
[INFO] [stdout] Couldn't compile the test.
[INFO] [stdout] ---- src/lib.rs - (line 132) stdout ----
[INFO] [stdout] error[E0433]: failed to resolve: could not find `bincode` in `disk`
[INFO] [stdout]   --> src/lib.rs:139:7
[INFO] [stdout]    |
[INFO] [stdout] 10 | disk::bincode!(State, disk::Dir::Data, "MyProject", "", "state", HEADER, VERSION);
[INFO] [stdout]    |       ^^^^^^^ could not find `bincode` in `disk`
[INFO] [stdout] 
[INFO] [stdout] error[E0599]: no method named `save` found for struct `State` in the current scope
[INFO] [stdout]   --> src/lib.rs:148:7
[INFO] [stdout]    |
[INFO] [stdout] 12 | struct State {
[INFO] [stdout]    | ------------ method `save` not found for this struct
[INFO] [stdout] ...
[INFO] [stdout] 19 | state.save().unwrap();
[INFO] [stdout]    |       ^^^^ method not found in `State`
[INFO] [stdout] 
[INFO] [stdout] error[E0599]: no function or associated item named `file_version` found for struct `State` in the current scope
[INFO] [stdout]   --> src/lib.rs:152:22
[INFO] [stdout]    |
[INFO] [stdout] 12 | struct State {
[INFO] [stdout]    | ------------ function or associated item `file_version` not found for this struct
[INFO] [stdout] ...
[INFO] [stdout] 23 | let version = State::file_version().unwrap();
[INFO] [stdout]    |                      ^^^^^^^^^^^^ function or associated item not found in `State`
[INFO] [stdout] 
[INFO] [stdout] error[E0599]: no associated item named `VERSION` found for struct `State` in the current scope
[INFO] [stdout]   --> src/lib.rs:153:27
[INFO] [stdout]    |
[INFO] [stdout] 12 | struct State {
[INFO] [stdout]    | ------------ associated item `VERSION` not found for this struct
[INFO] [stdout] ...
[INFO] [stdout] 24 | assert!(version == State::VERSION);
[INFO] [stdout]    |                           ^^^^^^^ associated item not found in `State`
[INFO] [stdout] 
[INFO] [stdout] error: aborting due to 4 previous errors
[INFO] [stdout] 
[INFO] [stdout] Some errors have detailed explanations: E0433, E0599.
[INFO] [stdout] For more information about an error, try `rustc --explain E0433`.
[INFO] [stdout] Couldn't compile the test.
[INFO] [stdout] ---- src/lib.rs - (line 49) stdout ----
[INFO] [stdout] error[E0433]: failed to resolve: could not find `toml` in `disk`
[INFO] [stdout]  --> src/lib.rs:53:7
[INFO] [stdout]   |
[INFO] [stdout] 7 | disk::toml!(State, disk::Dir::Data, "MyProject", "", "state");
[INFO] [stdout]   |       ^^^^ could not find `toml` in `disk`
[INFO] [stdout] 
[INFO] [stdout] error[E0599]: no method named `save` found for struct `State` in the current scope
[INFO] [stdout]   --> src/lib.rs:63:16
[INFO] [stdout]    |
[INFO] [stdout] 9  | struct State {
[INFO] [stdout]    | ------------ method `save` not found for this struct
[INFO] [stdout] ...
[INFO] [stdout] 17 | match my_state.save() {
[INFO] [stdout]    |                ^^^^ method not found in `State`
[INFO] [stdout] 
[INFO] [stdout] error[E0599]: no function or associated item named `from_file` found for struct `State` in the current scope
[INFO] [stdout]   --> src/lib.rs:69:24
[INFO] [stdout]    |
[INFO] [stdout] 9  | struct State {
[INFO] [stdout]    | ------------ function or associated item `from_file` not found for this struct
[INFO] [stdout] ...
[INFO] [stdout] 23 | let from_disk = State::from_file().expect("Failed to read disk");
[INFO] [stdout]    |                        ^^^^^^^^^ function or associated item not found in `State`
[INFO] [stdout] 
[INFO] [stdout] error: aborting due to 3 previous errors
[INFO] [stdout] 
[INFO] [stdout] Some errors have detailed explanations: E0433, E0599.
[INFO] [stdout] For more information about an error, try `rustc --explain E0433`.
[INFO] [stdout] Couldn't compile the test.
[INFO] [stdout] 
[INFO] [stdout] failures:
[INFO] [stdout]     src/lib.rs - (line 10)
[INFO] [stdout]     src/lib.rs - (line 132)
[INFO] [stdout]     src/lib.rs - (line 164)
[INFO] [stdout]     src/lib.rs - (line 49)
[INFO] [stdout] 
[INFO] [stdout] test result: FAILED. 0 passed; 4 failed; 2 ignored; 0 measured; 0 filtered out; finished in 0.13s
[INFO] [stdout] 
[INFO] [stderr] error: doctest failed, to rerun pass `--doc`
[INFO] running `Command { std: "docker" "inspect" "fa023e3cd1552d6ff274912731463c35adbc05e142d695578b03aff7e28349ee", kill_on_drop: false }`
[INFO] running `Command { std: "docker" "rm" "-f" "fa023e3cd1552d6ff274912731463c35adbc05e142d695578b03aff7e28349ee", kill_on_drop: false }`
[INFO] [stdout] fa023e3cd1552d6ff274912731463c35adbc05e142d695578b03aff7e28349ee
