[INFO] fetching crate disarray-ledger 0.1.20...
[INFO] testing disarray-ledger-0.1.20 against 1.69.0 for beta-1.70-1
[INFO] extracting crate disarray-ledger 0.1.20 into /workspace/builds/worker-3-tc1/source
[INFO] validating manifest of crates.io crate disarray-ledger 0.1.20 on toolchain 1.69.0
[INFO] running `Command { std: CARGO_HOME="/workspace/cargo-home" RUSTUP_HOME="/workspace/rustup-home" "/workspace/cargo-home/bin/cargo" "+1.69.0" "metadata" "--manifest-path" "Cargo.toml" "--no-deps", kill_on_drop: false }`
[INFO] started tweaking crates.io crate disarray-ledger 0.1.20
[INFO] finished tweaking crates.io crate disarray-ledger 0.1.20
[INFO] tweaked toml for crates.io crate disarray-ledger 0.1.20 written to /workspace/builds/worker-3-tc1/source/Cargo.toml
[INFO] running `Command { std: CARGO_HOME="/workspace/cargo-home" RUSTUP_HOME="/workspace/rustup-home" __CARGO_TEST_CHANNEL_OVERRIDE_DO_NOT_USE_THIS="nightly" "/workspace/cargo-home/bin/cargo" "+1.69.0" "generate-lockfile" "--manifest-path" "Cargo.toml" "-Zno-index-update", kill_on_drop: false }`
[INFO] running `Command { std: CARGO_HOME="/workspace/cargo-home" RUSTUP_HOME="/workspace/rustup-home" "/workspace/cargo-home/bin/cargo" "+1.69.0" "fetch" "--manifest-path" "Cargo.toml", kill_on_drop: false }`
[INFO] [stderr]  Downloading crates ...
[INFO] [stderr]   Downloaded algae v0.1.19
[INFO] [stderr]   Downloaded scsys-macros v0.1.42
[INFO] [stderr]   Downloaded scsys v0.1.42
[INFO] [stderr]   Downloaded constant_time_eq v0.2.5
[INFO] [stderr]   Downloaded blake3 v1.3.3
[INFO] [stderr]   Downloaded decanter v0.1.5
[INFO] [stderr]   Downloaded ron v0.7.1
[INFO] [stderr]   Downloaded decanter-crypto v0.1.5
[INFO] [stderr]   Downloaded scsys-core v0.1.42
[INFO] [stderr]   Downloaded scsys-actors v0.1.42
[INFO] [stderr]   Downloaded scsys-derive v0.1.42
[INFO] [stderr]   Downloaded decanter-derive v0.1.5
[INFO] [stderr]   Downloaded json5 v0.4.1
[INFO] [stderr]   Downloaded ckb-merkle-mountain-range v0.5.2
[INFO] [stderr]   Downloaded serde_with_macros v1.5.2
[INFO] [stderr]   Downloaded config v0.13.3
[INFO] [stderr]   Downloaded serde_with v1.14.0
[INFO] [stderr]   Downloaded bson v2.6.1
[INFO] [stderr]   Downloaded algae-merkle v0.1.19
[INFO] running `Command { std: "docker" "create" "-v" "/var/lib/crater-agent-workspace/builds/worker-3-tc1/target:/opt/rustwide/target:rw,Z" "-v" "/var/lib/crater-agent-workspace/builds/worker-3-tc1/source:/opt/rustwide/workdir:ro,Z" "-v" "/var/lib/crater-agent-workspace/cargo-home:/opt/rustwide/cargo-home:ro,Z" "-v" "/var/lib/crater-agent-workspace/rustup-home:/opt/rustwide/rustup-home:ro,Z" "-e" "SOURCE_DIR=/opt/rustwide/workdir" "-e" "CARGO_TARGET_DIR=/opt/rustwide/target" "-e" "CARGO_HOME=/opt/rustwide/cargo-home" "-e" "RUSTUP_HOME=/opt/rustwide/rustup-home" "-w" "/opt/rustwide/workdir" "-m" "1610612736" "--user" "0:0" "--network" "none" "ghcr.io/rust-lang/crates-build-env/linux@sha256:5ff2268d62e97bff2cde7d5815dd6ed5b47097566f13b8d0ca110b04b60e07ed" "/opt/rustwide/cargo-home/bin/cargo" "+1.69.0" "metadata" "--no-deps" "--format-version=1", kill_on_drop: false }`
[INFO] [stdout] ce36d0ed6414ac72e836b73c0e6bfc603265bf0a2a3bdd6611976eb8f2edbab9
[INFO] running `Command { std: "docker" "start" "-a" "ce36d0ed6414ac72e836b73c0e6bfc603265bf0a2a3bdd6611976eb8f2edbab9", kill_on_drop: false }`
[INFO] running `Command { std: "docker" "inspect" "ce36d0ed6414ac72e836b73c0e6bfc603265bf0a2a3bdd6611976eb8f2edbab9", kill_on_drop: false }`
[INFO] running `Command { std: "docker" "rm" "-f" "ce36d0ed6414ac72e836b73c0e6bfc603265bf0a2a3bdd6611976eb8f2edbab9", kill_on_drop: false }`
[INFO] [stdout] ce36d0ed6414ac72e836b73c0e6bfc603265bf0a2a3bdd6611976eb8f2edbab9
[INFO] running `Command { std: "docker" "create" "-v" "/var/lib/crater-agent-workspace/builds/worker-3-tc1/target:/opt/rustwide/target:rw,Z" "-v" "/var/lib/crater-agent-workspace/builds/worker-3-tc1/source:/opt/rustwide/workdir:ro,Z" "-v" "/var/lib/crater-agent-workspace/cargo-home:/opt/rustwide/cargo-home:ro,Z" "-v" "/var/lib/crater-agent-workspace/rustup-home:/opt/rustwide/rustup-home:ro,Z" "-e" "SOURCE_DIR=/opt/rustwide/workdir" "-e" "CARGO_TARGET_DIR=/opt/rustwide/target" "-e" "CARGO_INCREMENTAL=0" "-e" "RUST_BACKTRACE=full" "-e" "RUSTFLAGS=--cap-lints=warn" "-e" "RUSTDOCFLAGS=--cap-lints=warn" "-e" "CARGO_HOME=/opt/rustwide/cargo-home" "-e" "RUSTUP_HOME=/opt/rustwide/rustup-home" "-w" "/opt/rustwide/workdir" "-m" "1610612736" "--user" "0:0" "--network" "none" "ghcr.io/rust-lang/crates-build-env/linux@sha256:5ff2268d62e97bff2cde7d5815dd6ed5b47097566f13b8d0ca110b04b60e07ed" "/opt/rustwide/cargo-home/bin/cargo" "+1.69.0" "build" "--frozen" "--message-format=json", kill_on_drop: false }`
[INFO] [stdout] 3efc9c50d80af26b1915d93d4ca133016060eb5c9f3e183b598d96be719e26b0
[INFO] running `Command { std: "docker" "start" "-a" "3efc9c50d80af26b1915d93d4ca133016060eb5c9f3e183b598d96be719e26b0", kill_on_drop: false }`
[INFO] [stderr]    Compiling proc-macro2 v1.0.56
[INFO] [stderr]    Compiling unicode-ident v1.0.8
[INFO] [stderr]    Compiling cfg-if v1.0.0
[INFO] [stderr]    Compiling autocfg v1.1.0
[INFO] [stderr]    Compiling libc v0.2.142
[INFO] [stderr]    Compiling once_cell v1.17.1
[INFO] [stderr]    Compiling version_check v0.9.4
[INFO] [stderr]    Compiling quote v1.0.26
[INFO] [stderr]    Compiling serde_derive v1.0.160
[INFO] [stderr]    Compiling serde v1.0.160
[INFO] [stderr]    Compiling syn v1.0.109
[INFO] [stderr]    Compiling serde_json v1.0.96
[INFO] [stderr]    Compiling ahash v0.7.6
[INFO] [stderr]    Compiling indexmap v1.9.3
[INFO] [stderr]    Compiling itoa v1.0.6
[INFO] [stderr]    Compiling ryu v1.0.13
[INFO] [stderr]    Compiling typenum v1.16.0
[INFO] [stderr]    Compiling cc v1.0.79
[INFO] [stderr]    Compiling generic-array v0.14.7
[INFO] [stderr]    Compiling thiserror v1.0.40
[INFO] [stderr]    Compiling rustversion v1.0.12
[INFO] [stderr]    Compiling ppv-lite86 v0.2.17
[INFO] [stderr]    Compiling num-traits v0.2.15
[INFO] [stderr]    Compiling getrandom v0.2.9
[INFO] [stderr]    Compiling syn v2.0.15
[INFO] [stderr]    Compiling rand_core v0.6.4
[INFO] [stderr]    Compiling ucd-trie v0.1.5
[INFO] [stderr]    Compiling hashbrown v0.12.3
[INFO] [stderr]    Compiling rand_chacha v0.3.1
[INFO] [stderr]    Compiling lazy_static v1.4.0
[INFO] [stderr]    Compiling heck v0.4.1
[INFO] [stderr]    Compiling rand v0.8.5
[INFO] [stderr]    Compiling ring v0.16.20
[INFO] [stderr]    Compiling num-integer v0.1.45
[INFO] [stderr]    Compiling radium v0.7.0
[INFO] [stderr]    Compiling crypto-common v0.1.6
[INFO] [stderr]    Compiling block-buffer v0.10.4
[INFO] [stderr]    Compiling blake3 v1.3.3
[INFO] [stderr]    Compiling crossbeam-utils v0.8.15
[INFO] [stderr]    Compiling tinyvec_macros v0.1.1
[INFO] [stderr]    Compiling time-core v0.1.0
[INFO] [stderr]    Compiling base64 v0.13.1
[INFO] [stderr]    Compiling untrusted v0.7.1
[INFO] [stderr]    Compiling memchr v2.5.0
[INFO] [stderr]    Compiling spin v0.5.2
[INFO] [stderr]    Compiling hex v0.4.3
[INFO] [stderr]    Compiling subtle v2.4.1
[INFO] [stderr]    Compiling tap v1.0.1
[INFO] [stderr]    Compiling wyz v0.5.1
[INFO] [stderr]    Compiling digest v0.10.6
[INFO] [stderr]    Compiling time-macros v0.2.8
[INFO] [stderr]    Compiling tinyvec v1.6.0
[INFO] [stderr]    Compiling time v0.1.45
[INFO] [stderr]    Compiling arrayref v0.3.7
[INFO] [stderr]    Compiling funty v2.0.0
[INFO] [stderr]    Compiling anyhow v1.0.71
[INFO] [stderr]    Compiling iana-time-zone v0.1.56
[INFO] [stderr]    Compiling async-trait v0.1.68
[INFO] [stderr]    Compiling dlv-list v0.3.0
[INFO] [stderr]    Compiling arrayvec v0.7.2
[INFO] [stderr]    Compiling constant_time_eq v0.2.5
[INFO] [stderr]    Compiling bitvec v1.0.1
[INFO] [stderr]    Compiling ordered-multimap v0.4.3
[INFO] [stderr]    Compiling unicode-normalization v0.1.22
[INFO] [stderr]    Compiling darling_core v0.13.4
[INFO] [stderr]    Compiling time v0.3.20
[INFO] [stderr]    Compiling chrono v0.4.24
[INFO] [stderr]    Compiling memoffset v0.8.0
[INFO] [stderr]    Compiling unicode-bidi v0.3.13
[INFO] [stderr]    Compiling minimal-lexical v0.2.1
[INFO] [stderr]    Compiling linked-hash-map v0.5.6
[INFO] [stderr]    Compiling bitflags v1.3.2
[INFO] [stderr]    Compiling percent-encoding v2.2.0
[INFO] [stderr]    Compiling nom v7.1.3
[INFO] [stderr]    Compiling form_urlencoded v1.1.0
[INFO] [stderr]    Compiling yaml-rust v0.4.5
[INFO] [stderr]    Compiling idna v0.3.0
[INFO] [stderr]    Compiling thiserror-impl v1.0.40
[INFO] [stderr]    Compiling rust-ini v0.18.0
[INFO] [stderr]    Compiling crossbeam-epoch v0.9.14
[INFO] [stderr]    Compiling pathdiff v0.2.1
[INFO] [stderr]    Compiling log v0.4.17
[INFO] [stderr]    Compiling url v2.3.1
[INFO] [stderr]    Compiling tracing-core v0.1.30
[INFO] [stderr]    Compiling either v1.8.1
[INFO] [stderr]    Compiling scopeguard v1.1.0
[INFO] [stderr]    Compiling crossbeam-queue v0.3.8
[INFO] [stderr]    Compiling glob v0.3.1
[INFO] [stderr]    Compiling pest v2.6.0
[INFO] [stderr]    Compiling itertools v0.10.5
[INFO] [stderr]    Compiling slab v0.4.8
[INFO] [stderr]    Compiling darling_macro v0.13.4
[INFO] [stderr]    Compiling strum_macros v0.24.3
[INFO] [stderr]    Compiling smart-default v0.6.0
[INFO] [stderr]    Compiling overload v0.1.1
[INFO] [stderr]    Compiling nu-ansi-term v0.46.0
[INFO] [stderr]    Compiling tracing-log v0.1.3
[INFO] [stderr]    Compiling darling v0.13.4
[INFO] [stderr]    Compiling serde_with_macros v1.5.2
[INFO] [stderr]    Compiling crossbeam-deque v0.8.3
[INFO] [stderr]    Compiling tracing-attributes v0.1.24
[INFO] [stderr]    Compiling crossbeam-channel v0.5.8
[INFO] [stderr]    Compiling pest_meta v2.6.0
[INFO] [stderr]    Compiling sharded-slab v0.1.4
[INFO] [stderr]    Compiling thread_local v1.1.7
[INFO] [stderr]    Compiling smallvec v1.10.0
[INFO] [stderr]    Compiling pin-project-lite v0.2.9
[INFO] [stderr]    Compiling crossbeam v0.8.2
[INFO] [stderr]    Compiling pest_generator v2.6.0
[INFO] [stderr]    Compiling ckb-merkle-mountain-range v0.5.2
[INFO] [stderr]    Compiling strum v0.24.1
[INFO] [stderr]    Compiling bytes v1.4.0
[INFO] [stderr]    Compiling hex-literal v0.3.4
[INFO] [stderr]    Compiling tracing-subscriber v0.3.17
[INFO] [stderr]    Compiling pest_derive v2.6.0
[INFO] [stderr]    Compiling tracing v0.1.37
[INFO] [stderr]    Compiling uuid v0.8.2
[INFO] [stderr]    Compiling serde_with v1.14.0
[INFO] [stderr]    Compiling serde_bytes v0.11.9
[INFO] [stderr]    Compiling uuid v1.3.2
[INFO] [stderr]    Compiling ron v0.7.1
[INFO] [stderr]    Compiling toml v0.5.11
[INFO] [stderr]    Compiling json5 v0.4.1
[INFO] [stderr]    Compiling bincode v1.3.3
[INFO] [stderr]    Compiling config v0.13.3
[INFO] [stderr]    Compiling decanter-derive v0.1.5
[INFO] [stderr]    Compiling decanter-crypto v0.1.5
[INFO] [stderr]    Compiling scsys-derive v0.1.42
[INFO] [stderr]    Compiling decanter v0.1.5
[INFO] [stderr]    Compiling bson v2.6.1
[INFO] [stderr]    Compiling algae-merkle v0.1.19
[INFO] [stderr]    Compiling algae v0.1.19
[INFO] [stderr]    Compiling scsys-macros v0.1.42
[INFO] [stderr]    Compiling scsys-actors v0.1.42
[INFO] [stderr]    Compiling scsys-core v0.1.42
[INFO] [stdout] error[E0432]: unresolved imports `decanter::crypto::Hashable`, `decanter::Hash`
[INFO] [stdout]  --> /opt/rustwide/cargo-home/registry/src/github.com-1ecc6299db9ec823/scsys-actors-0.1.42/src/catalysts/catalyst.rs:7:16
[INFO] [stdout]   |
[INFO] [stdout] 7 | use decanter::{crypto::Hashable, Hash};
[INFO] [stdout]   |                ^^^^^^^^^^^^^^^^  ^^^^
[INFO] [stdout]   |                |                 |
[INFO] [stdout]   |                |                 no `Hash` in the root
[INFO] [stdout]   |                |                 help: a similar name exists in the module: `hash`
[INFO] [stdout]   |                no `Hashable` in the root
[INFO] [stdout]   |
[INFO] [stdout]   = help: consider importing this trait instead:
[INFO] [stdout]           decanter::prelude::Hashable
[INFO] [stdout]   = help: consider importing one of these items instead:
[INFO] [stdout]           std::hash::Hash
[INFO] [stdout]           core::hash::Hash
[INFO] [stdout] 
[INFO] [stdout] 
[INFO] [stdout] error[E0432]: unresolved imports `decanter::crypto::Hashable`, `decanter::Hash`
[INFO] [stdout]  --> /opt/rustwide/cargo-home/registry/src/github.com-1ecc6299db9ec823/scsys-actors-0.1.42/src/messages/message.rs:7:16
[INFO] [stdout]   |
[INFO] [stdout] 7 | use decanter::{crypto::Hashable, Hash};
[INFO] [stdout]   |                ^^^^^^^^^^^^^^^^  ^^^^
[INFO] [stdout]   |                |                 |
[INFO] [stdout]   |                |                 no `Hash` in the root
[INFO] [stdout]   |                |                 help: a similar name exists in the module: `hash`
[INFO] [stdout]   |                no `Hashable` in the root
[INFO] [stdout]   |
[INFO] [stdout]   = help: consider importing this trait instead:
[INFO] [stdout]           decanter::prelude::Hashable
[INFO] [stdout]   = help: consider importing one of these items instead:
[INFO] [stdout]           std::hash::Hash
[INFO] [stdout]           core::hash::Hash
[INFO] [stdout] 
[INFO] [stdout] 
[INFO] [stdout] error[E0432]: unresolved import `decanter::prelude::Hash`
[INFO] [stdout]   --> /opt/rustwide/cargo-home/registry/src/github.com-1ecc6299db9ec823/scsys-actors-0.1.42/src/states/state.rs:10:25
[INFO] [stdout]    |
[INFO] [stdout] 10 | use decanter::prelude::{Hash, Hashable, H256};
[INFO] [stdout]    |                         ^^^^
[INFO] [stdout]    |                         |
[INFO] [stdout]    |                         no `Hash` in `prelude`
[INFO] [stdout]    |                         help: a similar name exists in the module: `hash`
[INFO] [stdout]    |
[INFO] [stdout]    = help: consider importing one of these items instead:
[INFO] [stdout]            std::hash::Hash
[INFO] [stdout]            core::hash::Hash
[INFO] [stdout] 
[INFO] [stdout] 
[INFO] [stdout] error[E0432]: unresolved imports `decanter::crypto::Hashable`, `decanter::Hash`
[INFO] [stdout]  --> /opt/rustwide/cargo-home/registry/src/github.com-1ecc6299db9ec823/scsys-actors-0.1.42/src/direction.rs:6:16
[INFO] [stdout]   |
[INFO] [stdout] 6 | use decanter::{crypto::Hashable, Hash};
[INFO] [stdout]   |                ^^^^^^^^^^^^^^^^  ^^^^
[INFO] [stdout]   |                |                 |
[INFO] [stdout]   |                |                 no `Hash` in the root
[INFO] [stdout]   |                |                 help: a similar name exists in the module: `hash`
[INFO] [stdout]   |                no `Hashable` in the root
[INFO] [stdout]   |
[INFO] [stdout]   = help: consider importing this trait instead:
[INFO] [stdout]           decanter::prelude::Hashable
[INFO] [stdout]   = help: consider importing one of these items instead:
[INFO] [stdout]           std::hash::Hash
[INFO] [stdout]           core::hash::Hash
[INFO] [stdout] 
[INFO] [stdout] 
[INFO] [stdout] error[E0277]: the trait bound `context::Context<Cnf>: AsRef<[u8]>` is not satisfied
[INFO] [stdout]   --> /opt/rustwide/cargo-home/registry/src/github.com-1ecc6299db9ec823/scsys-actors-0.1.42/src/contexts/context.rs:23:16
[INFO] [stdout]    |
[INFO] [stdout] 23 |         hasher(self).into()
[INFO] [stdout]    |         ------ ^^^^ the trait `AsRef<[u8]>` is not implemented for `context::Context<Cnf>`
[INFO] [stdout]    |         |
[INFO] [stdout]    |         required by a bound introduced by this call
[INFO] [stdout]    |
[INFO] [stdout]    = note: required for `&context::Context<Cnf>` to implement `AsRef<[u8]>`
[INFO] [stdout] note: required by a bound in `hasher`
[INFO] [stdout]   --> /opt/rustwide/cargo-home/registry/src/github.com-1ecc6299db9ec823/decanter-0.1.5/src/hash/mod.rs:57:26
[INFO] [stdout]    |
[INFO] [stdout] 57 | pub fn hasher(data: impl AsRef<[u8]>) -> GenericHash {
[INFO] [stdout]    |                          ^^^^^^^^^^^ required by this bound in `hasher`
[INFO] [stdout] 
[INFO] [stdout] 
[INFO] [stdout] error: aborting due to 5 previous errors
[INFO] [stdout] 
[INFO] [stdout] 
[INFO] [stdout] Some errors have detailed explanations: E0277, E0432.
[INFO] [stdout] 
[INFO] [stdout] For more information about an error, try `rustc --explain E0277`.
[INFO] [stdout] 
[INFO] [stderr] error: could not compile `scsys-actors` due to 6 previous errors
[INFO] [stderr] warning: build failed, waiting for other jobs to finish...
[INFO] running `Command { std: "docker" "inspect" "3efc9c50d80af26b1915d93d4ca133016060eb5c9f3e183b598d96be719e26b0", kill_on_drop: false }`
[INFO] running `Command { std: "docker" "rm" "-f" "3efc9c50d80af26b1915d93d4ca133016060eb5c9f3e183b598d96be719e26b0", kill_on_drop: false }`
[INFO] [stdout] 3efc9c50d80af26b1915d93d4ca133016060eb5c9f3e183b598d96be719e26b0
