[INFO] fetching crate dir-assert 0.2.0...
[INFO] testing dir-assert-0.2.0 against 1.69.0 for beta-1.70-1
[INFO] extracting crate dir-assert 0.2.0 into /workspace/builds/worker-1-tc1/source
[INFO] validating manifest of crates.io crate dir-assert 0.2.0 on toolchain 1.69.0
[INFO] running `Command { std: CARGO_HOME="/workspace/cargo-home" RUSTUP_HOME="/workspace/rustup-home" "/workspace/cargo-home/bin/cargo" "+1.69.0" "metadata" "--manifest-path" "Cargo.toml" "--no-deps", kill_on_drop: false }`
[INFO] started tweaking crates.io crate dir-assert 0.2.0
[INFO] finished tweaking crates.io crate dir-assert 0.2.0
[INFO] tweaked toml for crates.io crate dir-assert 0.2.0 written to /workspace/builds/worker-1-tc1/source/Cargo.toml
[INFO] running `Command { std: CARGO_HOME="/workspace/cargo-home" RUSTUP_HOME="/workspace/rustup-home" __CARGO_TEST_CHANNEL_OVERRIDE_DO_NOT_USE_THIS="nightly" "/workspace/cargo-home/bin/cargo" "+1.69.0" "generate-lockfile" "--manifest-path" "Cargo.toml" "-Zno-index-update", kill_on_drop: false }`
[INFO] running `Command { std: CARGO_HOME="/workspace/cargo-home" RUSTUP_HOME="/workspace/rustup-home" "/workspace/cargo-home/bin/cargo" "+1.69.0" "fetch" "--manifest-path" "Cargo.toml", kill_on_drop: false }`
[INFO] [stderr]  Downloading crates ...
[INFO] [stderr]   Downloaded test-case v1.2.3
[INFO] running `Command { std: "docker" "create" "-v" "/var/lib/crater-agent-workspace/builds/worker-1-tc1/target:/opt/rustwide/target:rw,Z" "-v" "/var/lib/crater-agent-workspace/builds/worker-1-tc1/source:/opt/rustwide/workdir:ro,Z" "-v" "/var/lib/crater-agent-workspace/cargo-home:/opt/rustwide/cargo-home:ro,Z" "-v" "/var/lib/crater-agent-workspace/rustup-home:/opt/rustwide/rustup-home:ro,Z" "-e" "SOURCE_DIR=/opt/rustwide/workdir" "-e" "CARGO_TARGET_DIR=/opt/rustwide/target" "-e" "CARGO_HOME=/opt/rustwide/cargo-home" "-e" "RUSTUP_HOME=/opt/rustwide/rustup-home" "-w" "/opt/rustwide/workdir" "-m" "1610612736" "--user" "0:0" "--network" "none" "ghcr.io/rust-lang/crates-build-env/linux@sha256:97d61d7686bf65f8ecb15491ab51835e82dc9176a96a831f143a431b191fc501" "/opt/rustwide/cargo-home/bin/cargo" "+1.69.0" "metadata" "--no-deps" "--format-version=1", kill_on_drop: false }`
[INFO] [stdout] b2e0c0c08eb132ae5d7ffeff7fde8e40281e0c4e11a4c520b44a91c1b337599c
[INFO] running `Command { std: "docker" "start" "-a" "b2e0c0c08eb132ae5d7ffeff7fde8e40281e0c4e11a4c520b44a91c1b337599c", kill_on_drop: false }`
[INFO] running `Command { std: "docker" "inspect" "b2e0c0c08eb132ae5d7ffeff7fde8e40281e0c4e11a4c520b44a91c1b337599c", kill_on_drop: false }`
[INFO] running `Command { std: "docker" "rm" "-f" "b2e0c0c08eb132ae5d7ffeff7fde8e40281e0c4e11a4c520b44a91c1b337599c", kill_on_drop: false }`
[INFO] [stdout] b2e0c0c08eb132ae5d7ffeff7fde8e40281e0c4e11a4c520b44a91c1b337599c
[INFO] running `Command { std: "docker" "create" "-v" "/var/lib/crater-agent-workspace/builds/worker-1-tc1/target:/opt/rustwide/target:rw,Z" "-v" "/var/lib/crater-agent-workspace/builds/worker-1-tc1/source:/opt/rustwide/workdir:ro,Z" "-v" "/var/lib/crater-agent-workspace/cargo-home:/opt/rustwide/cargo-home:ro,Z" "-v" "/var/lib/crater-agent-workspace/rustup-home:/opt/rustwide/rustup-home:ro,Z" "-e" "SOURCE_DIR=/opt/rustwide/workdir" "-e" "CARGO_TARGET_DIR=/opt/rustwide/target" "-e" "CARGO_INCREMENTAL=0" "-e" "RUST_BACKTRACE=full" "-e" "RUSTFLAGS=--cap-lints=warn" "-e" "RUSTDOCFLAGS=--cap-lints=warn" "-e" "CARGO_HOME=/opt/rustwide/cargo-home" "-e" "RUSTUP_HOME=/opt/rustwide/rustup-home" "-w" "/opt/rustwide/workdir" "-m" "1610612736" "--user" "0:0" "--network" "none" "ghcr.io/rust-lang/crates-build-env/linux@sha256:97d61d7686bf65f8ecb15491ab51835e82dc9176a96a831f143a431b191fc501" "/opt/rustwide/cargo-home/bin/cargo" "+1.69.0" "build" "--frozen" "--message-format=json", kill_on_drop: false }`
[INFO] [stdout] 4dd18fb2d47cbb574b9b72bdf84e108c6f811dabfbe763b8c436cc6a28fd488d
[INFO] running `Command { std: "docker" "start" "-a" "4dd18fb2d47cbb574b9b72bdf84e108c6f811dabfbe763b8c436cc6a28fd488d", kill_on_drop: false }`
[INFO] [stderr]    Compiling dir-assert v0.2.0 (/opt/rustwide/workdir)
[INFO] [stderr]     Finished dev [unoptimized + debuginfo] target(s) in 0.41s
[INFO] running `Command { std: "docker" "inspect" "4dd18fb2d47cbb574b9b72bdf84e108c6f811dabfbe763b8c436cc6a28fd488d", kill_on_drop: false }`
[INFO] running `Command { std: "docker" "rm" "-f" "4dd18fb2d47cbb574b9b72bdf84e108c6f811dabfbe763b8c436cc6a28fd488d", kill_on_drop: false }`
[INFO] [stdout] 4dd18fb2d47cbb574b9b72bdf84e108c6f811dabfbe763b8c436cc6a28fd488d
[INFO] running `Command { std: "docker" "create" "-v" "/var/lib/crater-agent-workspace/builds/worker-1-tc1/target:/opt/rustwide/target:rw,Z" "-v" "/var/lib/crater-agent-workspace/builds/worker-1-tc1/source:/opt/rustwide/workdir:ro,Z" "-v" "/var/lib/crater-agent-workspace/cargo-home:/opt/rustwide/cargo-home:ro,Z" "-v" "/var/lib/crater-agent-workspace/rustup-home:/opt/rustwide/rustup-home:ro,Z" "-e" "SOURCE_DIR=/opt/rustwide/workdir" "-e" "CARGO_TARGET_DIR=/opt/rustwide/target" "-e" "CARGO_INCREMENTAL=0" "-e" "RUST_BACKTRACE=full" "-e" "RUSTFLAGS=--cap-lints=warn" "-e" "RUSTDOCFLAGS=--cap-lints=warn" "-e" "CARGO_HOME=/opt/rustwide/cargo-home" "-e" "RUSTUP_HOME=/opt/rustwide/rustup-home" "-w" "/opt/rustwide/workdir" "-m" "1610612736" "--user" "0:0" "--network" "none" "ghcr.io/rust-lang/crates-build-env/linux@sha256:97d61d7686bf65f8ecb15491ab51835e82dc9176a96a831f143a431b191fc501" "/opt/rustwide/cargo-home/bin/cargo" "+1.69.0" "test" "--frozen" "--no-run" "--message-format=json", kill_on_drop: false }`
[INFO] [stdout] 478d96f572dfbae9f0f1eabd6583536687b2d5b3c439c641ff7df77ee8bb4064
[INFO] running `Command { std: "docker" "start" "-a" "478d96f572dfbae9f0f1eabd6583536687b2d5b3c439c641ff7df77ee8bb4064", kill_on_drop: false }`
[INFO] [stderr]    Compiling version_check v0.9.4
[INFO] [stderr]    Compiling cfg-if v1.0.0
[INFO] [stderr]    Compiling cfg-if v0.1.10
[INFO] [stderr]    Compiling test-case v1.2.3
[INFO] [stderr]    Compiling dir-assert v0.2.0 (/opt/rustwide/workdir)
[INFO] [stderr]     Finished test [unoptimized + debuginfo] target(s) in 2.24s
[INFO] running `Command { std: "docker" "inspect" "478d96f572dfbae9f0f1eabd6583536687b2d5b3c439c641ff7df77ee8bb4064", kill_on_drop: false }`
[INFO] running `Command { std: "docker" "rm" "-f" "478d96f572dfbae9f0f1eabd6583536687b2d5b3c439c641ff7df77ee8bb4064", kill_on_drop: false }`
[INFO] [stdout] 478d96f572dfbae9f0f1eabd6583536687b2d5b3c439c641ff7df77ee8bb4064
[INFO] running `Command { std: "docker" "create" "-v" "/var/lib/crater-agent-workspace/builds/worker-1-tc1/target:/opt/rustwide/target:rw,Z" "-v" "/var/lib/crater-agent-workspace/builds/worker-1-tc1/source:/opt/rustwide/workdir:ro,Z" "-v" "/var/lib/crater-agent-workspace/cargo-home:/opt/rustwide/cargo-home:ro,Z" "-v" "/var/lib/crater-agent-workspace/rustup-home:/opt/rustwide/rustup-home:ro,Z" "-e" "SOURCE_DIR=/opt/rustwide/workdir" "-e" "CARGO_TARGET_DIR=/opt/rustwide/target" "-e" "CARGO_INCREMENTAL=0" "-e" "RUST_BACKTRACE=full" "-e" "RUSTFLAGS=--cap-lints=warn" "-e" "RUSTDOCFLAGS=--cap-lints=warn" "-e" "CARGO_HOME=/opt/rustwide/cargo-home" "-e" "RUSTUP_HOME=/opt/rustwide/rustup-home" "-w" "/opt/rustwide/workdir" "-m" "1610612736" "--user" "0:0" "--network" "none" "ghcr.io/rust-lang/crates-build-env/linux@sha256:97d61d7686bf65f8ecb15491ab51835e82dc9176a96a831f143a431b191fc501" "/opt/rustwide/cargo-home/bin/cargo" "+1.69.0" "test" "--frozen", kill_on_drop: false }`
[INFO] [stdout] 985469fb91d2292ae58357f9ab2f1216177223d236011d97c04f6da1e801a137
[INFO] running `Command { std: "docker" "start" "-a" "985469fb91d2292ae58357f9ab2f1216177223d236011d97c04f6da1e801a137", kill_on_drop: false }`
[INFO] [stderr]     Finished test [unoptimized + debuginfo] target(s) in 0.01s
[INFO] [stderr]      Running unittests src/lib.rs (/opt/rustwide/target/debug/deps/dir_assert-dc5e8e0f160b7576)
[INFO] [stdout] 
[INFO] [stderr]      Running tests/acceptance.rs (/opt/rustwide/target/debug/deps/acceptance-3eb67f6b2572db1b)
[INFO] [stdout] running 0 tests
[INFO] [stdout] 
[INFO] [stdout] test result: ok. 0 passed; 0 failed; 0 ignored; 0 measured; 0 filtered out; finished in 0.00s
[INFO] [stdout] 
[INFO] [stdout] 
[INFO] [stdout] running 19 tests
[INFO] [stdout] test when_dir_contents_do_not_match::is_err::when_actual_path_is_missing ... ok
[INFO] [stdout] test when_dir_contents_do_not_match::is_err::when_expected_path_is_missing ... ok
[INFO] [stdout] test when_dir_contents_do_not_match::is_err::when_file_is_symlinked ... ok
[INFO] [stdout] test when_dir_contents_do_not_match::is_err::when_compared_items_inside_directory_have_different_kind ... ok
[INFO] [stdout] test when_dir_contents_do_not_match::is_err::when_dir_is_symlinked ... ok
[INFO] [stdout] test when_dir_contents_do_not_match::is_err::when_errors_come_from_many_levels ... ok
[INFO] [stdout] test when_dir_contents_do_not_match::is_err::when_files_have_different_contents ... ok
[INFO] [stdout] test when_dir_contents_do_not_match::is_err::when_both_sides_have_one_extra_element ... ok
[INFO] [stdout] test when_dir_contents_do_not_match::when_actual_contains_extra_elements ... FAILED
[INFO] [stdout] test when_dir_contents_match::is_ok::when_comparing_symlinked_files ... ok
[INFO] [stdout] test when_dir_contents_match::does_not_panic ... ok
[INFO] [stdout] test when_dir_contents_do_not_match::when_expected_contains_extra_elements ... FAILED
[INFO] [stdout] test when_dir_contents_match::is_ok::when_comparing_symlinked_dirs ... ok
[INFO] [stdout] test when_dir_contents_match::is_ok::when_directories_contain_one_file_each ... ok
[INFO] [stdout] test when_dir_contents_do_not_match::is_err::when_kinds_do_not_match ... ok
[INFO] [stdout] test when_dir_contents_match::is_ok::when_comparing_single_file ... ok
[INFO] [stdout] test when_dir_contents_match::is_ok::when_files_are_scattered_inside_dir ... ok
[INFO] [stdout] test when_dir_contents_match::is_ok::when_files_are_stored_inside_subdirectories ... ok
[INFO] [stdout] test when_dir_contents_do_not_match::panics - should panic ... ok
[INFO] [stdout] 
[INFO] [stdout] failures:
[INFO] [stdout] 
[INFO] [stdout] ---- when_dir_contents_do_not_match::when_actual_contains_extra_elements stdout ----
[INFO] [stdout] Error: Os { code: 30, kind: ReadOnlyFilesystem, message: "Read-only file system" }
[INFO] [stdout] 
[INFO] [stdout] ---- when_dir_contents_do_not_match::when_expected_contains_extra_elements stdout ----
[INFO] [stdout] Error: Os { code: 30, kind: ReadOnlyFilesystem, message: "Read-only file system" }
[INFO] [stdout] 
[INFO] [stdout] 
[INFO] [stdout] failures:
[INFO] [stdout]     when_dir_contents_do_not_match::when_actual_contains_extra_elements
[INFO] [stdout]     when_dir_contents_do_not_match::when_expected_contains_extra_elements
[INFO] [stdout] 
[INFO] [stdout] test result: FAILED. 17 passed; 2 failed; 0 ignored; 0 measured; 0 filtered out; finished in 0.04s
[INFO] [stdout] 
[INFO] [stderr] error: test failed, to rerun pass `--test acceptance`
[INFO] running `Command { std: "docker" "inspect" "985469fb91d2292ae58357f9ab2f1216177223d236011d97c04f6da1e801a137", kill_on_drop: false }`
[INFO] running `Command { std: "docker" "rm" "-f" "985469fb91d2292ae58357f9ab2f1216177223d236011d97c04f6da1e801a137", kill_on_drop: false }`
[INFO] [stdout] 985469fb91d2292ae58357f9ab2f1216177223d236011d97c04f6da1e801a137
