[INFO] fetching crate dioxus-katex 0.2.2...
[INFO] testing dioxus-katex-0.2.2 against 1.69.0 for beta-1.70-1
[INFO] extracting crate dioxus-katex 0.2.2 into /workspace/builds/worker-1-tc1/source
[INFO] validating manifest of crates.io crate dioxus-katex 0.2.2 on toolchain 1.69.0
[INFO] running `Command { std: CARGO_HOME="/workspace/cargo-home" RUSTUP_HOME="/workspace/rustup-home" "/workspace/cargo-home/bin/cargo" "+1.69.0" "metadata" "--manifest-path" "Cargo.toml" "--no-deps", kill_on_drop: false }`
[INFO] started tweaking crates.io crate dioxus-katex 0.2.2
[INFO] finished tweaking crates.io crate dioxus-katex 0.2.2
[INFO] tweaked toml for crates.io crate dioxus-katex 0.2.2 written to /workspace/builds/worker-1-tc1/source/Cargo.toml
[INFO] running `Command { std: CARGO_HOME="/workspace/cargo-home" RUSTUP_HOME="/workspace/rustup-home" __CARGO_TEST_CHANNEL_OVERRIDE_DO_NOT_USE_THIS="nightly" "/workspace/cargo-home/bin/cargo" "+1.69.0" "generate-lockfile" "--manifest-path" "Cargo.toml" "-Zno-index-update", kill_on_drop: false }`
[INFO] running `Command { std: CARGO_HOME="/workspace/cargo-home" RUSTUP_HOME="/workspace/rustup-home" "/workspace/cargo-home/bin/cargo" "+1.69.0" "fetch" "--manifest-path" "Cargo.toml", kill_on_drop: false }`
[INFO] [stderr]  Downloading crates ...
[INFO] [stderr]   Downloaded dioxus-core v0.2.1
[INFO] [stderr]   Downloaded dioxus-html v0.2.1
[INFO] [stderr]   Downloaded dioxus-core-macro v0.2.1
[INFO] [stderr]   Downloaded dioxus v0.2.4
[INFO] [stderr]   Downloaded dioxus-hooks v0.2.1
[INFO] [stderr]   Downloaded katex-wasmbind v0.10.0
[INFO] running `Command { std: "docker" "create" "-v" "/var/lib/crater-agent-workspace/builds/worker-1-tc1/target:/opt/rustwide/target:rw,Z" "-v" "/var/lib/crater-agent-workspace/builds/worker-1-tc1/source:/opt/rustwide/workdir:ro,Z" "-v" "/var/lib/crater-agent-workspace/cargo-home:/opt/rustwide/cargo-home:ro,Z" "-v" "/var/lib/crater-agent-workspace/rustup-home:/opt/rustwide/rustup-home:ro,Z" "-e" "SOURCE_DIR=/opt/rustwide/workdir" "-e" "CARGO_TARGET_DIR=/opt/rustwide/target" "-e" "CARGO_HOME=/opt/rustwide/cargo-home" "-e" "RUSTUP_HOME=/opt/rustwide/rustup-home" "-w" "/opt/rustwide/workdir" "-m" "1610612736" "--user" "0:0" "--network" "none" "ghcr.io/rust-lang/crates-build-env/linux@sha256:5ff2268d62e97bff2cde7d5815dd6ed5b47097566f13b8d0ca110b04b60e07ed" "/opt/rustwide/cargo-home/bin/cargo" "+1.69.0" "metadata" "--no-deps" "--format-version=1", kill_on_drop: false }`
[INFO] [stdout] fb71f3e0cf6f5f935aa784a59b9f8d6046ce8581d7d3215f6bd6c295b49d6d6c
[INFO] running `Command { std: "docker" "start" "-a" "fb71f3e0cf6f5f935aa784a59b9f8d6046ce8581d7d3215f6bd6c295b49d6d6c", kill_on_drop: false }`
[INFO] running `Command { std: "docker" "inspect" "fb71f3e0cf6f5f935aa784a59b9f8d6046ce8581d7d3215f6bd6c295b49d6d6c", kill_on_drop: false }`
[INFO] running `Command { std: "docker" "rm" "-f" "fb71f3e0cf6f5f935aa784a59b9f8d6046ce8581d7d3215f6bd6c295b49d6d6c", kill_on_drop: false }`
[INFO] [stdout] fb71f3e0cf6f5f935aa784a59b9f8d6046ce8581d7d3215f6bd6c295b49d6d6c
[INFO] running `Command { std: "docker" "create" "-v" "/var/lib/crater-agent-workspace/builds/worker-1-tc1/target:/opt/rustwide/target:rw,Z" "-v" "/var/lib/crater-agent-workspace/builds/worker-1-tc1/source:/opt/rustwide/workdir:ro,Z" "-v" "/var/lib/crater-agent-workspace/cargo-home:/opt/rustwide/cargo-home:ro,Z" "-v" "/var/lib/crater-agent-workspace/rustup-home:/opt/rustwide/rustup-home:ro,Z" "-e" "SOURCE_DIR=/opt/rustwide/workdir" "-e" "CARGO_TARGET_DIR=/opt/rustwide/target" "-e" "CARGO_INCREMENTAL=0" "-e" "RUST_BACKTRACE=full" "-e" "RUSTFLAGS=--cap-lints=warn" "-e" "RUSTDOCFLAGS=--cap-lints=warn" "-e" "CARGO_HOME=/opt/rustwide/cargo-home" "-e" "RUSTUP_HOME=/opt/rustwide/rustup-home" "-w" "/opt/rustwide/workdir" "-m" "1610612736" "--user" "0:0" "--network" "none" "ghcr.io/rust-lang/crates-build-env/linux@sha256:5ff2268d62e97bff2cde7d5815dd6ed5b47097566f13b8d0ca110b04b60e07ed" "/opt/rustwide/cargo-home/bin/cargo" "+1.69.0" "build" "--frozen" "--message-format=json", kill_on_drop: false }`
[INFO] [stdout] c8404f85cd99324b91b9f8e012a45d6f6576be56ac7089fd9990352a35286917
[INFO] running `Command { std: "docker" "start" "-a" "c8404f85cd99324b91b9f8e012a45d6f6576be56ac7089fd9990352a35286917", kill_on_drop: false }`
[INFO] [stderr]     Blocking waiting for file lock on package cache
[INFO] [stderr]    Compiling bumpalo v3.12.1
[INFO] [stderr]    Compiling futures-core v0.3.28
[INFO] [stderr]    Compiling futures-task v0.3.28
[INFO] [stderr]    Compiling wasm-bindgen-shared v0.2.84
[INFO] [stderr]    Compiling indexmap v1.9.3
[INFO] [stderr]    Compiling slab v0.4.8
[INFO] [stderr]    Compiling futures-util v0.3.28
[INFO] [stderr]    Compiling futures-channel v0.3.28
[INFO] [stderr]    Compiling pin-project-lite v0.2.9
[INFO] [stderr]    Compiling pin-utils v0.1.0
[INFO] [stderr]    Compiling fxhash v0.2.1
[INFO] [stderr]    Compiling backtrace v0.3.67
[INFO] [stderr]    Compiling longest-increasing-subsequence v0.1.0
[INFO] [stderr]    Compiling wasm-bindgen v0.2.84
[INFO] [stderr]    Compiling proc-macro-error v1.0.4
[INFO] [stderr]    Compiling dioxus-core-macro v0.2.1
[INFO] [stderr]    Compiling wasm-bindgen-backend v0.2.84
[INFO] [stderr]    Compiling wasm-bindgen-macro-support v0.2.84
[INFO] [stderr]    Compiling dioxus-core v0.2.1
[INFO] [stderr]    Compiling wasm-bindgen-macro v0.2.84
[INFO] [stderr]    Compiling dioxus-hooks v0.2.1
[INFO] [stderr]    Compiling dioxus-html v0.2.1
[INFO] [stderr]    Compiling dioxus v0.2.4
[INFO] [stderr]    Compiling katex-wasmbind v0.10.0
[INFO] [stderr]    Compiling dioxus-katex v0.2.2 (/opt/rustwide/workdir)
[INFO] [stderr]     Finished dev [unoptimized + debuginfo] target(s) in 8.25s
[INFO] running `Command { std: "docker" "inspect" "c8404f85cd99324b91b9f8e012a45d6f6576be56ac7089fd9990352a35286917", kill_on_drop: false }`
[INFO] running `Command { std: "docker" "rm" "-f" "c8404f85cd99324b91b9f8e012a45d6f6576be56ac7089fd9990352a35286917", kill_on_drop: false }`
[INFO] [stdout] c8404f85cd99324b91b9f8e012a45d6f6576be56ac7089fd9990352a35286917
[INFO] running `Command { std: "docker" "create" "-v" "/var/lib/crater-agent-workspace/builds/worker-1-tc1/target:/opt/rustwide/target:rw,Z" "-v" "/var/lib/crater-agent-workspace/builds/worker-1-tc1/source:/opt/rustwide/workdir:ro,Z" "-v" "/var/lib/crater-agent-workspace/cargo-home:/opt/rustwide/cargo-home:ro,Z" "-v" "/var/lib/crater-agent-workspace/rustup-home:/opt/rustwide/rustup-home:ro,Z" "-e" "SOURCE_DIR=/opt/rustwide/workdir" "-e" "CARGO_TARGET_DIR=/opt/rustwide/target" "-e" "CARGO_INCREMENTAL=0" "-e" "RUST_BACKTRACE=full" "-e" "RUSTFLAGS=--cap-lints=warn" "-e" "RUSTDOCFLAGS=--cap-lints=warn" "-e" "CARGO_HOME=/opt/rustwide/cargo-home" "-e" "RUSTUP_HOME=/opt/rustwide/rustup-home" "-w" "/opt/rustwide/workdir" "-m" "1610612736" "--user" "0:0" "--network" "none" "ghcr.io/rust-lang/crates-build-env/linux@sha256:5ff2268d62e97bff2cde7d5815dd6ed5b47097566f13b8d0ca110b04b60e07ed" "/opt/rustwide/cargo-home/bin/cargo" "+1.69.0" "test" "--frozen" "--no-run" "--message-format=json", kill_on_drop: false }`
[INFO] [stdout] 9da36f6abae72ffc00d638658b33eca8fb6ec8cc2eee1ce99633ad227187c99a
[INFO] running `Command { std: "docker" "start" "-a" "9da36f6abae72ffc00d638658b33eca8fb6ec8cc2eee1ce99633ad227187c99a", kill_on_drop: false }`
[INFO] [stderr]    Compiling dioxus-katex v0.2.2 (/opt/rustwide/workdir)
[INFO] [stderr]     Finished test [unoptimized + debuginfo] target(s) in 0.80s
[INFO] running `Command { std: "docker" "inspect" "9da36f6abae72ffc00d638658b33eca8fb6ec8cc2eee1ce99633ad227187c99a", kill_on_drop: false }`
[INFO] running `Command { std: "docker" "rm" "-f" "9da36f6abae72ffc00d638658b33eca8fb6ec8cc2eee1ce99633ad227187c99a", kill_on_drop: false }`
[INFO] [stdout] 9da36f6abae72ffc00d638658b33eca8fb6ec8cc2eee1ce99633ad227187c99a
[INFO] running `Command { std: "docker" "create" "-v" "/var/lib/crater-agent-workspace/builds/worker-1-tc1/target:/opt/rustwide/target:rw,Z" "-v" "/var/lib/crater-agent-workspace/builds/worker-1-tc1/source:/opt/rustwide/workdir:ro,Z" "-v" "/var/lib/crater-agent-workspace/cargo-home:/opt/rustwide/cargo-home:ro,Z" "-v" "/var/lib/crater-agent-workspace/rustup-home:/opt/rustwide/rustup-home:ro,Z" "-e" "SOURCE_DIR=/opt/rustwide/workdir" "-e" "CARGO_TARGET_DIR=/opt/rustwide/target" "-e" "CARGO_INCREMENTAL=0" "-e" "RUST_BACKTRACE=full" "-e" "RUSTFLAGS=--cap-lints=warn" "-e" "RUSTDOCFLAGS=--cap-lints=warn" "-e" "CARGO_HOME=/opt/rustwide/cargo-home" "-e" "RUSTUP_HOME=/opt/rustwide/rustup-home" "-w" "/opt/rustwide/workdir" "-m" "1610612736" "--user" "0:0" "--network" "none" "ghcr.io/rust-lang/crates-build-env/linux@sha256:5ff2268d62e97bff2cde7d5815dd6ed5b47097566f13b8d0ca110b04b60e07ed" "/opt/rustwide/cargo-home/bin/cargo" "+1.69.0" "test" "--frozen", kill_on_drop: false }`
[INFO] [stdout] 43560d13b51aee4be9be2ccc7561ca27c63ba0f52084aa0bda5ce7ef7adf4a0d
[INFO] running `Command { std: "docker" "start" "-a" "43560d13b51aee4be9be2ccc7561ca27c63ba0f52084aa0bda5ce7ef7adf4a0d", kill_on_drop: false }`
[INFO] [stderr]     Finished test [unoptimized + debuginfo] target(s) in 0.06s
[INFO] [stderr]      Running unittests src/lib.rs (/opt/rustwide/target/debug/deps/dioxus_katex-f63e8683039c6d73)
[INFO] [stderr]      Running tests/main.rs (/opt/rustwide/target/debug/deps/main-754a39859cbf0a25)
[INFO] [stdout] 
[INFO] [stdout] running 0 tests
[INFO] [stdout] 
[INFO] [stdout] test result: ok. 0 passed; 0 failed; 0 ignored; 0 measured; 0 filtered out; finished in 0.00s
[INFO] [stdout] 
[INFO] [stdout] 
[INFO] [stdout] running 1 test
[INFO] [stdout] test ready ... ok
[INFO] [stdout] 
[INFO] [stdout] test result: ok. 1 passed; 0 failed; 0 ignored; 0 measured; 0 filtered out; finished in 0.01s
[INFO] [stdout] 
[INFO] [stderr]    Doc-tests dioxus-katex
[INFO] [stdout] 
[INFO] [stdout] running 1 test
[INFO] [stdout] test src/lib.rs - (line 20) ... FAILED
[INFO] [stdout] 
[INFO] [stdout] failures:
[INFO] [stdout] 
[INFO] [stdout] ---- src/lib.rs - (line 20) stdout ----
[INFO] [stdout] error[E0425]: cannot find value `cx` in this scope
[INFO] [stdout]  --> src/lib.rs:23:32
[INFO] [stdout]   |
[INFO] [stdout] 6 | let katex = use_katex_display(&cx);
[INFO] [stdout]   |                                ^^ not found in this scope
[INFO] [stdout] 
[INFO] [stdout] error[E0425]: cannot find value `text` in this scope
[INFO] [stdout]  --> src/lib.rs:24:26
[INFO] [stdout]   |
[INFO] [stdout] 7 | let math = katex.compile(text);
[INFO] [stdout]   |                          ^^^^ not found in this scope
[INFO] [stdout] 
[INFO] [stdout] error: aborting due to 2 previous errors
[INFO] [stdout] 
[INFO] [stdout] For more information about this error, try `rustc --explain E0425`.
[INFO] [stdout] Couldn't compile the test.
[INFO] [stdout] 
[INFO] [stdout] failures:
[INFO] [stdout]     src/lib.rs - (line 20)
[INFO] [stdout] 
[INFO] [stdout] test result: FAILED. 0 passed; 1 failed; 0 ignored; 0 measured; 0 filtered out; finished in 0.08s
[INFO] [stdout] 
[INFO] [stderr] error: doctest failed, to rerun pass `--doc`
[INFO] running `Command { std: "docker" "inspect" "43560d13b51aee4be9be2ccc7561ca27c63ba0f52084aa0bda5ce7ef7adf4a0d", kill_on_drop: false }`
[INFO] running `Command { std: "docker" "rm" "-f" "43560d13b51aee4be9be2ccc7561ca27c63ba0f52084aa0bda5ce7ef7adf4a0d", kill_on_drop: false }`
[INFO] [stdout] 43560d13b51aee4be9be2ccc7561ca27c63ba0f52084aa0bda5ce7ef7adf4a0d
