[INFO] fetching crate dioxus-charts 0.1.1...
[INFO] testing dioxus-charts-0.1.1 against 1.69.0 for beta-1.70-1
[INFO] extracting crate dioxus-charts 0.1.1 into /workspace/builds/worker-2-tc1/source
[INFO] validating manifest of crates.io crate dioxus-charts 0.1.1 on toolchain 1.69.0
[INFO] running `Command { std: CARGO_HOME="/workspace/cargo-home" RUSTUP_HOME="/workspace/rustup-home" "/workspace/cargo-home/bin/cargo" "+1.69.0" "metadata" "--manifest-path" "Cargo.toml" "--no-deps", kill_on_drop: false }`
[INFO] started tweaking crates.io crate dioxus-charts 0.1.1
[INFO] finished tweaking crates.io crate dioxus-charts 0.1.1
[INFO] tweaked toml for crates.io crate dioxus-charts 0.1.1 written to /workspace/builds/worker-2-tc1/source/Cargo.toml
[INFO] running `Command { std: CARGO_HOME="/workspace/cargo-home" RUSTUP_HOME="/workspace/rustup-home" __CARGO_TEST_CHANNEL_OVERRIDE_DO_NOT_USE_THIS="nightly" "/workspace/cargo-home/bin/cargo" "+1.69.0" "generate-lockfile" "--manifest-path" "Cargo.toml" "-Zno-index-update", kill_on_drop: false }`
[INFO] running `Command { std: CARGO_HOME="/workspace/cargo-home" RUSTUP_HOME="/workspace/rustup-home" "/workspace/cargo-home/bin/cargo" "+1.69.0" "fetch" "--manifest-path" "Cargo.toml", kill_on_drop: false }`
[INFO] [stderr]     Blocking waiting for file lock on package cache
[INFO] [stderr]  Downloading crates ...
[INFO] [stderr]   Downloaded longest-increasing-subsequence v0.1.0
[INFO] [stderr]   Downloaded smallbox v0.8.1
[INFO] [stderr]   Downloaded internment v0.7.0
[INFO] [stderr]   Downloaded dioxus-html v0.3.1
[INFO] [stderr]   Downloaded execute-command-tokens v0.1.6
[INFO] [stderr]   Downloaded to_method v1.1.0
[INFO] [stderr]   Downloaded execute-command-macro-impl v0.1.9
[INFO] [stderr]   Downloaded intmap v0.7.1
[INFO] [stderr]   Downloaded bumpslab v0.2.0
[INFO] [stderr]   Downloaded execute v0.2.12
[INFO] [stderr]   Downloaded dioxus-hot-reload v0.1.1
[INFO] [stderr]   Downloaded execute-command-macro v0.1.8
[INFO] [stderr]   Downloaded interprocess v1.2.1
[INFO] [stderr]   Downloaded dioxus-rsx v0.0.2
[INFO] [stderr]   Downloaded dioxus-hooks v0.3.0
[INFO] [stderr]   Downloaded spinning v0.1.0
[INFO] [stderr]   Downloaded keyboard-types v0.6.2
[INFO] [stderr]   Downloaded dioxus-core v0.3.2
[INFO] [stderr]   Downloaded dioxus v0.3.2
[INFO] [stderr]   Downloaded dioxus-core-macro v0.3.0
[INFO] [stderr]   Downloaded dioxus-rsx v0.0.3
[INFO] running `Command { std: "docker" "create" "-v" "/var/lib/crater-agent-workspace/builds/worker-2-tc1/target:/opt/rustwide/target:rw,Z" "-v" "/var/lib/crater-agent-workspace/builds/worker-2-tc1/source:/opt/rustwide/workdir:ro,Z" "-v" "/var/lib/crater-agent-workspace/cargo-home:/opt/rustwide/cargo-home:ro,Z" "-v" "/var/lib/crater-agent-workspace/rustup-home:/opt/rustwide/rustup-home:ro,Z" "-e" "SOURCE_DIR=/opt/rustwide/workdir" "-e" "CARGO_TARGET_DIR=/opt/rustwide/target" "-e" "CARGO_HOME=/opt/rustwide/cargo-home" "-e" "RUSTUP_HOME=/opt/rustwide/rustup-home" "-w" "/opt/rustwide/workdir" "-m" "1610612736" "--user" "0:0" "--network" "none" "ghcr.io/rust-lang/crates-build-env/linux@sha256:5ff2268d62e97bff2cde7d5815dd6ed5b47097566f13b8d0ca110b04b60e07ed" "/opt/rustwide/cargo-home/bin/cargo" "+1.69.0" "metadata" "--no-deps" "--format-version=1", kill_on_drop: false }`
[INFO] [stdout] e77c4c8ef5ecda116530b4a37934a7f3b3dd955e43814b77dcab19d1eed0bdcf
[INFO] running `Command { std: "docker" "start" "-a" "e77c4c8ef5ecda116530b4a37934a7f3b3dd955e43814b77dcab19d1eed0bdcf", kill_on_drop: false }`
[INFO] running `Command { std: "docker" "inspect" "e77c4c8ef5ecda116530b4a37934a7f3b3dd955e43814b77dcab19d1eed0bdcf", kill_on_drop: false }`
[INFO] running `Command { std: "docker" "rm" "-f" "e77c4c8ef5ecda116530b4a37934a7f3b3dd955e43814b77dcab19d1eed0bdcf", kill_on_drop: false }`
[INFO] [stdout] e77c4c8ef5ecda116530b4a37934a7f3b3dd955e43814b77dcab19d1eed0bdcf
[INFO] running `Command { std: "docker" "create" "-v" "/var/lib/crater-agent-workspace/builds/worker-2-tc1/target:/opt/rustwide/target:rw,Z" "-v" "/var/lib/crater-agent-workspace/builds/worker-2-tc1/source:/opt/rustwide/workdir:ro,Z" "-v" "/var/lib/crater-agent-workspace/cargo-home:/opt/rustwide/cargo-home:ro,Z" "-v" "/var/lib/crater-agent-workspace/rustup-home:/opt/rustwide/rustup-home:ro,Z" "-e" "SOURCE_DIR=/opt/rustwide/workdir" "-e" "CARGO_TARGET_DIR=/opt/rustwide/target" "-e" "CARGO_INCREMENTAL=0" "-e" "RUST_BACKTRACE=full" "-e" "RUSTFLAGS=--cap-lints=warn" "-e" "RUSTDOCFLAGS=--cap-lints=warn" "-e" "CARGO_HOME=/opt/rustwide/cargo-home" "-e" "RUSTUP_HOME=/opt/rustwide/rustup-home" "-w" "/opt/rustwide/workdir" "-m" "1610612736" "--user" "0:0" "--network" "none" "ghcr.io/rust-lang/crates-build-env/linux@sha256:5ff2268d62e97bff2cde7d5815dd6ed5b47097566f13b8d0ca110b04b60e07ed" "/opt/rustwide/cargo-home/bin/cargo" "+1.69.0" "build" "--frozen" "--message-format=json", kill_on_drop: false }`
[INFO] [stdout] 3b9a757e4f4a7ab2bf6cc45748317fa8c7bb92411cf27a99a0d3f7d8ae4545a1
[INFO] running `Command { std: "docker" "start" "-a" "3b9a757e4f4a7ab2bf6cc45748317fa8c7bb92411cf27a99a0d3f7d8ae4545a1", kill_on_drop: false }`
[INFO] [stderr]    Compiling proc-macro2 v1.0.56
[INFO] [stderr]    Compiling unicode-ident v1.0.8
[INFO] [stderr]    Compiling libc v0.2.142
[INFO] [stderr]    Compiling log v0.4.17
[INFO] [stderr]    Compiling futures-task v0.3.28
[INFO] [stderr]    Compiling once_cell v1.17.1
[INFO] [stderr]    Compiling scopeguard v1.1.0
[INFO] [stderr]    Compiling quote v1.0.26
[INFO] [stderr]    Compiling lock_api v0.4.9
[INFO] [stderr]    Compiling syn v1.0.109
[INFO] [stderr]    Compiling parking_lot_core v0.9.7
[INFO] [stderr]    Compiling futures-util v0.3.28
[INFO] [stderr]    Compiling futures-channel v0.3.28
[INFO] [stderr]    Compiling num-traits v0.2.15
[INFO] [stderr]    Compiling fnv v1.0.7
[INFO] [stderr]    Compiling crossbeam-utils v0.8.15
[INFO] [stderr]    Compiling bumpalo v3.12.1
[INFO] [stderr]    Compiling rustc-hash v1.1.0
[INFO] [stderr]    Compiling smallbox v0.8.1
[INFO] [stderr]    Compiling longest-increasing-subsequence v0.1.0
[INFO] [stderr]    Compiling futures-core v0.3.28
[INFO] [stderr]    Compiling semver v1.0.17
[INFO] [stderr]    Compiling aho-corasick v1.0.1
[INFO] [stderr]    Compiling num-integer v0.1.45
[INFO] [stderr]    Compiling generic-array v0.14.7
[INFO] [stderr]    Compiling execute-command-tokens v0.1.6
[INFO] [stderr]    Compiling regex-syntax v0.7.1
[INFO] [stderr]    Compiling same-file v1.0.6
[INFO] [stderr]    Compiling bumpslab v0.2.0
[INFO] [stderr]    Compiling getrandom v0.2.9
[INFO] [stderr]    Compiling walkdir v2.3.3
[INFO] [stderr]    Compiling ahash v0.7.6
[INFO] [stderr]    Compiling concurrent-queue v2.2.0
[INFO] [stderr]    Compiling bstr v1.4.0
[INFO] [stderr]    Compiling aho-corasick v0.7.20
[INFO] [stderr]    Compiling unicode-segmentation v1.10.1
[INFO] [stderr]    Compiling hashbrown v0.12.3
[INFO] [stderr]    Compiling rustc_version v0.4.0
[INFO] [stderr]    Compiling async-channel v1.8.0
[INFO] [stderr]    Compiling parking_lot v0.12.1
[INFO] [stderr]    Compiling syn v2.0.15
[INFO] [stderr]    Compiling interprocess v1.2.1
[INFO] [stderr]    Compiling blocking v1.3.1
[INFO] [stderr]    Compiling crossbeam-channel v0.5.8
[INFO] [stderr]    Compiling indexmap v1.9.3
[INFO] [stderr]    Compiling internment v0.7.0
[INFO] [stderr]    Compiling spinning v0.1.0
[INFO] [stderr]    Compiling ordered-float v2.10.0
[INFO] [stderr]    Compiling inotify-sys v0.1.5
[INFO] [stderr]    Compiling time v0.1.45
[INFO] [stderr]    Compiling inotify v0.9.6
[INFO] [stderr]    Compiling mio v0.8.6
[INFO] [stderr]    Compiling filetime v0.2.21
[INFO] [stderr]    Compiling thread_local v1.1.7
[INFO] [stderr]    Compiling to_method v1.1.0
[INFO] [stderr]    Compiling intmap v0.7.1
[INFO] [stderr]    Compiling notify v5.1.0
[INFO] [stderr]    Compiling chrono v0.4.24
[INFO] [stderr]    Compiling regex v1.8.1
[INFO] [stderr]    Compiling dioxus-core v0.3.2
[INFO] [stderr]    Compiling globset v0.4.10
[INFO] [stderr]    Compiling ignore v0.4.20
[INFO] [stderr]    Compiling darling_core v0.14.4
[INFO] [stderr]    Compiling serde_derive v1.0.160
[INFO] [stderr]    Compiling thiserror-impl v1.0.40
[INFO] [stderr]    Compiling execute-command-macro-impl v0.1.9
[INFO] [stderr]    Compiling serde_repr v0.1.12
[INFO] [stderr]    Compiling async-trait v0.1.68
[INFO] [stderr]    Compiling execute-command-macro v0.1.8
[INFO] [stderr]    Compiling execute v0.2.12
[INFO] [stderr]    Compiling thiserror v1.0.40
[INFO] [stderr]    Compiling darling_macro v0.14.4
[INFO] [stderr]    Compiling darling v0.14.4
[INFO] [stderr]    Compiling enumset_derive v0.6.1
[INFO] [stderr]    Compiling serde v1.0.160
[INFO] [stderr]    Compiling enumset v1.0.12
[INFO] [stderr]    Compiling euclid v0.22.9
[INFO] [stderr]    Compiling serde-value v0.7.0
[INFO] [stderr]    Compiling keyboard-types v0.6.2
[INFO] [stderr]    Compiling dioxus-rsx v0.0.2
[INFO] [stderr]    Compiling serde_json v1.0.96
[INFO] [stderr]    Compiling dioxus-core-macro v0.3.0
[INFO] [stderr]    Compiling dioxus-rsx v0.0.3
[INFO] [stderr]    Compiling dioxus-hooks v0.3.0
[INFO] [stderr]    Compiling dioxus-html v0.3.1
[INFO] [stderr]    Compiling dioxus-hot-reload v0.1.1
[INFO] [stderr]    Compiling dioxus v0.3.2
[INFO] [stderr]    Compiling dioxus-charts v0.1.1 (/opt/rustwide/workdir)
[INFO] [stdout] error[E0599]: no function or associated item named `preserveAspectRatio` found for struct `svg` in the current scope
[INFO] [stdout]    --> src/charts/bar.rs:311:17
[INFO] [stdout]     |
[INFO] [stdout] 304 |       cx.render(rsx! {
[INFO] [stdout]     |  _______________-
[INFO] [stdout] 305 | |         div {
[INFO] [stdout] 306 | |             svg {
[INFO] [stdout] 307 | |                 xmlns: "http://www.w3.org/2000/svg",
[INFO] [stdout] ...   |
[INFO] [stdout] 310 | |                 class: "{cx.props.class_chart_bar}",
[INFO] [stdout] 311 | |                 preserveAspectRatio: "xMidYMid meet",
[INFO] [stdout]     | |                -^^^^^^^^^^^^^^^^^^^ function or associated item not found in `svg`
[INFO] [stdout]     | |________________|
[INFO] [stdout]     | 
[INFO] [stdout] 
[INFO] [stdout] 
[INFO] [stdout] error[E0599]: no function or associated item named `preserveAspectRatio` found for struct `svg` in the current scope
[INFO] [stdout]    --> src/charts/line.rs:234:17
[INFO] [stdout]     |
[INFO] [stdout] 227 |       cx.render(rsx! {
[INFO] [stdout]     |  _______________-
[INFO] [stdout] 228 | |         div {
[INFO] [stdout] 229 | |             svg {
[INFO] [stdout] 230 | |                 xmlns: "http://www.w3.org/2000/svg",
[INFO] [stdout] ...   |
[INFO] [stdout] 233 | |                 class: "{cx.props.class_chart_line}",
[INFO] [stdout] 234 | |                 preserveAspectRatio: "xMidYMid meet",
[INFO] [stdout]     | |                -^^^^^^^^^^^^^^^^^^^ function or associated item not found in `svg`
[INFO] [stdout]     | |________________|
[INFO] [stdout]     | 
[INFO] [stdout] 
[INFO] [stdout] 
[INFO] [stdout] error[E0599]: no function or associated item named `preserveAspectRatio` found for struct `svg` in the current scope
[INFO] [stdout]    --> src/charts/pie.rs:169:17
[INFO] [stdout]     |
[INFO] [stdout] 162 |       cx.render(rsx! {
[INFO] [stdout]     |  _______________-
[INFO] [stdout] 163 | |         div {
[INFO] [stdout] 164 | |             svg {
[INFO] [stdout] 165 | |                 view_box: "0 0 {cx.props.viewbox_width} {cx.props.viewbox_height}",
[INFO] [stdout] ...   |
[INFO] [stdout] 168 | |                 class: "{cx.props.class_chart}",
[INFO] [stdout] 169 | |                 preserveAspectRatio: "xMidYMid meet",
[INFO] [stdout]     | |                -^^^^^^^^^^^^^^^^^^^ function or associated item not found in `svg`
[INFO] [stdout]     | |________________|
[INFO] [stdout]     | 
[INFO] [stdout] 
[INFO] [stdout] 
[INFO] [stdout] error: aborting due to 3 previous errors
[INFO] [stdout] 
[INFO] [stdout] 
[INFO] [stdout] For more information about this error, try `rustc --explain E0599`.
[INFO] [stdout] 
[INFO] [stderr] error: could not compile `dioxus-charts` due to 4 previous errors
[INFO] running `Command { std: "docker" "inspect" "3b9a757e4f4a7ab2bf6cc45748317fa8c7bb92411cf27a99a0d3f7d8ae4545a1", kill_on_drop: false }`
[INFO] running `Command { std: "docker" "rm" "-f" "3b9a757e4f4a7ab2bf6cc45748317fa8c7bb92411cf27a99a0d3f7d8ae4545a1", kill_on_drop: false }`
[INFO] [stdout] 3b9a757e4f4a7ab2bf6cc45748317fa8c7bb92411cf27a99a0d3f7d8ae4545a1
