[INFO] fetching crate diesel-sort-struct-fields 0.1.3...
[INFO] testing diesel-sort-struct-fields-0.1.3 against 1.69.0 for beta-1.70-1
[INFO] extracting crate diesel-sort-struct-fields 0.1.3 into /workspace/builds/worker-6-tc1/source
[INFO] validating manifest of crates.io crate diesel-sort-struct-fields 0.1.3 on toolchain 1.69.0
[INFO] running `Command { std: CARGO_HOME="/workspace/cargo-home" RUSTUP_HOME="/workspace/rustup-home" "/workspace/cargo-home/bin/cargo" "+1.69.0" "metadata" "--manifest-path" "Cargo.toml" "--no-deps", kill_on_drop: false }`
[INFO] started tweaking crates.io crate diesel-sort-struct-fields 0.1.3
[INFO] finished tweaking crates.io crate diesel-sort-struct-fields 0.1.3
[INFO] tweaked toml for crates.io crate diesel-sort-struct-fields 0.1.3 written to /workspace/builds/worker-6-tc1/source/Cargo.toml
[INFO] running `Command { std: CARGO_HOME="/workspace/cargo-home" RUSTUP_HOME="/workspace/rustup-home" __CARGO_TEST_CHANNEL_OVERRIDE_DO_NOT_USE_THIS="nightly" "/workspace/cargo-home/bin/cargo" "+1.69.0" "generate-lockfile" "--manifest-path" "Cargo.toml" "-Zno-index-update", kill_on_drop: false }`
[INFO] running `Command { std: CARGO_HOME="/workspace/cargo-home" RUSTUP_HOME="/workspace/rustup-home" "/workspace/cargo-home/bin/cargo" "+1.69.0" "fetch" "--manifest-path" "Cargo.toml", kill_on_drop: false }`
[INFO] [stderr]  Downloading crates ...
[INFO] [stderr]   Downloaded diesel v1.4.8
[INFO] [stderr]   Downloaded diesel_derives v1.4.1
[INFO] [stderr]   Downloaded basic-toml v0.1.2
[INFO] [stderr]   Downloaded trybuild v1.0.80
[INFO] [stderr]   Downloaded pq-sys v0.4.8
[INFO] [stderr]   Downloaded diesel_full_text_search v1.0.1
[INFO] running `Command { std: "docker" "create" "-v" "/var/lib/crater-agent-workspace/builds/worker-6-tc1/target:/opt/rustwide/target:rw,Z" "-v" "/var/lib/crater-agent-workspace/builds/worker-6-tc1/source:/opt/rustwide/workdir:ro,Z" "-v" "/var/lib/crater-agent-workspace/cargo-home:/opt/rustwide/cargo-home:ro,Z" "-v" "/var/lib/crater-agent-workspace/rustup-home:/opt/rustwide/rustup-home:ro,Z" "-e" "SOURCE_DIR=/opt/rustwide/workdir" "-e" "CARGO_TARGET_DIR=/opt/rustwide/target" "-e" "CARGO_HOME=/opt/rustwide/cargo-home" "-e" "RUSTUP_HOME=/opt/rustwide/rustup-home" "-w" "/opt/rustwide/workdir" "-m" "1610612736" "--user" "0:0" "--network" "none" "ghcr.io/rust-lang/crates-build-env/linux@sha256:5ff2268d62e97bff2cde7d5815dd6ed5b47097566f13b8d0ca110b04b60e07ed" "/opt/rustwide/cargo-home/bin/cargo" "+1.69.0" "metadata" "--no-deps" "--format-version=1", kill_on_drop: false }`
[INFO] [stdout] 1b7be52e66a8c14b5e23515ad143e7558e9803f7928d1cbc94828180755660cd
[INFO] running `Command { std: "docker" "start" "-a" "1b7be52e66a8c14b5e23515ad143e7558e9803f7928d1cbc94828180755660cd", kill_on_drop: false }`
[INFO] running `Command { std: "docker" "inspect" "1b7be52e66a8c14b5e23515ad143e7558e9803f7928d1cbc94828180755660cd", kill_on_drop: false }`
[INFO] running `Command { std: "docker" "rm" "-f" "1b7be52e66a8c14b5e23515ad143e7558e9803f7928d1cbc94828180755660cd", kill_on_drop: false }`
[INFO] [stdout] 1b7be52e66a8c14b5e23515ad143e7558e9803f7928d1cbc94828180755660cd
[INFO] running `Command { std: "docker" "create" "-v" "/var/lib/crater-agent-workspace/builds/worker-6-tc1/target:/opt/rustwide/target:rw,Z" "-v" "/var/lib/crater-agent-workspace/builds/worker-6-tc1/source:/opt/rustwide/workdir:ro,Z" "-v" "/var/lib/crater-agent-workspace/cargo-home:/opt/rustwide/cargo-home:ro,Z" "-v" "/var/lib/crater-agent-workspace/rustup-home:/opt/rustwide/rustup-home:ro,Z" "-e" "SOURCE_DIR=/opt/rustwide/workdir" "-e" "CARGO_TARGET_DIR=/opt/rustwide/target" "-e" "CARGO_INCREMENTAL=0" "-e" "RUST_BACKTRACE=full" "-e" "RUSTFLAGS=--cap-lints=warn" "-e" "RUSTDOCFLAGS=--cap-lints=warn" "-e" "CARGO_HOME=/opt/rustwide/cargo-home" "-e" "RUSTUP_HOME=/opt/rustwide/rustup-home" "-w" "/opt/rustwide/workdir" "-m" "1610612736" "--user" "0:0" "--network" "none" "ghcr.io/rust-lang/crates-build-env/linux@sha256:5ff2268d62e97bff2cde7d5815dd6ed5b47097566f13b8d0ca110b04b60e07ed" "/opt/rustwide/cargo-home/bin/cargo" "+1.69.0" "build" "--frozen" "--message-format=json", kill_on_drop: false }`
[INFO] [stdout] c2ee925f2a059ceed38cfe1924d678e9bb9bda13f4adfe4f29481af797bbb6b0
[INFO] running `Command { std: "docker" "start" "-a" "c2ee925f2a059ceed38cfe1924d678e9bb9bda13f4adfe4f29481af797bbb6b0", kill_on_drop: false }`
[INFO] [stderr]    Compiling proc-macro2 v0.4.30
[INFO] [stderr]    Compiling unicode-xid v0.1.0
[INFO] [stderr]    Compiling syn v0.15.44
[INFO] [stderr]    Compiling quote v0.6.13
[INFO] [stderr]    Compiling diesel-sort-struct-fields v0.1.3 (/opt/rustwide/workdir)
[INFO] [stderr]     Finished dev [unoptimized + debuginfo] target(s) in 8.76s
[INFO] running `Command { std: "docker" "inspect" "c2ee925f2a059ceed38cfe1924d678e9bb9bda13f4adfe4f29481af797bbb6b0", kill_on_drop: false }`
[INFO] running `Command { std: "docker" "rm" "-f" "c2ee925f2a059ceed38cfe1924d678e9bb9bda13f4adfe4f29481af797bbb6b0", kill_on_drop: false }`
[INFO] [stdout] c2ee925f2a059ceed38cfe1924d678e9bb9bda13f4adfe4f29481af797bbb6b0
[INFO] running `Command { std: "docker" "create" "-v" "/var/lib/crater-agent-workspace/builds/worker-6-tc1/target:/opt/rustwide/target:rw,Z" "-v" "/var/lib/crater-agent-workspace/builds/worker-6-tc1/source:/opt/rustwide/workdir:ro,Z" "-v" "/var/lib/crater-agent-workspace/cargo-home:/opt/rustwide/cargo-home:ro,Z" "-v" "/var/lib/crater-agent-workspace/rustup-home:/opt/rustwide/rustup-home:ro,Z" "-e" "SOURCE_DIR=/opt/rustwide/workdir" "-e" "CARGO_TARGET_DIR=/opt/rustwide/target" "-e" "CARGO_INCREMENTAL=0" "-e" "RUST_BACKTRACE=full" "-e" "RUSTFLAGS=--cap-lints=warn" "-e" "RUSTDOCFLAGS=--cap-lints=warn" "-e" "CARGO_HOME=/opt/rustwide/cargo-home" "-e" "RUSTUP_HOME=/opt/rustwide/rustup-home" "-w" "/opt/rustwide/workdir" "-m" "1610612736" "--user" "0:0" "--network" "none" "ghcr.io/rust-lang/crates-build-env/linux@sha256:5ff2268d62e97bff2cde7d5815dd6ed5b47097566f13b8d0ca110b04b60e07ed" "/opt/rustwide/cargo-home/bin/cargo" "+1.69.0" "test" "--frozen" "--no-run" "--message-format=json", kill_on_drop: false }`
[INFO] [stdout] 054f96d7329371f7129b2aa6150a9d67e6a4975c5ce3bfd7158f62997612f7a9
[INFO] running `Command { std: "docker" "start" "-a" "054f96d7329371f7129b2aa6150a9d67e6a4975c5ce3bfd7158f62997612f7a9", kill_on_drop: false }`
[INFO] [stderr]    Compiling serde v1.0.160
[INFO] [stderr]    Compiling syn v1.0.109
[INFO] [stderr]    Compiling pq-sys v0.4.8
[INFO] [stderr]    Compiling serde_json v1.0.96
[INFO] [stderr]    Compiling bitflags v1.3.2
[INFO] [stderr]    Compiling byteorder v1.4.3
[INFO] [stderr]    Compiling ryu v1.0.13
[INFO] [stderr]    Compiling trybuild v1.0.80
[INFO] [stderr]    Compiling itoa v1.0.6
[INFO] [stderr]    Compiling glob v0.3.1
[INFO] [stderr]    Compiling termcolor v1.2.0
[INFO] [stderr]    Compiling diesel-sort-struct-fields v0.1.3 (/opt/rustwide/workdir)
[INFO] [stderr]    Compiling basic-toml v0.1.2
[INFO] [stderr]    Compiling diesel_derives v1.4.1
[INFO] [stderr]    Compiling diesel v1.4.8
[INFO] [stderr]    Compiling diesel_full_text_search v1.0.1
[INFO] [stderr]     Finished test [unoptimized + debuginfo] target(s) in 30.45s
[INFO] running `Command { std: "docker" "inspect" "054f96d7329371f7129b2aa6150a9d67e6a4975c5ce3bfd7158f62997612f7a9", kill_on_drop: false }`
[INFO] running `Command { std: "docker" "rm" "-f" "054f96d7329371f7129b2aa6150a9d67e6a4975c5ce3bfd7158f62997612f7a9", kill_on_drop: false }`
[INFO] [stdout] 054f96d7329371f7129b2aa6150a9d67e6a4975c5ce3bfd7158f62997612f7a9
[INFO] running `Command { std: "docker" "create" "-v" "/var/lib/crater-agent-workspace/builds/worker-6-tc1/target:/opt/rustwide/target:rw,Z" "-v" "/var/lib/crater-agent-workspace/builds/worker-6-tc1/source:/opt/rustwide/workdir:ro,Z" "-v" "/var/lib/crater-agent-workspace/cargo-home:/opt/rustwide/cargo-home:ro,Z" "-v" "/var/lib/crater-agent-workspace/rustup-home:/opt/rustwide/rustup-home:ro,Z" "-e" "SOURCE_DIR=/opt/rustwide/workdir" "-e" "CARGO_TARGET_DIR=/opt/rustwide/target" "-e" "CARGO_INCREMENTAL=0" "-e" "RUST_BACKTRACE=full" "-e" "RUSTFLAGS=--cap-lints=warn" "-e" "RUSTDOCFLAGS=--cap-lints=warn" "-e" "CARGO_HOME=/opt/rustwide/cargo-home" "-e" "RUSTUP_HOME=/opt/rustwide/rustup-home" "-w" "/opt/rustwide/workdir" "-m" "1610612736" "--user" "0:0" "--network" "none" "ghcr.io/rust-lang/crates-build-env/linux@sha256:5ff2268d62e97bff2cde7d5815dd6ed5b47097566f13b8d0ca110b04b60e07ed" "/opt/rustwide/cargo-home/bin/cargo" "+1.69.0" "test" "--frozen", kill_on_drop: false }`
[INFO] [stdout] 62e603586497f911c4c744c688b7a4603e10ff5483a71f548bac0b8dbd04bb19
[INFO] running `Command { std: "docker" "start" "-a" "62e603586497f911c4c744c688b7a4603e10ff5483a71f548bac0b8dbd04bb19", kill_on_drop: false }`
[INFO] [stderr]     Finished test [unoptimized + debuginfo] target(s) in 0.03s
[INFO] [stderr]      Running unittests src/lib.rs (/opt/rustwide/target/debug/deps/diesel_sort_struct_fields-1ff8ae0fd92dfe55)
[INFO] [stdout] 
[INFO] [stdout] running 1 test
[INFO] [stderr]    Compiling proc-macro2 v0.4.30
[INFO] [stderr]    Compiling proc-macro2 v1.0.56
[INFO] [stderr]    Compiling quote v1.0.26
[INFO] [stderr]    Compiling unicode-ident v1.0.8
[INFO] [stderr]    Compiling syn v1.0.109
[INFO] [stderr]    Compiling syn v0.15.44
[INFO] [stderr]    Compiling pq-sys v0.4.8
[INFO] [stderr]    Compiling unicode-xid v0.1.0
[INFO] [stderr]    Compiling bitflags v1.3.2
[INFO] [stderr]    Compiling byteorder v1.4.3
[INFO] [stderr]    Compiling quote v0.6.13
[INFO] [stderr]    Compiling diesel_derives v1.4.1
[INFO] [stderr]    Compiling diesel-sort-struct-fields v0.1.3 (/opt/rustwide/workdir)
[INFO] [stderr]    Compiling diesel v1.4.8
[INFO] [stderr]    Compiling diesel_full_text_search v1.0.1
[INFO] [stderr]    Compiling diesel-sort-struct-fields-tests v0.0.0 (/opt/rustwide/target/tests/trybuild/diesel-sort-struct-fields)
[INFO] [stderr]     Finished dev [unoptimized + debuginfo] target(s) in 36.95s
[INFO] [stderr] 
[INFO] [stderr] 
[INFO] [stderr] test tests/compile_pass/attributes_on_table_macro.rs [should pass] ... ok
[INFO] [stderr] test tests/compile_pass/composite_primary_keys_on_tables.rs [should pass] ... ok
[INFO] [stderr] test tests/compile_pass/does_not_break_things_that_are_not_broken.rs [should pass] ... ok
[INFO] [stderr] test tests/compile_pass/optional_id_in_table.rs [should pass] ... ok
[INFO] [stderr] test tests/compile_pass/sorts_columns_in_table_macro.rs [should pass] ... ok
[INFO] [stderr] test tests/compile_pass/sorts_nullable_columns.rs [should pass] ... ok
[INFO] [stderr] test tests/compile_pass/sorts_struct_fields.rs [should pass] ... ok
[INFO] [stderr] test tests/compile_pass/supports_use_statements_in_table.rs [should pass] ... ok
[INFO] [stderr] test tests/compile_fail/doesnt_allow_attributes.rs [should fail to compile] ... ok
[INFO] [stderr] test tests/compile_fail/not_allowed_on_enums.rs [should fail to compile] ... ok
[INFO] [stderr] test tests/compile_fail/not_allowed_on_tuple_structs.rs [should fail to compile] ... ok
[INFO] [stderr] test tests/compile_fail/not_allowed_on_unions.rs [should fail to compile] ... ok
[INFO] [stderr] test tests/compile_fail/not_allowed_on_unit_structs.rs [should fail to compile] ... ok
[INFO] [stderr] test tests/compile_fail/sort_columns_doesnt_support_attributes.rs [should fail to compile] ... mismatch
[INFO] [stderr] 
[INFO] [stderr] EXPECTED:
[INFO] [stderr] ┈┈┈┈┈┈┈┈┈┈┈┈┈┈┈┈┈┈┈┈┈┈┈┈┈┈┈┈┈┈┈┈┈┈┈┈┈┈┈┈┈┈┈┈┈┈┈┈┈┈┈┈┈┈┈┈┈┈┈┈
[INFO] [stderr] error: `#[sort_columns]` doesn't support any attributes
[INFO] [stderr]   --> $DIR/sort_columns_doesnt_support_attributes.rs:10:16
[INFO] [stderr]    |
[INFO] [stderr] 10 | #[sort_columns(foo)]
[INFO] [stderr]    |                ^^^
[INFO] [stderr] 
[INFO] [stderr] error[E0433]: failed to resolve: use of undeclared type or module `users`
[INFO] [stderr]   --> $DIR/sort_columns_doesnt_support_attributes.rs:26:28
[INFO] [stderr]    |
[INFO] [stderr] 26 |     let users: Vec<User> = users::table
[INFO] [stderr]    |                            ^^^^^ use of undeclared type or module `users`
[INFO] [stderr] 
[INFO] [stderr] error[E0433]: failed to resolve: use of undeclared type or module `users`
[INFO] [stderr]   --> $DIR/sort_columns_doesnt_support_attributes.rs:27:17
[INFO] [stderr]    |
[INFO] [stderr] 27 |         .select(users::all_columns)
[INFO] [stderr]    |                 ^^^^^ use of undeclared type or module `users`
[INFO] [stderr] 
[INFO] [stderr] For more information about this error, try `rustc --explain E0433`.
[INFO] [stderr] ┈┈┈┈┈┈┈┈┈┈┈┈┈┈┈┈┈┈┈┈┈┈┈┈┈┈┈┈┈┈┈┈┈┈┈┈┈┈┈┈┈┈┈┈┈┈┈┈┈┈┈┈┈┈┈┈┈┈┈┈
[INFO] [stderr] 
[INFO] [stderr] ACTUAL OUTPUT:
[INFO] [stderr] ┈┈┈┈┈┈┈┈┈┈┈┈┈┈┈┈┈┈┈┈┈┈┈┈┈┈┈┈┈┈┈┈┈┈┈┈┈┈┈┈┈┈┈┈┈┈┈┈┈┈┈┈┈┈┈┈┈┈┈┈
[INFO] [stderr] error: `#[sort_columns]` doesn't support any attributes
[INFO] [stderr]   --> tests/compile_fail/sort_columns_doesnt_support_attributes.rs:10:16
[INFO] [stderr]    |
[INFO] [stderr] 10 | #[sort_columns(foo)]
[INFO] [stderr]    |                ^^^
[INFO] [stderr] 
[INFO] [stderr] error[E0433]: failed to resolve: use of undeclared crate or module `users`
[INFO] [stderr]   --> tests/compile_fail/sort_columns_doesnt_support_attributes.rs:26:28
[INFO] [stderr]    |
[INFO] [stderr] 26 |     let users: Vec<User> = users::table
[INFO] [stderr]    |                            ^^^^^ use of undeclared crate or module `users`
[INFO] [stderr] 
[INFO] [stderr] error[E0433]: failed to resolve: use of undeclared crate or module `users`
[INFO] [stderr]   --> tests/compile_fail/sort_columns_doesnt_support_attributes.rs:27:17
[INFO] [stderr]    |
[INFO] [stderr] 27 |         .select(users::all_columns)
[INFO] [stderr]    |                 ^^^^^ use of undeclared crate or module `users`
[INFO] [stderr] ┈┈┈┈┈┈┈┈┈┈┈┈┈┈┈┈┈┈┈┈┈┈┈┈┈┈┈┈┈┈┈┈┈┈┈┈┈┈┈┈┈┈┈┈┈┈┈┈┈┈┈┈┈┈┈┈┈┈┈┈
[INFO] [stderr] note: If the actual output is the correct output you can bless it by rerunning
[INFO] [stderr]       your test with the environment variable TRYBUILD=overwrite
[INFO] [stderr] 
[INFO] [stderr] test tests/compile_fail/sort_columns_on_non_table_item.rs [should fail to compile] ... mismatch
[INFO] [stderr] 
[INFO] [stderr] EXPECTED:
[INFO] [stderr] ┈┈┈┈┈┈┈┈┈┈┈┈┈┈┈┈┈┈┈┈┈┈┈┈┈┈┈┈┈┈┈┈┈┈┈┈┈┈┈┈┈┈┈┈┈┈┈┈┈┈┈┈┈┈┈┈┈┈┈┈
[INFO] [stderr] error: `#[sort_columns]` only works on the `diesel::table!` macro
[INFO] [stderr]   --> $DIR/sort_columns_on_non_table_item.rs:10:1
[INFO] [stderr]    |
[INFO] [stderr] 10 | fn main() {}
[INFO] [stderr]    | ^^
[INFO] [stderr] 
[INFO] [stderr] error[E0601]: `main` function not found in crate `$CRATE`
[INFO] [stderr]   |
[INFO] [stderr]   = note: consider adding a `main` function to `$DIR/tests/compile_fail/sort_columns_on_non_table_item.rs`
[INFO] [stderr] 
[INFO] [stderr] For more information about this error, try `rustc --explain E0601`.
[INFO] [stderr] ┈┈┈┈┈┈┈┈┈┈┈┈┈┈┈┈┈┈┈┈┈┈┈┈┈┈┈┈┈┈┈┈┈┈┈┈┈┈┈┈┈┈┈┈┈┈┈┈┈┈┈┈┈┈┈┈┈┈┈┈
[INFO] [stderr] 
[INFO] [stderr] ACTUAL OUTPUT:
[INFO] [stderr] ┈┈┈┈┈┈┈┈┈┈┈┈┈┈┈┈┈┈┈┈┈┈┈┈┈┈┈┈┈┈┈┈┈┈┈┈┈┈┈┈┈┈┈┈┈┈┈┈┈┈┈┈┈┈┈┈┈┈┈┈
[INFO] [stderr] error: `#[sort_columns]` only works on the `diesel::table!` macro
[INFO] [stderr]   --> tests/compile_fail/sort_columns_on_non_table_item.rs:10:1
[INFO] [stderr]    |
[INFO] [stderr] 10 | fn main() {}
[INFO] [stderr]    | ^^
[INFO] [stderr] 
[INFO] [stderr] error[E0601]: `main` function not found in crate `$CRATE`
[INFO] [stderr]   --> tests/compile_fail/sort_columns_on_non_table_item.rs:10:13
[INFO] [stderr]    |
[INFO] [stderr] 10 | fn main() {}
[INFO] [stderr]    |             ^ consider adding a `main` function to `$DIR/tests/compile_fail/sort_columns_on_non_table_item.rs`
[INFO] [stderr] ┈┈┈┈┈┈┈┈┈┈┈┈┈┈┈┈┈┈┈┈┈┈┈┈┈┈┈┈┈┈┈┈┈┈┈┈┈┈┈┈┈┈┈┈┈┈┈┈┈┈┈┈┈┈┈┈┈┈┈┈
[INFO] [stderr] note: If the actual output is the correct output you can bless it by rerunning
[INFO] [stderr]       your test with the environment variable TRYBUILD=overwrite
[INFO] [stderr] 
[INFO] [stderr] test tests/compile_fail/sort_columns_on_non_table_macro.rs [should fail to compile] ... ok
[INFO] [stderr] 
[INFO] [stderr] 
[INFO] [stdout] test ui ... FAILED
[INFO] [stdout] 
[INFO] [stdout] failures:
[INFO] [stdout] 
[INFO] [stdout] ---- ui stdout ----
[INFO] [stdout] thread 'ui' panicked at '2 of 16 tests failed', /opt/rustwide/cargo-home/registry/src/github.com-1ecc6299db9ec823/trybuild-1.0.80/src/run.rs:101:13
[INFO] [stdout] stack backtrace:
[INFO] [stdout]    0:     0x7f9fe9b4c31a - std::backtrace_rs::backtrace::libunwind::trace::ha9053a9a07ca49cb
[INFO] [stdout]                                at /rustc/84c898d65adf2f39a5a98507f1fe0ce10a2b8dbc/library/std/src/../../backtrace/src/backtrace/libunwind.rs:93:5
[INFO] [stdout]    1:     0x7f9fe9b4c31a - std::backtrace_rs::backtrace::trace_unsynchronized::h9c2852a457ad564e
[INFO] [stdout]                                at /rustc/84c898d65adf2f39a5a98507f1fe0ce10a2b8dbc/library/std/src/../../backtrace/src/backtrace/mod.rs:66:5
[INFO] [stdout]    2:     0x7f9fe9b4c31a - std::sys_common::backtrace::_print_fmt::h457936fbfaa0070f
[INFO] [stdout]                                at /rustc/84c898d65adf2f39a5a98507f1fe0ce10a2b8dbc/library/std/src/sys_common/backtrace.rs:65:5
[INFO] [stdout]    3:     0x7f9fe9b4c31a - <std::sys_common::backtrace::_print::DisplayBacktrace as core::fmt::Display>::fmt::h5779d7bf7f70cb0c
[INFO] [stdout]                                at /rustc/84c898d65adf2f39a5a98507f1fe0ce10a2b8dbc/library/std/src/sys_common/backtrace.rs:44:22
[INFO] [stdout]    4:     0x7f9fe9bafb6e - core::fmt::write::h5a4baaff1bcd3eb5
[INFO] [stdout]                                at /rustc/84c898d65adf2f39a5a98507f1fe0ce10a2b8dbc/library/core/src/fmt/mod.rs:1232:17
[INFO] [stdout]    5:     0x7f9fe9b3f1c5 - std::io::Write::write_fmt::h478f79c628ef31d1
[INFO] [stdout]                                at /rustc/84c898d65adf2f39a5a98507f1fe0ce10a2b8dbc/library/std/src/io/mod.rs:1684:15
[INFO] [stdout]    6:     0x7f9fe9b4c0e5 - std::sys_common::backtrace::_print::h5fcdc36060f177e8
[INFO] [stdout]                                at /rustc/84c898d65adf2f39a5a98507f1fe0ce10a2b8dbc/library/std/src/sys_common/backtrace.rs:47:5
[INFO] [stdout]    7:     0x7f9fe9b4c0e5 - std::sys_common::backtrace::print::h54ca9458b876c8bf
[INFO] [stdout]                                at /rustc/84c898d65adf2f39a5a98507f1fe0ce10a2b8dbc/library/std/src/sys_common/backtrace.rs:34:9
[INFO] [stdout]    8:     0x7f9fe9b4ee5f - std::panicking::default_hook::{{closure}}::hbe471161c7664ed6
[INFO] [stdout]                                at /rustc/84c898d65adf2f39a5a98507f1fe0ce10a2b8dbc/library/std/src/panicking.rs:271:22
[INFO] [stdout]    9:     0x7f9fe9b4eb1f - std::panicking::default_hook::ha3500da57aa4ac4f
[INFO] [stdout]                                at /rustc/84c898d65adf2f39a5a98507f1fe0ce10a2b8dbc/library/std/src/panicking.rs:287:9
[INFO] [stdout]   10:     0x7f9fe9c3fe27 - <alloc::boxed::Box<F,A> as core::ops::function::Fn<Args>>::call::hdf1b89dd137ece34
[INFO] [stdout]                                at /rustc/84c898d65adf2f39a5a98507f1fe0ce10a2b8dbc/library/alloc/src/boxed.rs:2001:9
[INFO] [stdout]   11:     0x7f9fe9c3fe27 - test::test_main::{{closure}}::h9081a79f20e75698
[INFO] [stdout]                                at /rustc/84c898d65adf2f39a5a98507f1fe0ce10a2b8dbc/library/test/src/lib.rs:135:21
[INFO] [stdout]   12:     0x7f9fe9b4f69d - <alloc::boxed::Box<F,A> as core::ops::function::Fn<Args>>::call::h6507bddc3eebb4a5
[INFO] [stdout]                                at /rustc/84c898d65adf2f39a5a98507f1fe0ce10a2b8dbc/library/alloc/src/boxed.rs:2001:9
[INFO] [stdout]   13:     0x7f9fe9b4f69d - std::panicking::rust_panic_with_hook::h50c09d000dc561d2
[INFO] [stdout]                                at /rustc/84c898d65adf2f39a5a98507f1fe0ce10a2b8dbc/library/std/src/panicking.rs:696:13
[INFO] [stdout]   14:     0x7f9fe9b4f419 - std::panicking::begin_panic_handler::{{closure}}::h9e2b2176e00e0d9c
[INFO] [stdout]                                at /rustc/84c898d65adf2f39a5a98507f1fe0ce10a2b8dbc/library/std/src/panicking.rs:583:13
[INFO] [stdout]   15:     0x7f9fe9b4c786 - std::sys_common::backtrace::__rust_end_short_backtrace::h5739b8e512c09d02
[INFO] [stdout]                                at /rustc/84c898d65adf2f39a5a98507f1fe0ce10a2b8dbc/library/std/src/sys_common/backtrace.rs:150:18
[INFO] [stdout]   16:     0x7f9fe9b4f122 - rust_begin_unwind
[INFO] [stdout]                                at /rustc/84c898d65adf2f39a5a98507f1fe0ce10a2b8dbc/library/std/src/panicking.rs:579:5
[INFO] [stdout]   17:     0x7f9fe9babec3 - core::panicking::panic_fmt::hf33a1475b4dc5c3e
[INFO] [stdout]                                at /rustc/84c898d65adf2f39a5a98507f1fe0ce10a2b8dbc/library/core/src/panicking.rs:64:14
[INFO] [stdout]   18:     0x5581d3500c3f - trybuild::run::<impl trybuild::Runner>::run::h049380f9c2af4983
[INFO] [stdout]   19:     0x5581d35061b7 - <trybuild::TestCases as core::ops::drop::Drop>::drop::hc329e64bbf65fb30
[INFO] [stdout]   20:     0x5581d34a4487 - core::ptr::drop_in_place<trybuild::TestCases>::h1566bba6ef57801b
[INFO] [stdout]                                at /rustc/84c898d65adf2f39a5a98507f1fe0ce10a2b8dbc/library/core/src/ptr/mod.rs:490:1
[INFO] [stdout]   21:     0x5581d34a566b - diesel_sort_struct_fields::ui::h1823888f5a2cb4ad
[INFO] [stdout]                                at /opt/rustwide/workdir/src/lib.rs:397:1
[INFO] [stdout]   22:     0x5581d34a55e7 - diesel_sort_struct_fields::ui::{{closure}}::h883d25a710a77d11
[INFO] [stdout]                                at /opt/rustwide/workdir/src/lib.rs:393:9
[INFO] [stdout]   23:     0x5581d34a4435 - core::ops::function::FnOnce::call_once::hb50f514264c55a3d
[INFO] [stdout]                                at /rustc/84c898d65adf2f39a5a98507f1fe0ce10a2b8dbc/library/core/src/ops/function.rs:250:5
[INFO] [stdout]   24:     0x7f9fe9c45e2f - core::ops::function::FnOnce::call_once::h7d969581be7d0075
[INFO] [stdout]                                at /rustc/84c898d65adf2f39a5a98507f1fe0ce10a2b8dbc/library/core/src/ops/function.rs:250:5
[INFO] [stdout]   25:     0x7f9fe9c45e2f - test::__rust_begin_short_backtrace::hca25a52684e56655
[INFO] [stdout]                                at /rustc/84c898d65adf2f39a5a98507f1fe0ce10a2b8dbc/library/test/src/lib.rs:656:18
[INFO] [stdout]   26:     0x7f9fe9c138dc - test::run_test::{{closure}}::ha8ac744c4af1a4bb
[INFO] [stdout]                                at /rustc/84c898d65adf2f39a5a98507f1fe0ce10a2b8dbc/library/test/src/lib.rs:647:30
[INFO] [stdout]   27:     0x7f9fe9c138dc - core::ops::function::FnOnce::call_once{{vtable.shim}}::h7b411a9ed45bdecf
[INFO] [stdout]                                at /rustc/84c898d65adf2f39a5a98507f1fe0ce10a2b8dbc/library/core/src/ops/function.rs:250:5
[INFO] [stdout]   28:     0x7f9fe9c44df6 - <alloc::boxed::Box<F,A> as core::ops::function::FnOnce<Args>>::call_once::hd05328869a8ed200
[INFO] [stdout]                                at /rustc/84c898d65adf2f39a5a98507f1fe0ce10a2b8dbc/library/alloc/src/boxed.rs:1987:9
[INFO] [stdout]   29:     0x7f9fe9c44df6 - <core::panic::unwind_safe::AssertUnwindSafe<F> as core::ops::function::FnOnce<()>>::call_once::h0c601ce20bd5b2be
[INFO] [stderr] error: test failed, to rerun pass `--lib`
[INFO] [stdout]                                at /rustc/84c898d65adf2f39a5a98507f1fe0ce10a2b8dbc/library/core/src/panic/unwind_safe.rs:271:9
[INFO] [stdout]   30:     0x7f9fe9c44df6 - std::panicking::try::do_call::ha4be5c164fe30854
[INFO] [stdout]                                at /rustc/84c898d65adf2f39a5a98507f1fe0ce10a2b8dbc/library/std/src/panicking.rs:487:40
[INFO] [stdout]   31:     0x7f9fe9c44df6 - std::panicking::try::h604546f3609af05f
[INFO] [stdout]                                at /rustc/84c898d65adf2f39a5a98507f1fe0ce10a2b8dbc/library/std/src/panicking.rs:451:19
[INFO] [stdout]   32:     0x7f9fe9c44df6 - std::panic::catch_unwind::h5bfa8afe44c9c2f9
[INFO] [stdout]                                at /rustc/84c898d65adf2f39a5a98507f1fe0ce10a2b8dbc/library/std/src/panic.rs:140:14
[INFO] [stdout]   33:     0x7f9fe9c44df6 - test::run_test_in_process::hd50dee55dd63e6aa
[INFO] [stdout]                                at /rustc/84c898d65adf2f39a5a98507f1fe0ce10a2b8dbc/library/test/src/lib.rs:679:27
[INFO] [stdout]   34:     0x7f9fe9c44df6 - test::run_test::run_test_inner::{{closure}}::h4aa0f433aa85cea8
[INFO] [stdout]                                at /rustc/84c898d65adf2f39a5a98507f1fe0ce10a2b8dbc/library/test/src/lib.rs:573:39
[INFO] [stdout]   35:     0x7f9fe9c0d591 - test::run_test::run_test_inner::{{closure}}::had56431adf24b4d6
[INFO] [stdout]                                at /rustc/84c898d65adf2f39a5a98507f1fe0ce10a2b8dbc/library/test/src/lib.rs:600:37
[INFO] [stdout]   36:     0x7f9fe9c0d591 - std::sys_common::backtrace::__rust_begin_short_backtrace::ha8d9890e0c73bf13
[INFO] [stdout]                                at /rustc/84c898d65adf2f39a5a98507f1fe0ce10a2b8dbc/library/std/src/sys_common/backtrace.rs:134:18
[INFO] [stdout]   37:     0x7f9fe9c1396b - std::thread::Builder::spawn_unchecked_::{{closure}}::{{closure}}::h251832bcb4a95327
[INFO] [stdout]                                at /rustc/84c898d65adf2f39a5a98507f1fe0ce10a2b8dbc/library/std/src/thread/mod.rs:560:17
[INFO] [stdout]   38:     0x7f9fe9c1396b - <core::panic::unwind_safe::AssertUnwindSafe<F> as core::ops::function::FnOnce<()>>::call_once::h8fdff598fa414831
[INFO] [stdout]                                at /rustc/84c898d65adf2f39a5a98507f1fe0ce10a2b8dbc/library/core/src/panic/unwind_safe.rs:271:9
[INFO] [stdout]   39:     0x7f9fe9c1396b - std::panicking::try::do_call::h455dd2f7764a950f
[INFO] [stdout]                                at /rustc/84c898d65adf2f39a5a98507f1fe0ce10a2b8dbc/library/std/src/panicking.rs:487:40
[INFO] [stdout]   40:     0x7f9fe9c1396b - std::panicking::try::had6f23b7b73ae72a
[INFO] [stdout]                                at /rustc/84c898d65adf2f39a5a98507f1fe0ce10a2b8dbc/library/std/src/panicking.rs:451:19
[INFO] [stdout]   41:     0x7f9fe9c1396b - std::panic::catch_unwind::ha6a5ca3915b4dad0
[INFO] [stdout]                                at /rustc/84c898d65adf2f39a5a98507f1fe0ce10a2b8dbc/library/std/src/panic.rs:140:14
[INFO] [stdout]   42:     0x7f9fe9c1396b - std::thread::Builder::spawn_unchecked_::{{closure}}::h883b72ef75da6231
[INFO] [stdout]                                at /rustc/84c898d65adf2f39a5a98507f1fe0ce10a2b8dbc/library/std/src/thread/mod.rs:559:30
[INFO] [stdout]   43:     0x7f9fe9c1396b - core::ops::function::FnOnce::call_once{{vtable.shim}}::hb7dff73dc8bd2ccb
[INFO] [stdout]                                at /rustc/84c898d65adf2f39a5a98507f1fe0ce10a2b8dbc/library/core/src/ops/function.rs:250:5
[INFO] [stdout]   44:     0x7f9fe9b59593 - <alloc::boxed::Box<F,A> as core::ops::function::FnOnce<Args>>::call_once::h39990b24eedef2ab
[INFO] [stdout]                                at /rustc/84c898d65adf2f39a5a98507f1fe0ce10a2b8dbc/library/alloc/src/boxed.rs:1987:9
[INFO] [stdout]   45:     0x7f9fe9b59593 - <alloc::boxed::Box<F,A> as core::ops::function::FnOnce<Args>>::call_once::h01a027258444143b
[INFO] [stdout]                                at /rustc/84c898d65adf2f39a5a98507f1fe0ce10a2b8dbc/library/alloc/src/boxed.rs:1987:9
[INFO] [stdout]   46:     0x7f9fe9b59593 - std::sys::unix::thread::Thread::new::thread_start::ha4f1cdd9c25884ba
[INFO] [stdout]                                at /rustc/84c898d65adf2f39a5a98507f1fe0ce10a2b8dbc/library/std/src/sys/unix/thread.rs:108:17
[INFO] [stdout]   47:     0x7f9fe9791b43 - <unknown>
[INFO] [stdout]   48:     0x7f9fe9822bb4 - __clone
[INFO] [stdout]   49:                0x0 - <unknown>
[INFO] [stdout] 
[INFO] [stdout] 
[INFO] [stdout] failures:
[INFO] [stdout]     ui
[INFO] [stdout] 
[INFO] [stdout] test result: FAILED. 0 passed; 1 failed; 0 ignored; 0 measured; 0 filtered out; finished in 43.30s
[INFO] [stdout] 
[INFO] running `Command { std: "docker" "inspect" "62e603586497f911c4c744c688b7a4603e10ff5483a71f548bac0b8dbd04bb19", kill_on_drop: false }`
[INFO] running `Command { std: "docker" "rm" "-f" "62e603586497f911c4c744c688b7a4603e10ff5483a71f548bac0b8dbd04bb19", kill_on_drop: false }`
[INFO] [stdout] 62e603586497f911c4c744c688b7a4603e10ff5483a71f548bac0b8dbd04bb19
