[INFO] fetching crate didcomm-rs 0.7.2...
[INFO] testing didcomm-rs-0.7.2 against 1.69.0 for beta-1.70-1
[INFO] extracting crate didcomm-rs 0.7.2 into /workspace/builds/worker-7-tc1/source
[INFO] validating manifest of crates.io crate didcomm-rs 0.7.2 on toolchain 1.69.0
[INFO] running `Command { std: CARGO_HOME="/workspace/cargo-home" RUSTUP_HOME="/workspace/rustup-home" "/workspace/cargo-home/bin/cargo" "+1.69.0" "metadata" "--manifest-path" "Cargo.toml" "--no-deps", kill_on_drop: false }`
[INFO] started tweaking crates.io crate didcomm-rs 0.7.2
[INFO] finished tweaking crates.io crate didcomm-rs 0.7.2
[INFO] tweaked toml for crates.io crate didcomm-rs 0.7.2 written to /workspace/builds/worker-7-tc1/source/Cargo.toml
[INFO] running `Command { std: CARGO_HOME="/workspace/cargo-home" RUSTUP_HOME="/workspace/rustup-home" __CARGO_TEST_CHANNEL_OVERRIDE_DO_NOT_USE_THIS="nightly" "/workspace/cargo-home/bin/cargo" "+1.69.0" "generate-lockfile" "--manifest-path" "Cargo.toml" "-Zno-index-update", kill_on_drop: false }`
[INFO] running `Command { std: CARGO_HOME="/workspace/cargo-home" RUSTUP_HOME="/workspace/rustup-home" "/workspace/cargo-home/bin/cargo" "+1.69.0" "fetch" "--manifest-path" "Cargo.toml", kill_on_drop: false }`
[INFO] [stderr]  Downloading crates ...
[INFO] [stderr]   Downloaded elliptic-curve v0.10.6
[INFO] [stderr]   Downloaded pkcs8 v0.7.6
[INFO] [stderr]   Downloaded signature v1.3.2
[INFO] [stderr]   Downloaded p256 v0.9.0
[INFO] [stderr]   Downloaded ff-zeroize v0.6.3
[INFO] [stderr]   Downloaded const-oid v0.6.2
[INFO] [stderr]   Downloaded cargo-husky v1.5.0
[INFO] [stderr]   Downloaded did_url v0.1.0
[INFO] [stderr]   Downloaded ff_derive-zeroize v0.6.2
[INFO] [stderr]   Downloaded az v1.2.1
[INFO] [stderr]   Downloaded rmp-serde v0.15.5
[INFO] [stderr]   Downloaded ecdsa v0.12.4
[INFO] [stderr]   Downloaded blake2 v0.8.1
[INFO] [stderr]   Downloaded base64-url v1.4.13
[INFO] [stderr]   Downloaded rand_xorshift v0.2.0
[INFO] [stderr]   Downloaded spki v0.4.1
[INFO] [stderr]   Downloaded libsecp256k1 v0.5.0
[INFO] [stderr]   Downloaded crypto-bigint v0.2.11
[INFO] [stderr]   Downloaded serde-hex v0.1.0
[INFO] [stderr]   Downloaded ff v0.10.1
[INFO] [stderr]   Downloaded did-key v0.0.15
[INFO] [stderr]   Downloaded group v0.10.0
[INFO] [stderr]   Downloaded ddoresolver-rs v0.4.5
[INFO] [stderr]   Downloaded array-init v0.0.4
[INFO] [stderr]   Downloaded libaes v0.6.4
[INFO] [stderr]   Downloaded keri v0.8.1
[INFO] [stderr]   Downloaded fraction v0.9.0
[INFO] [stderr]   Downloaded bbs v0.4.1
[INFO] [stderr]   Downloaded fake v2.5.0
[INFO] [stderr]   Downloaded der v0.4.5
[INFO] [stderr]   Downloaded k256 v0.9.6
[INFO] [stderr]   Downloaded hkdf v0.11.0
[INFO] [stderr]   Downloaded fixed v1.23.1
[INFO] [stderr]   Downloaded sled v0.34.7
[INFO] [stderr]   Downloaded pairing-plus v0.19.0
[INFO] [stderr]   Downloaded sodiumoxide v0.2.7
[INFO] [stderr]   Downloaded libsodium-sys v0.2.7
[INFO] running `Command { std: "docker" "create" "-v" "/var/lib/crater-agent-workspace/builds/worker-7-tc1/target:/opt/rustwide/target:rw,Z" "-v" "/var/lib/crater-agent-workspace/builds/worker-7-tc1/source:/opt/rustwide/workdir:ro,Z" "-v" "/var/lib/crater-agent-workspace/cargo-home:/opt/rustwide/cargo-home:ro,Z" "-v" "/var/lib/crater-agent-workspace/rustup-home:/opt/rustwide/rustup-home:ro,Z" "-e" "SOURCE_DIR=/opt/rustwide/workdir" "-e" "CARGO_TARGET_DIR=/opt/rustwide/target" "-e" "CARGO_HOME=/opt/rustwide/cargo-home" "-e" "RUSTUP_HOME=/opt/rustwide/rustup-home" "-w" "/opt/rustwide/workdir" "-m" "1610612736" "--user" "0:0" "--network" "none" "ghcr.io/rust-lang/crates-build-env/linux@sha256:5ff2268d62e97bff2cde7d5815dd6ed5b47097566f13b8d0ca110b04b60e07ed" "/opt/rustwide/cargo-home/bin/cargo" "+1.69.0" "metadata" "--no-deps" "--format-version=1", kill_on_drop: false }`
[INFO] [stdout] c05d88ded2f816d7bea2999fc666d89466d422ccb91c7335b3c7f6404f02eaa1
[INFO] running `Command { std: "docker" "start" "-a" "c05d88ded2f816d7bea2999fc666d89466d422ccb91c7335b3c7f6404f02eaa1", kill_on_drop: false }`
[INFO] running `Command { std: "docker" "inspect" "c05d88ded2f816d7bea2999fc666d89466d422ccb91c7335b3c7f6404f02eaa1", kill_on_drop: false }`
[INFO] running `Command { std: "docker" "rm" "-f" "c05d88ded2f816d7bea2999fc666d89466d422ccb91c7335b3c7f6404f02eaa1", kill_on_drop: false }`
[INFO] [stdout] c05d88ded2f816d7bea2999fc666d89466d422ccb91c7335b3c7f6404f02eaa1
[INFO] running `Command { std: "docker" "create" "-v" "/var/lib/crater-agent-workspace/builds/worker-7-tc1/target:/opt/rustwide/target:rw,Z" "-v" "/var/lib/crater-agent-workspace/builds/worker-7-tc1/source:/opt/rustwide/workdir:ro,Z" "-v" "/var/lib/crater-agent-workspace/cargo-home:/opt/rustwide/cargo-home:ro,Z" "-v" "/var/lib/crater-agent-workspace/rustup-home:/opt/rustwide/rustup-home:ro,Z" "-e" "SOURCE_DIR=/opt/rustwide/workdir" "-e" "CARGO_TARGET_DIR=/opt/rustwide/target" "-e" "CARGO_INCREMENTAL=0" "-e" "RUST_BACKTRACE=full" "-e" "RUSTFLAGS=--cap-lints=warn" "-e" "RUSTDOCFLAGS=--cap-lints=warn" "-e" "CARGO_HOME=/opt/rustwide/cargo-home" "-e" "RUSTUP_HOME=/opt/rustwide/rustup-home" "-w" "/opt/rustwide/workdir" "-m" "1610612736" "--user" "0:0" "--network" "none" "ghcr.io/rust-lang/crates-build-env/linux@sha256:5ff2268d62e97bff2cde7d5815dd6ed5b47097566f13b8d0ca110b04b60e07ed" "/opt/rustwide/cargo-home/bin/cargo" "+1.69.0" "build" "--frozen" "--message-format=json", kill_on_drop: false }`
[INFO] [stdout] 1b653fe04079e0c27857c802b2858937897d6aaaff85d32b092a7231959fbd6e
[INFO] running `Command { std: "docker" "start" "-a" "1b653fe04079e0c27857c802b2858937897d6aaaff85d32b092a7231959fbd6e", kill_on_drop: false }`
[INFO] [stderr]    Compiling typenum v1.16.0
[INFO] [stderr]    Compiling libc v0.2.142
[INFO] [stderr]    Compiling proc-macro2 v1.0.56
[INFO] [stderr]    Compiling generic-array v0.14.7
[INFO] [stderr]    Compiling subtle v2.4.1
[INFO] [stderr]    Compiling serde_derive v1.0.160
[INFO] [stderr]    Compiling serde v1.0.160
[INFO] [stderr]    Compiling num-traits v0.2.15
[INFO] [stderr]    Compiling opaque-debug v0.3.0
[INFO] [stderr]    Compiling getrandom v0.1.16
[INFO] [stderr]    Compiling num-integer v0.1.45
[INFO] [stderr]    Compiling cpufeatures v0.2.7
[INFO] [stderr]    Compiling byteorder v1.4.3
[INFO] [stderr]    Compiling memchr v2.5.0
[INFO] [stderr]    Compiling num-bigint v0.2.6
[INFO] [stderr]    Compiling syn v1.0.109
[INFO] [stderr]    Compiling block-padding v0.2.1
[INFO] [stderr]    Compiling quote v1.0.26
[INFO] [stderr]    Compiling syn v2.0.15
[INFO] [stderr]    Compiling ppv-lite86 v0.2.17
[INFO] [stderr]    Compiling crunchy v0.2.2
[INFO] [stderr]    Compiling const-oid v0.6.2
[INFO] [stderr]    Compiling der v0.4.5
[INFO] [stderr]    Compiling getrandom v0.2.9
[INFO] [stderr]    Compiling rand_core v0.6.4
[INFO] [stderr]    Compiling rand_core v0.5.1
[INFO] [stderr]    Compiling generic-array v0.12.4
[INFO] [stderr]    Compiling spki v0.4.1
[INFO] [stderr]    Compiling ff v0.10.1
[INFO] [stderr]    Compiling digest v0.8.1
[INFO] [stderr]    Compiling group v0.10.0
[INFO] [stderr]    Compiling pkcs8 v0.7.6
[INFO] [stderr]    Compiling rand_chacha v0.2.2
[INFO] [stderr]    Compiling subtle v1.0.0
[INFO] [stderr]    Compiling digest v0.9.0
[INFO] [stderr]    Compiling block-buffer v0.9.0
[INFO] [stderr]    Compiling crypto-mac v0.11.1
[INFO] [stderr]    Compiling crypto-mac v0.8.0
[INFO] [stderr]    Compiling byte-tools v0.3.1
[INFO] [stderr]    Compiling signature v1.3.2
[INFO] [stderr]    Compiling sha2 v0.9.9
[INFO] [stderr]    Compiling hmac v0.11.0
[INFO] [stderr]    Compiling libsecp256k1-core v0.2.2
[INFO] [stderr]    Compiling rand v0.7.3
[INFO] [stderr]    Compiling crypto-mac v0.7.0
[INFO] [stderr]    Compiling backtrace v0.3.67
[INFO] [stderr]    Compiling num-rational v0.2.4
[INFO] [stderr]    Compiling num-complex v0.2.4
[INFO] [stderr]    Compiling memoffset v0.8.0
[INFO] [stderr]    Compiling num-iter v0.1.43
[INFO] [stderr]    Compiling parking_lot_core v0.8.6
[INFO] [stderr]    Compiling arrayref v0.3.7
[INFO] [stderr]    Compiling ryu v1.0.13
[INFO] [stderr]    Compiling paste v1.0.12
[INFO] [stderr]    Compiling maybe-uninit v2.0.0
[INFO] [stderr]    Compiling unicode-xid v0.2.4
[INFO] [stderr]    Compiling crossbeam-utils v0.8.15
[INFO] [stderr]    Compiling gimli v0.27.2
[INFO] [stderr]    Compiling failure_derive v0.1.8
[INFO] [stderr]    Compiling libsecp256k1-gen-genmult v0.2.1
[INFO] [stderr]    Compiling libsecp256k1-gen-ecmult v0.2.1
[INFO] [stderr]    Compiling miniz_oxide v0.6.2
[INFO] [stderr]    Compiling universal-hash v0.4.1
[INFO] [stderr]    Compiling cipher v0.3.0
[INFO] [stderr]    Compiling object v0.30.3
[INFO] [stderr]    Compiling instant v0.1.12
[INFO] [stderr]    Compiling crossbeam-epoch v0.9.14
[INFO] [stderr]    Compiling rustc-demangle v0.1.23
[INFO] [stderr]    Compiling opaque-debug v0.2.3
[INFO] [stderr]    Compiling io-lifetimes v1.0.10
[INFO] [stderr]    Compiling lexical-core v0.7.6
[INFO] [stderr]    Compiling serde_json v1.0.96
[INFO] [stderr]    Compiling smallvec v1.10.0
[INFO] [stderr]    Compiling az v1.2.1
[INFO] [stderr]    Compiling libsecp256k1 v0.5.0
[INFO] [stderr]    Compiling synstructure v0.12.6
[INFO] [stderr]    Compiling hmac v0.7.1
[INFO] [stderr]    Compiling ed25519 v1.5.3
[INFO] [stderr]    Compiling hmac v0.8.1
[INFO] [stderr]    Compiling rand_xorshift v0.2.0
[INFO] [stderr]    Compiling rand v0.4.6
[INFO] [stderr]    Compiling blake3 v1.3.3
[INFO] [stderr]    Compiling nom v5.1.3
[INFO] [stderr]    Compiling fixed v1.23.1
[INFO] [stderr]    Compiling itoa v1.0.6
[INFO] [stderr]    Compiling arrayvec v0.5.2
[INFO] [stderr]    Compiling nodrop v0.1.14
[INFO] [stderr]    Compiling rustix v0.37.18
[INFO] [stderr]    Compiling addr2line v0.19.0
[INFO] [stderr]    Compiling base64 v0.13.1
[INFO] [stderr]    Compiling array-init v0.0.4
[INFO] [stderr]    Compiling rmp v0.8.11
[INFO] [stderr]    Compiling hmac-drbg v0.3.0
[INFO] [stderr]    Compiling hkdf v0.8.0
[INFO] [stderr]    Compiling smallvec v0.6.14
[INFO] [stderr]    Compiling parking_lot v0.11.2
[INFO] [stderr]    Compiling blake2 v0.8.1
[INFO] [stderr]    Compiling zeroize_derive v1.4.2
[INFO] [stderr]    Compiling thiserror-impl v1.0.40
[INFO] [stderr]    Compiling fs2 v0.4.3
[INFO] [stderr]    Compiling time v0.1.45
[INFO] [stderr]    Compiling aho-corasick v1.0.1
[INFO] [stderr]    Compiling fxhash v0.2.1
[INFO] [stderr]    Compiling iana-time-zone v0.1.56
[INFO] [stderr]    Compiling linux-raw-sys v0.3.6
[INFO] [stderr]    Compiling regex-syntax v0.7.1
[INFO] [stderr]    Compiling constant_time_eq v0.2.5
[INFO] [stderr]    Compiling failure v0.1.8
[INFO] [stderr]    Compiling zeroize v1.3.0
[INFO] [stderr]    Compiling bytemuck v1.13.1
[INFO] [stderr]    Compiling crypto-bigint v0.2.11
[INFO] [stderr]    Compiling curve25519-dalek v3.2.1
[INFO] [stderr]    Compiling base64 v0.12.3
[INFO] [stderr]    Compiling half v1.8.2
[INFO] [stderr]    Compiling arrayvec v0.7.2
[INFO] [stderr]    Compiling elliptic-curve v0.10.6
[INFO] [stderr]    Compiling keccak v0.1.3
[INFO] [stderr]    Compiling half v2.2.1
[INFO] [stderr]    Compiling ecdsa v0.12.4
[INFO] [stderr]    Compiling sha3 v0.9.1
[INFO] [stderr]    Compiling p256 v0.9.0
[INFO] [stderr]    Compiling k256 v0.9.6
[INFO] [stderr]    Compiling thiserror v1.0.40
[INFO] [stderr]    Compiling x25519-dalek v1.2.0
[INFO] [stderr]    Compiling sled v0.34.7
[INFO] [stderr]    Compiling regex v1.8.1
[INFO] [stderr]    Compiling did_url v0.1.0
[INFO] [stderr]    Compiling polyval v0.5.3
[INFO] [stderr]    Compiling hkdf v0.11.0
[INFO] [stderr]    Compiling blake2 v0.9.2
[INFO] [stderr]    Compiling block-padding v0.1.5
[INFO] [stderr]    Compiling aead v0.4.3
[INFO] [stderr]    Compiling itoa v0.4.8
[INFO] [stderr]    Compiling bs58 v0.4.0
[INFO] [stderr]    Compiling fastrand v1.9.0
[INFO] [stderr]    Compiling block-buffer v0.7.3
[INFO] [stderr]    Compiling tempfile v3.5.0
[INFO] [stderr]    Compiling ghash v0.4.4
[INFO] [stderr]    Compiling chacha20 v0.7.3
[INFO] [stderr]    Compiling base64-url v1.4.13
[INFO] [stderr]    Compiling aes v0.7.5
[INFO] [stderr]    Compiling ctr v0.8.0
[INFO] [stderr]    Compiling poly1305 v0.7.2
[INFO] [stderr]    Compiling rand_chacha v0.3.1
[INFO] [stderr]    Compiling atty v0.2.14
[INFO] [stderr]    Compiling fake-simd v0.1.2
[INFO] [stderr]    Compiling humantime v2.1.0
[INFO] [stderr]    Compiling base58 v0.2.0
[INFO] [stderr]    Compiling termcolor v1.2.0
[INFO] [stderr]    Compiling aes-gcm v0.9.4
[INFO] [stderr]    Compiling sha2 v0.8.2
[INFO] [stderr]    Compiling env_logger v0.9.3
[INFO] [stderr]    Compiling rand v0.8.5
[INFO] [stderr]    Compiling chacha20poly1305 v0.8.2
[INFO] [stderr]    Compiling uuid v0.8.2
[INFO] [stderr]    Compiling libaes v0.6.4
[INFO] [stderr]    Compiling ed25519-dalek v1.0.1
[INFO] [stderr]    Compiling hex v0.4.3
[INFO] [stderr]    Compiling rmp-serde v0.15.5
[INFO] [stderr]    Compiling serde_cbor v0.11.2
[INFO] [stderr]    Compiling chrono v0.4.24
[INFO] [stderr]    Compiling serde-hex v0.1.0
[INFO] [stderr]    Compiling ff_derive-zeroize v0.6.2
[INFO] [stderr]    Compiling num v0.2.1
[INFO] [stderr]    Compiling fraction v0.9.0
[INFO] [stderr]    Compiling ff-zeroize v0.6.3
[INFO] [stderr]    Compiling pairing-plus v0.19.0
[INFO] [stderr]    Compiling bbs v0.4.1
[INFO] [stderr]    Compiling keri v0.8.1
[INFO] [stderr]    Compiling did-key v0.0.15
[INFO] [stderr]    Compiling ddoresolver-rs v0.4.5
[INFO] [stderr]    Compiling didcomm-rs v0.7.2 (/opt/rustwide/workdir)
[INFO] [stderr]     Finished dev [unoptimized + debuginfo] target(s) in 2m 21s
[INFO] running `Command { std: "docker" "inspect" "1b653fe04079e0c27857c802b2858937897d6aaaff85d32b092a7231959fbd6e", kill_on_drop: false }`
[INFO] running `Command { std: "docker" "rm" "-f" "1b653fe04079e0c27857c802b2858937897d6aaaff85d32b092a7231959fbd6e", kill_on_drop: false }`
[INFO] [stdout] 1b653fe04079e0c27857c802b2858937897d6aaaff85d32b092a7231959fbd6e
[INFO] running `Command { std: "docker" "create" "-v" "/var/lib/crater-agent-workspace/builds/worker-7-tc1/target:/opt/rustwide/target:rw,Z" "-v" "/var/lib/crater-agent-workspace/builds/worker-7-tc1/source:/opt/rustwide/workdir:ro,Z" "-v" "/var/lib/crater-agent-workspace/cargo-home:/opt/rustwide/cargo-home:ro,Z" "-v" "/var/lib/crater-agent-workspace/rustup-home:/opt/rustwide/rustup-home:ro,Z" "-e" "SOURCE_DIR=/opt/rustwide/workdir" "-e" "CARGO_TARGET_DIR=/opt/rustwide/target" "-e" "CARGO_INCREMENTAL=0" "-e" "RUST_BACKTRACE=full" "-e" "RUSTFLAGS=--cap-lints=warn" "-e" "RUSTDOCFLAGS=--cap-lints=warn" "-e" "CARGO_HOME=/opt/rustwide/cargo-home" "-e" "RUSTUP_HOME=/opt/rustwide/rustup-home" "-w" "/opt/rustwide/workdir" "-m" "1610612736" "--user" "0:0" "--network" "none" "ghcr.io/rust-lang/crates-build-env/linux@sha256:5ff2268d62e97bff2cde7d5815dd6ed5b47097566f13b8d0ca110b04b60e07ed" "/opt/rustwide/cargo-home/bin/cargo" "+1.69.0" "test" "--frozen" "--no-run" "--message-format=json", kill_on_drop: false }`
[INFO] [stdout] e7c78149d1a42e6d35c0af70ec9c2061a89dd9ab456d0ad87637fb73f7f1e68f
[INFO] running `Command { std: "docker" "start" "-a" "e7c78149d1a42e6d35c0af70ec9c2061a89dd9ab456d0ad87637fb73f7f1e68f", kill_on_drop: false }`
[INFO] [stderr]    Compiling same-file v1.0.6
[INFO] [stderr]    Compiling crypto-common v0.1.6
[INFO] [stderr]    Compiling block-buffer v0.10.4
[INFO] [stderr]    Compiling atomic v0.5.1
[INFO] [stderr]    Compiling pkg-config v0.3.26
[INFO] [stderr]    Compiling cargo-husky v1.5.0
[INFO] [stderr]    Compiling sha1_smol v1.0.0
[INFO] [stderr]    Compiling env_logger v0.8.4
[INFO] [stderr]    Compiling walkdir v2.3.3
[INFO] [stderr]    Compiling digest v0.10.6
[INFO] [stderr]    Compiling quickcheck_macros v1.0.0
[INFO] [stderr]    Compiling md-5 v0.10.5
[INFO] [stderr]    Compiling quickcheck v1.0.3
[INFO] [stderr]    Compiling libsodium-sys v0.2.7
[INFO] [stderr]    Compiling uuid v1.3.2
[INFO] [stderr]    Compiling fake v2.5.0
[INFO] [stderr]    Compiling sodiumoxide v0.2.7
[INFO] [stderr]    Compiling didcomm-rs v0.7.2 (/opt/rustwide/workdir)
[INFO] [stdout] error[E0432]: unresolved import `utilities`
[INFO] [stdout]   --> tests/jwe_envelopes.rs:10:5
[INFO] [stdout]    |
[INFO] [stdout] 10 | use utilities::{get_keypair_set, KeyPairSet};
[INFO] [stdout]    |     ^^^^^^^^^ use of undeclared crate or module `utilities`
[INFO] [stdout] 
[INFO] [stdout] 
[INFO] [stdout] error[E0432]: unresolved import `utilities`
[INFO] [stdout]   --> tests/send_receive.rs:11:5
[INFO] [stdout]    |
[INFO] [stdout] 11 | use utilities::{get_keypair_set, KeyPairSet};
[INFO] [stdout]    |     ^^^^^^^^^ use of undeclared crate or module `utilities`
[INFO] [stdout] 
[INFO] [stdout] 
[INFO] [stdout] error: aborting due to previous error
[INFO] [stdout] 
[INFO] [stdout] 
[INFO] [stdout] For more information about this error, try `rustc --explain E0432`.
[INFO] [stdout] 
[INFO] [stdout] error: aborting due to previous error
[INFO] [stdout] 
[INFO] [stdout] 
[INFO] [stdout] For more information about this error, try `rustc --explain E0432`.
[INFO] [stdout] 
[INFO] [stderr] error: could not compile `didcomm-rs` due to 2 previous errors
[INFO] [stderr] warning: build failed, waiting for other jobs to finish...
[INFO] [stdout] error[E0432]: unresolved import `utilities`
[INFO] [stdout]   --> tests/message_type.rs:12:5
[INFO] [stdout]    |
[INFO] [stdout] 12 | use utilities::{get_keypair_set, KeyPairSet};
[INFO] [stdout]    |     ^^^^^^^^^ use of undeclared crate or module `utilities`
[INFO] [stdout] 
[INFO] [stdout] 
[INFO] [stderr] error: could not compile `didcomm-rs` due to 2 previous errors
[INFO] [stdout] error: aborting due to previous error
[INFO] [stdout] 
[INFO] [stdout] 
[INFO] [stdout] For more information about this error, try `rustc --explain E0432`.
[INFO] [stdout] 
[INFO] [stderr] error: could not compile `didcomm-rs` due to 2 previous errors
[INFO] [stdout] error[E0432]: unresolved import `utilities`
[INFO] [stdout]    --> src/messages/message.rs:691:9
[INFO] [stdout]     |
[INFO] [stdout] 691 |     use utilities::{get_keypair_set, KeyPairSet};
[INFO] [stdout]     |         ^^^^^^^^^ use of undeclared crate or module `utilities`
[INFO] [stdout] 
[INFO] [stdout] 
[INFO] [stdout] error[E0277]: the trait bound `Uuid: Dummy<UUIDv4>` is not satisfied
[INFO] [stdout]    --> src/messages/headers/decorators.rs:130:34
[INFO] [stdout]     |
[INFO] [stdout] 130 |             let s: Uuid = UUIDv4.fake();
[INFO] [stdout]     |                                  ^^^^ the trait `Dummy<UUIDv4>` is not implemented for `Uuid`
[INFO] [stdout]     |
[INFO] [stdout]     = help: the following other types implement trait `Dummy<T>`:
[INFO] [stdout]               <&str as Dummy<BsAdj<L>>>
[INFO] [stdout]               <&str as Dummy<BsNoun<L>>>
[INFO] [stdout]               <&str as Dummy<BsVerb<L>>>
[INFO] [stdout]               <&str as Dummy<Buzzword<L>>>
[INFO] [stdout]               <&str as Dummy<BuzzwordMiddle<L>>>
[INFO] [stdout]               <&str as Dummy<BuzzwordTail<L>>>
[INFO] [stdout]               <&str as Dummy<CityPrefix<L>>>
[INFO] [stdout]               <&str as Dummy<CitySuffix<L>>>
[INFO] [stdout]             and 352 others
[INFO] [stdout]     = note: required for `UUIDv4` to implement `fake::private::FakeBase<Uuid>`
[INFO] [stdout] note: required by a bound in `fake`
[INFO] [stdout]    --> /opt/rustwide/cargo-home/registry/src/github.com-1ecc6299db9ec823/fake-2.5.0/src/lib.rs:186:15
[INFO] [stdout]     |
[INFO] [stdout] 186 |         Self: private::FakeBase<U>,
[INFO] [stdout]     |               ^^^^^^^^^^^^^^^^^^^^ required by this bound in `Fake::fake`
[INFO] [stdout] 
[INFO] [stdout] 
[INFO] [stdout] error[E0277]: the trait bound `Uuid: Dummy<UUIDv4>` is not satisfied
[INFO] [stdout]    --> src/messages/headers/decorators.rs:137:34
[INFO] [stdout]     |
[INFO] [stdout] 137 |             let s: Uuid = UUIDv4.fake();
[INFO] [stdout]     |                                  ^^^^ the trait `Dummy<UUIDv4>` is not implemented for `Uuid`
[INFO] [stdout]     |
[INFO] [stdout]     = help: the following other types implement trait `Dummy<T>`:
[INFO] [stdout]               <&str as Dummy<BsAdj<L>>>
[INFO] [stdout]               <&str as Dummy<BsNoun<L>>>
[INFO] [stdout]               <&str as Dummy<BsVerb<L>>>
[INFO] [stdout]               <&str as Dummy<Buzzword<L>>>
[INFO] [stdout]               <&str as Dummy<BuzzwordMiddle<L>>>
[INFO] [stdout]               <&str as Dummy<BuzzwordTail<L>>>
[INFO] [stdout]               <&str as Dummy<CityPrefix<L>>>
[INFO] [stdout]               <&str as Dummy<CitySuffix<L>>>
[INFO] [stdout]             and 352 others
[INFO] [stdout]     = note: required for `UUIDv4` to implement `fake::private::FakeBase<Uuid>`
[INFO] [stdout] note: required by a bound in `fake`
[INFO] [stdout]    --> /opt/rustwide/cargo-home/registry/src/github.com-1ecc6299db9ec823/fake-2.5.0/src/lib.rs:186:15
[INFO] [stdout]     |
[INFO] [stdout] 186 |         Self: private::FakeBase<U>,
[INFO] [stdout]     |               ^^^^^^^^^^^^^^^^^^^^ required by this bound in `Fake::fake`
[INFO] [stdout] 
[INFO] [stdout] 
[INFO] [stdout] error: aborting due to 3 previous errors
[INFO] [stdout] 
[INFO] [stdout] 
[INFO] [stdout] Some errors have detailed explanations: E0277, E0432.
[INFO] [stdout] 
[INFO] [stdout] For more information about an error, try `rustc --explain E0277`.
[INFO] [stdout] 
[INFO] [stderr] error: could not compile `didcomm-rs` due to 4 previous errors
[INFO] running `Command { std: "docker" "inspect" "e7c78149d1a42e6d35c0af70ec9c2061a89dd9ab456d0ad87637fb73f7f1e68f", kill_on_drop: false }`
[INFO] running `Command { std: "docker" "rm" "-f" "e7c78149d1a42e6d35c0af70ec9c2061a89dd9ab456d0ad87637fb73f7f1e68f", kill_on_drop: false }`
[INFO] [stdout] e7c78149d1a42e6d35c0af70ec9c2061a89dd9ab456d0ad87637fb73f7f1e68f
