[INFO] fetching crate dialtone_axum 0.1.0...
[INFO] testing dialtone_axum-0.1.0 against 1.69.0 for beta-1.70-1
[INFO] extracting crate dialtone_axum 0.1.0 into /workspace/builds/worker-7-tc1/source
[INFO] validating manifest of crates.io crate dialtone_axum 0.1.0 on toolchain 1.69.0
[INFO] running `Command { std: CARGO_HOME="/workspace/cargo-home" RUSTUP_HOME="/workspace/rustup-home" "/workspace/cargo-home/bin/cargo" "+1.69.0" "metadata" "--manifest-path" "Cargo.toml" "--no-deps", kill_on_drop: false }`
[INFO] started tweaking crates.io crate dialtone_axum 0.1.0
[INFO] finished tweaking crates.io crate dialtone_axum 0.1.0
[INFO] tweaked toml for crates.io crate dialtone_axum 0.1.0 written to /workspace/builds/worker-7-tc1/source/Cargo.toml
[INFO] running `Command { std: CARGO_HOME="/workspace/cargo-home" RUSTUP_HOME="/workspace/rustup-home" __CARGO_TEST_CHANNEL_OVERRIDE_DO_NOT_USE_THIS="nightly" "/workspace/cargo-home/bin/cargo" "+1.69.0" "generate-lockfile" "--manifest-path" "Cargo.toml" "-Zno-index-update", kill_on_drop: false }`
[INFO] [stderr]     Blocking waiting for file lock on package cache
[INFO] running `Command { std: CARGO_HOME="/workspace/cargo-home" RUSTUP_HOME="/workspace/rustup-home" "/workspace/cargo-home/bin/cargo" "+1.69.0" "fetch" "--manifest-path" "Cargo.toml", kill_on_drop: false }`
[INFO] [stderr]     Blocking waiting for file lock on package cache
[INFO] [stderr]  Downloading crates ...
[INFO] [stderr]   Downloaded sqlx-macros v0.5.11
[INFO] [stderr]   Downloaded sqlformat v0.1.8
[INFO] [stderr]   Downloaded cron v0.10.1
[INFO] [stderr]   Downloaded webpki-roots v0.21.1
[INFO] [stderr]   Downloaded sqlx-rt v0.5.13
[INFO] [stderr]   Downloaded sqlx-core v0.5.11
[INFO] [stderr]   Downloaded atoi v0.4.0
[INFO] [stderr]   Downloaded validator v0.15.0
[INFO] [stderr]   Downloaded jsonwebtoken v8.3.0
[INFO] [stderr]   Downloaded const_format v0.2.30
[INFO] [stderr]   Downloaded const_format_proc_macros v0.2.29
[INFO] [stderr]   Downloaded blowfish v0.9.1
[INFO] [stderr]   Downloaded serde_variant v0.1.2
[INFO] [stderr]   Downloaded bcrypt v0.13.0
[INFO] [stderr]   Downloaded validator_derive v0.15.0
[INFO] [stderr]   Downloaded validator_types v0.15.0
[INFO] [stderr]   Downloaded crypto-mac v0.11.0
[INFO] [stderr]   Downloaded sqlx v0.5.11
[INFO] [stderr]   Downloaded md-5 v0.9.1
[INFO] [stderr]   Downloaded tokio-cron-scheduler v0.7.6
[INFO] [stderr]   Downloaded dialtone_common v0.1.0
[INFO] [stderr]   Downloaded lol_html v0.3.3
[INFO] [stderr]   Downloaded dialtone_sqlx_macros v0.1.0
[INFO] [stderr]   Downloaded dialtone_sqlx v0.1.0
[INFO] running `Command { std: "docker" "create" "-v" "/var/lib/crater-agent-workspace/builds/worker-7-tc1/target:/opt/rustwide/target:rw,Z" "-v" "/var/lib/crater-agent-workspace/builds/worker-7-tc1/source:/opt/rustwide/workdir:ro,Z" "-v" "/var/lib/crater-agent-workspace/cargo-home:/opt/rustwide/cargo-home:ro,Z" "-v" "/var/lib/crater-agent-workspace/rustup-home:/opt/rustwide/rustup-home:ro,Z" "-e" "SOURCE_DIR=/opt/rustwide/workdir" "-e" "CARGO_TARGET_DIR=/opt/rustwide/target" "-e" "CARGO_HOME=/opt/rustwide/cargo-home" "-e" "RUSTUP_HOME=/opt/rustwide/rustup-home" "-w" "/opt/rustwide/workdir" "-m" "1610612736" "--user" "0:0" "--network" "none" "ghcr.io/rust-lang/crates-build-env/linux@sha256:5ff2268d62e97bff2cde7d5815dd6ed5b47097566f13b8d0ca110b04b60e07ed" "/opt/rustwide/cargo-home/bin/cargo" "+1.69.0" "metadata" "--no-deps" "--format-version=1", kill_on_drop: false }`
[INFO] [stdout] 80d8e200d0495298fda5c20192fc760d201fae6b8e82c20d32178675e034688f
[INFO] running `Command { std: "docker" "start" "-a" "80d8e200d0495298fda5c20192fc760d201fae6b8e82c20d32178675e034688f", kill_on_drop: false }`
[INFO] running `Command { std: "docker" "inspect" "80d8e200d0495298fda5c20192fc760d201fae6b8e82c20d32178675e034688f", kill_on_drop: false }`
[INFO] running `Command { std: "docker" "rm" "-f" "80d8e200d0495298fda5c20192fc760d201fae6b8e82c20d32178675e034688f", kill_on_drop: false }`
[INFO] [stdout] 80d8e200d0495298fda5c20192fc760d201fae6b8e82c20d32178675e034688f
[INFO] running `Command { std: "docker" "create" "-v" "/var/lib/crater-agent-workspace/builds/worker-7-tc1/target:/opt/rustwide/target:rw,Z" "-v" "/var/lib/crater-agent-workspace/builds/worker-7-tc1/source:/opt/rustwide/workdir:ro,Z" "-v" "/var/lib/crater-agent-workspace/cargo-home:/opt/rustwide/cargo-home:ro,Z" "-v" "/var/lib/crater-agent-workspace/rustup-home:/opt/rustwide/rustup-home:ro,Z" "-e" "SOURCE_DIR=/opt/rustwide/workdir" "-e" "CARGO_TARGET_DIR=/opt/rustwide/target" "-e" "CARGO_INCREMENTAL=0" "-e" "RUST_BACKTRACE=full" "-e" "RUSTFLAGS=--cap-lints=warn" "-e" "RUSTDOCFLAGS=--cap-lints=warn" "-e" "CARGO_HOME=/opt/rustwide/cargo-home" "-e" "RUSTUP_HOME=/opt/rustwide/rustup-home" "-w" "/opt/rustwide/workdir" "-m" "1610612736" "--user" "0:0" "--network" "none" "ghcr.io/rust-lang/crates-build-env/linux@sha256:5ff2268d62e97bff2cde7d5815dd6ed5b47097566f13b8d0ca110b04b60e07ed" "/opt/rustwide/cargo-home/bin/cargo" "+1.69.0" "build" "--frozen" "--message-format=json", kill_on_drop: false }`
[INFO] [stdout] c85967074b146c6a94906498aa193e3389a567527d6623e4a8fb614f869d9823
[INFO] running `Command { std: "docker" "start" "-a" "c85967074b146c6a94906498aa193e3389a567527d6623e4a8fb614f869d9823", kill_on_drop: false }`
[INFO] [stderr]     Blocking waiting for file lock on package cache
[INFO] [stderr]    Compiling libc v0.2.142
[INFO] [stderr]    Compiling cfg-if v1.0.0
[INFO] [stderr]    Compiling version_check v0.9.4
[INFO] [stderr]    Compiling autocfg v1.1.0
[INFO] [stderr]    Compiling typenum v1.16.0
[INFO] [stderr]    Compiling syn v1.0.109
[INFO] [stderr]    Compiling spin v0.5.2
[INFO] [stderr]    Compiling syn v2.0.15
[INFO] [stderr]    Compiling once_cell v1.17.1
[INFO] [stderr]    Compiling smallvec v1.10.0
[INFO] [stderr]    Compiling generic-array v0.14.7
[INFO] [stderr]    Compiling cc v1.0.79
[INFO] [stderr]    Compiling bytes v1.4.0
[INFO] [stderr]    Compiling serde_derive v1.0.160
[INFO] [stderr]    Compiling log v0.4.17
[INFO] [stderr]    Compiling itoa v1.0.6
[INFO] [stderr]    Compiling serde v1.0.160
[INFO] [stderr]    Compiling ppv-lite86 v0.2.17
[INFO] [stderr]    Compiling getrandom v0.2.9
[INFO] [stderr]    Compiling untrusted v0.7.1
[INFO] [stderr]    Compiling lock_api v0.4.9
[INFO] [stderr]    Compiling num_cpus v1.15.0
[INFO] [stderr]    Compiling socket2 v0.4.9
[INFO] [stderr]    Compiling futures-core v0.3.28
[INFO] [stderr]    Compiling libm v0.2.6
[INFO] [stderr]    Compiling memchr v2.5.0
[INFO] [stderr]    Compiling scopeguard v1.1.0
[INFO] [stderr]    Compiling num-traits v0.2.15
[INFO] [stderr]    Compiling base64 v0.13.1
[INFO] [stderr]    Compiling getrandom v0.1.16
[INFO] [stderr]    Compiling num-integer v0.1.45
[INFO] [stderr]    Compiling subtle v2.5.0
[INFO] [stderr]    Compiling parking_lot_core v0.9.7
[INFO] [stderr]    Compiling rand_core v0.5.1
[INFO] [stderr]    Compiling tokio v1.28.0
[INFO] [stderr]    Compiling tinyvec_macros v0.1.1
[INFO] [stderr]    Compiling futures-task v0.3.28
[INFO] [stderr]    Compiling tinyvec v1.6.0
[INFO] [stderr]    Compiling parking_lot v0.12.1
[INFO] [stderr]    Compiling ring v0.16.20
[INFO] [stderr]    Compiling mio v0.8.6
[INFO] [stderr]    Compiling signal-hook-registry v1.4.1
[INFO] [stderr]    Compiling ahash v0.7.6
[INFO] [stderr]    Compiling ryu v1.0.13
[INFO] [stderr]    Compiling serde_json v1.0.96
[INFO] [stderr]    Compiling futures-util v0.3.28
[INFO] [stderr]    Compiling cpufeatures v0.2.7
[INFO] [stderr]    Compiling unicode-normalization v0.1.22
[INFO] [stderr]    Compiling rand_pcg v0.2.1
[INFO] [stderr]    Compiling rand_chacha v0.2.2
[INFO] [stderr]    Compiling proc-macro-hack v0.5.20+deprecated
[INFO] [stderr]    Compiling percent-encoding v2.2.0
[INFO] [stderr]    Compiling opaque-debug v0.3.0
[INFO] [stderr]    Compiling unicode-bidi v0.3.13
[INFO] [stderr]    Compiling siphasher v0.3.10
[INFO] [stderr]    Compiling form_urlencoded v1.1.0
[INFO] [stderr]    Compiling phf_shared v0.8.0
[INFO] [stderr]    Compiling rand v0.7.3
[INFO] [stderr]    Compiling tokio-macros v2.1.0
[INFO] [stderr]    Compiling rand_core v0.6.4
[INFO] [stderr]    Compiling byteorder v1.4.3
[INFO] [stderr]    Compiling iana-time-zone v0.1.56
[INFO] [stderr]    Compiling thiserror v1.0.40
[INFO] [stderr]    Compiling rand_chacha v0.3.1
[INFO] [stderr]    Compiling phf_generator v0.8.0
[INFO] [stderr]    Compiling thiserror-impl v1.0.40
[INFO] [stderr]    Compiling crypto-common v0.1.6
[INFO] [stderr]    Compiling lazy_static v1.4.0
[INFO] [stderr]    Compiling parking_lot_core v0.8.6
[INFO] [stderr]    Compiling minimal-lexical v0.2.1
[INFO] [stderr]    Compiling webpki v0.21.4
[INFO] [stderr]    Compiling nom v7.1.3
[INFO] [stderr]    Compiling idna v0.3.0
[INFO] [stderr]    Compiling digest v0.9.0
[INFO] [stderr]    Compiling tracing-core v0.1.30
[INFO] [stderr]    Compiling instant v0.1.12
[INFO] [stderr]    Compiling fnv v1.0.7
[INFO] [stderr]    Compiling bitflags v1.3.2
[INFO] [stderr]    Compiling crossbeam-utils v0.8.15
[INFO] [stderr]    Compiling http v0.2.9
[INFO] [stderr]    Compiling sct v0.6.1
[INFO] [stderr]    Compiling tracing-attributes v0.1.24
[INFO] [stderr]    Compiling block-buffer v0.9.0
[INFO] [stderr]    Compiling time v0.1.45
[INFO] [stderr]    Compiling indexmap v1.9.3
[INFO] [stderr]    Compiling crossbeam-queue v0.3.8
[INFO] [stderr]    Compiling base64ct v1.6.0
[INFO] [stderr]    Compiling paste v1.0.12
[INFO] [stderr]    Compiling futures-channel v0.3.28
[INFO] [stderr]    Compiling pem-rfc7468 v0.3.1
[INFO] [stderr]    Compiling rustls v0.19.1
[INFO] [stderr]    Compiling parking_lot v0.11.2
[INFO] [stderr]    Compiling tracing v0.1.37
[INFO] [stderr]    Compiling crypto-bigint v0.3.2
[INFO] [stderr]    Compiling block-buffer v0.10.4
[INFO] [stderr]    Compiling dirs-sys v0.3.7
[INFO] [stderr]    Compiling proc-macro-error-attr v1.0.4
[INFO] [stderr]    Compiling matches v0.1.10
[INFO] [stderr]    Compiling unicode_categories v0.1.1
[INFO] [stderr]    Compiling zeroize v1.6.0
[INFO] [stderr]    Compiling crc-catalog v1.1.1
[INFO] [stderr]    Compiling hashbrown v0.12.3
[INFO] [stderr]    Compiling const-oid v0.7.1
[INFO] [stderr]    Compiling crc v2.1.0
[INFO] [stderr]    Compiling either v1.8.1
[INFO] [stderr]    Compiling chrono v0.4.24
[INFO] [stderr]    Compiling der v0.5.1
[INFO] [stderr]    Compiling itertools v0.10.5
[INFO] [stderr]    Compiling tokio-rustls v0.22.0
[INFO] [stderr]    Compiling digest v0.10.5
[INFO] [stderr]    Compiling dirs v4.0.0
[INFO] [stderr]    Compiling hashbrown v0.11.2
[INFO] [stderr]    Compiling sqlformat v0.1.8
[INFO] [stderr]    Compiling futures-intrusive v0.4.2
[INFO] [stderr]    Compiling phf_macros v0.8.0
[INFO] [stderr]    Compiling phf_codegen v0.8.0
[INFO] [stderr]    Compiling rand v0.8.5
[INFO] [stderr]    Compiling cssparser v0.27.2
[INFO] [stderr]    Compiling stringprep v0.1.2
[INFO] [stderr]    Compiling crypto-mac v0.11.0
[INFO] [stderr]    Compiling aho-corasick v1.0.1
[INFO] [stderr]    Compiling num-iter v0.1.43
[INFO] [stderr]    Compiling ahash v0.8.3
[INFO] [stderr]    Compiling proc-macro-error v1.0.4
[INFO] [stderr]    Compiling tower-service v0.3.2
[INFO] [stderr]    Compiling regex-syntax v0.7.1
[INFO] [stderr]    Compiling dtoa v0.4.8
[INFO] [stderr]    Compiling whoami v1.4.0
[INFO] [stderr]    Compiling mime v0.3.17
[INFO] [stderr]    Compiling hex v0.4.3
[INFO] [stderr]    Compiling dtoa-short v0.3.3
[INFO] [stderr]    Compiling phf v0.8.0
[INFO] [stderr]    Compiling hmac v0.11.0
[INFO] [stderr]    Compiling selectors v0.22.0
[INFO] [stderr]    Compiling hashlink v0.7.0
[INFO] [stderr]    Compiling sqlx-rt v0.5.13
[INFO] [stderr]    Compiling spki v0.5.4
[INFO] [stderr]    Compiling tokio-stream v0.1.14
[INFO] [stderr]    Compiling atoi v0.4.0
[INFO] [stderr]    Compiling md-5 v0.9.1
[INFO] [stderr]    Compiling sha2 v0.9.9
[INFO] [stderr]    Compiling sha-1 v0.9.8
[INFO] [stderr]    Compiling http-body v0.4.5
[INFO] [stderr]    Compiling url v2.3.1
[INFO] [stderr]    Compiling regex v1.8.1
[INFO] [stderr]    Compiling webpki-roots v0.21.1
[INFO] [stderr]    Compiling cssparser-macros v0.6.0
[INFO] [stderr]    Compiling pin-project-internal v1.0.12
[INFO] [stderr]    Compiling inout v0.1.3
[INFO] [stderr]    Compiling num-bigint v0.4.3
[INFO] [stderr]    Compiling itoa v0.4.8
[INFO] [stderr]    Compiling stable_deref_trait v1.2.0
[INFO] [stderr]    Compiling convert_case v0.4.0
[INFO] [stderr]    Compiling unicode-segmentation v1.10.1
[INFO] [stderr]    Compiling nodrop v0.1.14
[INFO] [stderr]    Compiling httparse v1.8.0
[INFO] [stderr]    Compiling async-trait v0.1.68
[INFO] [stderr]    Compiling unicode-xid v0.2.4
[INFO] [stderr]    Compiling tower-layer v0.3.2
[INFO] [stderr]    Compiling num-bigint-dig v0.8.2
[INFO] [stderr]    Compiling time-core v0.1.0
[INFO] [stderr]    Compiling const_format_proc_macros v0.2.29
[INFO] [stderr]    Compiling derive_more v0.99.17
[INFO] [stderr]    Compiling time-macros v0.2.8
[INFO] [stderr]    Compiling heck v0.3.3
[INFO] [stderr]    Compiling sqlx-core v0.5.11
[INFO] [stderr]    Compiling servo_arc v0.1.1
[INFO] [stderr]    Compiling pin-project v1.0.12
[INFO] [stderr]    Compiling cipher v0.4.4
[INFO] [stderr]    Compiling pkcs8 v0.8.0
[INFO] [stderr]    Compiling serde_variant v0.1.2
[INFO] [stderr]    Compiling git-version-macro v0.3.5
[INFO] [stderr]    Compiling fxhash v0.2.1
[INFO] [stderr]    Compiling validator_types v0.15.0
[INFO] [stderr]    Compiling if_chain v1.0.2
[INFO] [stderr]    Compiling regex-syntax v0.6.29
[INFO] [stderr]    Compiling thin-slice v0.1.1
[INFO] [stderr]    Compiling precomputed-hash v0.1.1
[INFO] [stderr]    Compiling httpdate v1.0.2
[INFO] [stderr]    Compiling anyhow v1.0.71
[INFO] [stderr]    Compiling dotenv v0.15.0
[INFO] [stderr]    Compiling try-lock v0.2.4
[INFO] [stderr]    Compiling want v0.3.0
[INFO] [stderr]    Compiling validator_derive v0.15.0
[INFO] [stderr]    Compiling time v0.3.20
[INFO] [stderr]    Compiling git-version v0.3.5
[INFO] [stderr]    Compiling hashbrown v0.13.2
[INFO] [stderr]    Compiling const_format v0.2.30
[INFO] [stderr]    Compiling pkcs1 v0.3.3
[INFO] [stderr]    Compiling regex-automata v0.1.10
[INFO] [stderr]    Compiling blowfish v0.9.1
[INFO] [stderr]    Compiling tower v0.4.13
[INFO] [stderr]    Compiling sha1 v0.10.5
[INFO] [stderr]    Compiling idna v0.2.3
[INFO] [stderr]    Compiling headers-core v0.2.0
[INFO] [stderr]    Compiling encoding_rs v0.8.32
[INFO] [stderr]    Compiling safemem v0.3.3
[INFO] [stderr]    Compiling overload v0.1.1
[INFO] [stderr]    Compiling http-range-header v0.3.0
[INFO] [stderr]    Compiling tokio-cron-scheduler v0.7.6
[INFO] [stderr]    Compiling lazycell v1.3.0
[INFO] [stderr]    Compiling bitflags v2.2.1
[INFO] [stderr]    Compiling tower-http v0.3.5
[INFO] [stderr]    Compiling nu-ansi-term v0.46.0
[INFO] [stderr]    Compiling validator v0.15.0
[INFO] [stderr]    Compiling axum-core v0.2.9
[INFO] [stderr]    Compiling headers v0.3.8
[INFO] [stderr]    Compiling simple_asn1 v0.6.2
[INFO] [stderr]    Compiling lol_html v0.3.3
[INFO] [stderr]    Compiling hyper v0.14.26
[INFO] [stderr]    Compiling matchers v0.1.0
[INFO] [stderr]    Compiling bcrypt v0.13.0
[INFO] [stderr]    Compiling rsa v0.6.1
[INFO] [stderr]    Compiling dialtone_common v0.1.0
[INFO] [stderr]    Compiling sqlx-macros v0.5.11
[INFO] [stderr]    Compiling dialtone_sqlx_macros v0.1.0
[INFO] [stderr]    Compiling cron v0.10.1
[INFO] [stderr]    Compiling serde_urlencoded v0.7.1
[INFO] [stderr]    Compiling tracing-log v0.1.3
[INFO] [stderr]    Compiling sharded-slab v0.1.4
[INFO] [stderr]    Compiling num-derive v0.3.3
[INFO] [stderr]    Compiling pem v1.1.1
[INFO] [stderr]    Compiling uuid v1.3.2
[INFO] [stderr]    Compiling thread_local v1.1.7
[INFO] [stderr]    Compiling matchit v0.5.0
[INFO] [stderr]    Compiling md5 v0.7.0
[INFO] [stderr]    Compiling sync_wrapper v0.1.2
[INFO] [stderr]    Compiling base64 v0.21.0
[INFO] [stderr]    Compiling axum v0.5.17
[INFO] [stderr]    Compiling tracing-subscriber v0.3.17
[INFO] [stderr]    Compiling jsonwebtoken v8.3.0
[INFO] [stderr]    Compiling sqlx v0.5.11
[INFO] [stderr]    Compiling dialtone_sqlx v0.1.0
[INFO] [stderr]    Compiling dialtone_axum v0.1.0 (/opt/rustwide/workdir)
[INFO] [stderr]     Finished dev [unoptimized + debuginfo] target(s) in 1m 47s
[INFO] running `Command { std: "docker" "inspect" "c85967074b146c6a94906498aa193e3389a567527d6623e4a8fb614f869d9823", kill_on_drop: false }`
[INFO] running `Command { std: "docker" "rm" "-f" "c85967074b146c6a94906498aa193e3389a567527d6623e4a8fb614f869d9823", kill_on_drop: false }`
[INFO] [stdout] c85967074b146c6a94906498aa193e3389a567527d6623e4a8fb614f869d9823
[INFO] running `Command { std: "docker" "create" "-v" "/var/lib/crater-agent-workspace/builds/worker-7-tc1/target:/opt/rustwide/target:rw,Z" "-v" "/var/lib/crater-agent-workspace/builds/worker-7-tc1/source:/opt/rustwide/workdir:ro,Z" "-v" "/var/lib/crater-agent-workspace/cargo-home:/opt/rustwide/cargo-home:ro,Z" "-v" "/var/lib/crater-agent-workspace/rustup-home:/opt/rustwide/rustup-home:ro,Z" "-e" "SOURCE_DIR=/opt/rustwide/workdir" "-e" "CARGO_TARGET_DIR=/opt/rustwide/target" "-e" "CARGO_INCREMENTAL=0" "-e" "RUST_BACKTRACE=full" "-e" "RUSTFLAGS=--cap-lints=warn" "-e" "RUSTDOCFLAGS=--cap-lints=warn" "-e" "CARGO_HOME=/opt/rustwide/cargo-home" "-e" "RUSTUP_HOME=/opt/rustwide/rustup-home" "-w" "/opt/rustwide/workdir" "-m" "1610612736" "--user" "0:0" "--network" "none" "ghcr.io/rust-lang/crates-build-env/linux@sha256:5ff2268d62e97bff2cde7d5815dd6ed5b47097566f13b8d0ca110b04b60e07ed" "/opt/rustwide/cargo-home/bin/cargo" "+1.69.0" "test" "--frozen" "--no-run" "--message-format=json", kill_on_drop: false }`
[INFO] [stdout] 37903cf168fbf67a438933f1ebfb21c50a0be319aa0872aab87bf81ede6aa960
[INFO] running `Command { std: "docker" "start" "-a" "37903cf168fbf67a438933f1ebfb21c50a0be319aa0872aab87bf81ede6aa960", kill_on_drop: false }`
[INFO] [stderr]    Compiling futures-sink v0.3.28
[INFO] [stderr]    Compiling indexmap v1.9.3
[INFO] [stderr]    Compiling slab v0.4.8
[INFO] [stderr]    Compiling futures-channel v0.3.28
[INFO] [stderr]    Compiling futures-util v0.3.28
[INFO] [stderr]    Compiling tokio-util v0.7.8
[INFO] [stderr]    Compiling sqlx-core v0.5.11
[INFO] [stderr]    Compiling h2 v0.3.18
[INFO] [stderr]    Compiling tower v0.4.13
[INFO] [stderr]    Compiling axum-core v0.2.9
[INFO] [stderr]    Compiling tower-http v0.3.5
[INFO] [stderr]    Compiling hyper v0.14.26
[INFO] [stderr]    Compiling sqlx-macros v0.5.11
[INFO] [stderr]    Compiling axum v0.5.17
[INFO] [stderr]    Compiling sqlx v0.5.11
[INFO] [stderr]    Compiling dialtone_sqlx v0.1.0
[INFO] [stderr]    Compiling dialtone_axum v0.1.0 (/opt/rustwide/workdir)
[INFO] [stdout] error[E0433]: failed to resolve: use of undeclared crate or module `dialtone_reqwest`
[INFO] [stdout]  --> tests/integration/api_v1/authenticate_handlers_tests.rs:2:5
[INFO] [stdout]   |
[INFO] [stdout] 2 | use dialtone_reqwest::api_v1::users::authenticate::authenticate;
[INFO] [stdout]   |     ^^^^^^^^^^^^^^^^ use of undeclared crate or module `dialtone_reqwest`
[INFO] [stdout] 
[INFO] [stdout] 
[INFO] [stdout] error[E0433]: failed to resolve: use of undeclared crate or module `dialtone_reqwest`
[INFO] [stdout]  --> tests/integration/api_v1/authenticate_handlers_tests.rs:3:5
[INFO] [stdout]   |
[INFO] [stdout] 3 | use dialtone_reqwest::api_v1::users::get_user::get_user;
[INFO] [stdout]   |     ^^^^^^^^^^^^^^^^ use of undeclared crate or module `dialtone_reqwest`
[INFO] [stdout] 
[INFO] [stdout] 
[INFO] [stdout] error[E0433]: failed to resolve: use of undeclared crate or module `dialtone_reqwest`
[INFO] [stdout]  --> tests/integration/api_v1/authenticate_handlers_tests.rs:4:5
[INFO] [stdout]   |
[INFO] [stdout] 4 | use dialtone_reqwest::site_connection::SiteConnection;
[INFO] [stdout]   |     ^^^^^^^^^^^^^^^^ use of undeclared crate or module `dialtone_reqwest`
[INFO] [stdout] 
[INFO] [stdout] 
[INFO] [stdout] error[E0433]: failed to resolve: use of undeclared crate or module `dialtone_test_util`
[INFO] [stdout]  --> tests/integration/api_v1/authenticate_handlers_tests.rs:7:5
[INFO] [stdout]   |
[INFO] [stdout] 7 | use dialtone_test_util::test_pg::test_pg;
[INFO] [stdout]   |     ^^^^^^^^^^^^^^^^^^ use of undeclared crate or module `dialtone_test_util`
[INFO] [stdout] 
[INFO] [stdout] 
[INFO] [stdout] error[E0433]: failed to resolve: use of undeclared crate or module `dialtone_test_util`
[INFO] [stdout]  --> tests/integration/api_v1/authenticate_handlers_tests.rs:8:5
[INFO] [stdout]   |
[INFO] [stdout] 8 | use dialtone_test_util::test_server::start_test_server;
[INFO] [stdout]   |     ^^^^^^^^^^^^^^^^^^ use of undeclared crate or module `dialtone_test_util`
[INFO] [stdout] 
[INFO] [stdout] 
[INFO] [stdout] error[E0433]: failed to resolve: use of undeclared crate or module `dialtone_reqwest`
[INFO] [stdout]  --> tests/integration/api_v1/names_handler_tests.rs:1:5
[INFO] [stdout]   |
[INFO] [stdout] 1 | use dialtone_reqwest::api_v1::names::check_name_available::check_name_available;
[INFO] [stdout]   |     ^^^^^^^^^^^^^^^^ use of undeclared crate or module `dialtone_reqwest`
[INFO] [stdout] 
[INFO] [stdout] 
[INFO] [stdout] error[E0433]: failed to resolve: use of undeclared crate or module `dialtone_reqwest`
[INFO] [stdout]  --> tests/integration/api_v1/names_handler_tests.rs:2:5
[INFO] [stdout]   |
[INFO] [stdout] 2 | use dialtone_reqwest::site_connection::SiteConnection;
[INFO] [stdout]   |     ^^^^^^^^^^^^^^^^ use of undeclared crate or module `dialtone_reqwest`
[INFO] [stdout] 
[INFO] [stdout] 
[INFO] [stdout] error[E0433]: failed to resolve: use of undeclared crate or module `dialtone_test_util`
[INFO] [stdout]  --> tests/integration/api_v1/names_handler_tests.rs:5:5
[INFO] [stdout]   |
[INFO] [stdout] 5 | use dialtone_test_util::test_pg::test_pg;
[INFO] [stdout]   |     ^^^^^^^^^^^^^^^^^^ use of undeclared crate or module `dialtone_test_util`
[INFO] [stdout] 
[INFO] [stdout] 
[INFO] [stdout] error[E0433]: failed to resolve: use of undeclared crate or module `dialtone_test_util`
[INFO] [stdout]  --> tests/integration/api_v1/names_handler_tests.rs:6:5
[INFO] [stdout]   |
[INFO] [stdout] 6 | use dialtone_test_util::test_server::start_test_server;
[INFO] [stdout]   |     ^^^^^^^^^^^^^^^^^^ use of undeclared crate or module `dialtone_test_util`
[INFO] [stdout] 
[INFO] [stdout] 
[INFO] [stdout] error[E0433]: failed to resolve: use of undeclared crate or module `dialtone_reqwest`
[INFO] [stdout]  --> tests/integration/api_v1/sites_handlers_tests.rs:2:5
[INFO] [stdout]   |
[INFO] [stdout] 2 | use dialtone_reqwest::api_v1::sites::get_site_info::get_site_info;
[INFO] [stdout]   |     ^^^^^^^^^^^^^^^^ use of undeclared crate or module `dialtone_reqwest`
[INFO] [stdout] 
[INFO] [stdout] 
[INFO] [stdout] error[E0433]: failed to resolve: use of undeclared crate or module `dialtone_reqwest`
[INFO] [stdout]  --> tests/integration/api_v1/sites_handlers_tests.rs:3:5
[INFO] [stdout]   |
[INFO] [stdout] 3 | use dialtone_reqwest::site_connection::SiteConnection;
[INFO] [stdout]   |     ^^^^^^^^^^^^^^^^ use of undeclared crate or module `dialtone_reqwest`
[INFO] [stdout] 
[INFO] [stdout] 
[INFO] [stdout] error[E0433]: failed to resolve: use of undeclared crate or module `dialtone_test_util`
[INFO] [stdout]  --> tests/integration/api_v1/sites_handlers_tests.rs:5:5
[INFO] [stdout]   |
[INFO] [stdout] 5 | use dialtone_test_util::test_pg::test_pg;
[INFO] [stdout]   |     ^^^^^^^^^^^^^^^^^^ use of undeclared crate or module `dialtone_test_util`
[INFO] [stdout] 
[INFO] [stdout] 
[INFO] [stdout] error[E0433]: failed to resolve: use of undeclared crate or module `dialtone_test_util`
[INFO] [stdout]  --> tests/integration/api_v1/sites_handlers_tests.rs:6:5
[INFO] [stdout]   |
[INFO] [stdout] 6 | use dialtone_test_util::test_server::start_test_server;
[INFO] [stdout]   |     ^^^^^^^^^^^^^^^^^^ use of undeclared crate or module `dialtone_test_util`
[INFO] [stdout] 
[INFO] [stdout] 
[INFO] [stdout] error[E0433]: failed to resolve: use of undeclared crate or module `dialtone_reqwest`
[INFO] [stdout]  --> tests/integration/api_v1/actor_handlers/owned_handlers_tests.rs:5:5
[INFO] [stdout]   |
[INFO] [stdout] 5 | use dialtone_reqwest::api_v1::actors::create::create_actor;
[INFO] [stdout]   |     ^^^^^^^^^^^^^^^^ use of undeclared crate or module `dialtone_reqwest`
[INFO] [stdout] 
[INFO] [stdout] 
[INFO] [stdout] error[E0433]: failed to resolve: use of undeclared crate or module `dialtone_reqwest`
[INFO] [stdout]  --> tests/integration/api_v1/actor_handlers/owned_handlers_tests.rs:6:5
[INFO] [stdout]   |
[INFO] [stdout] 6 | use dialtone_reqwest::api_v1::actors::get_owned::get_owned_actor;
[INFO] [stdout]   |     ^^^^^^^^^^^^^^^^ use of undeclared crate or module `dialtone_reqwest`
[INFO] [stdout] 
[INFO] [stdout] 
[INFO] [stdout] error[E0433]: failed to resolve: use of undeclared crate or module `dialtone_reqwest`
[INFO] [stdout]  --> tests/integration/api_v1/actor_handlers/owned_handlers_tests.rs:7:5
[INFO] [stdout]   |
[INFO] [stdout] 7 | use dialtone_reqwest::api_v1::actors::update::update_owned_actor;
[INFO] [stdout]   |     ^^^^^^^^^^^^^^^^ use of undeclared crate or module `dialtone_reqwest`
[INFO] [stdout] 
[INFO] [stdout] 
[INFO] [stdout] error[E0433]: failed to resolve: use of undeclared crate or module `dialtone_reqwest`
[INFO] [stdout]  --> tests/integration/api_v1/actor_handlers/owned_handlers_tests.rs:8:5
[INFO] [stdout]   |
[INFO] [stdout] 8 | use dialtone_reqwest::api_v1::users::authenticate::authenticate;
[INFO] [stdout]   |     ^^^^^^^^^^^^^^^^ use of undeclared crate or module `dialtone_reqwest`
[INFO] [stdout] 
[INFO] [stdout] 
[INFO] [stdout] error[E0433]: failed to resolve: use of undeclared crate or module `dialtone_reqwest`
[INFO] [stdout]  --> tests/integration/api_v1/actor_handlers/owned_handlers_tests.rs:9:5
[INFO] [stdout]   |
[INFO] [stdout] 9 | use dialtone_reqwest::site_connection::SiteConnection;
[INFO] [stdout]   |     ^^^^^^^^^^^^^^^^ use of undeclared crate or module `dialtone_reqwest`
[INFO] [stdout] 
[INFO] [stdout] 
[INFO] [stdout] error[E0433]: failed to resolve: use of undeclared crate or module `dialtone_test_util`
[INFO] [stdout]   --> tests/integration/api_v1/actor_handlers/owned_handlers_tests.rs:12:5
[INFO] [stdout]    |
[INFO] [stdout] 12 | use dialtone_test_util::create_system::create_system_tst_utl;
[INFO] [stdout]    |     ^^^^^^^^^^^^^^^^^^ use of undeclared crate or module `dialtone_test_util`
[INFO] [stdout] 
[INFO] [stdout] 
[INFO] [stdout] error[E0432]: unresolved import `dialtone_test_util`
[INFO] [stdout]  --> tests/integration/api_v1/names_handler_tests.rs:4:5
[INFO] [stdout]   |
[INFO] [stdout] 4 | use dialtone_test_util::test_action;
[INFO] [stdout]   |     ^^^^^^^^^^^^^^^^^^ use of undeclared crate or module `dialtone_test_util`
[INFO] [stdout] 
[INFO] [stdout] 
[INFO] [stdout] error[E0433]: failed to resolve: use of undeclared crate or module `dialtone_test_util`
[INFO] [stdout]   --> tests/integration/api_v1/actor_handlers/owned_handlers_tests.rs:14:5
[INFO] [stdout]    |
[INFO] [stdout] 14 | use dialtone_test_util::test_constants::{TEST_NOROLEUSER_NAME, TEST_PASSWORD};
[INFO] [stdout]    |     ^^^^^^^^^^^^^^^^^^ use of undeclared crate or module `dialtone_test_util`
[INFO] [stdout] 
[INFO] [stdout] 
[INFO] [stdout] error[E0433]: failed to resolve: use of undeclared crate or module `dialtone_test_util`
[INFO] [stdout]   --> tests/integration/api_v1/actor_handlers/owned_handlers_tests.rs:15:5
[INFO] [stdout]    |
[INFO] [stdout] 15 | use dialtone_test_util::test_pg::test_pg;
[INFO] [stdout]    |     ^^^^^^^^^^^^^^^^^^ use of undeclared crate or module `dialtone_test_util`
[INFO] [stdout] 
[INFO] [stdout] 
[INFO] [stdout] error[E0433]: failed to resolve: use of undeclared crate or module `dialtone_test_util`
[INFO] [stdout]   --> tests/integration/api_v1/actor_handlers/owned_handlers_tests.rs:16:5
[INFO] [stdout]    |
[INFO] [stdout] 16 | use dialtone_test_util::test_server::{start_test_server, start_test_srv_and_auth};
[INFO] [stdout]    |     ^^^^^^^^^^^^^^^^^^ use of undeclared crate or module `dialtone_test_util`
[INFO] [stdout] 
[INFO] [stdout] 
[INFO] [stdout] error[E0433]: failed to resolve: use of undeclared crate or module `dialtone_reqwest`
[INFO] [stdout]  --> tests/integration/api_v1/actor_handlers/sysinfo_handlers_tests.rs:2:5
[INFO] [stdout]   |
[INFO] [stdout] 2 | use dialtone_reqwest::api_v1::actors::change_sysinfo::change_actor_sysinfo;
[INFO] [stdout]   |     ^^^^^^^^^^^^^^^^ use of undeclared crate or module `dialtone_reqwest`
[INFO] [stdout] 
[INFO] [stdout] 
[INFO] [stdout] error[E0433]: failed to resolve: use of undeclared crate or module `dialtone_reqwest`
[INFO] [stdout]  --> tests/integration/api_v1/actor_handlers/sysinfo_handlers_tests.rs:3:5
[INFO] [stdout]   |
[INFO] [stdout] 3 | use dialtone_reqwest::api_v1::actors::get_sysinfo::get_actor_sysinfo;
[INFO] [stdout]   |     ^^^^^^^^^^^^^^^^ use of undeclared crate or module `dialtone_reqwest`
[INFO] [stdout] 
[INFO] [stdout] 
[INFO] [stdout] error[E0433]: failed to resolve: use of undeclared crate or module `dialtone_test_util`
[INFO] [stdout]  --> tests/integration/api_v1/actor_handlers/sysinfo_handlers_tests.rs:4:5
[INFO] [stdout]   |
[INFO] [stdout] 4 | use dialtone_test_util::create_system::create_system_tst_utl;
[INFO] [stdout]   |     ^^^^^^^^^^^^^^^^^^ use of undeclared crate or module `dialtone_test_util`
[INFO] [stdout] 
[INFO] [stdout] 
[INFO] [stdout] error[E0432]: unresolved import `dialtone_test_util`
[INFO] [stdout]   --> tests/integration/api_v1/actor_handlers/owned_handlers_tests.rs:13:5
[INFO] [stdout]    |
[INFO] [stdout] 13 | use dialtone_test_util::test_action;
[INFO] [stdout]    |     ^^^^^^^^^^^^^^^^^^ use of undeclared crate or module `dialtone_test_util`
[INFO] [stdout] 
[INFO] [stdout] 
[INFO] [stdout] error[E0433]: failed to resolve: use of undeclared crate or module `dialtone_test_util`
[INFO] [stdout]  --> tests/integration/api_v1/actor_handlers/sysinfo_handlers_tests.rs:6:5
[INFO] [stdout]   |
[INFO] [stdout] 6 | use dialtone_test_util::test_constants::{TEST_ACTORADMIN_NAME, TEST_PASSWORD};
[INFO] [stdout]   |     ^^^^^^^^^^^^^^^^^^ use of undeclared crate or module `dialtone_test_util`
[INFO] [stdout] 
[INFO] [stdout] 
[INFO] [stdout] error[E0433]: failed to resolve: use of undeclared crate or module `dialtone_test_util`
[INFO] [stdout]  --> tests/integration/api_v1/actor_handlers/sysinfo_handlers_tests.rs:7:5
[INFO] [stdout]   |
[INFO] [stdout] 7 | use dialtone_test_util::test_pg::test_pg;
[INFO] [stdout]   |     ^^^^^^^^^^^^^^^^^^ use of undeclared crate or module `dialtone_test_util`
[INFO] [stdout] 
[INFO] [stdout] 
[INFO] [stdout] error[E0433]: failed to resolve: use of undeclared crate or module `dialtone_test_util`
[INFO] [stdout]  --> tests/integration/api_v1/actor_handlers/sysinfo_handlers_tests.rs:8:5
[INFO] [stdout]   |
[INFO] [stdout] 8 | use dialtone_test_util::test_server::start_test_srv_and_auth;
[INFO] [stdout]   |     ^^^^^^^^^^^^^^^^^^ use of undeclared crate or module `dialtone_test_util`
[INFO] [stdout] 
[INFO] [stdout] 
[INFO] [stdout] error[E0433]: failed to resolve: use of undeclared crate or module `dialtone_reqwest`
[INFO] [stdout]  --> tests/integration/api_v1/actor_handlers/default_handlers_tests.rs:1:5
[INFO] [stdout]   |
[INFO] [stdout] 1 | use dialtone_reqwest::api_v1::actors::change_default::change_default_actor;
[INFO] [stdout]   |     ^^^^^^^^^^^^^^^^ use of undeclared crate or module `dialtone_reqwest`
[INFO] [stdout] 
[INFO] [stdout] 
[INFO] [stdout] error[E0433]: failed to resolve: use of undeclared crate or module `dialtone_test_util`
[INFO] [stdout]  --> tests/integration/api_v1/actor_handlers/default_handlers_tests.rs:2:5
[INFO] [stdout]   |
[INFO] [stdout] 2 | use dialtone_test_util::create_actor::create_actor_for_user_tst_utl;
[INFO] [stdout]   |     ^^^^^^^^^^^^^^^^^^ use of undeclared crate or module `dialtone_test_util`
[INFO] [stdout] 
[INFO] [stdout] 
[INFO] [stdout] error[E0433]: failed to resolve: use of undeclared crate or module `dialtone_test_util`
[INFO] [stdout]  --> tests/integration/api_v1/actor_handlers/default_handlers_tests.rs:3:5
[INFO] [stdout]   |
[INFO] [stdout] 3 | use dialtone_test_util::create_system::create_system_tst_utl;
[INFO] [stdout]   |     ^^^^^^^^^^^^^^^^^^ use of undeclared crate or module `dialtone_test_util`
[INFO] [stdout] 
[INFO] [stdout] 
[INFO] [stdout] error[E0432]: unresolved import `dialtone_test_util`
[INFO] [stdout]  --> tests/integration/api_v1/actor_handlers/sysinfo_handlers_tests.rs:5:5
[INFO] [stdout]   |
[INFO] [stdout] 5 | use dialtone_test_util::test_action;
[INFO] [stdout]   |     ^^^^^^^^^^^^^^^^^^ use of undeclared crate or module `dialtone_test_util`
[INFO] [stdout] 
[INFO] [stdout] 
[INFO] [stdout] error[E0433]: failed to resolve: use of undeclared crate or module `dialtone_test_util`
[INFO] [stdout]  --> tests/integration/api_v1/actor_handlers/default_handlers_tests.rs:5:5
[INFO] [stdout]   |
[INFO] [stdout] 5 | use dialtone_test_util::test_constants::{
[INFO] [stdout]   |     ^^^^^^^^^^^^^^^^^^ use of undeclared crate or module `dialtone_test_util`
[INFO] [stdout] 
[INFO] [stdout] 
[INFO] [stdout] error[E0433]: failed to resolve: use of undeclared crate or module `dialtone_test_util`
[INFO] [stdout]  --> tests/integration/api_v1/actor_handlers/default_handlers_tests.rs:8:5
[INFO] [stdout]   |
[INFO] [stdout] 8 | use dialtone_test_util::test_pg::test_pg;
[INFO] [stdout]   |     ^^^^^^^^^^^^^^^^^^ use of undeclared crate or module `dialtone_test_util`
[INFO] [stdout] 
[INFO] [stdout] 
[INFO] [stdout] error[E0433]: failed to resolve: use of undeclared crate or module `dialtone_test_util`
[INFO] [stdout]  --> tests/integration/api_v1/actor_handlers/default_handlers_tests.rs:9:5
[INFO] [stdout]   |
[INFO] [stdout] 9 | use dialtone_test_util::test_server::start_test_srv_and_auth;
[INFO] [stdout]   |     ^^^^^^^^^^^^^^^^^^ use of undeclared crate or module `dialtone_test_util`
[INFO] [stdout] 
[INFO] [stdout] 
[INFO] [stdout] error[E0433]: failed to resolve: use of undeclared crate or module `dialtone_reqwest`
[INFO] [stdout]  --> tests/integration/api_v1/actor_handlers/public_handlers_tests.rs:1:5
[INFO] [stdout]   |
[INFO] [stdout] 1 | use dialtone_reqwest::api_v1::actors::get_actor::get_actor;
[INFO] [stdout]   |     ^^^^^^^^^^^^^^^^ use of undeclared crate or module `dialtone_reqwest`
[INFO] [stdout] 
[INFO] [stdout] 
[INFO] [stdout] error[E0433]: failed to resolve: use of undeclared crate or module `dialtone_test_util`
[INFO] [stdout]  --> tests/integration/api_v1/actor_handlers/public_handlers_tests.rs:2:5
[INFO] [stdout]   |
[INFO] [stdout] 2 | use dialtone_test_util::create_system::create_system_tst_utl;
[INFO] [stdout]   |     ^^^^^^^^^^^^^^^^^^ use of undeclared crate or module `dialtone_test_util`
[INFO] [stdout] 
[INFO] [stdout] 
[INFO] [stdout] error[E0432]: unresolved import `dialtone_test_util`
[INFO] [stdout]  --> tests/integration/api_v1/actor_handlers/default_handlers_tests.rs:4:5
[INFO] [stdout]   |
[INFO] [stdout] 4 | use dialtone_test_util::test_action;
[INFO] [stdout]   |     ^^^^^^^^^^^^^^^^^^ use of undeclared crate or module `dialtone_test_util`
[INFO] [stdout] 
[INFO] [stdout] 
[INFO] [stdout] error[E0433]: failed to resolve: use of undeclared crate or module `dialtone_test_util`
[INFO] [stdout]  --> tests/integration/api_v1/actor_handlers/public_handlers_tests.rs:4:5
[INFO] [stdout]   |
[INFO] [stdout] 4 | use dialtone_test_util::test_constants::{TEST_NOROLEUSER_NAME, TEST_PASSWORD};
[INFO] [stdout]   |     ^^^^^^^^^^^^^^^^^^ use of undeclared crate or module `dialtone_test_util`
[INFO] [stdout] 
[INFO] [stdout] 
[INFO] [stdout] error[E0433]: failed to resolve: use of undeclared crate or module `dialtone_test_util`
[INFO] [stdout]  --> tests/integration/api_v1/actor_handlers/public_handlers_tests.rs:5:5
[INFO] [stdout]   |
[INFO] [stdout] 5 | use dialtone_test_util::test_pg::test_pg;
[INFO] [stdout]   |     ^^^^^^^^^^^^^^^^^^ use of undeclared crate or module `dialtone_test_util`
[INFO] [stdout] 
[INFO] [stdout] 
[INFO] [stdout] error[E0433]: failed to resolve: use of undeclared crate or module `dialtone_test_util`
[INFO] [stdout]  --> tests/integration/api_v1/actor_handlers/public_handlers_tests.rs:6:5
[INFO] [stdout]   |
[INFO] [stdout] 6 | use dialtone_test_util::test_server::start_test_srv_and_auth;
[INFO] [stdout]   |     ^^^^^^^^^^^^^^^^^^ use of undeclared crate or module `dialtone_test_util`
[INFO] [stdout] 
[INFO] [stdout] 
[INFO] [stdout] error[E0433]: failed to resolve: use of undeclared crate or module `dialtone_reqwest`
[INFO] [stdout]  --> tests/integration/api_v1/actor_pages_handlers/all_handlers_tests.rs:2:5
[INFO] [stdout]   |
[INFO] [stdout] 2 | use dialtone_reqwest::api_v1::actors::page_owned_actors::page_owned_actors;
[INFO] [stdout]   |     ^^^^^^^^^^^^^^^^ use of undeclared crate or module `dialtone_reqwest`
[INFO] [stdout] 
[INFO] [stdout] 
[INFO] [stdout] error[E0433]: failed to resolve: use of undeclared crate or module `dialtone_test_util`
[INFO] [stdout]  --> tests/integration/api_v1/actor_pages_handlers/all_handlers_tests.rs:4:5
[INFO] [stdout]   |
[INFO] [stdout] 4 | use dialtone_test_util::create_system::create_system_tst_utl;
[INFO] [stdout]   |     ^^^^^^^^^^^^^^^^^^ use of undeclared crate or module `dialtone_test_util`
[INFO] [stdout] 
[INFO] [stdout] 
[INFO] [stdout] error[E0432]: unresolved import `dialtone_test_util`
[INFO] [stdout]  --> tests/integration/api_v1/actor_handlers/public_handlers_tests.rs:3:5
[INFO] [stdout]   |
[INFO] [stdout] 3 | use dialtone_test_util::test_action;
[INFO] [stdout]   |     ^^^^^^^^^^^^^^^^^^ use of undeclared crate or module `dialtone_test_util`
[INFO] [stdout] 
[INFO] [stdout] 
[INFO] [stdout] error[E0433]: failed to resolve: use of undeclared crate or module `dialtone_test_util`
[INFO] [stdout]  --> tests/integration/api_v1/actor_pages_handlers/all_handlers_tests.rs:6:5
[INFO] [stdout]   |
[INFO] [stdout] 6 | use dialtone_test_util::test_constants::{TEST_ACTORADMIN_NAME, TEST_HOSTNAME, TEST_PASSWORD};
[INFO] [stdout]   |     ^^^^^^^^^^^^^^^^^^ use of undeclared crate or module `dialtone_test_util`
[INFO] [stdout] 
[INFO] [stdout] 
[INFO] [stdout] error[E0433]: failed to resolve: use of undeclared crate or module `dialtone_test_util`
[INFO] [stdout]  --> tests/integration/api_v1/actor_pages_handlers/all_handlers_tests.rs:7:5
[INFO] [stdout]   |
[INFO] [stdout] 7 | use dialtone_test_util::test_pg::test_pg;
[INFO] [stdout]   |     ^^^^^^^^^^^^^^^^^^ use of undeclared crate or module `dialtone_test_util`
[INFO] [stdout] 
[INFO] [stdout] 
[INFO] [stdout] error[E0433]: failed to resolve: use of undeclared crate or module `dialtone_test_util`
[INFO] [stdout]  --> tests/integration/api_v1/actor_pages_handlers/all_handlers_tests.rs:8:5
[INFO] [stdout]   |
[INFO] [stdout] 8 | use dialtone_test_util::test_server::start_test_srv_and_auth;
[INFO] [stdout]   |     ^^^^^^^^^^^^^^^^^^ use of undeclared crate or module `dialtone_test_util`
[INFO] [stdout] 
[INFO] [stdout] 
[INFO] [stdout] error[E0433]: failed to resolve: use of undeclared crate or module `dialtone_reqwest`
[INFO] [stdout]  --> tests/integration/api_v1/actor_pages_handlers/by_host_handlers_tests.rs:1:5
[INFO] [stdout]   |
[INFO] [stdout] 1 | use dialtone_reqwest::api_v1::actors::page_by_host::page_actors_by_host;
[INFO] [stdout]   |     ^^^^^^^^^^^^^^^^ use of undeclared crate or module `dialtone_reqwest`
[INFO] [stdout] 
[INFO] [stdout] 
[INFO] [stdout] error[E0433]: failed to resolve: use of undeclared crate or module `dialtone_test_util`
[INFO] [stdout]  --> tests/integration/api_v1/actor_pages_handlers/by_host_handlers_tests.rs:3:5
[INFO] [stdout]   |
[INFO] [stdout] 3 | use dialtone_test_util::create_system::create_system_tst_utl;
[INFO] [stdout]   |     ^^^^^^^^^^^^^^^^^^ use of undeclared crate or module `dialtone_test_util`
[INFO] [stdout] 
[INFO] [stdout] 
[INFO] [stdout] error[E0432]: unresolved import `dialtone_test_util`
[INFO] [stdout]  --> tests/integration/api_v1/actor_pages_handlers/all_handlers_tests.rs:5:5
[INFO] [stdout]   |
[INFO] [stdout] 5 | use dialtone_test_util::test_action;
[INFO] [stdout]   |     ^^^^^^^^^^^^^^^^^^ use of undeclared crate or module `dialtone_test_util`
[INFO] [stdout] 
[INFO] [stdout] 
[INFO] [stdout] error[E0433]: failed to resolve: use of undeclared crate or module `dialtone_test_util`
[INFO] [stdout]  --> tests/integration/api_v1/actor_pages_handlers/by_host_handlers_tests.rs:5:5
[INFO] [stdout]   |
[INFO] [stdout] 5 | use dialtone_test_util::test_constants::{TEST_ACTORADMIN_NAME, TEST_HOSTNAME, TEST_PASSWORD};
[INFO] [stdout]   |     ^^^^^^^^^^^^^^^^^^ use of undeclared crate or module `dialtone_test_util`
[INFO] [stdout] 
[INFO] [stdout] 
[INFO] [stdout] error[E0433]: failed to resolve: use of undeclared crate or module `dialtone_test_util`
[INFO] [stdout]  --> tests/integration/api_v1/actor_pages_handlers/by_host_handlers_tests.rs:6:5
[INFO] [stdout]   |
[INFO] [stdout] 6 | use dialtone_test_util::test_pg::test_pg;
[INFO] [stdout]   |     ^^^^^^^^^^^^^^^^^^ use of undeclared crate or module `dialtone_test_util`
[INFO] [stdout] 
[INFO] [stdout] 
[INFO] [stdout] error[E0433]: failed to resolve: use of undeclared crate or module `dialtone_test_util`
[INFO] [stdout]  --> tests/integration/api_v1/actor_pages_handlers/by_host_handlers_tests.rs:7:5
[INFO] [stdout]   |
[INFO] [stdout] 7 | use dialtone_test_util::test_server::start_test_srv_and_auth;
[INFO] [stdout]   |     ^^^^^^^^^^^^^^^^^^ use of undeclared crate or module `dialtone_test_util`
[INFO] [stdout] 
[INFO] [stdout] 
[INFO] [stdout] error[E0433]: failed to resolve: use of undeclared crate or module `dialtone_reqwest`
[INFO] [stdout]  --> tests/integration/api_v1/actor_pages_handlers/by_owner_handlers_tests.rs:3:5
[INFO] [stdout]   |
[INFO] [stdout] 3 | use dialtone_reqwest::api_v1::actors::page_owned_by_owner::page_owned_actors_by_owner;
[INFO] [stdout]   |     ^^^^^^^^^^^^^^^^ use of undeclared crate or module `dialtone_reqwest`
[INFO] [stdout] 
[INFO] [stdout] 
[INFO] [stdout] error[E0433]: failed to resolve: use of undeclared crate or module `dialtone_test_util`
[INFO] [stdout]  --> tests/integration/api_v1/actor_pages_handlers/by_owner_handlers_tests.rs:4:5
[INFO] [stdout]   |
[INFO] [stdout] 4 | use dialtone_test_util::create_system::create_system_tst_utl;
[INFO] [stdout]   |     ^^^^^^^^^^^^^^^^^^ use of undeclared crate or module `dialtone_test_util`
[INFO] [stdout] 
[INFO] [stdout] 
[INFO] [stdout] error[E0432]: unresolved import `dialtone_test_util`
[INFO] [stdout]  --> tests/integration/api_v1/actor_pages_handlers/by_host_handlers_tests.rs:4:5
[INFO] [stdout]   |
[INFO] [stdout] 4 | use dialtone_test_util::test_action;
[INFO] [stdout]   |     ^^^^^^^^^^^^^^^^^^ use of undeclared crate or module `dialtone_test_util`
[INFO] [stdout] 
[INFO] [stdout] 
[INFO] [stdout] error[E0433]: failed to resolve: use of undeclared crate or module `dialtone_test_util`
[INFO] [stdout]  --> tests/integration/api_v1/actor_pages_handlers/by_owner_handlers_tests.rs:6:5
[INFO] [stdout]   |
[INFO] [stdout] 6 | use dialtone_test_util::test_constants::{TEST_NOROLEUSER_ACCT, TEST_NOROLEUSER_NAME, TEST_PASSWORD};
[INFO] [stdout]   |     ^^^^^^^^^^^^^^^^^^ use of undeclared crate or module `dialtone_test_util`
[INFO] [stdout] 
[INFO] [stdout] 
[INFO] [stdout] error[E0433]: failed to resolve: use of undeclared crate or module `dialtone_test_util`
[INFO] [stdout]  --> tests/integration/api_v1/actor_pages_handlers/by_owner_handlers_tests.rs:7:5
[INFO] [stdout]   |
[INFO] [stdout] 7 | use dialtone_test_util::test_pg::test_pg;
[INFO] [stdout]   |     ^^^^^^^^^^^^^^^^^^ use of undeclared crate or module `dialtone_test_util`
[INFO] [stdout] 
[INFO] [stdout] 
[INFO] [stdout] error[E0433]: failed to resolve: use of undeclared crate or module `dialtone_test_util`
[INFO] [stdout]  --> tests/integration/api_v1/actor_pages_handlers/by_owner_handlers_tests.rs:8:5
[INFO] [stdout]   |
[INFO] [stdout] 8 | use dialtone_test_util::test_server::start_test_srv_and_auth;
[INFO] [stdout]   |     ^^^^^^^^^^^^^^^^^^ use of undeclared crate or module `dialtone_test_util`
[INFO] [stdout] 
[INFO] [stdout] 
[INFO] [stdout] error[E0433]: failed to resolve: use of undeclared crate or module `dialtone_reqwest`
[INFO] [stdout]  --> tests/integration/api_v1/user_handlers/password_handlers_tests.rs:3:5
[INFO] [stdout]   |
[INFO] [stdout] 3 | use dialtone_reqwest::api_v1::users::change_password::change_password;
[INFO] [stdout]   |     ^^^^^^^^^^^^^^^^ use of undeclared crate or module `dialtone_reqwest`
[INFO] [stdout] 
[INFO] [stdout] 
[INFO] [stdout] error[E0433]: failed to resolve: use of undeclared crate or module `dialtone_test_util`
[INFO] [stdout]  --> tests/integration/api_v1/user_handlers/password_handlers_tests.rs:5:5
[INFO] [stdout]   |
[INFO] [stdout] 5 | use dialtone_test_util::create_system::create_system_tst_utl;
[INFO] [stdout]   |     ^^^^^^^^^^^^^^^^^^ use of undeclared crate or module `dialtone_test_util`
[INFO] [stdout] 
[INFO] [stdout] 
[INFO] [stdout] error[E0432]: unresolved import `dialtone_test_util`
[INFO] [stdout]  --> tests/integration/api_v1/actor_pages_handlers/by_owner_handlers_tests.rs:5:5
[INFO] [stdout]   |
[INFO] [stdout] 5 | use dialtone_test_util::test_action;
[INFO] [stdout]   |     ^^^^^^^^^^^^^^^^^^ use of undeclared crate or module `dialtone_test_util`
[INFO] [stdout] 
[INFO] [stdout] 
[INFO] [stdout] error[E0433]: failed to resolve: use of undeclared crate or module `dialtone_test_util`
[INFO] [stdout]  --> tests/integration/api_v1/user_handlers/password_handlers_tests.rs:7:5
[INFO] [stdout]   |
[INFO] [stdout] 7 | use dialtone_test_util::test_constants::{TEST_NOROLEUSER_ACCT, TEST_NOROLEUSER_NAME, TEST_PASSWORD};
[INFO] [stdout]   |     ^^^^^^^^^^^^^^^^^^ use of undeclared crate or module `dialtone_test_util`
[INFO] [stdout] 
[INFO] [stdout] 
[INFO] [stdout] error[E0433]: failed to resolve: use of undeclared crate or module `dialtone_test_util`
[INFO] [stdout]  --> tests/integration/api_v1/user_handlers/password_handlers_tests.rs:8:5
[INFO] [stdout]   |
[INFO] [stdout] 8 | use dialtone_test_util::test_pg::test_pg;
[INFO] [stdout]   |     ^^^^^^^^^^^^^^^^^^ use of undeclared crate or module `dialtone_test_util`
[INFO] [stdout] 
[INFO] [stdout] 
[INFO] [stdout] error[E0433]: failed to resolve: use of undeclared crate or module `dialtone_test_util`
[INFO] [stdout]  --> tests/integration/api_v1/user_handlers/password_handlers_tests.rs:9:5
[INFO] [stdout]   |
[INFO] [stdout] 9 | use dialtone_test_util::test_server::start_test_srv_and_auth;
[INFO] [stdout]   |     ^^^^^^^^^^^^^^^^^^ use of undeclared crate or module `dialtone_test_util`
[INFO] [stdout] 
[INFO] [stdout] 
[INFO] [stdout] error[E0433]: failed to resolve: use of undeclared crate or module `dialtone_reqwest`
[INFO] [stdout]  --> tests/integration/api_v1/user_handlers/prefs_handlers_tests.rs:6:5
[INFO] [stdout]   |
[INFO] [stdout] 6 | use dialtone_reqwest::api_v1::users::change_preferences::change_preferences;
[INFO] [stdout]   |     ^^^^^^^^^^^^^^^^ use of undeclared crate or module `dialtone_reqwest`
[INFO] [stdout] 
[INFO] [stdout] 
[INFO] [stdout] error[E0433]: failed to resolve: use of undeclared crate or module `dialtone_test_util`
[INFO] [stdout]  --> tests/integration/api_v1/user_handlers/prefs_handlers_tests.rs:8:5
[INFO] [stdout]   |
[INFO] [stdout] 8 | use dialtone_test_util::create_system::create_system_tst_utl;
[INFO] [stdout]   |     ^^^^^^^^^^^^^^^^^^ use of undeclared crate or module `dialtone_test_util`
[INFO] [stdout] 
[INFO] [stdout] 
[INFO] [stdout] error[E0432]: unresolved import `dialtone_test_util`
[INFO] [stdout]  --> tests/integration/api_v1/user_handlers/password_handlers_tests.rs:6:5
[INFO] [stdout]   |
[INFO] [stdout] 6 | use dialtone_test_util::test_action;
[INFO] [stdout]   |     ^^^^^^^^^^^^^^^^^^ use of undeclared crate or module `dialtone_test_util`
[INFO] [stdout] 
[INFO] [stdout] 
[INFO] [stdout] error[E0433]: failed to resolve: use of undeclared crate or module `dialtone_test_util`
[INFO] [stdout]   --> tests/integration/api_v1/user_handlers/prefs_handlers_tests.rs:10:5
[INFO] [stdout]    |
[INFO] [stdout] 10 | use dialtone_test_util::test_constants::{TEST_NOROLEUSER_ACCT, TEST_NOROLEUSER_NAME, TEST_PASSWORD};
[INFO] [stdout]    |     ^^^^^^^^^^^^^^^^^^ use of undeclared crate or module `dialtone_test_util`
[INFO] [stdout] 
[INFO] [stdout] 
[INFO] [stdout] error[E0433]: failed to resolve: use of undeclared crate or module `dialtone_test_util`
[INFO] [stdout]   --> tests/integration/api_v1/user_handlers/prefs_handlers_tests.rs:11:5
[INFO] [stdout]    |
[INFO] [stdout] 11 | use dialtone_test_util::test_pg::test_pg;
[INFO] [stdout]    |     ^^^^^^^^^^^^^^^^^^ use of undeclared crate or module `dialtone_test_util`
[INFO] [stdout] 
[INFO] [stdout] 
[INFO] [stdout] error[E0433]: failed to resolve: use of undeclared crate or module `dialtone_test_util`
[INFO] [stdout]   --> tests/integration/api_v1/user_handlers/prefs_handlers_tests.rs:12:5
[INFO] [stdout]    |
[INFO] [stdout] 12 | use dialtone_test_util::test_server::start_test_srv_and_auth;
[INFO] [stdout]    |     ^^^^^^^^^^^^^^^^^^ use of undeclared crate or module `dialtone_test_util`
[INFO] [stdout] 
[INFO] [stdout] 
[INFO] [stdout] error[E0433]: failed to resolve: use of undeclared crate or module `dialtone_reqwest`
[INFO] [stdout]  --> tests/integration/api_v1/user_handlers/status_handlers_tests.rs:5:5
[INFO] [stdout]   |
[INFO] [stdout] 5 | use dialtone_reqwest::api_v1::users::change_status::change_status;
[INFO] [stdout]   |     ^^^^^^^^^^^^^^^^ use of undeclared crate or module `dialtone_reqwest`
[INFO] [stdout] 
[INFO] [stdout] 
[INFO] [stdout] error[E0433]: failed to resolve: use of undeclared crate or module `dialtone_test_util`
[INFO] [stdout]  --> tests/integration/api_v1/user_handlers/status_handlers_tests.rs:7:5
[INFO] [stdout]   |
[INFO] [stdout] 7 | use dialtone_test_util::create_system::create_system_tst_utl;
[INFO] [stdout]   |     ^^^^^^^^^^^^^^^^^^ use of undeclared crate or module `dialtone_test_util`
[INFO] [stdout] 
[INFO] [stdout] 
[INFO] [stdout] error[E0432]: unresolved import `dialtone_test_util`
[INFO] [stdout]  --> tests/integration/api_v1/user_handlers/prefs_handlers_tests.rs:9:5
[INFO] [stdout]   |
[INFO] [stdout] 9 | use dialtone_test_util::test_action;
[INFO] [stdout]   |     ^^^^^^^^^^^^^^^^^^ use of undeclared crate or module `dialtone_test_util`
[INFO] [stdout] 
[INFO] [stdout] 
[INFO] [stdout] error[E0433]: failed to resolve: use of undeclared crate or module `dialtone_test_util`
[INFO] [stdout]  --> tests/integration/api_v1/user_handlers/status_handlers_tests.rs:9:5
[INFO] [stdout]   |
[INFO] [stdout] 9 | use dialtone_test_util::test_constants::{TEST_NOROLEUSER_ACCT, TEST_PASSWORD, TEST_USERADMIN_NAME};
[INFO] [stdout]   |     ^^^^^^^^^^^^^^^^^^ use of undeclared crate or module `dialtone_test_util`
[INFO] [stdout] 
[INFO] [stdout] 
[INFO] [stdout] error[E0433]: failed to resolve: use of undeclared crate or module `dialtone_test_util`
[INFO] [stdout]   --> tests/integration/api_v1/user_handlers/status_handlers_tests.rs:10:5
[INFO] [stdout]    |
[INFO] [stdout] 10 | use dialtone_test_util::test_pg::test_pg;
[INFO] [stdout]    |     ^^^^^^^^^^^^^^^^^^ use of undeclared crate or module `dialtone_test_util`
[INFO] [stdout] 
[INFO] [stdout] 
[INFO] [stdout] error[E0433]: failed to resolve: use of undeclared crate or module `dialtone_test_util`
[INFO] [stdout]   --> tests/integration/api_v1/user_handlers/status_handlers_tests.rs:11:5
[INFO] [stdout]    |
[INFO] [stdout] 11 | use dialtone_test_util::test_server::start_test_srv_and_auth;
[INFO] [stdout]    |     ^^^^^^^^^^^^^^^^^^ use of undeclared crate or module `dialtone_test_util`
[INFO] [stdout] 
[INFO] [stdout] 
[INFO] [stdout] error[E0433]: failed to resolve: use of undeclared crate or module `dialtone_reqwest`
[INFO] [stdout]  --> tests/integration/api_v1/user_handlers/sysdata_handler_tests.rs:5:5
[INFO] [stdout]   |
[INFO] [stdout] 5 | use dialtone_reqwest::api_v1::users::change_sysdata::change_user_sysdata;
[INFO] [stdout]   |     ^^^^^^^^^^^^^^^^ use of undeclared crate or module `dialtone_reqwest`
[INFO] [stdout] 
[INFO] [stdout] 
[INFO] [stdout] error[E0433]: failed to resolve: use of undeclared crate or module `dialtone_test_util`
[INFO] [stdout]  --> tests/integration/api_v1/user_handlers/sysdata_handler_tests.rs:7:5
[INFO] [stdout]   |
[INFO] [stdout] 7 | use dialtone_test_util::create_system::create_system_tst_utl;
[INFO] [stdout]   |     ^^^^^^^^^^^^^^^^^^ use of undeclared crate or module `dialtone_test_util`
[INFO] [stdout] 
[INFO] [stdout] 
[INFO] [stdout] error[E0432]: unresolved import `dialtone_test_util`
[INFO] [stdout]  --> tests/integration/api_v1/user_handlers/status_handlers_tests.rs:8:5
[INFO] [stdout]   |
[INFO] [stdout] 8 | use dialtone_test_util::test_action;
[INFO] [stdout]   |     ^^^^^^^^^^^^^^^^^^ use of undeclared crate or module `dialtone_test_util`
[INFO] [stdout] 
[INFO] [stdout] 
[INFO] [stdout] error[E0433]: failed to resolve: use of undeclared crate or module `dialtone_test_util`
[INFO] [stdout]  --> tests/integration/api_v1/user_handlers/sysdata_handler_tests.rs:9:5
[INFO] [stdout]   |
[INFO] [stdout] 9 | use dialtone_test_util::test_constants::{TEST_NOROLEUSER_ACCT, TEST_PASSWORD, TEST_USERADMIN_NAME};
[INFO] [stdout]   |     ^^^^^^^^^^^^^^^^^^ use of undeclared crate or module `dialtone_test_util`
[INFO] [stdout] 
[INFO] [stdout] 
[INFO] [stdout] error[E0433]: failed to resolve: use of undeclared crate or module `dialtone_test_util`
[INFO] [stdout]   --> tests/integration/api_v1/user_handlers/sysdata_handler_tests.rs:10:5
[INFO] [stdout]    |
[INFO] [stdout] 10 | use dialtone_test_util::test_pg::test_pg;
[INFO] [stdout]    |     ^^^^^^^^^^^^^^^^^^ use of undeclared crate or module `dialtone_test_util`
[INFO] [stdout] 
[INFO] [stdout] 
[INFO] [stdout] error[E0433]: failed to resolve: use of undeclared crate or module `dialtone_test_util`
[INFO] [stdout]   --> tests/integration/api_v1/user_handlers/sysdata_handler_tests.rs:11:5
[INFO] [stdout]    |
[INFO] [stdout] 11 | use dialtone_test_util::test_server::start_test_srv_and_auth;
[INFO] [stdout]    |     ^^^^^^^^^^^^^^^^^^ use of undeclared crate or module `dialtone_test_util`
[INFO] [stdout] 
[INFO] [stdout] 
[INFO] [stdout] error[E0433]: failed to resolve: use of undeclared crate or module `dialtone_reqwest`
[INFO] [stdout]  --> tests/integration/api_v1/user_handlers/sysinfo_handlers_tests.rs:1:5
[INFO] [stdout]   |
[INFO] [stdout] 1 | use dialtone_reqwest::api_v1::users::get_sysinfo::get_user_sysinfo;
[INFO] [stdout]   |     ^^^^^^^^^^^^^^^^ use of undeclared crate or module `dialtone_reqwest`
[INFO] [stdout] 
[INFO] [stdout] 
[INFO] [stdout] error[E0433]: failed to resolve: use of undeclared crate or module `dialtone_test_util`
[INFO] [stdout]  --> tests/integration/api_v1/user_handlers/sysinfo_handlers_tests.rs:3:5
[INFO] [stdout]   |
[INFO] [stdout] 3 | use dialtone_test_util::create_system::create_system_tst_utl;
[INFO] [stdout]   |     ^^^^^^^^^^^^^^^^^^ use of undeclared crate or module `dialtone_test_util`
[INFO] [stdout] 
[INFO] [stdout] 
[INFO] [stdout] error[E0432]: unresolved import `dialtone_test_util`
[INFO] [stdout]  --> tests/integration/api_v1/user_handlers/sysdata_handler_tests.rs:8:5
[INFO] [stdout]   |
[INFO] [stdout] 8 | use dialtone_test_util::test_action;
[INFO] [stdout]   |     ^^^^^^^^^^^^^^^^^^ use of undeclared crate or module `dialtone_test_util`
[INFO] [stdout] 
[INFO] [stdout] 
[INFO] [stdout] error[E0433]: failed to resolve: use of undeclared crate or module `dialtone_test_util`
[INFO] [stdout]  --> tests/integration/api_v1/user_handlers/sysinfo_handlers_tests.rs:5:5
[INFO] [stdout]   |
[INFO] [stdout] 5 | use dialtone_test_util::test_constants::{TEST_NOROLEUSER_ACCT, TEST_PASSWORD, TEST_USERADMIN_NAME};
[INFO] [stdout]   |     ^^^^^^^^^^^^^^^^^^ use of undeclared crate or module `dialtone_test_util`
[INFO] [stdout] 
[INFO] [stdout] 
[INFO] [stdout] error[E0433]: failed to resolve: use of undeclared crate or module `dialtone_test_util`
[INFO] [stdout]  --> tests/integration/api_v1/user_handlers/sysinfo_handlers_tests.rs:6:5
[INFO] [stdout]   |
[INFO] [stdout] 6 | use dialtone_test_util::test_pg::test_pg;
[INFO] [stdout]   |     ^^^^^^^^^^^^^^^^^^ use of undeclared crate or module `dialtone_test_util`
[INFO] [stdout] 
[INFO] [stdout] 
[INFO] [stdout] error[E0433]: failed to resolve: use of undeclared crate or module `dialtone_test_util`
[INFO] [stdout]  --> tests/integration/api_v1/user_handlers/sysinfo_handlers_tests.rs:7:5
[INFO] [stdout]   |
[INFO] [stdout] 7 | use dialtone_test_util::test_server::start_test_srv_and_auth;
[INFO] [stdout]   |     ^^^^^^^^^^^^^^^^^^ use of undeclared crate or module `dialtone_test_util`
[INFO] [stdout] 
[INFO] [stdout] 
[INFO] [stdout] error[E0433]: failed to resolve: use of undeclared crate or module `dialtone_reqwest`
[INFO] [stdout]  --> tests/integration/api_v1/user_handlers/webuser_handlers_tests.rs:6:5
[INFO] [stdout]   |
[INFO] [stdout] 6 | use dialtone_reqwest::api_v1::users::get_user::get_user;
[INFO] [stdout]   |     ^^^^^^^^^^^^^^^^ use of undeclared crate or module `dialtone_reqwest`
[INFO] [stdout] 
[INFO] [stdout] 
[INFO] [stdout] error[E0433]: failed to resolve: use of undeclared crate or module `dialtone_reqwest`
[INFO] [stdout]  --> tests/integration/api_v1/user_handlers/webuser_handlers_tests.rs:8:5
[INFO] [stdout]   |
[INFO] [stdout] 8 | use dialtone_reqwest::api_v1::users::register_user::register_user;
[INFO] [stdout]   |     ^^^^^^^^^^^^^^^^ use of undeclared crate or module `dialtone_reqwest`
[INFO] [stdout] 
[INFO] [stdout] 
[INFO] [stdout] error[E0433]: failed to resolve: use of undeclared crate or module `dialtone_reqwest`
[INFO] [stdout]  --> tests/integration/api_v1/user_handlers/webuser_handlers_tests.rs:9:5
[INFO] [stdout]   |
[INFO] [stdout] 9 | use dialtone_reqwest::site_connection::SiteConnection;
[INFO] [stdout]   |     ^^^^^^^^^^^^^^^^ use of undeclared crate or module `dialtone_reqwest`
[INFO] [stdout] 
[INFO] [stdout] 
[INFO] [stdout] error[E0433]: failed to resolve: use of undeclared crate or module `dialtone_test_util`
[INFO] [stdout]   --> tests/integration/api_v1/user_handlers/webuser_handlers_tests.rs:10:5
[INFO] [stdout]    |
[INFO] [stdout] 10 | use dialtone_test_util::create_site::{create_site_tst_utl, open_registration, simple_code_registration};
[INFO] [stdout]    |     ^^^^^^^^^^^^^^^^^^ use of undeclared crate or module `dialtone_test_util`
[INFO] [stdout] 
[INFO] [stdout] 
[INFO] [stdout] error[E0433]: failed to resolve: use of undeclared crate or module `dialtone_test_util`
[INFO] [stdout]   --> tests/integration/api_v1/user_handlers/webuser_handlers_tests.rs:11:5
[INFO] [stdout]    |
[INFO] [stdout] 11 | use dialtone_test_util::create_system::create_system_tst_utl;
[INFO] [stdout]    |     ^^^^^^^^^^^^^^^^^^ use of undeclared crate or module `dialtone_test_util`
[INFO] [stdout] 
[INFO] [stdout] 
[INFO] [stdout] error[E0432]: unresolved import `dialtone_test_util`
[INFO] [stdout]  --> tests/integration/api_v1/user_handlers/sysinfo_handlers_tests.rs:4:5
[INFO] [stdout]   |
[INFO] [stdout] 4 | use dialtone_test_util::test_action;
[INFO] [stdout]   |     ^^^^^^^^^^^^^^^^^^ use of undeclared crate or module `dialtone_test_util`
[INFO] [stdout] 
[INFO] [stdout] 
[INFO] [stdout] error[E0433]: failed to resolve: use of undeclared crate or module `dialtone_test_util`
[INFO] [stdout]   --> tests/integration/api_v1/user_handlers/webuser_handlers_tests.rs:13:5
[INFO] [stdout]    |
[INFO] [stdout] 13 | use dialtone_test_util::test_constants::{
[INFO] [stdout]    |     ^^^^^^^^^^^^^^^^^^ use of undeclared crate or module `dialtone_test_util`
[INFO] [stdout] 
[INFO] [stdout] 
[INFO] [stdout] error[E0433]: failed to resolve: use of undeclared crate or module `dialtone_test_util`
[INFO] [stdout]   --> tests/integration/api_v1/user_handlers/webuser_handlers_tests.rs:17:5
[INFO] [stdout]    |
[INFO] [stdout] 17 | use dialtone_test_util::test_pg::test_pg;
[INFO] [stdout]    |     ^^^^^^^^^^^^^^^^^^ use of undeclared crate or module `dialtone_test_util`
[INFO] [stdout] 
[INFO] [stdout] 
[INFO] [stdout] error[E0433]: failed to resolve: use of undeclared crate or module `dialtone_test_util`
[INFO] [stdout]   --> tests/integration/api_v1/user_handlers/webuser_handlers_tests.rs:18:5
[INFO] [stdout]    |
[INFO] [stdout] 18 | use dialtone_test_util::test_server::{start_test_server, start_test_srv_and_auth};
[INFO] [stdout]    |     ^^^^^^^^^^^^^^^^^^ use of undeclared crate or module `dialtone_test_util`
[INFO] [stdout] 
[INFO] [stdout] 
[INFO] [stdout] error[E0433]: failed to resolve: use of undeclared crate or module `dialtone_reqwest`
[INFO] [stdout]  --> tests/integration/api_v1/user_page_handlers/page_handlers_tests.rs:3:5
[INFO] [stdout]   |
[INFO] [stdout] 3 | use dialtone_reqwest::api_v1::users::page_users::page_users;
[INFO] [stdout]   |     ^^^^^^^^^^^^^^^^ use of undeclared crate or module `dialtone_reqwest`
[INFO] [stdout] 
[INFO] [stdout] 
[INFO] [stdout] error[E0433]: failed to resolve: use of undeclared crate or module `dialtone_test_util`
[INFO] [stdout]  --> tests/integration/api_v1/user_page_handlers/page_handlers_tests.rs:5:5
[INFO] [stdout]   |
[INFO] [stdout] 5 | use dialtone_test_util::create_system::create_system_tst_utl;
[INFO] [stdout]   |     ^^^^^^^^^^^^^^^^^^ use of undeclared crate or module `dialtone_test_util`
[INFO] [stdout] 
[INFO] [stdout] 
[INFO] [stdout] error[E0432]: unresolved import `dialtone_test_util`
[INFO] [stdout]   --> tests/integration/api_v1/user_handlers/webuser_handlers_tests.rs:12:5
[INFO] [stdout]    |
[INFO] [stdout] 12 | use dialtone_test_util::test_action;
[INFO] [stdout]    |     ^^^^^^^^^^^^^^^^^^ use of undeclared crate or module `dialtone_test_util`
[INFO] [stdout] 
[INFO] [stdout] 
[INFO] [stdout] error[E0433]: failed to resolve: use of undeclared crate or module `dialtone_test_util`
[INFO] [stdout]  --> tests/integration/api_v1/user_page_handlers/page_handlers_tests.rs:7:5
[INFO] [stdout]   |
[INFO] [stdout] 7 | use dialtone_test_util::test_constants::{
[INFO] [stdout]   |     ^^^^^^^^^^^^^^^^^^ use of undeclared crate or module `dialtone_test_util`
[INFO] [stdout] 
[INFO] [stdout] 
[INFO] [stdout] error[E0433]: failed to resolve: use of undeclared crate or module `dialtone_test_util`
[INFO] [stdout]   --> tests/integration/api_v1/user_page_handlers/page_handlers_tests.rs:10:5
[INFO] [stdout]    |
[INFO] [stdout] 10 | use dialtone_test_util::test_pg::test_pg;
[INFO] [stdout]    |     ^^^^^^^^^^^^^^^^^^ use of undeclared crate or module `dialtone_test_util`
[INFO] [stdout] 
[INFO] [stdout] 
[INFO] [stdout] error[E0433]: failed to resolve: use of undeclared crate or module `dialtone_test_util`
[INFO] [stdout]   --> tests/integration/api_v1/user_page_handlers/page_handlers_tests.rs:11:5
[INFO] [stdout]    |
[INFO] [stdout] 11 | use dialtone_test_util::test_server::start_test_srv_and_auth;
[INFO] [stdout]    |     ^^^^^^^^^^^^^^^^^^ use of undeclared crate or module `dialtone_test_util`
[INFO] [stdout] 
[INFO] [stdout] 
[INFO] [stdout] error[E0433]: failed to resolve: use of undeclared crate or module `dialtone_reqwest`
[INFO] [stdout]  --> tests/integration/api_v1/ap_object_handlers/ap_object_tests.rs:1:5
[INFO] [stdout]   |
[INFO] [stdout] 1 | use dialtone_reqwest::api_v1::ap_objects::get_ap_object::get_ap_object;
[INFO] [stdout]   |     ^^^^^^^^^^^^^^^^ use of undeclared crate or module `dialtone_reqwest`
[INFO] [stdout] 
[INFO] [stdout] 
[INFO] [stdout] error[E0433]: failed to resolve: use of undeclared crate or module `dialtone_test_util`
[INFO] [stdout]  --> tests/integration/api_v1/ap_object_handlers/ap_object_tests.rs:2:5
[INFO] [stdout]   |
[INFO] [stdout] 2 | use dialtone_test_util::{
[INFO] [stdout]   |     ^^^^^^^^^^^^^^^^^^ use of undeclared crate or module `dialtone_test_util`
[INFO] [stdout] 
[INFO] [stdout] 
[INFO] [stdout] error[E0432]: unresolved import `dialtone_test_util`
[INFO] [stdout]  --> tests/integration/api_v1/user_page_handlers/page_handlers_tests.rs:6:5
[INFO] [stdout]   |
[INFO] [stdout] 6 | use dialtone_test_util::test_action;
[INFO] [stdout]   |     ^^^^^^^^^^^^^^^^^^ use of undeclared crate or module `dialtone_test_util`
[INFO] [stdout] 
[INFO] [stdout] 
[INFO] [stdout] error[E0433]: failed to resolve: use of undeclared crate or module `dialtone_reqwest`
[INFO] [stdout]  --> tests/integration/api_v1/ap_object_handlers/owned_tests.rs:3:5
[INFO] [stdout]   |
[INFO] [stdout] 3 | use dialtone_reqwest::api_v1::ap_objects::create::create_ap_object;
[INFO] [stdout]   |     ^^^^^^^^^^^^^^^^ use of undeclared crate or module `dialtone_reqwest`
[INFO] [stdout] 
[INFO] [stdout] 
[INFO] [stdout] error[E0433]: failed to resolve: use of undeclared crate or module `dialtone_reqwest`
[INFO] [stdout]  --> tests/integration/api_v1/ap_object_handlers/owned_tests.rs:4:5
[INFO] [stdout]   |
[INFO] [stdout] 4 | use dialtone_reqwest::api_v1::ap_objects::get_owned::get_owned_ap_object;
[INFO] [stdout]   |     ^^^^^^^^^^^^^^^^ use of undeclared crate or module `dialtone_reqwest`
[INFO] [stdout] 
[INFO] [stdout] 
[INFO] [stdout] error[E0433]: failed to resolve: use of undeclared crate or module `dialtone_reqwest`
[INFO] [stdout]  --> tests/integration/api_v1/ap_object_handlers/owned_tests.rs:5:5
[INFO] [stdout]   |
[INFO] [stdout] 5 | use dialtone_reqwest::api_v1::ap_objects::update::update_ap_object;
[INFO] [stdout]   |     ^^^^^^^^^^^^^^^^ use of undeclared crate or module `dialtone_reqwest`
[INFO] [stdout] 
[INFO] [stdout] 
[INFO] [stdout] error[E0433]: failed to resolve: use of undeclared crate or module `dialtone_test_util`
[INFO] [stdout]  --> tests/integration/api_v1/ap_object_handlers/owned_tests.rs:6:5
[INFO] [stdout]   |
[INFO] [stdout] 6 | use dialtone_test_util::create_ap_object::create_article_for_actor_tst_utl;
[INFO] [stdout]   |     ^^^^^^^^^^^^^^^^^^ use of undeclared crate or module `dialtone_test_util`
[INFO] [stdout] 
[INFO] [stdout] 
[INFO] [stdout] error[E0433]: failed to resolve: use of undeclared crate or module `dialtone_test_util`
[INFO] [stdout]  --> tests/integration/api_v1/ap_object_handlers/owned_tests.rs:7:5
[INFO] [stdout]   |
[INFO] [stdout] 7 | use dialtone_test_util::create_system::create_system_tst_utl;
[INFO] [stdout]   |     ^^^^^^^^^^^^^^^^^^ use of undeclared crate or module `dialtone_test_util`
[INFO] [stdout] 
[INFO] [stdout] 
[INFO] [stdout] error[E0432]: unresolved import `dialtone_test_util`
[INFO] [stdout]  --> tests/integration/api_v1/ap_object_handlers/ap_object_tests.rs:2:5
[INFO] [stdout]   |
[INFO] [stdout] 2 | use dialtone_test_util::{
[INFO] [stdout]   |     ^^^^^^^^^^^^^^^^^^ use of undeclared crate or module `dialtone_test_util`
[INFO] [stdout] 
[INFO] [stdout] 
[INFO] [stdout] error[E0433]: failed to resolve: use of undeclared crate or module `dialtone_test_util`
[INFO] [stdout]  --> tests/integration/api_v1/ap_object_handlers/owned_tests.rs:9:5
[INFO] [stdout]   |
[INFO] [stdout] 9 | use dialtone_test_util::test_constants::{TEST_NOROLEUSER_NAME, TEST_PASSWORD};
[INFO] [stdout]   |     ^^^^^^^^^^^^^^^^^^ use of undeclared crate or module `dialtone_test_util`
[INFO] [stdout] 
[INFO] [stdout] 
[INFO] [stdout] error[E0433]: failed to resolve: use of undeclared crate or module `dialtone_test_util`
[INFO] [stdout]   --> tests/integration/api_v1/ap_object_handlers/owned_tests.rs:10:5
[INFO] [stdout]    |
[INFO] [stdout] 10 | use dialtone_test_util::test_pg::test_pg;
[INFO] [stdout]    |     ^^^^^^^^^^^^^^^^^^ use of undeclared crate or module `dialtone_test_util`
[INFO] [stdout] 
[INFO] [stdout] 
[INFO] [stdout] error[E0433]: failed to resolve: use of undeclared crate or module `dialtone_test_util`
[INFO] [stdout]   --> tests/integration/api_v1/ap_object_handlers/owned_tests.rs:11:5
[INFO] [stdout]    |
[INFO] [stdout] 11 | use dialtone_test_util::test_server::start_test_srv_and_auth;
[INFO] [stdout]    |     ^^^^^^^^^^^^^^^^^^ use of undeclared crate or module `dialtone_test_util`
[INFO] [stdout] 
[INFO] [stdout] 
[INFO] [stdout] error[E0433]: failed to resolve: use of undeclared crate or module `dialtone_reqwest`
[INFO] [stdout]  --> tests/integration/api_v1/ap_object_handlers/sysdata_handler_tests.rs:2:5
[INFO] [stdout]   |
[INFO] [stdout] 2 | use dialtone_reqwest::api_v1::ap_objects::change_sysdata::change_ap_object_sysdata;
[INFO] [stdout]   |     ^^^^^^^^^^^^^^^^ use of undeclared crate or module `dialtone_reqwest`
[INFO] [stdout] 
[INFO] [stdout] 
[INFO] [stdout] error[E0433]: failed to resolve: use of undeclared crate or module `dialtone_test_util`
[INFO] [stdout]  --> tests/integration/api_v1/ap_object_handlers/sysdata_handler_tests.rs:3:5
[INFO] [stdout]   |
[INFO] [stdout] 3 | use dialtone_test_util::create_ap_object::create_article_for_actor_tst_utl;
[INFO] [stdout]   |     ^^^^^^^^^^^^^^^^^^ use of undeclared crate or module `dialtone_test_util`
[INFO] [stdout] 
[INFO] [stdout] 
[INFO] [stdout] error[E0433]: failed to resolve: use of undeclared crate or module `dialtone_test_util`
[INFO] [stdout]  --> tests/integration/api_v1/ap_object_handlers/sysdata_handler_tests.rs:4:5
[INFO] [stdout]   |
[INFO] [stdout] 4 | use dialtone_test_util::create_system::create_system_tst_utl;
[INFO] [stdout]   |     ^^^^^^^^^^^^^^^^^^ use of undeclared crate or module `dialtone_test_util`
[INFO] [stdout] 
[INFO] [stdout] 
[INFO] [stdout] error[E0432]: unresolved import `dialtone_test_util`
[INFO] [stdout]  --> tests/integration/api_v1/ap_object_handlers/owned_tests.rs:8:5
[INFO] [stdout]   |
[INFO] [stdout] 8 | use dialtone_test_util::test_action;
[INFO] [stdout]   |     ^^^^^^^^^^^^^^^^^^ use of undeclared crate or module `dialtone_test_util`
[INFO] [stdout] 
[INFO] [stdout] 
[INFO] [stdout] error[E0433]: failed to resolve: use of undeclared crate or module `dialtone_test_util`
[INFO] [stdout]  --> tests/integration/api_v1/ap_object_handlers/sysdata_handler_tests.rs:6:5
[INFO] [stdout]   |
[INFO] [stdout] 6 | use dialtone_test_util::test_constants::{TEST_CONTENTADMIN_NAME, TEST_NOROLEUSER_NAME, TEST_PASSWORD};
[INFO] [stdout]   |     ^^^^^^^^^^^^^^^^^^ use of undeclared crate or module `dialtone_test_util`
[INFO] [stdout] 
[INFO] [stdout] 
[INFO] [stdout] error[E0433]: failed to resolve: use of undeclared crate or module `dialtone_test_util`
[INFO] [stdout]  --> tests/integration/api_v1/ap_object_handlers/sysdata_handler_tests.rs:7:5
[INFO] [stdout]   |
[INFO] [stdout] 7 | use dialtone_test_util::test_pg::test_pg;
[INFO] [stdout]   |     ^^^^^^^^^^^^^^^^^^ use of undeclared crate or module `dialtone_test_util`
[INFO] [stdout] 
[INFO] [stdout] 
[INFO] [stdout] error[E0433]: failed to resolve: use of undeclared crate or module `dialtone_test_util`
[INFO] [stdout]  --> tests/integration/api_v1/ap_object_handlers/sysdata_handler_tests.rs:8:5
[INFO] [stdout]   |
[INFO] [stdout] 8 | use dialtone_test_util::test_server::start_test_srv_and_auth;
[INFO] [stdout]   |     ^^^^^^^^^^^^^^^^^^ use of undeclared crate or module `dialtone_test_util`
[INFO] [stdout] 
[INFO] [stdout] 
[INFO] [stdout] error[E0433]: failed to resolve: use of undeclared crate or module `dialtone_reqwest`
[INFO] [stdout]  --> tests/integration/api_v1/ap_object_handlers/sysinfo_handler_tests.rs:1:5
[INFO] [stdout]   |
[INFO] [stdout] 1 | use dialtone_reqwest::api_v1::ap_objects::get_sysinfo::get_ap_object_sysinfo;
[INFO] [stdout]   |     ^^^^^^^^^^^^^^^^ use of undeclared crate or module `dialtone_reqwest`
[INFO] [stdout] 
[INFO] [stdout] 
[INFO] [stdout] error[E0433]: failed to resolve: use of undeclared crate or module `dialtone_test_util`
[INFO] [stdout]  --> tests/integration/api_v1/ap_object_handlers/sysinfo_handler_tests.rs:2:5
[INFO] [stdout]   |
[INFO] [stdout] 2 | use dialtone_test_util::create_ap_object::create_article_for_actor_tst_utl;
[INFO] [stdout]   |     ^^^^^^^^^^^^^^^^^^ use of undeclared crate or module `dialtone_test_util`
[INFO] [stdout] 
[INFO] [stdout] 
[INFO] [stdout] error[E0433]: failed to resolve: use of undeclared crate or module `dialtone_test_util`
[INFO] [stdout]  --> tests/integration/api_v1/ap_object_handlers/sysinfo_handler_tests.rs:3:5
[INFO] [stdout]   |
[INFO] [stdout] 3 | use dialtone_test_util::create_system::create_system_tst_utl;
[INFO] [stdout]   |     ^^^^^^^^^^^^^^^^^^ use of undeclared crate or module `dialtone_test_util`
[INFO] [stdout] 
[INFO] [stdout] 
[INFO] [stdout] error[E0432]: unresolved import `dialtone_test_util`
[INFO] [stdout]  --> tests/integration/api_v1/ap_object_handlers/sysdata_handler_tests.rs:5:5
[INFO] [stdout]   |
[INFO] [stdout] 5 | use dialtone_test_util::test_action;
[INFO] [stdout]   |     ^^^^^^^^^^^^^^^^^^ use of undeclared crate or module `dialtone_test_util`
[INFO] [stdout] 
[INFO] [stdout] 
[INFO] [stdout] error[E0433]: failed to resolve: use of undeclared crate or module `dialtone_test_util`
[INFO] [stdout]  --> tests/integration/api_v1/ap_object_handlers/sysinfo_handler_tests.rs:5:5
[INFO] [stdout]   |
[INFO] [stdout] 5 | use dialtone_test_util::test_constants::{TEST_CONTENTADMIN_NAME, TEST_NOROLEUSER_NAME, TEST_PASSWORD};
[INFO] [stdout]   |     ^^^^^^^^^^^^^^^^^^ use of undeclared crate or module `dialtone_test_util`
[INFO] [stdout] 
[INFO] [stdout] 
[INFO] [stdout] error[E0433]: failed to resolve: use of undeclared crate or module `dialtone_test_util`
[INFO] [stdout]  --> tests/integration/api_v1/ap_object_handlers/sysinfo_handler_tests.rs:6:5
[INFO] [stdout]   |
[INFO] [stdout] 6 | use dialtone_test_util::test_pg::test_pg;
[INFO] [stdout]   |     ^^^^^^^^^^^^^^^^^^ use of undeclared crate or module `dialtone_test_util`
[INFO] [stdout] 
[INFO] [stdout] 
[INFO] [stdout] error[E0433]: failed to resolve: use of undeclared crate or module `dialtone_test_util`
[INFO] [stdout]  --> tests/integration/api_v1/ap_object_handlers/sysinfo_handler_tests.rs:7:5
[INFO] [stdout]   |
[INFO] [stdout] 7 | use dialtone_test_util::test_server::start_test_srv_and_auth;
[INFO] [stdout]   |     ^^^^^^^^^^^^^^^^^^ use of undeclared crate or module `dialtone_test_util`
[INFO] [stdout] 
[INFO] [stdout] 
[INFO] [stdout] error[E0433]: failed to resolve: use of undeclared crate or module `dialtone_reqwest`
[INFO] [stdout]  --> tests/integration/api_v1/ap_object_pages_handlers/by_actor_handlers_tests.rs:1:5
[INFO] [stdout]   |
[INFO] [stdout] 1 | use dialtone_reqwest::api_v1::ap_objects::page_by_actor::page_ap_objects_by_actor;
[INFO] [stdout]   |     ^^^^^^^^^^^^^^^^ use of undeclared crate or module `dialtone_reqwest`
[INFO] [stdout] 
[INFO] [stdout] 
[INFO] [stdout] error[E0433]: failed to resolve: use of undeclared crate or module `dialtone_test_util`
[INFO] [stdout]  --> tests/integration/api_v1/ap_object_pages_handlers/by_actor_handlers_tests.rs:2:5
[INFO] [stdout]   |
[INFO] [stdout] 2 | use dialtone_test_util::create_ap_object::create_article_for_actor_tst_utl;
[INFO] [stdout]   |     ^^^^^^^^^^^^^^^^^^ use of undeclared crate or module `dialtone_test_util`
[INFO] [stdout] 
[INFO] [stdout] 
[INFO] [stdout] error[E0433]: failed to resolve: use of undeclared crate or module `dialtone_test_util`
[INFO] [stdout]  --> tests/integration/api_v1/ap_object_pages_handlers/by_actor_handlers_tests.rs:3:5
[INFO] [stdout]   |
[INFO] [stdout] 3 | use dialtone_test_util::create_system::create_system_tst_utl;
[INFO] [stdout]   |     ^^^^^^^^^^^^^^^^^^ use of undeclared crate or module `dialtone_test_util`
[INFO] [stdout] 
[INFO] [stdout] 
[INFO] [stdout] error[E0432]: unresolved import `dialtone_test_util`
[INFO] [stdout]  --> tests/integration/api_v1/ap_object_handlers/sysinfo_handler_tests.rs:4:5
[INFO] [stdout]   |
[INFO] [stdout] 4 | use dialtone_test_util::test_action;
[INFO] [stdout]   |     ^^^^^^^^^^^^^^^^^^ use of undeclared crate or module `dialtone_test_util`
[INFO] [stdout] 
[INFO] [stdout] 
[INFO] [stdout] error[E0433]: failed to resolve: use of undeclared crate or module `dialtone_test_util`
[INFO] [stdout]  --> tests/integration/api_v1/ap_object_pages_handlers/by_actor_handlers_tests.rs:5:5
[INFO] [stdout]   |
[INFO] [stdout] 5 | use dialtone_test_util::test_constants::{TEST_NOROLEUSER_NAME, TEST_PASSWORD};
[INFO] [stdout]   |     ^^^^^^^^^^^^^^^^^^ use of undeclared crate or module `dialtone_test_util`
[INFO] [stdout] 
[INFO] [stdout] 
[INFO] [stdout] error[E0433]: failed to resolve: use of undeclared crate or module `dialtone_test_util`
[INFO] [stdout]  --> tests/integration/api_v1/ap_object_pages_handlers/by_actor_handlers_tests.rs:6:5
[INFO] [stdout]   |
[INFO] [stdout] 6 | use dialtone_test_util::test_pg::test_pg;
[INFO] [stdout]   |     ^^^^^^^^^^^^^^^^^^ use of undeclared crate or module `dialtone_test_util`
[INFO] [stdout] 
[INFO] [stdout] 
[INFO] [stdout] error[E0433]: failed to resolve: use of undeclared crate or module `dialtone_test_util`
[INFO] [stdout]  --> tests/integration/api_v1/ap_object_pages_handlers/by_actor_handlers_tests.rs:7:5
[INFO] [stdout]   |
[INFO] [stdout] 7 | use dialtone_test_util::test_server::start_test_srv_and_auth;
[INFO] [stdout]   |     ^^^^^^^^^^^^^^^^^^ use of undeclared crate or module `dialtone_test_util`
[INFO] [stdout] 
[INFO] [stdout] 
[INFO] [stdout] error[E0433]: failed to resolve: use of undeclared crate or module `dialtone_reqwest`
[INFO] [stdout]  --> tests/integration/api_v1/ap_object_pages_handlers/by_host_handlers_tests.rs:1:5
[INFO] [stdout]   |
[INFO] [stdout] 1 | use dialtone_reqwest::api_v1::ap_objects::page_by_host::page_ap_objects_by_host;
[INFO] [stdout]   |     ^^^^^^^^^^^^^^^^ use of undeclared crate or module `dialtone_reqwest`
[INFO] [stdout] 
[INFO] [stdout] 
[INFO] [stdout] error[E0433]: failed to resolve: use of undeclared crate or module `dialtone_test_util`
[INFO] [stdout]  --> tests/integration/api_v1/ap_object_pages_handlers/by_host_handlers_tests.rs:2:5
[INFO] [stdout]   |
[INFO] [stdout] 2 | use dialtone_test_util::create_ap_object::create_article_for_actor_tst_utl;
[INFO] [stdout]   |     ^^^^^^^^^^^^^^^^^^ use of undeclared crate or module `dialtone_test_util`
[INFO] [stdout] 
[INFO] [stdout] 
[INFO] [stdout] error[E0433]: failed to resolve: use of undeclared crate or module `dialtone_test_util`
[INFO] [stdout]  --> tests/integration/api_v1/ap_object_pages_handlers/by_host_handlers_tests.rs:3:5
[INFO] [stdout]   |
[INFO] [stdout] 3 | use dialtone_test_util::create_system::create_system_tst_utl;
[INFO] [stdout]   |     ^^^^^^^^^^^^^^^^^^ use of undeclared crate or module `dialtone_test_util`
[INFO] [stdout] 
[INFO] [stdout] 
[INFO] [stdout] error[E0432]: unresolved import `dialtone_test_util`
[INFO] [stdout]  --> tests/integration/api_v1/ap_object_pages_handlers/by_actor_handlers_tests.rs:4:5
[INFO] [stdout]   |
[INFO] [stdout] 4 | use dialtone_test_util::test_action;
[INFO] [stdout]   |     ^^^^^^^^^^^^^^^^^^ use of undeclared crate or module `dialtone_test_util`
[INFO] [stdout] 
[INFO] [stdout] 
[INFO] [stdout] error[E0433]: failed to resolve: use of undeclared crate or module `dialtone_test_util`
[INFO] [stdout]  --> tests/integration/api_v1/ap_object_pages_handlers/by_host_handlers_tests.rs:5:5
[INFO] [stdout]   |
[INFO] [stdout] 5 | use dialtone_test_util::test_constants::{TEST_HOSTNAME, TEST_NOROLEUSER_NAME, TEST_PASSWORD};
[INFO] [stdout]   |     ^^^^^^^^^^^^^^^^^^ use of undeclared crate or module `dialtone_test_util`
[INFO] [stdout] 
[INFO] [stdout] 
[INFO] [stdout] error[E0433]: failed to resolve: use of undeclared crate or module `dialtone_test_util`
[INFO] [stdout]  --> tests/integration/api_v1/ap_object_pages_handlers/by_host_handlers_tests.rs:6:5
[INFO] [stdout]   |
[INFO] [stdout] 6 | use dialtone_test_util::test_pg::test_pg;
[INFO] [stdout]   |     ^^^^^^^^^^^^^^^^^^ use of undeclared crate or module `dialtone_test_util`
[INFO] [stdout] 
[INFO] [stdout] 
[INFO] [stdout] error[E0433]: failed to resolve: use of undeclared crate or module `dialtone_test_util`
[INFO] [stdout]  --> tests/integration/api_v1/ap_object_pages_handlers/by_host_handlers_tests.rs:7:5
[INFO] [stdout]   |
[INFO] [stdout] 7 | use dialtone_test_util::test_server::start_test_srv_and_auth;
[INFO] [stdout]   |     ^^^^^^^^^^^^^^^^^^ use of undeclared crate or module `dialtone_test_util`
[INFO] [stdout] 
[INFO] [stdout] 
[INFO] [stdout] error[E0433]: failed to resolve: use of undeclared crate or module `dialtone_reqwest`
[INFO] [stdout]  --> tests/integration/api_v1/ap_object_pages_handlers/owned_by_actor_handlers_tests.rs:1:5
[INFO] [stdout]   |
[INFO] [stdout] 1 | use dialtone_reqwest::api_v1::ap_objects::page_owned_by_actor::page_owned_ap_objects_by_actor;
[INFO] [stdout]   |     ^^^^^^^^^^^^^^^^ use of undeclared crate or module `dialtone_reqwest`
[INFO] [stdout] 
[INFO] [stdout] 
[INFO] [stdout] error[E0433]: failed to resolve: use of undeclared crate or module `dialtone_test_util`
[INFO] [stdout]  --> tests/integration/api_v1/ap_object_pages_handlers/owned_by_actor_handlers_tests.rs:2:5
[INFO] [stdout]   |
[INFO] [stdout] 2 | use dialtone_test_util::create_ap_object::create_article_for_actor_tst_utl;
[INFO] [stdout]   |     ^^^^^^^^^^^^^^^^^^ use of undeclared crate or module `dialtone_test_util`
[INFO] [stdout] 
[INFO] [stdout] 
[INFO] [stdout] error[E0433]: failed to resolve: use of undeclared crate or module `dialtone_test_util`
[INFO] [stdout]  --> tests/integration/api_v1/ap_object_pages_handlers/owned_by_actor_handlers_tests.rs:3:5
[INFO] [stdout]   |
[INFO] [stdout] 3 | use dialtone_test_util::create_system::create_system_tst_utl;
[INFO] [stdout]   |     ^^^^^^^^^^^^^^^^^^ use of undeclared crate or module `dialtone_test_util`
[INFO] [stdout] 
[INFO] [stdout] 
[INFO] [stdout] error[E0432]: unresolved import `dialtone_test_util`
[INFO] [stdout]  --> tests/integration/api_v1/ap_object_pages_handlers/by_host_handlers_tests.rs:4:5
[INFO] [stdout]   |
[INFO] [stdout] 4 | use dialtone_test_util::test_action;
[INFO] [stdout]   |     ^^^^^^^^^^^^^^^^^^ use of undeclared crate or module `dialtone_test_util`
[INFO] [stdout] 
[INFO] [stdout] 
[INFO] [stdout] error[E0433]: failed to resolve: use of undeclared crate or module `dialtone_test_util`
[INFO] [stdout]  --> tests/integration/api_v1/ap_object_pages_handlers/owned_by_actor_handlers_tests.rs:5:5
[INFO] [stdout]   |
[INFO] [stdout] 5 | use dialtone_test_util::test_constants::{TEST_NOROLEUSER_NAME, TEST_PASSWORD};
[INFO] [stdout]   |     ^^^^^^^^^^^^^^^^^^ use of undeclared crate or module `dialtone_test_util`
[INFO] [stdout] 
[INFO] [stdout] 
[INFO] [stdout] error[E0433]: failed to resolve: use of undeclared crate or module `dialtone_test_util`
[INFO] [stdout]  --> tests/integration/api_v1/ap_object_pages_handlers/owned_by_actor_handlers_tests.rs:6:5
[INFO] [stdout]   |
[INFO] [stdout] 6 | use dialtone_test_util::test_pg::test_pg;
[INFO] [stdout]   |     ^^^^^^^^^^^^^^^^^^ use of undeclared crate or module `dialtone_test_util`
[INFO] [stdout] 
[INFO] [stdout] 
[INFO] [stdout] error[E0433]: failed to resolve: use of undeclared crate or module `dialtone_test_util`
[INFO] [stdout]  --> tests/integration/api_v1/ap_object_pages_handlers/owned_by_actor_handlers_tests.rs:7:5
[INFO] [stdout]   |
[INFO] [stdout] 7 | use dialtone_test_util::test_server::start_test_srv_and_auth;
[INFO] [stdout]   |     ^^^^^^^^^^^^^^^^^^ use of undeclared crate or module `dialtone_test_util`
[INFO] [stdout] 
[INFO] [stdout] 
[INFO] [stdout] error[E0433]: failed to resolve: use of undeclared crate or module `dialtone_test_util`
[INFO] [stdout]  --> tests/integration/user_authz_tests.rs:4:5
[INFO] [stdout]   |
[INFO] [stdout] 4 | use dialtone_test_util::create_system::create_system_tst_utl;
[INFO] [stdout]   |     ^^^^^^^^^^^^^^^^^^ use of undeclared crate or module `dialtone_test_util`
[INFO] [stdout] 
[INFO] [stdout] 
[INFO] [stdout] error[E0432]: unresolved import `dialtone_test_util`
[INFO] [stdout]  --> tests/integration/api_v1/ap_object_pages_handlers/owned_by_actor_handlers_tests.rs:4:5
[INFO] [stdout]   |
[INFO] [stdout] 4 | use dialtone_test_util::test_action;
[INFO] [stdout]   |     ^^^^^^^^^^^^^^^^^^ use of undeclared crate or module `dialtone_test_util`
[INFO] [stdout] 
[INFO] [stdout] 
[INFO] [stdout] error[E0433]: failed to resolve: use of undeclared crate or module `dialtone_test_util`
[INFO] [stdout]  --> tests/integration/user_authz_tests.rs:6:5
[INFO] [stdout]   |
[INFO] [stdout] 6 | use dialtone_test_util::test_constants::{
[INFO] [stdout]   |     ^^^^^^^^^^^^^^^^^^ use of undeclared crate or module `dialtone_test_util`
[INFO] [stdout] 
[INFO] [stdout] 
[INFO] [stdout] error[E0433]: failed to resolve: use of undeclared crate or module `dialtone_test_util`
[INFO] [stdout]  --> tests/integration/user_authz_tests.rs:9:5
[INFO] [stdout]   |
[INFO] [stdout] 9 | use dialtone_test_util::test_pg::test_pg;
[INFO] [stdout]   |     ^^^^^^^^^^^^^^^^^^ use of undeclared crate or module `dialtone_test_util`
[INFO] [stdout] 
[INFO] [stdout] 
[INFO] [stdout] error[E0432]: unresolved import `dialtone_test_util`
[INFO] [stdout]  --> tests/integration/user_authz_tests.rs:5:5
[INFO] [stdout]   |
[INFO] [stdout] 5 | use dialtone_test_util::test_action;
[INFO] [stdout]   |     ^^^^^^^^^^^^^^^^^^ use of undeclared crate or module `dialtone_test_util`
[INFO] [stdout] 
[INFO] [stdout] 
[INFO] [stdout] error: cannot determine resolution for the macro `test_action`
[INFO] [stdout]   --> tests/integration/api_v1/names_handler_tests.rs:16:9
[INFO] [stdout]    |
[INFO] [stdout] 16 |         test_action!(action);
[INFO] [stdout]    |         ^^^^^^^^^^^
[INFO] [stdout]    |
[INFO] [stdout]    = note: import resolution is stuck, try simplifying macro imports
[INFO] [stdout] 
[INFO] [stdout] 
[INFO] [stdout] error: cannot determine resolution for the macro `test_action`
[INFO] [stdout]   --> tests/integration/api_v1/names_handler_tests.rs:23:9
[INFO] [stdout]    |
[INFO] [stdout] 23 |         test_action!(action);
[INFO] [stdout]    |         ^^^^^^^^^^^
[INFO] [stdout]    |
[INFO] [stdout]    = note: import resolution is stuck, try simplifying macro imports
[INFO] [stdout] 
[INFO] [stdout] 
[INFO] [stdout] error: cannot determine resolution for the macro `test_action`
[INFO] [stdout]   --> tests/integration/api_v1/names_handler_tests.rs:28:9
[INFO] [stdout]    |
[INFO] [stdout] 28 |         test_action!(action);
[INFO] [stdout]    |         ^^^^^^^^^^^
[INFO] [stdout]    |
[INFO] [stdout]    = note: import resolution is stuck, try simplifying macro imports
[INFO] [stdout] 
[INFO] [stdout] 
[INFO] [stdout] error: cannot determine resolution for the macro `test_action`
[INFO] [stdout]   --> tests/integration/api_v1/actor_handlers/owned_handlers_tests.rs:28:9
[INFO] [stdout]    |
[INFO] [stdout] 28 |         test_action!(action);
[INFO] [stdout]    |         ^^^^^^^^^^^
[INFO] [stdout]    |
[INFO] [stdout]    = note: import resolution is stuck, try simplifying macro imports
[INFO] [stdout] 
[INFO] [stdout] 
[INFO] [stdout] error: cannot determine resolution for the macro `test_action`
[INFO] [stdout]   --> tests/integration/api_v1/actor_handlers/owned_handlers_tests.rs:31:9
[INFO] [stdout]    |
[INFO] [stdout] 31 |         test_action!(action);
[INFO] [stdout]    |         ^^^^^^^^^^^
[INFO] [stdout]    |
[INFO] [stdout]    = note: import resolution is stuck, try simplifying macro imports
[INFO] [stdout] 
[INFO] [stdout] 
[INFO] [stdout] error: cannot determine resolution for the macro `test_action`
[INFO] [stdout]   --> tests/integration/api_v1/actor_handlers/owned_handlers_tests.rs:38:9
[INFO] [stdout]    |
[INFO] [stdout] 38 |         test_action!(action);
[INFO] [stdout]    |         ^^^^^^^^^^^
[INFO] [stdout]    |
[INFO] [stdout]    = note: import resolution is stuck, try simplifying macro imports
[INFO] [stdout] 
[INFO] [stdout] 
[INFO] [stdout] error: cannot determine resolution for the macro `test_action`
[INFO] [stdout]   --> tests/integration/api_v1/actor_handlers/owned_handlers_tests.rs:47:9
[INFO] [stdout]    |
[INFO] [stdout] 47 |         test_action!(action);
[INFO] [stdout]    |         ^^^^^^^^^^^
[INFO] [stdout]    |
[INFO] [stdout]    = note: import resolution is stuck, try simplifying macro imports
[INFO] [stdout] 
[INFO] [stdout] 
[INFO] [stdout] error: cannot determine resolution for the macro `test_action`
[INFO] [stdout]   --> tests/integration/api_v1/actor_handlers/owned_handlers_tests.rs:52:9
[INFO] [stdout]    |
[INFO] [stdout] 52 |         test_action!(action);
[INFO] [stdout]    |         ^^^^^^^^^^^
[INFO] [stdout]    |
[INFO] [stdout]    = note: import resolution is stuck, try simplifying macro imports
[INFO] [stdout] 
[INFO] [stdout] 
[INFO] [stdout] error: cannot determine resolution for the macro `test_action`
[INFO] [stdout]   --> tests/integration/api_v1/actor_handlers/owned_handlers_tests.rs:81:9
[INFO] [stdout]    |
[INFO] [stdout] 81 |         test_action!(action);
[INFO] [stdout]    |         ^^^^^^^^^^^
[INFO] [stdout]    |
[INFO] [stdout]    = note: import resolution is stuck, try simplifying macro imports
[INFO] [stdout] 
[INFO] [stdout] 
[INFO] [stdout] error: cannot determine resolution for the macro `test_action`
[INFO] [stdout]   --> tests/integration/api_v1/actor_handlers/sysinfo_handlers_tests.rs:26:9
[INFO] [stdout]    |
[INFO] [stdout] 26 |         test_action!(action);
[INFO] [stdout]    |         ^^^^^^^^^^^
[INFO] [stdout]    |
[INFO] [stdout]    = note: import resolution is stuck, try simplifying macro imports
[INFO] [stdout] 
[INFO] [stdout] 
[INFO] [stdout] error: cannot determine resolution for the macro `test_action`
[INFO] [stdout]   --> tests/integration/api_v1/actor_handlers/sysinfo_handlers_tests.rs:52:9
[INFO] [stdout]    |
[INFO] [stdout] 52 |         test_action!(action);
[INFO] [stdout]    |         ^^^^^^^^^^^
[INFO] [stdout]    |
[INFO] [stdout]    = note: import resolution is stuck, try simplifying macro imports
[INFO] [stdout] 
[INFO] [stdout] 
[INFO] [stdout] error: cannot determine resolution for the macro `test_action`
[INFO] [stdout]   --> tests/integration/api_v1/actor_handlers/default_handlers_tests.rs:32:9
[INFO] [stdout]    |
[INFO] [stdout] 32 |         test_action!(action);
[INFO] [stdout]    |         ^^^^^^^^^^^
[INFO] [stdout]    |
[INFO] [stdout]    = note: import resolution is stuck, try simplifying macro imports
[INFO] [stdout] 
[INFO] [stdout] 
[INFO] [stdout] error: cannot determine resolution for the macro `test_action`
[INFO] [stdout]   --> tests/integration/api_v1/actor_handlers/public_handlers_tests.rs:21:9
[INFO] [stdout]    |
[INFO] [stdout] 21 |         test_action!(action);
[INFO] [stdout]    |         ^^^^^^^^^^^
[INFO] [stdout]    |
[INFO] [stdout]    = note: import resolution is stuck, try simplifying macro imports
[INFO] [stdout] 
[INFO] [stdout] 
[INFO] [stdout] error: cannot determine resolution for the macro `test_action`
[INFO] [stdout]   --> tests/integration/api_v1/actor_pages_handlers/all_handlers_tests.rs:30:9
[INFO] [stdout]    |
[INFO] [stdout] 30 |         test_action!(action);
[INFO] [stdout]    |         ^^^^^^^^^^^
[INFO] [stdout]    |
[INFO] [stdout]    = note: import resolution is stuck, try simplifying macro imports
[INFO] [stdout] 
[INFO] [stdout] 
[INFO] [stdout] error: cannot determine resolution for the macro `test_action`
[INFO] [stdout]   --> tests/integration/api_v1/actor_pages_handlers/by_host_handlers_tests.rs:21:9
[INFO] [stdout]    |
[INFO] [stdout] 21 |         test_action!(action);
[INFO] [stdout]    |         ^^^^^^^^^^^
[INFO] [stdout]    |
[INFO] [stdout]    = note: import resolution is stuck, try simplifying macro imports
[INFO] [stdout] 
[INFO] [stdout] 
[INFO] [stdout] error: cannot determine resolution for the macro `test_action`
[INFO] [stdout]   --> tests/integration/api_v1/actor_pages_handlers/by_host_handlers_tests.rs:38:9
[INFO] [stdout]    |
[INFO] [stdout] 38 |         test_action!(action);
[INFO] [stdout]    |         ^^^^^^^^^^^
[INFO] [stdout]    |
[INFO] [stdout]    = note: import resolution is stuck, try simplifying macro imports
[INFO] [stdout] 
[INFO] [stdout] 
[INFO] [stdout] error: cannot determine resolution for the macro `test_action`
[INFO] [stdout]   --> tests/integration/api_v1/actor_pages_handlers/by_owner_handlers_tests.rs:29:9
[INFO] [stdout]    |
[INFO] [stdout] 29 |         test_action!(action);
[INFO] [stdout]    |         ^^^^^^^^^^^
[INFO] [stdout]    |
[INFO] [stdout]    = note: import resolution is stuck, try simplifying macro imports
[INFO] [stdout] 
[INFO] [stdout] 
[INFO] [stdout] error: cannot determine resolution for the macro `test_action`
[INFO] [stdout]   --> tests/integration/api_v1/user_handlers/password_handlers_tests.rs:27:9
[INFO] [stdout]    |
[INFO] [stdout] 27 |         test_action!(action);
[INFO] [stdout]    |         ^^^^^^^^^^^
[INFO] [stdout]    |
[INFO] [stdout]    = note: import resolution is stuck, try simplifying macro imports
[INFO] [stdout] 
[INFO] [stdout] 
[INFO] [stdout] error: cannot determine resolution for the macro `test_action`
[INFO] [stdout]   --> tests/integration/api_v1/user_handlers/prefs_handlers_tests.rs:32:9
[INFO] [stdout]    |
[INFO] [stdout] 32 |         test_action!(action);
[INFO] [stdout]    |         ^^^^^^^^^^^
[INFO] [stdout]    |
[INFO] [stdout]    = note: import resolution is stuck, try simplifying macro imports
[INFO] [stdout] 
[INFO] [stdout] 
[INFO] [stdout] error: cannot determine resolution for the macro `test_action`
[INFO] [stdout]   --> tests/integration/api_v1/user_handlers/status_handlers_tests.rs:32:9
[INFO] [stdout]    |
[INFO] [stdout] 32 |         test_action!(action);
[INFO] [stdout]    |         ^^^^^^^^^^^
[INFO] [stdout]    |
[INFO] [stdout]    = note: import resolution is stuck, try simplifying macro imports
[INFO] [stdout] 
[INFO] [stdout] 
[INFO] [stdout] error: cannot determine resolution for the macro `test_action`
[INFO] [stdout]   --> tests/integration/api_v1/user_handlers/sysdata_handler_tests.rs:32:9
[INFO] [stdout]    |
[INFO] [stdout] 32 |         test_action!(action);
[INFO] [stdout]    |         ^^^^^^^^^^^
[INFO] [stdout]    |
[INFO] [stdout]    = note: import resolution is stuck, try simplifying macro imports
[INFO] [stdout] 
[INFO] [stdout] 
[INFO] [stdout] error: cannot determine resolution for the macro `test_action`
[INFO] [stdout]   --> tests/integration/api_v1/user_handlers/sysinfo_handlers_tests.rs:24:9
[INFO] [stdout]    |
[INFO] [stdout] 24 |         test_action!(action);
[INFO] [stdout]    |         ^^^^^^^^^^^
[INFO] [stdout]    |
[INFO] [stdout]    = note: import resolution is stuck, try simplifying macro imports
[INFO] [stdout] 
[INFO] [stdout] 
[INFO] [stdout] error: cannot determine resolution for the macro `test_action`
[INFO] [stdout]   --> tests/integration/api_v1/user_handlers/webuser_handlers_tests.rs:34:9
[INFO] [stdout]    |
[INFO] [stdout] 34 |         test_action!(action);
[INFO] [stdout]    |         ^^^^^^^^^^^
[INFO] [stdout]    |
[INFO] [stdout]    = note: import resolution is stuck, try simplifying macro imports
[INFO] [stdout] 
[INFO] [stdout] 
[INFO] [stdout] error: cannot determine resolution for the macro `test_action`
[INFO] [stdout]   --> tests/integration/api_v1/user_handlers/webuser_handlers_tests.rs:81:9
[INFO] [stdout]    |
[INFO] [stdout] 81 |         test_action!(action);
[INFO] [stdout]    |         ^^^^^^^^^^^
[INFO] [stdout]    |
[INFO] [stdout]    = note: import resolution is stuck, try simplifying macro imports
[INFO] [stdout] 
[INFO] [stdout] 
[INFO] [stdout] error: cannot determine resolution for the macro `test_action`
[INFO] [stdout]    --> tests/integration/api_v1/user_handlers/webuser_handlers_tests.rs:150:9
[INFO] [stdout]     |
[INFO] [stdout] 150 |         test_action!(action);
[INFO] [stdout]     |         ^^^^^^^^^^^
[INFO] [stdout]     |
[INFO] [stdout]     = note: import resolution is stuck, try simplifying macro imports
[INFO] [stdout] 
[INFO] [stdout] 
[INFO] [stdout] error: cannot determine resolution for the macro `test_action`
[INFO] [stdout]   --> tests/integration/api_v1/user_page_handlers/page_handlers_tests.rs:32:9
[INFO] [stdout]    |
[INFO] [stdout] 32 |         test_action!(action);
[INFO] [stdout]    |         ^^^^^^^^^^^
[INFO] [stdout]    |
[INFO] [stdout]    = note: import resolution is stuck, try simplifying macro imports
[INFO] [stdout] 
[INFO] [stdout] 
[INFO] [stdout] error: cannot determine resolution for the macro `test_action`
[INFO] [stdout]   --> tests/integration/api_v1/ap_object_handlers/ap_object_tests.rs:25:9
[INFO] [stdout]    |
[INFO] [stdout] 25 |         test_action!(action);
[INFO] [stdout]    |         ^^^^^^^^^^^
[INFO] [stdout]    |
[INFO] [stdout]    = note: import resolution is stuck, try simplifying macro imports
[INFO] [stdout] 
[INFO] [stdout] 
[INFO] [stdout] error: cannot determine resolution for the macro `test_action`
[INFO] [stdout]   --> tests/integration/api_v1/ap_object_handlers/owned_tests.rs:38:9
[INFO] [stdout]    |
[INFO] [stdout] 38 |         test_action!(action);
[INFO] [stdout]    |         ^^^^^^^^^^^
[INFO] [stdout]    |
[INFO] [stdout]    = note: import resolution is stuck, try simplifying macro imports
[INFO] [stdout] 
[INFO] [stdout] 
[INFO] [stdout] error: cannot determine resolution for the macro `test_action`
[INFO] [stdout]   --> tests/integration/api_v1/ap_object_handlers/owned_tests.rs:63:9
[INFO] [stdout]    |
[INFO] [stdout] 63 |         test_action!(action);
[INFO] [stdout]    |         ^^^^^^^^^^^
[INFO] [stdout]    |
[INFO] [stdout]    = note: import resolution is stuck, try simplifying macro imports
[INFO] [stdout] 
[INFO] [stdout] 
[INFO] [stdout] error: cannot determine resolution for the macro `test_action`
[INFO] [stdout]   --> tests/integration/api_v1/ap_object_handlers/owned_tests.rs:82:9
[INFO] [stdout]    |
[INFO] [stdout] 82 |         test_action!(action);
[INFO] [stdout]    |         ^^^^^^^^^^^
[INFO] [stdout]    |
[INFO] [stdout]    = note: import resolution is stuck, try simplifying macro imports
[INFO] [stdout] 
[INFO] [stdout] 
[INFO] [stdout] error: cannot determine resolution for the macro `test_action`
[INFO] [stdout]   --> tests/integration/api_v1/ap_object_handlers/sysdata_handler_tests.rs:47:9
[INFO] [stdout]    |
[INFO] [stdout] 47 |         test_action!(action);
[INFO] [stdout]    |         ^^^^^^^^^^^
[INFO] [stdout]    |
[INFO] [stdout]    = note: import resolution is stuck, try simplifying macro imports
[INFO] [stdout] 
[INFO] [stdout] 
[INFO] [stdout] error: cannot determine resolution for the macro `test_action`
[INFO] [stdout]   --> tests/integration/api_v1/ap_object_handlers/sysinfo_handler_tests.rs:44:9
[INFO] [stdout]    |
[INFO] [stdout] 44 |         test_action!(action);
[INFO] [stdout]    |         ^^^^^^^^^^^
[INFO] [stdout]    |
[INFO] [stdout]    = note: import resolution is stuck, try simplifying macro imports
[INFO] [stdout] 
[INFO] [stdout] 
[INFO] [stdout] error: cannot determine resolution for the macro `test_action`
[INFO] [stdout]   --> tests/integration/api_v1/ap_object_pages_handlers/by_actor_handlers_tests.rs:23:9
[INFO] [stdout]    |
[INFO] [stdout] 23 |         test_action!(action);
[INFO] [stdout]    |         ^^^^^^^^^^^
[INFO] [stdout]    |
[INFO] [stdout]    = note: import resolution is stuck, try simplifying macro imports
[INFO] [stdout] 
[INFO] [stdout] 
[INFO] [stdout] error: cannot determine resolution for the macro `test_action`
[INFO] [stdout]   --> tests/integration/api_v1/ap_object_pages_handlers/by_host_handlers_tests.rs:23:9
[INFO] [stdout]    |
[INFO] [stdout] 23 |         test_action!(action);
[INFO] [stdout]    |         ^^^^^^^^^^^
[INFO] [stdout]    |
[INFO] [stdout]    = note: import resolution is stuck, try simplifying macro imports
[INFO] [stdout] 
[INFO] [stdout] 
[INFO] [stdout] error: cannot determine resolution for the macro `test_action`
[INFO] [stdout]   --> tests/integration/api_v1/ap_object_pages_handlers/owned_by_actor_handlers_tests.rs:23:9
[INFO] [stdout]    |
[INFO] [stdout] 23 |         test_action!(action);
[INFO] [stdout]    |         ^^^^^^^^^^^
[INFO] [stdout]    |
[INFO] [stdout]    = note: import resolution is stuck, try simplifying macro imports
[INFO] [stdout] 
[INFO] [stdout] 
[INFO] [stdout] error: cannot determine resolution for the macro `test_action`
[INFO] [stdout]   --> tests/integration/user_authz_tests.rs:35:9
[INFO] [stdout]    |
[INFO] [stdout] 35 |         test_action!(action);
[INFO] [stdout]    |         ^^^^^^^^^^^
[INFO] [stdout]    |
[INFO] [stdout]    = note: import resolution is stuck, try simplifying macro imports
[INFO] [stdout] 
[INFO] [stdout] 
[INFO] [stdout] error: cannot determine resolution for the macro `test_action`
[INFO] [stdout]   --> tests/integration/user_authz_tests.rs:63:9
[INFO] [stdout]    |
[INFO] [stdout] 63 |         test_action!(action);
[INFO] [stdout]    |         ^^^^^^^^^^^
[INFO] [stdout]    |
[INFO] [stdout]    = note: import resolution is stuck, try simplifying macro imports
[INFO] [stdout] 
[INFO] [stdout] 
[INFO] [stdout] error: cannot determine resolution for the macro `test_action`
[INFO] [stdout]   --> tests/integration/user_authz_tests.rs:86:9
[INFO] [stdout]    |
[INFO] [stdout] 86 |         test_action!(action);
[INFO] [stdout]    |         ^^^^^^^^^^^
[INFO] [stdout]    |
[INFO] [stdout]    = note: import resolution is stuck, try simplifying macro imports
[INFO] [stdout] 
[INFO] [stdout] 
[INFO] [stdout] error: aborting due to 196 previous errors
[INFO] [stdout] 
[INFO] [stdout] 
[INFO] [stdout] Some errors have detailed explanations: E0432, E0433.
[INFO] [stdout] 
[INFO] [stdout] For more information about an error, try `rustc --explain E0432`.
[INFO] [stdout] 
[INFO] [stderr] error: could not compile `dialtone_axum` due to 197 previous errors
[INFO] running `Command { std: "docker" "inspect" "37903cf168fbf67a438933f1ebfb21c50a0be319aa0872aab87bf81ede6aa960", kill_on_drop: false }`
[INFO] running `Command { std: "docker" "rm" "-f" "37903cf168fbf67a438933f1ebfb21c50a0be319aa0872aab87bf81ede6aa960", kill_on_drop: false }`
[INFO] [stdout] 37903cf168fbf67a438933f1ebfb21c50a0be319aa0872aab87bf81ede6aa960
