[INFO] fetching crate dhcproto 0.9.0...
[INFO] testing dhcproto-0.9.0 against 1.69.0 for beta-1.70-1
[INFO] extracting crate dhcproto 0.9.0 into /workspace/builds/worker-2-tc1/source
[INFO] validating manifest of crates.io crate dhcproto 0.9.0 on toolchain 1.69.0
[INFO] running `Command { std: CARGO_HOME="/workspace/cargo-home" RUSTUP_HOME="/workspace/rustup-home" "/workspace/cargo-home/bin/cargo" "+1.69.0" "metadata" "--manifest-path" "Cargo.toml" "--no-deps", kill_on_drop: false }`
[INFO] removed /workspace/builds/worker-2-tc1/source/rust-toolchain
[INFO] started tweaking crates.io crate dhcproto 0.9.0
[INFO] finished tweaking crates.io crate dhcproto 0.9.0
[INFO] tweaked toml for crates.io crate dhcproto 0.9.0 written to /workspace/builds/worker-2-tc1/source/Cargo.toml
[INFO] running `Command { std: CARGO_HOME="/workspace/cargo-home" RUSTUP_HOME="/workspace/rustup-home" __CARGO_TEST_CHANNEL_OVERRIDE_DO_NOT_USE_THIS="nightly" "/workspace/cargo-home/bin/cargo" "+1.69.0" "generate-lockfile" "--manifest-path" "Cargo.toml" "-Zno-index-update", kill_on_drop: false }`
[INFO] running `Command { std: CARGO_HOME="/workspace/cargo-home" RUSTUP_HOME="/workspace/rustup-home" "/workspace/cargo-home/bin/cargo" "+1.69.0" "fetch" "--manifest-path" "Cargo.toml", kill_on_drop: false }`
[INFO] [stderr]     Blocking waiting for file lock on package cache
[INFO] [stderr]  Downloading crates ...
[INFO] [stderr]   Downloaded enum-as-inner v0.5.1
[INFO] [stderr]   Downloaded dhcproto-macros v0.1.0
[INFO] [stderr]   Downloaded trust-dns-proto v0.22.0
[INFO] running `Command { std: "docker" "create" "-v" "/var/lib/crater-agent-workspace/builds/worker-2-tc1/target:/opt/rustwide/target:rw,Z" "-v" "/var/lib/crater-agent-workspace/builds/worker-2-tc1/source:/opt/rustwide/workdir:ro,Z" "-v" "/var/lib/crater-agent-workspace/cargo-home:/opt/rustwide/cargo-home:ro,Z" "-v" "/var/lib/crater-agent-workspace/rustup-home:/opt/rustwide/rustup-home:ro,Z" "-e" "SOURCE_DIR=/opt/rustwide/workdir" "-e" "CARGO_TARGET_DIR=/opt/rustwide/target" "-e" "CARGO_HOME=/opt/rustwide/cargo-home" "-e" "RUSTUP_HOME=/opt/rustwide/rustup-home" "-w" "/opt/rustwide/workdir" "-m" "1610612736" "--user" "0:0" "--network" "none" "ghcr.io/rust-lang/crates-build-env/linux@sha256:5ff2268d62e97bff2cde7d5815dd6ed5b47097566f13b8d0ca110b04b60e07ed" "/opt/rustwide/cargo-home/bin/cargo" "+1.69.0" "metadata" "--no-deps" "--format-version=1", kill_on_drop: false }`
[INFO] [stdout] 13bba6744beef7b571bf9e47d783327220074eedcc98387d72380a2a21f95b99
[INFO] running `Command { std: "docker" "start" "-a" "13bba6744beef7b571bf9e47d783327220074eedcc98387d72380a2a21f95b99", kill_on_drop: false }`
[INFO] running `Command { std: "docker" "inspect" "13bba6744beef7b571bf9e47d783327220074eedcc98387d72380a2a21f95b99", kill_on_drop: false }`
[INFO] running `Command { std: "docker" "rm" "-f" "13bba6744beef7b571bf9e47d783327220074eedcc98387d72380a2a21f95b99", kill_on_drop: false }`
[INFO] [stdout] 13bba6744beef7b571bf9e47d783327220074eedcc98387d72380a2a21f95b99
[INFO] running `Command { std: "docker" "create" "-v" "/var/lib/crater-agent-workspace/builds/worker-2-tc1/target:/opt/rustwide/target:rw,Z" "-v" "/var/lib/crater-agent-workspace/builds/worker-2-tc1/source:/opt/rustwide/workdir:ro,Z" "-v" "/var/lib/crater-agent-workspace/cargo-home:/opt/rustwide/cargo-home:ro,Z" "-v" "/var/lib/crater-agent-workspace/rustup-home:/opt/rustwide/rustup-home:ro,Z" "-e" "SOURCE_DIR=/opt/rustwide/workdir" "-e" "CARGO_TARGET_DIR=/opt/rustwide/target" "-e" "CARGO_INCREMENTAL=0" "-e" "RUST_BACKTRACE=full" "-e" "RUSTFLAGS=--cap-lints=warn" "-e" "RUSTDOCFLAGS=--cap-lints=warn" "-e" "CARGO_HOME=/opt/rustwide/cargo-home" "-e" "RUSTUP_HOME=/opt/rustwide/rustup-home" "-w" "/opt/rustwide/workdir" "-m" "1610612736" "--user" "0:0" "--network" "none" "ghcr.io/rust-lang/crates-build-env/linux@sha256:5ff2268d62e97bff2cde7d5815dd6ed5b47097566f13b8d0ca110b04b60e07ed" "/opt/rustwide/cargo-home/bin/cargo" "+1.69.0" "build" "--frozen" "--message-format=json", kill_on_drop: false }`
[INFO] [stdout] 6fa2cf98d043976cabc66275e1212098ae4de1d58cf7f2a0e70f20915d6fd360
[INFO] running `Command { std: "docker" "start" "-a" "6fa2cf98d043976cabc66275e1212098ae4de1d58cf7f2a0e70f20915d6fd360", kill_on_drop: false }`
[INFO] [stderr]    Compiling futures-core v0.3.28
[INFO] [stderr]    Compiling futures-task v0.3.28
[INFO] [stderr]    Compiling pin-project-lite v0.2.9
[INFO] [stderr]    Compiling async-trait v0.1.68
[INFO] [stderr]    Compiling futures-channel v0.3.28
[INFO] [stderr]    Compiling slab v0.4.8
[INFO] [stderr]    Compiling futures-util v0.3.28
[INFO] [stderr]    Compiling tracing-core v0.1.30
[INFO] [stderr]    Compiling pin-utils v0.1.0
[INFO] [stderr]    Compiling matches v0.1.10
[INFO] [stderr]    Compiling ipnet v2.7.2
[INFO] [stderr]    Compiling syn v2.0.15
[INFO] [stderr]    Compiling futures-io v0.3.28
[INFO] [stderr]    Compiling enum-as-inner v0.5.1
[INFO] [stderr]    Compiling data-encoding v2.3.3
[INFO] [stderr]    Compiling dhcproto-macros v0.1.0
[INFO] [stderr]    Compiling idna v0.2.3
[INFO] [stderr]    Compiling thiserror-impl v1.0.40
[INFO] [stderr]    Compiling tracing-attributes v0.1.24
[INFO] [stderr]    Compiling thiserror v1.0.40
[INFO] [stderr]    Compiling tracing v0.1.37
[INFO] [stderr]    Compiling trust-dns-proto v0.22.0
[INFO] [stderr]    Compiling dhcproto v0.9.0 (/opt/rustwide/workdir)
[INFO] [stderr]     Finished dev [unoptimized + debuginfo] target(s) in 13.25s
[INFO] running `Command { std: "docker" "inspect" "6fa2cf98d043976cabc66275e1212098ae4de1d58cf7f2a0e70f20915d6fd360", kill_on_drop: false }`
[INFO] running `Command { std: "docker" "rm" "-f" "6fa2cf98d043976cabc66275e1212098ae4de1d58cf7f2a0e70f20915d6fd360", kill_on_drop: false }`
[INFO] [stdout] 6fa2cf98d043976cabc66275e1212098ae4de1d58cf7f2a0e70f20915d6fd360
[INFO] running `Command { std: "docker" "create" "-v" "/var/lib/crater-agent-workspace/builds/worker-2-tc1/target:/opt/rustwide/target:rw,Z" "-v" "/var/lib/crater-agent-workspace/builds/worker-2-tc1/source:/opt/rustwide/workdir:ro,Z" "-v" "/var/lib/crater-agent-workspace/cargo-home:/opt/rustwide/cargo-home:ro,Z" "-v" "/var/lib/crater-agent-workspace/rustup-home:/opt/rustwide/rustup-home:ro,Z" "-e" "SOURCE_DIR=/opt/rustwide/workdir" "-e" "CARGO_TARGET_DIR=/opt/rustwide/target" "-e" "CARGO_INCREMENTAL=0" "-e" "RUST_BACKTRACE=full" "-e" "RUSTFLAGS=--cap-lints=warn" "-e" "RUSTDOCFLAGS=--cap-lints=warn" "-e" "CARGO_HOME=/opt/rustwide/cargo-home" "-e" "RUSTUP_HOME=/opt/rustwide/rustup-home" "-w" "/opt/rustwide/workdir" "-m" "1610612736" "--user" "0:0" "--network" "none" "ghcr.io/rust-lang/crates-build-env/linux@sha256:5ff2268d62e97bff2cde7d5815dd6ed5b47097566f13b8d0ca110b04b60e07ed" "/opt/rustwide/cargo-home/bin/cargo" "+1.69.0" "test" "--frozen" "--no-run" "--message-format=json", kill_on_drop: false }`
[INFO] [stdout] cc970654e81e370ec1cb5a597c4719ce0a0f06912b563567d3764835cc35c11a
[INFO] running `Command { std: "docker" "start" "-a" "cc970654e81e370ec1cb5a597c4719ce0a0f06912b563567d3764835cc35c11a", kill_on_drop: false }`
[INFO] [stderr]    Compiling unicode-width v0.1.10
[INFO] [stderr]    Compiling rand_chacha v0.3.1
[INFO] [stderr]    Compiling csv-core v0.1.10
[INFO] [stderr]    Compiling serde_json v1.0.96
[INFO] [stderr]    Compiling criterion-plot v0.4.5
[INFO] [stderr]    Compiling serde_cbor v0.11.2
[INFO] [stderr]    Compiling serde_derive v1.0.160
[INFO] [stderr]    Compiling textwrap v0.11.0
[INFO] [stderr]    Compiling csv v1.2.1
[INFO] [stderr]    Compiling rand v0.8.5
[INFO] [stderr]    Compiling clap v2.34.0
[INFO] [stderr]    Compiling trust-dns-proto v0.22.0
[INFO] [stderr]    Compiling tinytemplate v1.2.1
[INFO] [stderr]    Compiling dhcproto v0.9.0 (/opt/rustwide/workdir)
[INFO] [stderr]    Compiling criterion v0.3.6
[INFO] [stderr]     Finished test [unoptimized + debuginfo] target(s) in 15.38s
[INFO] running `Command { std: "docker" "inspect" "cc970654e81e370ec1cb5a597c4719ce0a0f06912b563567d3764835cc35c11a", kill_on_drop: false }`
[INFO] running `Command { std: "docker" "rm" "-f" "cc970654e81e370ec1cb5a597c4719ce0a0f06912b563567d3764835cc35c11a", kill_on_drop: false }`
[INFO] [stdout] cc970654e81e370ec1cb5a597c4719ce0a0f06912b563567d3764835cc35c11a
[INFO] running `Command { std: "docker" "create" "-v" "/var/lib/crater-agent-workspace/builds/worker-2-tc1/target:/opt/rustwide/target:rw,Z" "-v" "/var/lib/crater-agent-workspace/builds/worker-2-tc1/source:/opt/rustwide/workdir:ro,Z" "-v" "/var/lib/crater-agent-workspace/cargo-home:/opt/rustwide/cargo-home:ro,Z" "-v" "/var/lib/crater-agent-workspace/rustup-home:/opt/rustwide/rustup-home:ro,Z" "-e" "SOURCE_DIR=/opt/rustwide/workdir" "-e" "CARGO_TARGET_DIR=/opt/rustwide/target" "-e" "CARGO_INCREMENTAL=0" "-e" "RUST_BACKTRACE=full" "-e" "RUSTFLAGS=--cap-lints=warn" "-e" "RUSTDOCFLAGS=--cap-lints=warn" "-e" "CARGO_HOME=/opt/rustwide/cargo-home" "-e" "RUSTUP_HOME=/opt/rustwide/rustup-home" "-w" "/opt/rustwide/workdir" "-m" "1610612736" "--user" "0:0" "--network" "none" "ghcr.io/rust-lang/crates-build-env/linux@sha256:5ff2268d62e97bff2cde7d5815dd6ed5b47097566f13b8d0ca110b04b60e07ed" "/opt/rustwide/cargo-home/bin/cargo" "+1.69.0" "test" "--frozen", kill_on_drop: false }`
[INFO] [stdout] 5267febc2bdd67ea9acd1828b07a18d672213866c034a3aec5a58ec6e2c9d20c
[INFO] running `Command { std: "docker" "start" "-a" "5267febc2bdd67ea9acd1828b07a18d672213866c034a3aec5a58ec6e2c9d20c", kill_on_drop: false }`
[INFO] [stderr]     Finished test [unoptimized + debuginfo] target(s) in 0.12s
[INFO] [stderr]      Running unittests src/lib.rs (/opt/rustwide/target/debug/deps/dhcproto-620b357a462c0108)
[INFO] [stdout] 
[INFO] [stdout] running 41 tests
[INFO] [stdout] test v4::options::tests::test_arch ... ok
[INFO] [stdout] test v4::options::tests::test_byte ... ok
[INFO] [stdout] test v4::fqdn::tests::test_fqdn_flags ... ok
[INFO] [stdout] test v4::bulk_query::tests::test_datasourceflags ... ok
[INFO] [stdout] test v4::flags::tests::test_broadcast ... ok
[INFO] [stdout] test v4::options::tests::test_ip ... ok
[INFO] [stdout] test encoder::tests::basic_encode ... ok
[INFO] [stdout] test v4::options::tests::test_num ... ok
[INFO] [stdout] test v4::options::tests::test_ntype ... ok
[INFO] [stdout] test v4::options::tests::test_client_fqdn ... ok
[INFO] [stdout] test v4::options::tests::test_rapid_commit ... ok
[INFO] [stdout] test v4::options::tests::test_status ... ok
[INFO] [stdout] test v4::options::tests::test_str ... ok
[INFO] [stdout] test v4::options::tests::test_unknown ... ok
[INFO] [stdout] test v4::options::tests::test_classless_static_route_long_opt ... ok
[INFO] [stdout] test v4::options::tests::test_pair_ips ... ok
[INFO] [stdout] test v4::options::tests::test_ips ... ok
[INFO] [stdout] test v4::relay::tests::test_unicast ... ok
[INFO] [stdout] test v4::relay::tests::test_ip ... ok
[INFO] [stdout] test v4::tests::decode_discover ... ok
[INFO] [stdout] test v6::options::tests::test_range_binsearch ... ok
[INFO] [stdout] test v6::tests::decode_advertise ... ok
[INFO] [stdout] test v4::tests::decode_offer ... ok
[INFO] [stdout] test v4::relay::tests::test_unknown ... ok
[INFO] [stdout] test v4::tests::decode_bootreq ... ok
[INFO] [stdout] test v4::options::tests::test_long_opts ... ok
[INFO] [stdout] test v4::options::tests::test_nis_server_addr ... ok
[INFO] [stdout] test v4::relay::tests::test_flags ... ok
[INFO] [stdout] test v4::options::tests::test_mtype ... ok
[INFO] [stdout] test v4::options::tests::test_domainsearch ... ok
[INFO] [stdout] test v4::relay::tests::test_str ... ok
[INFO] [stdout] test v4::options::tests::test_captive_portal ... ok
[INFO] [stdout] test v6::tests::decode_solicit ... ok
[INFO] [stdout] test v4::options::tests::test_classless_static_route ... ok
[INFO] [stdout] test v4::tests::decode_offer_two ... ok
[INFO] [stdout] test v4::options::tests::test_ips_long ... ok
[INFO] [stdout] test v4::tests::test_set_chaddr ... ok
[INFO] [stdout] test v6::tests::xid_num ... ok
[INFO] [stdout] test v4::options::tests::test_opts ... ok
[INFO] [stdout] test v6::tests::decode_reply ... ok
[INFO] [stdout] test v6::tests::decode_request ... ok
[INFO] [stdout] 
[INFO] [stdout] test result: ok. 41 passed; 0 failed; 0 ignored; 0 measured; 0 filtered out; finished in 0.04s
[INFO] [stdout] 
[INFO] [stderr]    Doc-tests dhcproto
[INFO] [stdout] 
[INFO] [stdout] running 17 tests
[INFO] [stdout] test src/lib.rs - (line 22) ... FAILED
[INFO] [stdout] test src/v4/options.rs - v4::options::DhcpOptions::iter (line 177) ... FAILED
[INFO] [stdout] test src/v4/mod.rs - v4 (line 43) ... FAILED
[INFO] [stdout] test src/lib.rs - (line 64) ... FAILED
[INFO] [stdout] test src/v4/relay.rs - v4::relay::RelayAgentInformation (line 14) ... ok
[INFO] [stdout] test src/v4/options.rs - v4::options::DhcpOptions (line 121) ... ok
[INFO] [stdout] test src/v4/options.rs - v4::options::DhcpOptions::is_empty (line 231) ... ok
[INFO] [stdout] test src/v4/options.rs - v4::options::DhcpOptions::len (line 248) ... ok
[INFO] [stdout] test src/v4/options.rs - v4::options::DhcpOptions::has_msg_type (line 208) ... ok
[INFO] [stdout] test src/v4/options.rs - v4::options::DhcpOptions::insert (line 167) ... ok
[INFO] [stdout] test src/v4/options.rs - v4::options::encode_long_opt_bytes (line 725) ... ok
[INFO] [stdout] test src/v4/options.rs - v4::options::DhcpOptions::msg_type (line 194) ... ok
[INFO] [stdout] test src/v4/options.rs - v4::options::DhcpOptions::clear (line 219) ... ok
[INFO] [stdout] test src/v4/mod.rs - v4 (line 7) ... ok
[INFO] [stdout] test src/v4/options.rs - v4::options::encode_long_opt_chunks (line 760) ... ok
[INFO] [stdout] test src/v6/mod.rs - v6 (line 7) ... ok
[INFO] [stdout] test src/v6/mod.rs - v6 (line 31) ... ok
[INFO] [stdout] 
[INFO] [stdout] failures:
[INFO] [stdout] 
[INFO] [stdout] ---- src/lib.rs - (line 22) stdout ----
[INFO] [stdout] error: linking with `cc` failed: exit status: 1
[INFO] [stdout]   |
[INFO] [stdout]   = note: LC_ALL="C" PATH="/opt/rustwide/rustup-home/toolchains/1.69.0-x86_64-unknown-linux-gnu/lib/rustlib/x86_64-unknown-linux-gnu/bin:/opt/rustwide/cargo-home/bin:/usr/local/sbin:/usr/local/bin:/usr/sbin:/usr/bin:/sbin:/bin" VSLANG="1033" "cc" "-m64" "/tmp/rustckFQ2uI/symbols.o" "/tmp/rustdoctestayHi9P/rust_out.rust_out.5bfee551-cgu.0.rcgu.o" "/tmp/rustdoctestayHi9P/rust_out.j00p4ncf7xg64kg.rcgu.o" "-Wl,--as-needed" "-L" "/opt/rustwide/target/debug/deps" "-L" "/opt/rustwide/target/debug/deps" "-L" "/opt/rustwide/rustup-home/toolchains/1.69.0-x86_64-unknown-linux-gnu/lib/rustlib/x86_64-unknown-linux-gnu/lib" "-Wl,-Bstatic" "/opt/rustwide/target/debug/deps/libdhcproto-372af216b2ac7a82.rlib" "/opt/rustwide/target/debug/deps/libhex-ad79348a67e835f3.rlib" "/opt/rustwide/target/debug/deps/libtrust_dns_proto-f5a80369f2a7ca47.rlib" "/opt/rustwide/target/debug/deps/libfutures_channel-8502b6d583fa8d3c.rlib" "/opt/rustwide/target/debug/deps/librand-fbc1e23b2a61e55e.rlib" "/opt/rustwide/target/debug/deps/librand_chacha-1011df681e4d15da.rlib" "/opt/rustwide/target/debug/deps/libppv_lite86-c3ad053967cc551c.rlib" "/opt/rustwide/target/debug/deps/librand_core-e5a8f0f991f76bbb.rlib" "/opt/rustwide/target/debug/deps/libgetrandom-5d46253a319b81ee.rlib" "/opt/rustwide/target/debug/deps/liblibc-b7b14a0fe316ec96.rlib" "/opt/rustwide/target/debug/deps/libfutures_io-4614e9b19a26d89f.rlib" "/opt/rustwide/target/debug/deps/libdata_encoding-76661962d82e812a.rlib" "/opt/rustwide/target/debug/deps/liburl-25a81f6654f7c1c7.rlib" "/opt/rustwide/target/debug/deps/libidna-b865ee86652f4dd4.rlib" "/opt/rustwide/target/debug/deps/libform_urlencoded-4406ed733a551179.rlib" "/opt/rustwide/target/debug/deps/libpercent_encoding-5b4f3c280783d946.rlib" "/opt/rustwide/target/debug/deps/liblazy_static-a15e1ed0a3c31761.rlib" "/opt/rustwide/target/debug/deps/libipnet-c7c4785b48ce73f5.rlib" "/opt/rustwide/target/debug/deps/libidna-d0a399c88f3eadde.rlib" "/opt/rustwide/target/debug/deps/libunicode_normalization-65834209e2c3efa0.rlib" "/opt/rustwide/target/debug/deps/libunicode_bidi-df88d89b87cd1c3f.rlib" "/opt/rustwide/target/debug/deps/libmatches-31aa75a7f87d50a6.rlib" "/opt/rustwide/target/debug/deps/libtinyvec-4aa74f8a972e3d9d.rlib" "/opt/rustwide/target/debug/deps/libtinyvec_macros-8eb663675e81bb18.rlib" "/opt/rustwide/target/debug/deps/libtracing-4badae20110344a9.rlib" "/opt/rustwide/target/debug/deps/libcfg_if-e5e118dd7d121aaa.rlib" "/opt/rustwide/target/debug/deps/libtracing_core-259db95f475fb2a8.rlib" "/opt/rustwide/target/debug/deps/libonce_cell-7d2ec3fb6b6c5a4d.rlib" "/opt/rustwide/target/debug/deps/libfutures_util-d80d0e21e8285701.rlib" "/opt/rustwide/target/debug/deps/libslab-8bb798f134a0a9e7.rlib" "/opt/rustwide/target/debug/deps/libpin_project_lite-e66e1bab7310d569.rlib" "/opt/rustwide/target/debug/deps/libfutures_task-b59556b3c537ad98.rlib" "/opt/rustwide/target/debug/deps/libpin_utils-0d8eaf4ac0fcb221.rlib" "/opt/rustwide/target/debug/deps/libfutures_core-782cbf5ce9142ff9.rlib" "/opt/rustwide/target/debug/deps/libthiserror-5160b07b44bf315e.rlib" "/opt/rustwide/rustup-home/toolchains/1.69.0-x86_64-unknown-linux-gnu/lib/rustlib/x86_64-unknown-linux-gnu/lib/libstd-89bc084783fdc439.rlib" "/opt/rustwide/rustup-home/toolchains/1.69.0-x86_64-unknown-linux-gnu/lib/rustlib/x86_64-unknown-linux-gnu/lib/libpanic_unwind-8bee4b287d4367c1.rlib" "/opt/rustwide/rustup-home/toolchains/1.69.0-x86_64-unknown-linux-gnu/lib/rustlib/x86_64-unknown-linux-gnu/lib/libobject-d61707aed80694c0.rlib" "/opt/rustwide/rustup-home/toolchains/1.69.0-x86_64-unknown-linux-gnu/lib/rustlib/x86_64-unknown-linux-gnu/lib/libmemchr-d85366256f22345b.rlib" "/opt/rustwide/rustup-home/toolchains/1.69.0-x86_64-unknown-linux-gnu/lib/rustlib/x86_64-unknown-linux-gnu/lib/libaddr2line-96069b86b8a8cae9.rlib" "/opt/rustwide/rustup-home/toolchains/1.69.0-x86_64-unknown-linux-gnu/lib/rustlib/x86_64-unknown-linux-gnu/lib/libgimli-d19d53abf68dfa6c.rlib" "/opt/rustwide/rustup-home/toolchains/1.69.0-x86_64-unknown-linux-gnu/lib/rustlib/x86_64-unknown-linux-gnu/lib/librustc_demangle-787cbccd19d64ac6.rlib" "/opt/rustwide/rustup-home/toolchains/1.69.0-x86_64-unknown-linux-gnu/lib/rustlib/x86_64-unknown-linux-gnu/lib/libstd_detect-b3837a36b830e0d0.rlib" "/opt/rustwide/rustup-home/toolchains/1.69.0-x86_64-unknown-linux-gnu/lib/rustlib/x86_64-unknown-linux-gnu/lib/libhashbrown-e3deb0e7e3f04966.rlib" "/opt/rustwide/rustup-home/toolchains/1.69.0-x86_64-unknown-linux-gnu/lib/rustlib/x86_64-unknown-linux-gnu/lib/libminiz_oxide-dabbb79c9815def4.rlib" "/opt/rustwide/rustup-home/toolchains/1.69.0-x86_64-unknown-linux-gnu/lib/rustlib/x86_64-unknown-linux-gnu/lib/libadler-305b01f34c9409f2.rlib" "/opt/rustwide/rustup-home/toolchains/1.69.0-x86_64-unknown-linux-gnu/lib/rustlib/x86_64-unknown-linux-gnu/lib/librustc_std_workspace_alloc-f833521df6074e73.rlib" "/opt/rustwide/rustup-home/toolchains/1.69.0-x86_64-unknown-linux-gnu/lib/rustlib/x86_64-unknown-linux-gnu/lib/libunwind-9ac333113350d171.rlib" "/opt/rustwide/rustup-home/toolchains/1.69.0-x86_64-unknown-linux-gnu/lib/rustlib/x86_64-unknown-linux-gnu/lib/libcfg_if-1c126114322d0eee.rlib" "/opt/rustwide/rustup-home/toolchains/1.69.0-x86_64-unknown-linux-gnu/lib/rustlib/x86_64-unknown-linux-gnu/lib/liblibc-bad9164fdeeecf92.rlib" "/opt/rustwide/rustup-home/toolchains/1.69.0-x86_64-unknown-linux-gnu/lib/rustlib/x86_64-unknown-linux-gnu/lib/liballoc-f9374b1e480fa681.rlib" "/opt/rustwide/rustup-home/toolchains/1.69.0-x86_64-unknown-linux-gnu/lib/rustlib/x86_64-unknown-linux-gnu/lib/librustc_std_workspace_core-207f06e41d9603af.rlib" "/opt/rustwide/rustup-home/toolchains/1.69.0-x86_64-unknown-linux-gnu/lib/rustlib/x86_64-unknown-linux-gnu/lib/libcore-7e2768e66e984e85.rlib" "/opt/rustwide/rustup-home/toolchains/1.69.0-x86_64-unknown-linux-gnu/lib/rustlib/x86_64-unknown-linux-gnu/lib/libcompiler_builtins-957b4aff41f8cd46.rlib" "-Wl,-Bdynamic" "-lgcc_s" "-lutil" "-lrt" "-lpthread" "-lm" "-ldl" "-lc" "-Wl,--eh-frame-hdr" "-Wl,-z,noexecstack" "-L" "/opt/rustwide/rustup-home/toolchains/1.69.0-x86_64-unknown-linux-gnu/lib/rustlib/x86_64-unknown-linux-gnu/lib" "-o" "/tmp/rustdoctestayHi9P/rust_out" "-Wl,--gc-sections" "-pie" "-Wl,-z,relro,-z,now" "-nodefaultlibs"
[INFO] [stdout]   = note: collect2: fatal error: ld terminated with signal 9 [Killed]
[INFO] [stdout]           compilation terminated.
[INFO] [stdout]           
[INFO] [stdout] 
[INFO] [stdout] error: aborting due to previous error
[INFO] [stdout] 
[INFO] [stdout] Couldn't compile the test.
[INFO] [stdout] ---- src/v4/options.rs - v4::options::DhcpOptions::iter (line 177) stdout ----
[INFO] [stdout] error: linking with `cc` failed: exit status: 1
[INFO] [stdout]   |
[INFO] [stdout]   = note: LC_ALL="C" PATH="/opt/rustwide/rustup-home/toolchains/1.69.0-x86_64-unknown-linux-gnu/lib/rustlib/x86_64-unknown-linux-gnu/bin:/opt/rustwide/cargo-home/bin:/usr/local/sbin:/usr/local/bin:/usr/sbin:/usr/bin:/sbin:/bin" VSLANG="1033" "cc" "-m64" "/tmp/rustcjEOwbw/symbols.o" "/tmp/rustdoctestZFDDHx/rust_out.rust_out.5bfee551-cgu.0.rcgu.o" "/tmp/rustdoctestZFDDHx/rust_out.j00p4ncf7xg64kg.rcgu.o" "-Wl,--as-needed" "-L" "/opt/rustwide/target/debug/deps" "-L" "/opt/rustwide/target/debug/deps" "-L" "/opt/rustwide/rustup-home/toolchains/1.69.0-x86_64-unknown-linux-gnu/lib/rustlib/x86_64-unknown-linux-gnu/lib" "-Wl,-Bstatic" "/opt/rustwide/target/debug/deps/libdhcproto-372af216b2ac7a82.rlib" "/opt/rustwide/target/debug/deps/libhex-ad79348a67e835f3.rlib" "/opt/rustwide/target/debug/deps/libtrust_dns_proto-f5a80369f2a7ca47.rlib" "/opt/rustwide/target/debug/deps/libfutures_channel-8502b6d583fa8d3c.rlib" "/opt/rustwide/target/debug/deps/librand-fbc1e23b2a61e55e.rlib" "/opt/rustwide/target/debug/deps/librand_chacha-1011df681e4d15da.rlib" "/opt/rustwide/target/debug/deps/libppv_lite86-c3ad053967cc551c.rlib" "/opt/rustwide/target/debug/deps/librand_core-e5a8f0f991f76bbb.rlib" "/opt/rustwide/target/debug/deps/libgetrandom-5d46253a319b81ee.rlib" "/opt/rustwide/target/debug/deps/liblibc-b7b14a0fe316ec96.rlib" "/opt/rustwide/target/debug/deps/libfutures_io-4614e9b19a26d89f.rlib" "/opt/rustwide/target/debug/deps/libdata_encoding-76661962d82e812a.rlib" "/opt/rustwide/target/debug/deps/liburl-25a81f6654f7c1c7.rlib" "/opt/rustwide/target/debug/deps/libidna-b865ee86652f4dd4.rlib" "/opt/rustwide/target/debug/deps/libform_urlencoded-4406ed733a551179.rlib" "/opt/rustwide/target/debug/deps/libpercent_encoding-5b4f3c280783d946.rlib" "/opt/rustwide/target/debug/deps/liblazy_static-a15e1ed0a3c31761.rlib" "/opt/rustwide/target/debug/deps/libipnet-c7c4785b48ce73f5.rlib" "/opt/rustwide/target/debug/deps/libidna-d0a399c88f3eadde.rlib" "/opt/rustwide/target/debug/deps/libunicode_normalization-65834209e2c3efa0.rlib" "/opt/rustwide/target/debug/deps/libunicode_bidi-df88d89b87cd1c3f.rlib" "/opt/rustwide/target/debug/deps/libmatches-31aa75a7f87d50a6.rlib" "/opt/rustwide/target/debug/deps/libtinyvec-4aa74f8a972e3d9d.rlib" "/opt/rustwide/target/debug/deps/libtinyvec_macros-8eb663675e81bb18.rlib" "/opt/rustwide/target/debug/deps/libtracing-4badae20110344a9.rlib" "/opt/rustwide/target/debug/deps/libcfg_if-e5e118dd7d121aaa.rlib" "/opt/rustwide/target/debug/deps/libtracing_core-259db95f475fb2a8.rlib" "/opt/rustwide/target/debug/deps/libonce_cell-7d2ec3fb6b6c5a4d.rlib" "/opt/rustwide/target/debug/deps/libfutures_util-d80d0e21e8285701.rlib" "/opt/rustwide/target/debug/deps/libslab-8bb798f134a0a9e7.rlib" "/opt/rustwide/target/debug/deps/libpin_project_lite-e66e1bab7310d569.rlib" "/opt/rustwide/target/debug/deps/libfutures_task-b59556b3c537ad98.rlib" "/opt/rustwide/target/debug/deps/libpin_utils-0d8eaf4ac0fcb221.rlib" "/opt/rustwide/target/debug/deps/libfutures_core-782cbf5ce9142ff9.rlib" "/opt/rustwide/target/debug/deps/libthiserror-5160b07b44bf315e.rlib" "/opt/rustwide/rustup-home/toolchains/1.69.0-x86_64-unknown-linux-gnu/lib/rustlib/x86_64-unknown-linux-gnu/lib/libstd-89bc084783fdc439.rlib" "/opt/rustwide/rustup-home/toolchains/1.69.0-x86_64-unknown-linux-gnu/lib/rustlib/x86_64-unknown-linux-gnu/lib/libpanic_unwind-8bee4b287d4367c1.rlib" "/opt/rustwide/rustup-home/toolchains/1.69.0-x86_64-unknown-linux-gnu/lib/rustlib/x86_64-unknown-linux-gnu/lib/libobject-d61707aed80694c0.rlib" "/opt/rustwide/rustup-home/toolchains/1.69.0-x86_64-unknown-linux-gnu/lib/rustlib/x86_64-unknown-linux-gnu/lib/libmemchr-d85366256f22345b.rlib" "/opt/rustwide/rustup-home/toolchains/1.69.0-x86_64-unknown-linux-gnu/lib/rustlib/x86_64-unknown-linux-gnu/lib/libaddr2line-96069b86b8a8cae9.rlib" "/opt/rustwide/rustup-home/toolchains/1.69.0-x86_64-unknown-linux-gnu/lib/rustlib/x86_64-unknown-linux-gnu/lib/libgimli-d19d53abf68dfa6c.rlib" "/opt/rustwide/rustup-home/toolchains/1.69.0-x86_64-unknown-linux-gnu/lib/rustlib/x86_64-unknown-linux-gnu/lib/librustc_demangle-787cbccd19d64ac6.rlib" "/opt/rustwide/rustup-home/toolchains/1.69.0-x86_64-unknown-linux-gnu/lib/rustlib/x86_64-unknown-linux-gnu/lib/libstd_detect-b3837a36b830e0d0.rlib" "/opt/rustwide/rustup-home/toolchains/1.69.0-x86_64-unknown-linux-gnu/lib/rustlib/x86_64-unknown-linux-gnu/lib/libhashbrown-e3deb0e7e3f04966.rlib" "/opt/rustwide/rustup-home/toolchains/1.69.0-x86_64-unknown-linux-gnu/lib/rustlib/x86_64-unknown-linux-gnu/lib/libminiz_oxide-dabbb79c9815def4.rlib" "/opt/rustwide/rustup-home/toolchains/1.69.0-x86_64-unknown-linux-gnu/lib/rustlib/x86_64-unknown-linux-gnu/lib/libadler-305b01f34c9409f2.rlib" "/opt/rustwide/rustup-home/toolchains/1.69.0-x86_64-unknown-linux-gnu/lib/rustlib/x86_64-unknown-linux-gnu/lib/librustc_std_workspace_alloc-f833521df6074e73.rlib" "/opt/rustwide/rustup-home/toolchains/1.69.0-x86_64-unknown-linux-gnu/lib/rustlib/x86_64-unknown-linux-gnu/lib/libunwind-9ac333113350d171.rlib" "/opt/rustwide/rustup-home/toolchains/1.69.0-x86_64-unknown-linux-gnu/lib/rustlib/x86_64-unknown-linux-gnu/lib/libcfg_if-1c126114322d0eee.rlib" "/opt/rustwide/rustup-home/toolchains/1.69.0-x86_64-unknown-linux-gnu/lib/rustlib/x86_64-unknown-linux-gnu/lib/liblibc-bad9164fdeeecf92.rlib" "/opt/rustwide/rustup-home/toolchains/1.69.0-x86_64-unknown-linux-gnu/lib/rustlib/x86_64-unknown-linux-gnu/lib/liballoc-f9374b1e480fa681.rlib" "/opt/rustwide/rustup-home/toolchains/1.69.0-x86_64-unknown-linux-gnu/lib/rustlib/x86_64-unknown-linux-gnu/lib/librustc_std_workspace_core-207f06e41d9603af.rlib" "/opt/rustwide/rustup-home/toolchains/1.69.0-x86_64-unknown-linux-gnu/lib/rustlib/x86_64-unknown-linux-gnu/lib/libcore-7e2768e66e984e85.rlib" "/opt/rustwide/rustup-home/toolchains/1.69.0-x86_64-unknown-linux-gnu/lib/rustlib/x86_64-unknown-linux-gnu/lib/libcompiler_builtins-957b4aff41f8cd46.rlib" "-Wl,-Bdynamic" "-lgcc_s" "-lutil" "-lrt" "-lpthread" "-lm" "-ldl" "-lc" "-Wl,--eh-frame-hdr" "-Wl,-z,noexecstack" "-L" "/opt/rustwide/rustup-home/toolchains/1.69.0-x86_64-unknown-linux-gnu/lib/rustlib/x86_64-unknown-linux-gnu/lib" "-o" "/tmp/rustdoctestZFDDHx/rust_out" "-Wl,--gc-sections" "-pie" "-Wl,-z,relro,-z,now" "-nodefaultlibs"
[INFO] [stdout]   = note: collect2: fatal error: ld terminated with signal 9 [Killed]
[INFO] [stdout]           compilation terminated.
[INFO] [stdout]           
[INFO] [stdout] 
[INFO] [stdout] error: aborting due to previous error
[INFO] [stdout] 
[INFO] [stdout] Couldn't compile the test.
[INFO] [stdout] ---- src/v4/mod.rs - v4 (line 43) stdout ----
[INFO] [stdout] error: linking with `cc` failed: exit status: 1
[INFO] [stdout]   |
[INFO] [stdout]   = note: LC_ALL="C" PATH="/opt/rustwide/rustup-home/toolchains/1.69.0-x86_64-unknown-linux-gnu/lib/rustlib/x86_64-unknown-linux-gnu/bin:/opt/rustwide/cargo-home/bin:/usr/local/sbin:/usr/local/bin:/usr/sbin:/usr/bin:/sbin:/bin" VSLANG="1033" "cc" "-m64" "/tmp/rustc3TYMy1/symbols.o" "/tmp/rustdoctestJdJS4r/rust_out.rust_out.5bfee551-cgu.0.rcgu.o" "/tmp/rustdoctestJdJS4r/rust_out.j00p4ncf7xg64kg.rcgu.o" "-Wl,--as-needed" "-L" "/opt/rustwide/target/debug/deps" "-L" "/opt/rustwide/target/debug/deps" "-L" "/opt/rustwide/rustup-home/toolchains/1.69.0-x86_64-unknown-linux-gnu/lib/rustlib/x86_64-unknown-linux-gnu/lib" "-Wl,-Bstatic" "/opt/rustwide/target/debug/deps/libdhcproto-372af216b2ac7a82.rlib" "/opt/rustwide/target/debug/deps/libhex-ad79348a67e835f3.rlib" "/opt/rustwide/target/debug/deps/libtrust_dns_proto-f5a80369f2a7ca47.rlib" "/opt/rustwide/target/debug/deps/libfutures_channel-8502b6d583fa8d3c.rlib" "/opt/rustwide/target/debug/deps/librand-fbc1e23b2a61e55e.rlib" "/opt/rustwide/target/debug/deps/librand_chacha-1011df681e4d15da.rlib" "/opt/rustwide/target/debug/deps/libppv_lite86-c3ad053967cc551c.rlib" "/opt/rustwide/target/debug/deps/librand_core-e5a8f0f991f76bbb.rlib" "/opt/rustwide/target/debug/deps/libgetrandom-5d46253a319b81ee.rlib" "/opt/rustwide/target/debug/deps/liblibc-b7b14a0fe316ec96.rlib" "/opt/rustwide/target/debug/deps/libfutures_io-4614e9b19a26d89f.rlib" "/opt/rustwide/target/debug/deps/libdata_encoding-76661962d82e812a.rlib" "/opt/rustwide/target/debug/deps/liburl-25a81f6654f7c1c7.rlib" "/opt/rustwide/target/debug/deps/libidna-b865ee86652f4dd4.rlib" "/opt/rustwide/target/debug/deps/libform_urlencoded-4406ed733a551179.rlib" "/opt/rustwide/target/debug/deps/libpercent_encoding-5b4f3c280783d946.rlib" "/opt/rustwide/target/debug/deps/liblazy_static-a15e1ed0a3c31761.rlib" "/opt/rustwide/target/debug/deps/libipnet-c7c4785b48ce73f5.rlib" "/opt/rustwide/target/debug/deps/libidna-d0a399c88f3eadde.rlib" "/opt/rustwide/target/debug/deps/libunicode_normalization-65834209e2c3efa0.rlib" "/opt/rustwide/target/debug/deps/libunicode_bidi-df88d89b87cd1c3f.rlib" "/opt/rustwide/target/debug/deps/libmatches-31aa75a7f87d50a6.rlib" "/opt/rustwide/target/debug/deps/libtinyvec-4aa74f8a972e3d9d.rlib" "/opt/rustwide/target/debug/deps/libtinyvec_macros-8eb663675e81bb18.rlib" "/opt/rustwide/target/debug/deps/libtracing-4badae20110344a9.rlib" "/opt/rustwide/target/debug/deps/libcfg_if-e5e118dd7d121aaa.rlib" "/opt/rustwide/target/debug/deps/libtracing_core-259db95f475fb2a8.rlib" "/opt/rustwide/target/debug/deps/libonce_cell-7d2ec3fb6b6c5a4d.rlib" "/opt/rustwide/target/debug/deps/libfutures_util-d80d0e21e8285701.rlib" "/opt/rustwide/target/debug/deps/libslab-8bb798f134a0a9e7.rlib" "/opt/rustwide/target/debug/deps/libpin_project_lite-e66e1bab7310d569.rlib" "/opt/rustwide/target/debug/deps/libfutures_task-b59556b3c537ad98.rlib" "/opt/rustwide/target/debug/deps/libpin_utils-0d8eaf4ac0fcb221.rlib" "/opt/rustwide/target/debug/deps/libfutures_core-782cbf5ce9142ff9.rlib" "/opt/rustwide/target/debug/deps/libthiserror-5160b07b44bf315e.rlib" "/opt/rustwide/rustup-home/toolchains/1.69.0-x86_64-unknown-linux-gnu/lib/rustlib/x86_64-unknown-linux-gnu/lib/libstd-89bc084783fdc439.rlib" "/opt/rustwide/rustup-home/toolchains/1.69.0-x86_64-unknown-linux-gnu/lib/rustlib/x86_64-unknown-linux-gnu/lib/libpanic_unwind-8bee4b287d4367c1.rlib" "/opt/rustwide/rustup-home/toolchains/1.69.0-x86_64-unknown-linux-gnu/lib/rustlib/x86_64-unknown-linux-gnu/lib/libobject-d61707aed80694c0.rlib" "/opt/rustwide/rustup-home/toolchains/1.69.0-x86_64-unknown-linux-gnu/lib/rustlib/x86_64-unknown-linux-gnu/lib/libmemchr-d85366256f22345b.rlib" "/opt/rustwide/rustup-home/toolchains/1.69.0-x86_64-unknown-linux-gnu/lib/rustlib/x86_64-unknown-linux-gnu/lib/libaddr2line-96069b86b8a8cae9.rlib" "/opt/rustwide/rustup-home/toolchains/1.69.0-x86_64-unknown-linux-gnu/lib/rustlib/x86_64-unknown-linux-gnu/lib/libgimli-d19d53abf68dfa6c.rlib" "/opt/rustwide/rustup-home/toolchains/1.69.0-x86_64-unknown-linux-gnu/lib/rustlib/x86_64-unknown-linux-gnu/lib/librustc_demangle-787cbccd19d64ac6.rlib" "/opt/rustwide/rustup-home/toolchains/1.69.0-x86_64-unknown-linux-gnu/lib/rustlib/x86_64-unknown-linux-gnu/lib/libstd_detect-b3837a36b830e0d0.rlib" "/opt/rustwide/rustup-home/toolchains/1.69.0-x86_64-unknown-linux-gnu/lib/rustlib/x86_64-unknown-linux-gnu/lib/libhashbrown-e3deb0e7e3f04966.rlib" "/opt/rustwide/rustup-home/toolchains/1.69.0-x86_64-unknown-linux-gnu/lib/rustlib/x86_64-unknown-linux-gnu/lib/libminiz_oxide-dabbb79c9815def4.rlib" "/opt/rustwide/rustup-home/toolchains/1.69.0-x86_64-unknown-linux-gnu/lib/rustlib/x86_64-unknown-linux-gnu/lib/libadler-305b01f34c9409f2.rlib" "/opt/rustwide/rustup-home/toolchains/1.69.0-x86_64-unknown-linux-gnu/lib/rustlib/x86_64-unknown-linux-gnu/lib/librustc_std_workspace_alloc-f833521df6074e73.rlib" "/opt/rustwide/rustup-home/toolchains/1.69.0-x86_64-unknown-linux-gnu/lib/rustlib/x86_64-unknown-linux-gnu/lib/libunwind-9ac333113350d171.rlib" "/opt/rustwide/rustup-home/toolchains/1.69.0-x86_64-unknown-linux-gnu/lib/rustlib/x86_64-unknown-linux-gnu/lib/libcfg_if-1c126114322d0eee.rlib" "/opt/rustwide/rustup-home/toolchains/1.69.0-x86_64-unknown-linux-gnu/lib/rustlib/x86_64-unknown-linux-gnu/lib/liblibc-bad9164fdeeecf92.rlib" "/opt/rustwide/rustup-home/toolchains/1.69.0-x86_64-unknown-linux-gnu/lib/rustlib/x86_64-unknown-linux-gnu/lib/liballoc-f9374b1e480fa681.rlib" "/opt/rustwide/rustup-home/toolchains/1.69.0-x86_64-unknown-linux-gnu/lib/rustlib/x86_64-unknown-linux-gnu/lib/librustc_std_workspace_core-207f06e41d9603af.rlib" "/opt/rustwide/rustup-home/toolchains/1.69.0-x86_64-unknown-linux-gnu/lib/rustlib/x86_64-unknown-linux-gnu/lib/libcore-7e2768e66e984e85.rlib" "/opt/rustwide/rustup-home/toolchains/1.69.0-x86_64-unknown-linux-gnu/lib/rustlib/x86_64-unknown-linux-gnu/lib/libcompiler_builtins-957b4aff41f8cd46.rlib" "-Wl,-Bdynamic" "-lgcc_s" "-lutil" "-lrt" "-lpthread" "-lm" "-ldl" "-lc" "-Wl,--eh-frame-hdr" "-Wl,-z,noexecstack" "-L" "/opt/rustwide/rustup-home/toolchains/1.69.0-x86_64-unknown-linux-gnu/lib/rustlib/x86_64-unknown-linux-gnu/lib" "-o" "/tmp/rustdoctestJdJS4r/rust_out" "-Wl,--gc-sections" "-pie" "-Wl,-z,relro,-z,now" "-nodefaultlibs"
[INFO] [stdout]   = note: collect2: fatal error: ld terminated with signal 9 [Killed]
[INFO] [stdout]           compilation terminated.
[INFO] [stdout]           
[INFO] [stdout] 
[INFO] [stdout] error: aborting due to previous error
[INFO] [stdout] 
[INFO] [stdout] Couldn't compile the test.
[INFO] [stdout] ---- src/lib.rs - (line 64) stdout ----
[INFO] [stdout] error: linking with `cc` failed: exit status: 1
[INFO] [stdout]   |
[INFO] [stdout]   = note: LC_ALL="C" PATH="/opt/rustwide/rustup-home/toolchains/1.69.0-x86_64-unknown-linux-gnu/lib/rustlib/x86_64-unknown-linux-gnu/bin:/opt/rustwide/cargo-home/bin:/usr/local/sbin:/usr/local/bin:/usr/sbin:/usr/bin:/sbin:/bin" VSLANG="1033" "cc" "-m64" "/tmp/rustcsQkRDV/symbols.o" "/tmp/rustdoctestajET0F/rust_out.rust_out.5bfee551-cgu.0.rcgu.o" "/tmp/rustdoctestajET0F/rust_out.j00p4ncf7xg64kg.rcgu.o" "-Wl,--as-needed" "-L" "/opt/rustwide/target/debug/deps" "-L" "/opt/rustwide/target/debug/deps" "-L" "/opt/rustwide/rustup-home/toolchains/1.69.0-x86_64-unknown-linux-gnu/lib/rustlib/x86_64-unknown-linux-gnu/lib" "-Wl,-Bstatic" "/opt/rustwide/target/debug/deps/libdhcproto-372af216b2ac7a82.rlib" "/opt/rustwide/target/debug/deps/libhex-ad79348a67e835f3.rlib" "/opt/rustwide/target/debug/deps/libtrust_dns_proto-f5a80369f2a7ca47.rlib" "/opt/rustwide/target/debug/deps/libfutures_channel-8502b6d583fa8d3c.rlib" "/opt/rustwide/target/debug/deps/librand-fbc1e23b2a61e55e.rlib" "/opt/rustwide/target/debug/deps/librand_chacha-1011df681e4d15da.rlib" "/opt/rustwide/target/debug/deps/libppv_lite86-c3ad053967cc551c.rlib" "/opt/rustwide/target/debug/deps/librand_core-e5a8f0f991f76bbb.rlib" "/opt/rustwide/target/debug/deps/libgetrandom-5d46253a319b81ee.rlib" "/opt/rustwide/target/debug/deps/liblibc-b7b14a0fe316ec96.rlib" "/opt/rustwide/target/debug/deps/libfutures_io-4614e9b19a26d89f.rlib" "/opt/rustwide/target/debug/deps/libdata_encoding-76661962d82e812a.rlib" "/opt/rustwide/target/debug/deps/liburl-25a81f6654f7c1c7.rlib" "/opt/rustwide/target/debug/deps/libidna-b865ee86652f4dd4.rlib" "/opt/rustwide/target/debug/deps/libform_urlencoded-4406ed733a551179.rlib" "/opt/rustwide/target/debug/deps/libpercent_encoding-5b4f3c280783d946.rlib" "/opt/rustwide/target/debug/deps/liblazy_static-a15e1ed0a3c31761.rlib" "/opt/rustwide/target/debug/deps/libipnet-c7c4785b48ce73f5.rlib" "/opt/rustwide/target/debug/deps/libidna-d0a399c88f3eadde.rlib" "/opt/rustwide/target/debug/deps/libunicode_normalization-65834209e2c3efa0.rlib" "/opt/rustwide/target/debug/deps/libunicode_bidi-df88d89b87cd1c3f.rlib" "/opt/rustwide/target/debug/deps/libmatches-31aa75a7f87d50a6.rlib" "/opt/rustwide/target/debug/deps/libtinyvec-4aa74f8a972e3d9d.rlib" "/opt/rustwide/target/debug/deps/libtinyvec_macros-8eb663675e81bb18.rlib" "/opt/rustwide/target/debug/deps/libtracing-4badae20110344a9.rlib" "/opt/rustwide/target/debug/deps/libcfg_if-e5e118dd7d121aaa.rlib" "/opt/rustwide/target/debug/deps/libtracing_core-259db95f475fb2a8.rlib" "/opt/rustwide/target/debug/deps/libonce_cell-7d2ec3fb6b6c5a4d.rlib" "/opt/rustwide/target/debug/deps/libfutures_util-d80d0e21e8285701.rlib" "/opt/rustwide/target/debug/deps/libslab-8bb798f134a0a9e7.rlib" "/opt/rustwide/target/debug/deps/libpin_project_lite-e66e1bab7310d569.rlib" "/opt/rustwide/target/debug/deps/libfutures_task-b59556b3c537ad98.rlib" "/opt/rustwide/target/debug/deps/libpin_utils-0d8eaf4ac0fcb221.rlib" "/opt/rustwide/target/debug/deps/libfutures_core-782cbf5ce9142ff9.rlib" "/opt/rustwide/target/debug/deps/libthiserror-5160b07b44bf315e.rlib" "/opt/rustwide/rustup-home/toolchains/1.69.0-x86_64-unknown-linux-gnu/lib/rustlib/x86_64-unknown-linux-gnu/lib/libstd-89bc084783fdc439.rlib" "/opt/rustwide/rustup-home/toolchains/1.69.0-x86_64-unknown-linux-gnu/lib/rustlib/x86_64-unknown-linux-gnu/lib/libpanic_unwind-8bee4b287d4367c1.rlib" "/opt/rustwide/rustup-home/toolchains/1.69.0-x86_64-unknown-linux-gnu/lib/rustlib/x86_64-unknown-linux-gnu/lib/libobject-d61707aed80694c0.rlib" "/opt/rustwide/rustup-home/toolchains/1.69.0-x86_64-unknown-linux-gnu/lib/rustlib/x86_64-unknown-linux-gnu/lib/libmemchr-d85366256f22345b.rlib" "/opt/rustwide/rustup-home/toolchains/1.69.0-x86_64-unknown-linux-gnu/lib/rustlib/x86_64-unknown-linux-gnu/lib/libaddr2line-96069b86b8a8cae9.rlib" "/opt/rustwide/rustup-home/toolchains/1.69.0-x86_64-unknown-linux-gnu/lib/rustlib/x86_64-unknown-linux-gnu/lib/libgimli-d19d53abf68dfa6c.rlib" "/opt/rustwide/rustup-home/toolchains/1.69.0-x86_64-unknown-linux-gnu/lib/rustlib/x86_64-unknown-linux-gnu/lib/librustc_demangle-787cbccd19d64ac6.rlib" "/opt/rustwide/rustup-home/toolchains/1.69.0-x86_64-unknown-linux-gnu/lib/rustlib/x86_64-unknown-linux-gnu/lib/libstd_detect-b3837a36b830e0d0.rlib" "/opt/rustwide/rustup-home/toolchains/1.69.0-x86_64-unknown-linux-gnu/lib/rustlib/x86_64-unknown-linux-gnu/lib/libhashbrown-e3deb0e7e3f04966.rlib" "/opt/rustwide/rustup-home/toolchains/1.69.0-x86_64-unknown-linux-gnu/lib/rustlib/x86_64-unknown-linux-gnu/lib/libminiz_oxide-dabbb79c9815def4.rlib" "/opt/rustwide/rustup-home/toolchains/1.69.0-x86_64-unknown-linux-gnu/lib/rustlib/x86_64-unknown-linux-gnu/lib/libadler-305b01f34c9409f2.rlib" "/opt/rustwide/rustup-home/toolchains/1.69.0-x86_64-unknown-linux-gnu/lib/rustlib/x86_64-unknown-linux-gnu/lib/librustc_std_workspace_alloc-f833521df6074e73.rlib" "/opt/rustwide/rustup-home/toolchains/1.69.0-x86_64-unknown-linux-gnu/lib/rustlib/x86_64-unknown-linux-gnu/lib/libunwind-9ac333113350d171.rlib" "/opt/rustwide/rustup-home/toolchains/1.69.0-x86_64-unknown-linux-gnu/lib/rustlib/x86_64-unknown-linux-gnu/lib/libcfg_if-1c126114322d0eee.rlib" "/opt/rustwide/rustup-home/toolchains/1.69.0-x86_64-unknown-linux-gnu/lib/rustlib/x86_64-unknown-linux-gnu/lib/liblibc-bad9164fdeeecf92.rlib" "/opt/rustwide/rustup-home/toolchains/1.69.0-x86_64-unknown-linux-gnu/lib/rustlib/x86_64-unknown-linux-gnu/lib/liballoc-f9374b1e480fa681.rlib" "/opt/rustwide/rustup-home/toolchains/1.69.0-x86_64-unknown-linux-gnu/lib/rustlib/x86_64-unknown-linux-gnu/lib/librustc_std_workspace_core-207f06e41d9603af.rlib" "/opt/rustwide/rustup-home/toolchains/1.69.0-x86_64-unknown-linux-gnu/lib/rustlib/x86_64-unknown-linux-gnu/lib/libcore-7e2768e66e984e85.rlib" "/opt/rustwide/rustup-home/toolchains/1.69.0-x86_64-unknown-linux-gnu/lib/rustlib/x86_64-unknown-linux-gnu/lib/libcompiler_builtins-957b4aff41f8cd46.rlib" "-Wl,-Bdynamic" "-lgcc_s" "-lutil" "-lrt" "-lpthread" "-lm" "-ldl" "-lc" "-Wl,--eh-frame-hdr" "-Wl,-z,noexecstack" "-L" "/opt/rustwide/rustup-home/toolchains/1.69.0-x86_64-unknown-linux-gnu/lib/rustlib/x86_64-unknown-linux-gnu/lib" "-o" "/tmp/rustdoctestajET0F/rust_out" "-Wl,--gc-sections" "-pie" "-Wl,-z,relro,-z,now" "-nodefaultlibs"
[INFO] [stdout]   = note: collect2: fatal error: ld terminated with signal 9 [Killed]
[INFO] [stdout]           compilation terminated.
[INFO] [stdout]           
[INFO] [stdout] 
[INFO] [stdout] error: aborting due to previous error
[INFO] [stdout] 
[INFO] [stdout] Couldn't compile the test.
[INFO] [stdout] 
[INFO] [stdout] failures:
[INFO] [stdout]     src/lib.rs - (line 22)
[INFO] [stdout]     src/lib.rs - (line 64)
[INFO] [stdout]     src/v4/mod.rs - v4 (line 43)
[INFO] [stdout]     src/v4/options.rs - v4::options::DhcpOptions::iter (line 177)
[INFO] [stdout] 
[INFO] [stdout] test result: FAILED. 13 passed; 4 failed; 0 ignored; 0 measured; 0 filtered out; finished in 4.18s
[INFO] [stdout] 
[INFO] [stderr] error: doctest failed, to rerun pass `--doc`
[INFO] running `Command { std: "docker" "inspect" "5267febc2bdd67ea9acd1828b07a18d672213866c034a3aec5a58ec6e2c9d20c", kill_on_drop: false }`
[INFO] running `Command { std: "docker" "rm" "-f" "5267febc2bdd67ea9acd1828b07a18d672213866c034a3aec5a58ec6e2c9d20c", kill_on_drop: false }`
[INFO] [stdout] 5267febc2bdd67ea9acd1828b07a18d672213866c034a3aec5a58ec6e2c9d20c
