[INFO] fetching crate dfu-core 0.5.1...
[INFO] testing dfu-core-0.5.1 against 1.69.0 for beta-1.70-1
[INFO] extracting crate dfu-core 0.5.1 into /workspace/builds/worker-4-tc1/source
[INFO] validating manifest of crates.io crate dfu-core 0.5.1 on toolchain 1.69.0
[INFO] running `Command { std: CARGO_HOME="/workspace/cargo-home" RUSTUP_HOME="/workspace/rustup-home" "/workspace/cargo-home/bin/cargo" "+1.69.0" "metadata" "--manifest-path" "Cargo.toml" "--no-deps", kill_on_drop: false }`
[INFO] started tweaking crates.io crate dfu-core 0.5.1
[INFO] finished tweaking crates.io crate dfu-core 0.5.1
[INFO] tweaked toml for crates.io crate dfu-core 0.5.1 written to /workspace/builds/worker-4-tc1/source/Cargo.toml
[INFO] running `Command { std: CARGO_HOME="/workspace/cargo-home" RUSTUP_HOME="/workspace/rustup-home" __CARGO_TEST_CHANNEL_OVERRIDE_DO_NOT_USE_THIS="nightly" "/workspace/cargo-home/bin/cargo" "+1.69.0" "generate-lockfile" "--manifest-path" "Cargo.toml" "-Zno-index-update", kill_on_drop: false }`
[INFO] running `Command { std: CARGO_HOME="/workspace/cargo-home" RUSTUP_HOME="/workspace/rustup-home" "/workspace/cargo-home/bin/cargo" "+1.69.0" "fetch" "--manifest-path" "Cargo.toml", kill_on_drop: false }`
[INFO] [stderr]  Downloading crates ...
[INFO] [stderr]   Downloaded pretty-hex v0.3.0
[INFO] running `Command { std: "docker" "create" "-v" "/var/lib/crater-agent-workspace/builds/worker-4-tc1/target:/opt/rustwide/target:rw,Z" "-v" "/var/lib/crater-agent-workspace/builds/worker-4-tc1/source:/opt/rustwide/workdir:ro,Z" "-v" "/var/lib/crater-agent-workspace/cargo-home:/opt/rustwide/cargo-home:ro,Z" "-v" "/var/lib/crater-agent-workspace/rustup-home:/opt/rustwide/rustup-home:ro,Z" "-e" "SOURCE_DIR=/opt/rustwide/workdir" "-e" "CARGO_TARGET_DIR=/opt/rustwide/target" "-e" "CARGO_HOME=/opt/rustwide/cargo-home" "-e" "RUSTUP_HOME=/opt/rustwide/rustup-home" "-w" "/opt/rustwide/workdir" "-m" "1610612736" "--user" "0:0" "--network" "none" "ghcr.io/rust-lang/crates-build-env/linux@sha256:5ff2268d62e97bff2cde7d5815dd6ed5b47097566f13b8d0ca110b04b60e07ed" "/opt/rustwide/cargo-home/bin/cargo" "+1.69.0" "metadata" "--no-deps" "--format-version=1", kill_on_drop: false }`
[INFO] [stdout] 209cc95672e27e25688c4eb92a6d19c4ce767cca133cd541c6f80ef787eb5085
[INFO] running `Command { std: "docker" "start" "-a" "209cc95672e27e25688c4eb92a6d19c4ce767cca133cd541c6f80ef787eb5085", kill_on_drop: false }`
[INFO] running `Command { std: "docker" "inspect" "209cc95672e27e25688c4eb92a6d19c4ce767cca133cd541c6f80ef787eb5085", kill_on_drop: false }`
[INFO] running `Command { std: "docker" "rm" "-f" "209cc95672e27e25688c4eb92a6d19c4ce767cca133cd541c6f80ef787eb5085", kill_on_drop: false }`
[INFO] [stdout] 209cc95672e27e25688c4eb92a6d19c4ce767cca133cd541c6f80ef787eb5085
[INFO] running `Command { std: "docker" "create" "-v" "/var/lib/crater-agent-workspace/builds/worker-4-tc1/target:/opt/rustwide/target:rw,Z" "-v" "/var/lib/crater-agent-workspace/builds/worker-4-tc1/source:/opt/rustwide/workdir:ro,Z" "-v" "/var/lib/crater-agent-workspace/cargo-home:/opt/rustwide/cargo-home:ro,Z" "-v" "/var/lib/crater-agent-workspace/rustup-home:/opt/rustwide/rustup-home:ro,Z" "-e" "SOURCE_DIR=/opt/rustwide/workdir" "-e" "CARGO_TARGET_DIR=/opt/rustwide/target" "-e" "CARGO_INCREMENTAL=0" "-e" "RUST_BACKTRACE=full" "-e" "RUSTFLAGS=--cap-lints=warn" "-e" "RUSTDOCFLAGS=--cap-lints=warn" "-e" "CARGO_HOME=/opt/rustwide/cargo-home" "-e" "RUSTUP_HOME=/opt/rustwide/rustup-home" "-w" "/opt/rustwide/workdir" "-m" "1610612736" "--user" "0:0" "--network" "none" "ghcr.io/rust-lang/crates-build-env/linux@sha256:5ff2268d62e97bff2cde7d5815dd6ed5b47097566f13b8d0ca110b04b60e07ed" "/opt/rustwide/cargo-home/bin/cargo" "+1.69.0" "build" "--frozen" "--message-format=json", kill_on_drop: false }`
[INFO] [stdout] 7dce682dd4ac8d04f86c5ea7a3887f6b1ec569a4db99f1550fd4332960ab26dd
[INFO] running `Command { std: "docker" "start" "-a" "7dce682dd4ac8d04f86c5ea7a3887f6b1ec569a4db99f1550fd4332960ab26dd", kill_on_drop: false }`
[INFO] [stderr]    Compiling log v0.4.17
[INFO] [stderr]    Compiling pretty-hex v0.3.0
[INFO] [stderr]    Compiling bytes v1.4.0
[INFO] [stderr]    Compiling displaydoc v0.2.3
[INFO] [stderr]    Compiling dfu-core v0.5.1 (/opt/rustwide/workdir)
[INFO] [stderr]     Finished dev [unoptimized + debuginfo] target(s) in 0.99s
[INFO] running `Command { std: "docker" "inspect" "7dce682dd4ac8d04f86c5ea7a3887f6b1ec569a4db99f1550fd4332960ab26dd", kill_on_drop: false }`
[INFO] running `Command { std: "docker" "rm" "-f" "7dce682dd4ac8d04f86c5ea7a3887f6b1ec569a4db99f1550fd4332960ab26dd", kill_on_drop: false }`
[INFO] [stdout] 7dce682dd4ac8d04f86c5ea7a3887f6b1ec569a4db99f1550fd4332960ab26dd
[INFO] running `Command { std: "docker" "create" "-v" "/var/lib/crater-agent-workspace/builds/worker-4-tc1/target:/opt/rustwide/target:rw,Z" "-v" "/var/lib/crater-agent-workspace/builds/worker-4-tc1/source:/opt/rustwide/workdir:ro,Z" "-v" "/var/lib/crater-agent-workspace/cargo-home:/opt/rustwide/cargo-home:ro,Z" "-v" "/var/lib/crater-agent-workspace/rustup-home:/opt/rustwide/rustup-home:ro,Z" "-e" "SOURCE_DIR=/opt/rustwide/workdir" "-e" "CARGO_TARGET_DIR=/opt/rustwide/target" "-e" "CARGO_INCREMENTAL=0" "-e" "RUST_BACKTRACE=full" "-e" "RUSTFLAGS=--cap-lints=warn" "-e" "RUSTDOCFLAGS=--cap-lints=warn" "-e" "CARGO_HOME=/opt/rustwide/cargo-home" "-e" "RUSTUP_HOME=/opt/rustwide/rustup-home" "-w" "/opt/rustwide/workdir" "-m" "1610612736" "--user" "0:0" "--network" "none" "ghcr.io/rust-lang/crates-build-env/linux@sha256:5ff2268d62e97bff2cde7d5815dd6ed5b47097566f13b8d0ca110b04b60e07ed" "/opt/rustwide/cargo-home/bin/cargo" "+1.69.0" "test" "--frozen" "--no-run" "--message-format=json", kill_on_drop: false }`
[INFO] [stdout] 9753aed7f8ac21532e465195b0ab3764b9fe49035dea083fe57998fd1a84d86e
[INFO] running `Command { std: "docker" "start" "-a" "9753aed7f8ac21532e465195b0ab3764b9fe49035dea083fe57998fd1a84d86e", kill_on_drop: false }`
[INFO] [stderr]    Compiling libc v0.2.142
[INFO] [stderr]    Compiling io-lifetimes v1.0.10
[INFO] [stderr]    Compiling rustix v0.37.18
[INFO] [stderr]    Compiling linux-raw-sys v0.3.6
[INFO] [stderr]    Compiling regex-syntax v0.7.1
[INFO] [stderr]    Compiling thiserror v1.0.40
[INFO] [stderr]    Compiling num-traits v0.2.15
[INFO] [stderr]    Compiling termcolor v1.2.0
[INFO] [stderr]    Compiling humantime v2.1.0
[INFO] [stderr]    Compiling syn v2.0.15
[INFO] [stderr]    Compiling aho-corasick v1.0.1
[INFO] [stderr]    Compiling num-derive v0.3.3
[INFO] [stderr]    Compiling regex v1.8.1
[INFO] [stderr]    Compiling thiserror-impl v1.0.40
[INFO] [stderr]    Compiling is-terminal v0.4.7
[INFO] [stderr]    Compiling env_logger v0.10.0
[INFO] [stderr]    Compiling dfu-core v0.5.1 (/opt/rustwide/workdir)
[INFO] [stdout] error[E0432]: unresolved import `dfu_core::memory_layout::MemoryLayout`
[INFO] [stdout]  --> tests/mock.rs:5:50
[INFO] [stdout]   |
[INFO] [stdout] 5 |     functional_descriptor::FunctionalDescriptor, memory_layout::MemoryLayout, DfuProtocol, State,
[INFO] [stdout]   |                                                  ^^^^^^^^^^^^^^^^^^^^^^^^^^^ no `MemoryLayout` in `memory_layout`
[INFO] [stdout] 
[INFO] [stdout] 
[INFO] [stdout] warning: unused import: `convert::TryFrom`
[INFO] [stdout]  --> tests/mock.rs:1:26
[INFO] [stdout]   |
[INFO] [stdout] 1 | use std::{cell::RefCell, convert::TryFrom};
[INFO] [stdout]   |                          ^^^^^^^^^^^^^^^^
[INFO] [stdout]   |
[INFO] [stdout]   = note: `#[warn(unused_imports)]` on by default
[INFO] [stdout] 
[INFO] [stdout] 
[INFO] [stdout] error[E0432]: unresolved import `dfu_core::memory_layout::MemoryLayout`
[INFO] [stdout]  --> tests/mock.rs:5:50
[INFO] [stdout]   |
[INFO] [stdout] 5 |     functional_descriptor::FunctionalDescriptor, memory_layout::MemoryLayout, DfuProtocol, State,
[INFO] [stdout]   |                                                  ^^^^^^^^^^^^^^^^^^^^^^^^^^^ no `MemoryLayout` in `memory_layout`
[INFO] [stdout] 
[INFO] [stdout] 
[INFO] [stdout] error[E0433]: failed to resolve: could not find `sync` in `dfu_core`
[INFO] [stdout]   --> tests/download.rs:60:29
[INFO] [stdout]    |
[INFO] [stdout] 60 |     let mut dfu = dfu_core::sync::DfuSync::new(mock);
[INFO] [stdout]    |                             ^^^^ could not find `sync` in `dfu_core`
[INFO] [stdout] 
[INFO] [stdout] 
[INFO] [stdout] warning: unused import: `convert::TryFrom`
[INFO] [stdout]  --> tests/mock.rs:1:26
[INFO] [stdout]   |
[INFO] [stdout] 1 | use std::{cell::RefCell, convert::TryFrom};
[INFO] [stdout]   |                          ^^^^^^^^^^^^^^^^
[INFO] [stdout]   |
[INFO] [stdout]   = note: `#[warn(unused_imports)]` on by default
[INFO] [stdout] 
[INFO] [stdout] 
[INFO] [stdout] error[E0599]: the method `as_dyn_error` exists for reference `&Error`, but its trait bounds were not satisfied
[INFO] [stdout]    --> tests/mock.rs:261:17
[INFO] [stdout]     |
[INFO] [stdout] 261 | #[derive(Debug, Error)]
[INFO] [stdout]     |                 ^^^^^ method cannot be called on `&Error` due to unsatisfied trait bounds
[INFO] [stdout]     |
[INFO] [stdout]    ::: /opt/rustwide/workdir/src/lib.rs:35:1
[INFO] [stdout]     |
[INFO] [stdout] 35  | pub enum Error {
[INFO] [stdout]     | --------------
[INFO] [stdout]     | |
[INFO] [stdout]     | doesn't satisfy `dfu_core::Error: AsDynError<'_>`
[INFO] [stdout]     | doesn't satisfy `dfu_core::Error: std::error::Error`
[INFO] [stdout]     |
[INFO] [stdout]     = note: the following trait bounds were not satisfied:
[INFO] [stdout]             `dfu_core::Error: std::error::Error`
[INFO] [stdout]             which is required by `dfu_core::Error: AsDynError<'_>`
[INFO] [stdout]             `&dfu_core::Error: std::error::Error`
[INFO] [stdout]             which is required by `&dfu_core::Error: AsDynError<'_>`
[INFO] [stdout]     = note: this error originates in the derive macro `Error` (in Nightly builds, run with -Z macro-backtrace for more info)
[INFO] [stdout] 
[INFO] [stdout] 
[INFO] [stdout] error[E0599]: the method `as_dyn_error` exists for reference `&Error`, but its trait bounds were not satisfied
[INFO] [stdout]    --> tests/mock.rs:261:17
[INFO] [stdout]     |
[INFO] [stdout] 261 | #[derive(Debug, Error)]
[INFO] [stdout]     |                 ^^^^^ method cannot be called on `&Error` due to unsatisfied trait bounds
[INFO] [stdout]     |
[INFO] [stdout]    ::: /opt/rustwide/workdir/src/lib.rs:35:1
[INFO] [stdout]     |
[INFO] [stdout] 35  | pub enum Error {
[INFO] [stdout]     | --------------
[INFO] [stdout]     | |
[INFO] [stdout]     | doesn't satisfy `dfu_core::Error: AsDynError<'_>`
[INFO] [stdout]     | doesn't satisfy `dfu_core::Error: std::error::Error`
[INFO] [stdout]     |
[INFO] [stdout]     = note: the following trait bounds were not satisfied:
[INFO] [stdout]             `dfu_core::Error: std::error::Error`
[INFO] [stdout]             which is required by `dfu_core::Error: AsDynError<'_>`
[INFO] [stdout]             `&dfu_core::Error: std::error::Error`
[INFO] [stdout]             which is required by `&dfu_core::Error: AsDynError<'_>`
[INFO] [stdout]     = note: this error originates in the derive macro `Error` (in Nightly builds, run with -Z macro-backtrace for more info)
[INFO] [stdout] 
[INFO] [stdout] 
[INFO] [stdout] error: aborting due to 2 previous errors; 1 warning emitted
[INFO] [stdout] 
[INFO] [stdout] 
[INFO] [stdout] Some errors have detailed explanations: E0432, E0599.
[INFO] [stdout] 
[INFO] [stdout] For more information about an error, try `rustc --explain E0432`.
[INFO] [stdout] 
[INFO] [stderr] error: could not compile `dfu-core` due to 3 previous errors; 1 warning emitted
[INFO] [stdout] warning: unused import: `dfu_core::DfuIo`
[INFO] [stdout]  --> tests/download.rs:1:5
[INFO] [stdout]   |
[INFO] [stdout] 1 | use dfu_core::DfuIo;
[INFO] [stdout]   |     ^^^^^^^^^^^^^^^
[INFO] [stdout] 
[INFO] [stdout] 
[INFO] [stderr] warning: build failed, waiting for other jobs to finish...
[INFO] [stdout] error: aborting due to 3 previous errors; 2 warnings emitted
[INFO] [stdout] 
[INFO] [stdout] 
[INFO] [stdout] Some errors have detailed explanations: E0432, E0433, E0599.
[INFO] [stdout] 
[INFO] [stdout] For more information about an error, try `rustc --explain E0432`.
[INFO] [stdout] 
[INFO] [stderr] error: could not compile `dfu-core` due to 4 previous errors; 2 warnings emitted
[INFO] running `Command { std: "docker" "inspect" "9753aed7f8ac21532e465195b0ab3764b9fe49035dea083fe57998fd1a84d86e", kill_on_drop: false }`
[INFO] running `Command { std: "docker" "rm" "-f" "9753aed7f8ac21532e465195b0ab3764b9fe49035dea083fe57998fd1a84d86e", kill_on_drop: false }`
[INFO] [stdout] 9753aed7f8ac21532e465195b0ab3764b9fe49035dea083fe57998fd1a84d86e
