[INFO] fetching crate devp2p 0.4.1...
[INFO] testing devp2p-0.4.1 against 1.69.0 for beta-1.70-1
[INFO] extracting crate devp2p 0.4.1 into /workspace/builds/worker-2-tc1/source
[INFO] validating manifest of crates.io crate devp2p 0.4.1 on toolchain 1.69.0
[INFO] running `Command { std: CARGO_HOME="/workspace/cargo-home" RUSTUP_HOME="/workspace/rustup-home" "/workspace/cargo-home/bin/cargo" "+1.69.0" "metadata" "--manifest-path" "Cargo.toml" "--no-deps", kill_on_drop: false }`
[INFO] started tweaking crates.io crate devp2p 0.4.1
[INFO] finished tweaking crates.io crate devp2p 0.4.1
[INFO] tweaked toml for crates.io crate devp2p 0.4.1 written to /workspace/builds/worker-2-tc1/source/Cargo.toml
[INFO] running `Command { std: CARGO_HOME="/workspace/cargo-home" RUSTUP_HOME="/workspace/rustup-home" __CARGO_TEST_CHANNEL_OVERRIDE_DO_NOT_USE_THIS="nightly" "/workspace/cargo-home/bin/cargo" "+1.69.0" "generate-lockfile" "--manifest-path" "Cargo.toml" "-Zno-index-update", kill_on_drop: false }`
[INFO] running `Command { std: CARGO_HOME="/workspace/cargo-home" RUSTUP_HOME="/workspace/rustup-home" "/workspace/cargo-home/bin/cargo" "+1.69.0" "fetch" "--manifest-path" "Cargo.toml", kill_on_drop: false }`
[INFO] [stderr]  Downloading crates ...
[INFO] [stderr]   Downloaded byte-tools v0.2.0
[INFO] [stderr]   Downloaded ethereum-hexutil v0.2.3
[INFO] [stderr]   Downloaded env_logger v0.3.5
[INFO] [stderr]   Downloaded generic-array v0.8.4
[INFO] [stderr]   Downloaded tokio-timer-plus v0.1.3
[INFO] [stderr]   Downloaded digest v0.6.1
[INFO] [stderr]   Downloaded block-buffer v0.2.0
[INFO] [stderr]   Downloaded ethereum-block v0.3.5
[INFO] [stderr]   Downloaded ethereum-block-core v0.1.0
[INFO] [stderr]   Downloaded rlpx v0.4.1
[INFO] [stderr]   Downloaded elastic-array-plus v0.9.1
[INFO] [stderr]   Downloaded ethereum-bloom v0.2.1
[INFO] [stderr]   Downloaded dpt v0.3.1
[INFO] [stderr]   Downloaded blockchain v0.2.0
[INFO] [stderr]   Downloaded ethereum-trie v0.3.8
[INFO] [stderr]   Downloaded ethereum-rlp v0.2.3
[INFO] [stderr]   Downloaded ethereum-bigint v0.2.9
[INFO] [stderr]   Downloaded sha2 v0.6.0
[INFO] [stderr]   Downloaded sha3 v0.6.0
[INFO] [stderr]   Downloaded libsecp256k1 v0.1.3
[INFO] running `Command { std: "docker" "create" "-v" "/var/lib/crater-agent-workspace/builds/worker-2-tc1/target:/opt/rustwide/target:rw,Z" "-v" "/var/lib/crater-agent-workspace/builds/worker-2-tc1/source:/opt/rustwide/workdir:ro,Z" "-v" "/var/lib/crater-agent-workspace/cargo-home:/opt/rustwide/cargo-home:ro,Z" "-v" "/var/lib/crater-agent-workspace/rustup-home:/opt/rustwide/rustup-home:ro,Z" "-e" "SOURCE_DIR=/opt/rustwide/workdir" "-e" "CARGO_TARGET_DIR=/opt/rustwide/target" "-e" "CARGO_HOME=/opt/rustwide/cargo-home" "-e" "RUSTUP_HOME=/opt/rustwide/rustup-home" "-w" "/opt/rustwide/workdir" "-m" "1610612736" "--user" "0:0" "--network" "none" "ghcr.io/rust-lang/crates-build-env/linux@sha256:97d61d7686bf65f8ecb15491ab51835e82dc9176a96a831f143a431b191fc501" "/opt/rustwide/cargo-home/bin/cargo" "+1.69.0" "metadata" "--no-deps" "--format-version=1", kill_on_drop: false }`
[INFO] [stdout] 47c1c56156bab63ec05358b79bcf8f0f84fc70b9fa5a180eb356c754cfb28768
[INFO] running `Command { std: "docker" "start" "-a" "47c1c56156bab63ec05358b79bcf8f0f84fc70b9fa5a180eb356c754cfb28768", kill_on_drop: false }`
[INFO] running `Command { std: "docker" "inspect" "47c1c56156bab63ec05358b79bcf8f0f84fc70b9fa5a180eb356c754cfb28768", kill_on_drop: false }`
[INFO] running `Command { std: "docker" "rm" "-f" "47c1c56156bab63ec05358b79bcf8f0f84fc70b9fa5a180eb356c754cfb28768", kill_on_drop: false }`
[INFO] [stdout] 47c1c56156bab63ec05358b79bcf8f0f84fc70b9fa5a180eb356c754cfb28768
[INFO] running `Command { std: "docker" "create" "-v" "/var/lib/crater-agent-workspace/builds/worker-2-tc1/target:/opt/rustwide/target:rw,Z" "-v" "/var/lib/crater-agent-workspace/builds/worker-2-tc1/source:/opt/rustwide/workdir:ro,Z" "-v" "/var/lib/crater-agent-workspace/cargo-home:/opt/rustwide/cargo-home:ro,Z" "-v" "/var/lib/crater-agent-workspace/rustup-home:/opt/rustwide/rustup-home:ro,Z" "-e" "SOURCE_DIR=/opt/rustwide/workdir" "-e" "CARGO_TARGET_DIR=/opt/rustwide/target" "-e" "CARGO_INCREMENTAL=0" "-e" "RUST_BACKTRACE=full" "-e" "RUSTFLAGS=--cap-lints=warn" "-e" "RUSTDOCFLAGS=--cap-lints=warn" "-e" "CARGO_HOME=/opt/rustwide/cargo-home" "-e" "RUSTUP_HOME=/opt/rustwide/rustup-home" "-w" "/opt/rustwide/workdir" "-m" "1610612736" "--user" "0:0" "--network" "none" "ghcr.io/rust-lang/crates-build-env/linux@sha256:97d61d7686bf65f8ecb15491ab51835e82dc9176a96a831f143a431b191fc501" "/opt/rustwide/cargo-home/bin/cargo" "+1.69.0" "build" "--frozen" "--message-format=json", kill_on_drop: false }`
[INFO] [stdout] fb193f9441fbfdca121e9aec9ddb33e7dc2252b6b981231610a6c227c92bca9f
[INFO] running `Command { std: "docker" "start" "-a" "fb193f9441fbfdca121e9aec9ddb33e7dc2252b6b981231610a6c227c92bca9f", kill_on_drop: false }`
[INFO] [stderr]    Compiling libc v0.2.142
[INFO] [stderr]    Compiling cfg-if v0.1.10
[INFO] [stderr]    Compiling maybe-uninit v2.0.0
[INFO] [stderr]    Compiling futures v0.1.31
[INFO] [stderr]    Compiling semver-parser v0.7.0
[INFO] [stderr]    Compiling typenum v1.16.0
[INFO] [stderr]    Compiling nodrop v0.1.14
[INFO] [stderr]    Compiling byte-tools v0.2.0
[INFO] [stderr]    Compiling fnv v1.0.7
[INFO] [stderr]    Compiling ethereum-hexutil v0.2.3
[INFO] [stderr]    Compiling crossbeam-utils v0.7.2
[INFO] [stderr]    Compiling slab v0.4.8
[INFO] [stderr]    Compiling memoffset v0.5.6
[INFO] [stderr]    Compiling crossbeam-epoch v0.8.2
[INFO] [stderr]    Compiling lock_api v0.3.4
[INFO] [stderr]    Compiling elastic-array-plus v0.9.1
[INFO] [stderr]    Compiling lazy_static v0.2.11
[INFO] [stderr]    Compiling tinyvec_macros v0.1.1
[INFO] [stderr]    Compiling gcc v0.3.55
[INFO] [stderr]    Compiling libsecp256k1 v0.1.3
[INFO] [stderr]    Compiling tinyvec v1.6.0
[INFO] [stderr]    Compiling semver v0.9.0
[INFO] [stderr]    Compiling scoped-tls v0.1.2
[INFO] [stderr]    Compiling matches v0.1.10
[INFO] [stderr]    Compiling ethereum-rlp v0.2.3
[INFO] [stderr]    Compiling unicode-bidi v0.3.13
[INFO] [stderr]    Compiling log v0.3.9
[INFO] [stderr]    Compiling rustc_version v0.2.3
[INFO] [stderr]    Compiling percent-encoding v1.0.1
[INFO] [stderr]    Compiling fake-simd v0.1.2
[INFO] [stderr]    Compiling smallvec v0.6.14
[INFO] [stderr]    Compiling slab v0.3.0
[INFO] [stderr]    Compiling rustc-serialize v0.3.24
[INFO] [stderr]    Compiling blockchain v0.2.0
[INFO] [stderr]    Compiling parking_lot_core v0.6.3
[INFO] [stderr]    Compiling parking_lot v0.9.0
[INFO] [stderr]    Compiling rust-crypto v0.2.36
[INFO] [stderr]    Compiling unicode-normalization v0.1.22
[INFO] [stderr]    Compiling iovec v0.1.4
[INFO] [stderr]    Compiling net2 v0.2.38
[INFO] [stderr]    Compiling num_cpus v1.15.0
[INFO] [stderr]    Compiling rand v0.4.6
[INFO] [stderr]    Compiling time v0.1.45
[INFO] [stderr]    Compiling crossbeam-queue v0.2.3
[INFO] [stderr]    Compiling bytes v0.4.12
[INFO] [stderr]    Compiling tokio-executor v0.1.10
[INFO] [stderr]    Compiling tokio-sync v0.1.8
[INFO] [stderr]    Compiling tokio-timer-plus v0.1.3
[INFO] [stderr]    Compiling mio v0.6.23
[INFO] [stderr]    Compiling generic-array v0.8.4
[INFO] [stderr]    Compiling crossbeam-deque v0.7.4
[INFO] [stderr]    Compiling tokio-io v0.1.13
[INFO] [stderr]    Compiling tokio-timer v0.2.13
[INFO] [stderr]    Compiling tokio-current-thread v0.1.7
[INFO] [stderr]    Compiling idna v0.1.5
[INFO] [stderr]    Compiling rand v0.3.23
[INFO] [stderr]    Compiling block-buffer v0.2.0
[INFO] [stderr]    Compiling digest v0.6.1
[INFO] [stderr]    Compiling ethereum-bigint v0.2.9
[INFO] [stderr]    Compiling tokio-threadpool v0.1.18
[INFO] [stderr]    Compiling sha3 v0.6.0
[INFO] [stderr]    Compiling sha2 v0.6.0
[INFO] [stderr]    Compiling tokio-codec v0.1.2
[INFO] [stderr]    Compiling tokio-reactor v0.1.12
[INFO] [stderr]    Compiling mio-uds v0.6.8
[INFO] [stderr]    Compiling url v1.7.2
[INFO] [stderr]    Compiling tokio-fs v0.1.7
[INFO] [stderr]    Compiling tokio-uds v0.2.7
[INFO] [stderr]    Compiling tokio-tcp v0.1.4
[INFO] [stderr]    Compiling tokio-udp v0.1.6
[INFO] [stderr]    Compiling ethereum-block-core v0.1.0
[INFO] [stderr]    Compiling ethereum-bloom v0.2.1
[INFO] [stderr]    Compiling ethereum-trie v0.3.8
[INFO] [stderr]    Compiling tokio v0.1.22
[INFO] [stderr]    Compiling tokio-core v0.1.18
[INFO] [stderr]    Compiling dpt v0.3.1
[INFO] [stderr]    Compiling ethereum-block v0.3.5
[INFO] [stdout] error[E0432]: unresolved import `secp256k1::Error`
[INFO] [stdout]  --> /opt/rustwide/cargo-home/registry/src/github.com-1ecc6299db9ec823/ethereum-block-0.3.5/src/transaction.rs:6:32
[INFO] [stdout]   |
[INFO] [stdout] 6 | use secp256k1::{self, Message, Error, Signature, RecoveryId, SecretKey, PublicKey};
[INFO] [stdout]   |                                ^^^^^ no `Error` in the root
[INFO] [stdout]   |
[INFO] [stdout]   = help: consider importing one of these items instead:
[INFO] [stdout]           std::error::Error
[INFO] [stdout]           std::fmt::Error
[INFO] [stdout]           std::io::Error
[INFO] [stdout] 
[INFO] [stdout] 
[INFO] [stdout] error[E0432]: unresolved import `secp256k1::Error`
[INFO] [stdout]  --> /opt/rustwide/cargo-home/registry/src/github.com-1ecc6299db9ec823/ethereum-block-0.3.5/src/address.rs:6:45
[INFO] [stdout]   |
[INFO] [stdout] 6 | use secp256k1::{self, PublicKey, SecretKey, Error};
[INFO] [stdout]   |                                             ^^^^^ no `Error` in the root
[INFO] [stdout]   |
[INFO] [stdout]   = help: consider importing one of these items instead:
[INFO] [stdout]           std::error::Error
[INFO] [stdout]           std::fmt::Error
[INFO] [stdout]           std::io::Error
[INFO] [stdout] 
[INFO] [stdout] 
[INFO] [stdout] error[E0425]: cannot find function `sign` in crate `secp256k1`
[INFO] [stdout]    --> /opt/rustwide/cargo-home/registry/src/github.com-1ecc6299db9ec823/ethereum-block-0.3.5/src/transaction.rs:160:26
[INFO] [stdout]     |
[INFO] [stdout] 160 |             { secp256k1::sign(&msg, key).unwrap() }
[INFO] [stdout]     |                          ^^^^ not found in `secp256k1`
[INFO] [stdout] 
[INFO] [stdout] 
[INFO] [stdout] error[E0425]: cannot find function `sign` in crate `secp256k1`
[INFO] [stdout]   --> /opt/rustwide/cargo-home/registry/src/github.com-1ecc6299db9ec823/dpt-0.3.1/src/proto.rs:91:37
[INFO] [stdout]    |
[INFO] [stdout] 91 |         let (sig, rec) = secp256k1::sign(&message, &self.secret_key).unwrap();
[INFO] [stdout]    |                                     ^^^^ not found in `secp256k1`
[INFO] [stdout] 
[INFO] [stdout] 
[INFO] [stdout] error[E0412]: cannot find type `Error` in crate `secp256k1`
[INFO] [stdout]   --> /opt/rustwide/cargo-home/registry/src/github.com-1ecc6299db9ec823/dpt-0.3.1/src/util.rs:18:56
[INFO] [stdout]    |
[INFO] [stdout] 18 | pub fn id2pk(id: H512) -> Result<PublicKey, secp256k1::Error> {
[INFO] [stdout]    |                                                        ^^^^^ not found in `secp256k1`
[INFO] [stdout]    |
[INFO] [stdout] help: consider importing one of these items
[INFO] [stdout]    |
[INFO] [stdout] 1  | use io::Error;
[INFO] [stdout]    |
[INFO] [stdout] 1  | use std::error::Error;
[INFO] [stdout]    |
[INFO] [stdout] 1  | use std::fmt::Error;
[INFO] [stdout]    |
[INFO] [stdout] help: if you import `Error`, refer to it directly
[INFO] [stdout]    |
[INFO] [stdout] 18 - pub fn id2pk(id: H512) -> Result<PublicKey, secp256k1::Error> {
[INFO] [stdout] 18 + pub fn id2pk(id: H512) -> Result<PublicKey, Error> {
[INFO] [stdout]    |
[INFO] [stdout] 
[INFO] [stdout] 
[INFO] [stdout] error[E0599]: no function or associated item named `parse` found for struct `RecoveryId` in the current scope
[INFO] [stdout]    --> /opt/rustwide/cargo-home/registry/src/github.com-1ecc6299db9ec823/ethereum-block-0.3.5/src/transaction.rs:104:49
[INFO] [stdout]     |
[INFO] [stdout] 104 |         Ok((Signature::parse(&sig), RecoveryId::parse(self.standard_v() as u8)?))
[INFO] [stdout]     |                                                 ^^^^^ function or associated item not found in `RecoveryId`
[INFO] [stdout] 
[INFO] [stdout] 
[INFO] [stdout] error[E0599]: no function or associated item named `parse` found for struct `RecoveryId` in the current scope
[INFO] [stdout]   --> /opt/rustwide/cargo-home/registry/src/github.com-1ecc6299db9ec823/dpt-0.3.1/src/proto.rs:51:44
[INFO] [stdout]    |
[INFO] [stdout] 51 |         let rec_id = try_none!(RecoveryId::parse(buf[96]));
[INFO] [stdout]    |                                            ^^^^^ function or associated item not found in `RecoveryId`
[INFO] [stdout] 
[INFO] [stdout] 
[INFO] [stdout] error[E0308]: arguments to this function are incorrect
[INFO] [stdout]    --> /opt/rustwide/cargo-home/registry/src/github.com-1ecc6299db9ec823/dpt-0.3.1/src/proto.rs:66:36
[INFO] [stdout]     |
[INFO] [stdout] 66  |         let public_key = try_none!(secp256k1::recover(&message, &sig, &rec_id));
[INFO] [stdout]     |                                    ^^^^^^^^^^^^^^^^^^ --------  ---- an argument of type `&RecoveryId` is missing
[INFO] [stdout]     |                                                       |
[INFO] [stdout]     |                                                       unexpected argument of type `&Message`
[INFO] [stdout]     |
[INFO] [stdout] note: function defined here
[INFO] [stdout]    --> /opt/rustwide/cargo-home/registry/src/github.com-1ecc6299db9ec823/libsecp256k1-0.1.3/src/lib.rs:175:8
[INFO] [stdout]     |
[INFO] [stdout] 175 | pub fn recover(signature: &Signature, recovery_id: &RecoveryId, message: &Message) -> Option<PublicKey> {
[INFO] [stdout]     |        ^^^^^^^
[INFO] [stdout] help: did you mean
[INFO] [stdout]     |
[INFO] [stdout] 66  |         let public_key = try_none!(secp256k1::recover(&sig, /* &RecoveryId */, &rec_id));
[INFO] [stdout]     |                                                      ~~~~~~~~~~~~~~~~~~~~~~~~~~~~~~~~~~
[INFO] [stdout] 
[INFO] [stdout] 
[INFO] [stdout] error[E0308]: mismatched types
[INFO] [stdout]   --> /opt/rustwide/cargo-home/registry/src/github.com-1ecc6299db9ec823/dpt-0.3.1/src/proto.rs:11:13
[INFO] [stdout]    |
[INFO] [stdout] 11 |             Ok(val) => val,
[INFO] [stdout]    |             ^^^^^^^ expected `Option<PublicKey>`, found `Result<_, _>`
[INFO] [stdout] ...
[INFO] [stdout] 66 |         let public_key = try_none!(secp256k1::recover(&message, &sig, &rec_id));
[INFO] [stdout]    |                          ------------------------------------------------------
[INFO] [stdout]    |                          |         |
[INFO] [stdout]    |                          |         this expression has type `Option<PublicKey>`
[INFO] [stdout]    |                          in this macro invocation
[INFO] [stdout]    |
[INFO] [stdout]    = note: expected enum `Option<PublicKey>`
[INFO] [stdout]               found enum `Result<_, _>`
[INFO] [stdout]    = note: this error originates in the macro `try_none` (in Nightly builds, run with -Z macro-backtrace for more info)
[INFO] [stdout] 
[INFO] [stdout] 
[INFO] [stdout] error[E0308]: mismatched types
[INFO] [stdout]   --> /opt/rustwide/cargo-home/registry/src/github.com-1ecc6299db9ec823/dpt-0.3.1/src/proto.rs:12:13
[INFO] [stdout]    |
[INFO] [stdout] 12 |             Err(_) => return Ok(None),
[INFO] [stdout]    |             ^^^^^^ expected `Option<PublicKey>`, found `Result<_, _>`
[INFO] [stdout] ...
[INFO] [stdout] 66 |         let public_key = try_none!(secp256k1::recover(&message, &sig, &rec_id));
[INFO] [stdout]    |                          ------------------------------------------------------
[INFO] [stdout]    |                          |         |
[INFO] [stdout]    |                          |         this expression has type `Option<PublicKey>`
[INFO] [stdout]    |                          in this macro invocation
[INFO] [stdout]    |
[INFO] [stdout]    = note: expected enum `Option<PublicKey>`
[INFO] [stdout]               found enum `Result<_, _>`
[INFO] [stdout]    = note: this error originates in the macro `try_none` (in Nightly builds, run with -Z macro-backtrace for more info)
[INFO] [stdout] 
[INFO] [stdout] 
[INFO] [stdout] error[E0308]: mismatched types
[INFO] [stdout]    --> /opt/rustwide/cargo-home/registry/src/github.com-1ecc6299db9ec823/ethereum-block-0.3.5/src/transaction.rs:233:34
[INFO] [stdout]     |
[INFO] [stdout] 233 |               secp256k1::recover(&Message::parse(&a), &sig.0, &sig.1)?
[INFO] [stdout]     |               ------------------ ^^^^^^^^^^^^^^^^^^^ expected `&Signature`, found `&Message`
[INFO] [stdout]     |               |
[INFO] [stdout]     |               arguments to this function are incorrect
[INFO] [stdout]     |
[INFO] [stdout]     = note: expected reference `&Signature`
[INFO] [stdout]                found reference `&Message`
[INFO] [stdout] note: function defined here
[INFO] [stdout]    --> /opt/rustwide/cargo-home/registry/src/github.com-1ecc6299db9ec823/libsecp256k1-0.1.3/src/lib.rs:175:8
[INFO] [stdout]     |
[INFO] [stdout] 175 | pub fn recover(signature: &Signature, recovery_id: &RecoveryId, message: &Message) -> Option<PublicKey> {
[INFO] [stdout]     |        ^^^^^^^
[INFO] [stdout] 
[INFO] [stdout] 
[INFO] [stdout] error[E0599]: no method named `len` found for enum `Option` in the current scope
[INFO] [stdout]   --> /opt/rustwide/cargo-home/registry/src/github.com-1ecc6299db9ec823/dpt-0.3.1/src/util.rs:14:21
[INFO] [stdout]    |
[INFO] [stdout] 14 |     debug_assert!(v.len() == 65);
[INFO] [stdout]    |                     ^^^ method not found in `Option<[u8; 65]>`
[INFO] [stdout]    |
[INFO] [stdout] note: the method `len` exists on the type `[u8; 65]`
[INFO] [stdout]   --> /rustc/84c898d65adf2f39a5a98507f1fe0ce10a2b8dbc/library/core/src/slice/mod.rs:136:5
[INFO] [stdout] help: consider using `Option::expect` to unwrap the `[u8; 65]` value, panicking if the value is an `Option::None`
[INFO] [stdout]    |
[INFO] [stdout] 14 |     debug_assert!(v.expect("REASON").len() == 65);
[INFO] [stdout]    |                    +++++++++++++++++
[INFO] [stdout] 
[INFO] [stdout] 
[INFO] [stdout] error[E0608]: cannot index into a value of type `Option<[u8; 65]>`
[INFO] [stdout]   --> /opt/rustwide/cargo-home/registry/src/github.com-1ecc6299db9ec823/ethereum-block-0.3.5/src/address.rs:26:32
[INFO] [stdout]    |
[INFO] [stdout] 26 |             Keccak256::digest(&key.serialize()[1..]).as_slice());
[INFO] [stdout]    |                                ^^^^^^^^^^^^^^^^^^^^
[INFO] [stdout] 
[INFO] [stdout] 
[INFO] [stdout] error[E0608]: cannot index into a value of type `Option<[u8; 65]>`
[INFO] [stdout]   --> /opt/rustwide/cargo-home/registry/src/github.com-1ecc6299db9ec823/dpt-0.3.1/src/util.rs:15:17
[INFO] [stdout]    |
[INFO] [stdout] 15 |     H512::from(&v[1..])
[INFO] [stdout]    |                 ^^^^^^
[INFO] [stdout] 
[INFO] [stdout] 
[INFO] [stdout] error: aborting due to 6 previous errors
[INFO] [stdout] 
[INFO] [stdout] 
[INFO] [stdout] Some errors have detailed explanations: E0308, E0425, E0432, E0599, E0608.
[INFO] [stdout] 
[INFO] [stdout] For more information about an error, try `rustc --explain E0308`.
[INFO] [stdout] 
[INFO] [stderr] error: could not compile `ethereum-block` due to 7 previous errors
[INFO] [stderr] warning: build failed, waiting for other jobs to finish...
[INFO] [stdout] error: aborting due to 8 previous errors
[INFO] [stdout] 
[INFO] [stdout] 
[INFO] [stdout] Some errors have detailed explanations: E0308, E0412, E0425, E0599, E0608.
[INFO] [stdout] 
[INFO] [stdout] For more information about an error, try `rustc --explain E0308`.
[INFO] [stdout] 
[INFO] [stderr] error: could not compile `dpt` due to 9 previous errors
[INFO] running `Command { std: "docker" "inspect" "fb193f9441fbfdca121e9aec9ddb33e7dc2252b6b981231610a6c227c92bca9f", kill_on_drop: false }`
[INFO] running `Command { std: "docker" "rm" "-f" "fb193f9441fbfdca121e9aec9ddb33e7dc2252b6b981231610a6c227c92bca9f", kill_on_drop: false }`
[INFO] [stdout] fb193f9441fbfdca121e9aec9ddb33e7dc2252b6b981231610a6c227c92bca9f
