[INFO] fetching crate desub-legacy 0.1.0...
[INFO] testing desub-legacy-0.1.0 against 1.69.0 for beta-1.70-1
[INFO] extracting crate desub-legacy 0.1.0 into /workspace/builds/worker-4-tc1/source
[INFO] validating manifest of crates.io crate desub-legacy 0.1.0 on toolchain 1.69.0
[INFO] running `Command { std: CARGO_HOME="/workspace/cargo-home" RUSTUP_HOME="/workspace/rustup-home" "/workspace/cargo-home/bin/cargo" "+1.69.0" "metadata" "--manifest-path" "Cargo.toml" "--no-deps", kill_on_drop: false }`
[INFO] started tweaking crates.io crate desub-legacy 0.1.0
[INFO] finished tweaking crates.io crate desub-legacy 0.1.0
[INFO] tweaked toml for crates.io crate desub-legacy 0.1.0 written to /workspace/builds/worker-4-tc1/source/Cargo.toml
[INFO] running `Command { std: CARGO_HOME="/workspace/cargo-home" RUSTUP_HOME="/workspace/rustup-home" __CARGO_TEST_CHANNEL_OVERRIDE_DO_NOT_USE_THIS="nightly" "/workspace/cargo-home/bin/cargo" "+1.69.0" "generate-lockfile" "--manifest-path" "Cargo.toml" "-Zno-index-update", kill_on_drop: false }`
[INFO] running `Command { std: CARGO_HOME="/workspace/cargo-home" RUSTUP_HOME="/workspace/rustup-home" "/workspace/cargo-home/bin/cargo" "+1.69.0" "fetch" "--manifest-path" "Cargo.toml", kill_on_drop: false }`
[INFO] [stderr]  Downloading crates ...
[INFO] [stderr]   Downloaded wasmi-validation v0.4.1
[INFO] [stderr]   Downloaded sp-std v4.0.0
[INFO] [stderr]   Downloaded sp-wasm-interface v4.0.0
[INFO] [stderr]   Downloaded sp-runtime v4.0.0
[INFO] [stderr]   Downloaded wasmi v0.9.1
[INFO] [stderr]   Downloaded sp-io v4.0.0
[INFO] [stderr]   Downloaded sp-trie v4.0.0
[INFO] [stderr]   Downloaded hash-db v0.15.2
[INFO] [stderr]   Downloaded trie-db v0.22.6
[INFO] [stderr]   Downloaded sp-core v4.0.0
[INFO] [stderr]   Downloaded sp-externalities v0.10.0
[INFO] [stderr]   Downloaded parity-util-mem v0.10.2
[INFO] [stderr]   Downloaded sp-panic-handler v4.0.0
[INFO] [stderr]   Downloaded sp-application-crypto v4.0.0
[INFO] [stderr]   Downloaded onig v5.0.0
[INFO] [stderr]   Downloaded sp-arithmetic v4.0.0
[INFO] [stderr]   Downloaded frame-metadata v14.2.0
[INFO] [stderr]   Downloaded scale-info v1.0.0
[INFO] [stderr]   Downloaded sp-tracing v4.0.0
[INFO] [stderr]   Downloaded desub-common v0.1.0
[INFO] [stderr]   Downloaded onig_sys v69.8.1
[INFO] [stderr]   Downloaded memory-db v0.27.0
[INFO] [stderr]   Downloaded sp-debug-derive v4.0.0
[INFO] [stderr]   Downloaded sp-storage v4.0.0
[INFO] [stderr]   Downloaded sp-keystore v0.10.0
[INFO] [stderr]   Downloaded parity-util-mem-derive v0.1.0
[INFO] [stderr]   Downloaded sp-state-machine v0.10.0
[INFO] [stderr]   Downloaded sp-core-hashing v4.0.0
[INFO] [stderr]   Downloaded scale-info-derive v1.0.0
[INFO] [stderr]   Downloaded sp-runtime-interface v4.0.0
[INFO] [stderr]   Downloaded sp-runtime-interface-proc-macro v4.0.0
[INFO] [stderr]   Downloaded pbkdf2 v0.4.0
[INFO] [stderr]   Downloaded tiny-bip39 v0.8.2
[INFO] [stderr]   Downloaded trie-root v0.16.0
[INFO] [stderr]   Downloaded memory_units v0.3.0
[INFO] [stderr]   Downloaded parity-wasm v0.42.2
[INFO] running `Command { std: "docker" "create" "-v" "/var/lib/crater-agent-workspace/builds/worker-4-tc1/target:/opt/rustwide/target:rw,Z" "-v" "/var/lib/crater-agent-workspace/builds/worker-4-tc1/source:/opt/rustwide/workdir:ro,Z" "-v" "/var/lib/crater-agent-workspace/cargo-home:/opt/rustwide/cargo-home:ro,Z" "-v" "/var/lib/crater-agent-workspace/rustup-home:/opt/rustwide/rustup-home:ro,Z" "-e" "SOURCE_DIR=/opt/rustwide/workdir" "-e" "CARGO_TARGET_DIR=/opt/rustwide/target" "-e" "CARGO_HOME=/opt/rustwide/cargo-home" "-e" "RUSTUP_HOME=/opt/rustwide/rustup-home" "-w" "/opt/rustwide/workdir" "-m" "1610612736" "--user" "0:0" "--network" "none" "ghcr.io/rust-lang/crates-build-env/linux@sha256:5ff2268d62e97bff2cde7d5815dd6ed5b47097566f13b8d0ca110b04b60e07ed" "/opt/rustwide/cargo-home/bin/cargo" "+1.69.0" "metadata" "--no-deps" "--format-version=1", kill_on_drop: false }`
[INFO] [stdout] 77a7473c7a213db8b49f15987e71df2c34d58c2647dac757ac9d1fb57829dce9
[INFO] running `Command { std: "docker" "start" "-a" "77a7473c7a213db8b49f15987e71df2c34d58c2647dac757ac9d1fb57829dce9", kill_on_drop: false }`
[INFO] running `Command { std: "docker" "inspect" "77a7473c7a213db8b49f15987e71df2c34d58c2647dac757ac9d1fb57829dce9", kill_on_drop: false }`
[INFO] running `Command { std: "docker" "rm" "-f" "77a7473c7a213db8b49f15987e71df2c34d58c2647dac757ac9d1fb57829dce9", kill_on_drop: false }`
[INFO] [stdout] 77a7473c7a213db8b49f15987e71df2c34d58c2647dac757ac9d1fb57829dce9
[INFO] running `Command { std: "docker" "create" "-v" "/var/lib/crater-agent-workspace/builds/worker-4-tc1/target:/opt/rustwide/target:rw,Z" "-v" "/var/lib/crater-agent-workspace/builds/worker-4-tc1/source:/opt/rustwide/workdir:ro,Z" "-v" "/var/lib/crater-agent-workspace/cargo-home:/opt/rustwide/cargo-home:ro,Z" "-v" "/var/lib/crater-agent-workspace/rustup-home:/opt/rustwide/rustup-home:ro,Z" "-e" "SOURCE_DIR=/opt/rustwide/workdir" "-e" "CARGO_TARGET_DIR=/opt/rustwide/target" "-e" "CARGO_INCREMENTAL=0" "-e" "RUST_BACKTRACE=full" "-e" "RUSTFLAGS=--cap-lints=warn" "-e" "RUSTDOCFLAGS=--cap-lints=warn" "-e" "CARGO_HOME=/opt/rustwide/cargo-home" "-e" "RUSTUP_HOME=/opt/rustwide/rustup-home" "-w" "/opt/rustwide/workdir" "-m" "1610612736" "--user" "0:0" "--network" "none" "ghcr.io/rust-lang/crates-build-env/linux@sha256:5ff2268d62e97bff2cde7d5815dd6ed5b47097566f13b8d0ca110b04b60e07ed" "/opt/rustwide/cargo-home/bin/cargo" "+1.69.0" "build" "--frozen" "--message-format=json", kill_on_drop: false }`
[INFO] [stdout] 042c89a7677e2cfbc0087a3b8111ed1e1a4d4e45b08ac87f58199f812d5bc218
[INFO] running `Command { std: "docker" "start" "-a" "042c89a7677e2cfbc0087a3b8111ed1e1a4d4e45b08ac87f58199f812d5bc218", kill_on_drop: false }`
[INFO] [stderr]    Compiling typenum v1.16.0
[INFO] [stderr]    Compiling generic-array v0.14.7
[INFO] [stderr]    Compiling syn v1.0.109
[INFO] [stderr]    Compiling syn v2.0.15
[INFO] [stderr]    Compiling serde v1.0.160
[INFO] [stderr]    Compiling indexmap v1.9.3
[INFO] [stderr]    Compiling hashbrown v0.12.3
[INFO] [stderr]    Compiling subtle v2.4.1
[INFO] [stderr]    Compiling aho-corasick v1.0.1
[INFO] [stderr]    Compiling radium v0.6.2
[INFO] [stderr]    Compiling lazy_static v1.4.0
[INFO] [stderr]    Compiling regex-syntax v0.7.1
[INFO] [stderr]    Compiling ppv-lite86 v0.2.17
[INFO] [stderr]    Compiling arrayvec v0.7.2
[INFO] [stderr]    Compiling byteorder v1.4.3
[INFO] [stderr]    Compiling getrandom v0.2.9
[INFO] [stderr]    Compiling toml_edit v0.19.8
[INFO] [stderr]    Compiling wyz v0.2.0
[INFO] [stderr]    Compiling funty v1.1.0
[INFO] [stderr]    Compiling tap v1.0.1
[INFO] [stderr]    Compiling num-traits v0.2.15
[INFO] [stderr]    Compiling log v0.4.17
[INFO] [stderr]    Compiling getrandom v0.1.16
[INFO] [stderr]    Compiling byte-slice-cast v1.2.2
[INFO] [stderr]    Compiling crunchy v0.2.2
[INFO] [stderr]    Compiling regex v1.8.1
[INFO] [stderr]    Compiling digest v0.9.0
[INFO] [stderr]    Compiling rand_core v0.5.1
[INFO] [stderr]    Compiling proc-macro-crate v1.3.1
[INFO] [stderr]    Compiling rand_core v0.6.4
[INFO] [stderr]    Compiling num-integer v0.1.45
[INFO] [stderr]    Compiling rand_chacha v0.3.1
[INFO] [stderr]    Compiling ansi_term v0.12.1
[INFO] [stderr]    Compiling static_assertions v1.1.0
[INFO] [stderr]    Compiling itoa v1.0.6
[INFO] [stderr]    Compiling rand v0.8.5
[INFO] [stderr]    Compiling ryu v1.0.13
[INFO] [stderr]    Compiling smallvec v1.10.0
[INFO] [stderr]    Compiling convert_case v0.4.0
[INFO] [stderr]    Compiling sp-std v4.0.0
[INFO] [stderr]    Compiling unicode-xid v0.2.4
[INFO] [stderr]    Compiling block-buffer v0.9.0
[INFO] [stderr]    Compiling generic-array v0.12.4
[INFO] [stderr]    Compiling tracing-core v0.1.30
[INFO] [stderr]    Compiling num-bigint v0.2.6
[INFO] [stderr]    Compiling cpufeatures v0.2.7
[INFO] [stderr]    Compiling rustc-hash v1.1.0
[INFO] [stderr]    Compiling rustc-hex v2.1.0
[INFO] [stderr]    Compiling opaque-debug v0.3.0
[INFO] [stderr]    Compiling sha2 v0.9.9
[INFO] [stderr]    Compiling libsecp256k1-core v0.3.0
[INFO] [stderr]    Compiling Inflector v0.11.4
[INFO] [stderr]    Compiling rand_chacha v0.2.2
[INFO] [stderr]    Compiling rand_pcg v0.2.1
[INFO] [stderr]    Compiling crypto-mac v0.8.0
[INFO] [stderr]    Compiling num-rational v0.2.4
[INFO] [stderr]    Compiling serde_json v1.0.96
[INFO] [stderr]    Compiling parking_lot_core v0.8.6
[INFO] [stderr]    Compiling cc v1.0.79
[INFO] [stderr]    Compiling regex-syntax v0.6.29
[INFO] [stderr]    Compiling byte-tools v0.3.1
[INFO] [stderr]    Compiling hex v0.4.3
[INFO] [stderr]    Compiling ref-cast v1.0.16
[INFO] [stderr]    Compiling impl-trait-for-tuples v0.2.2
[INFO] [stderr]    Compiling parity-scale-codec-derive v2.3.1
[INFO] [stderr]    Compiling scale-info-derive v1.0.0
[INFO] [stderr]    Compiling derive_more v0.99.17
[INFO] [stderr]    Compiling uint v0.9.5
[INFO] [stderr]    Compiling sp-debug-derive v4.0.0
[INFO] [stderr]    Compiling serde_derive v1.0.160
[INFO] [stderr]    Compiling zeroize_derive v1.4.2
[INFO] [stderr]    Compiling ref-cast-impl v1.0.16
[INFO] [stderr]    Compiling regex-automata v0.1.10
[INFO] [stderr]    Compiling zeroize v1.6.0
[INFO] [stderr]    Compiling tracing-attributes v0.1.24
[INFO] [stderr]    Compiling block-padding v0.1.5
[INFO] [stderr]    Compiling rand v0.7.3
[INFO] [stderr]    Compiling ahash v0.7.6
[INFO] [stderr]    Compiling fixed-hash v0.7.0
[INFO] [stderr]    Compiling digest v0.8.1
[INFO] [stderr]    Compiling instant v0.1.12
[INFO] [stderr]    Compiling parity-wasm v0.42.2
[INFO] [stderr]    Compiling arrayvec v0.4.12
[INFO] [stderr]    Compiling iana-time-zone v0.1.56
[INFO] [stderr]    Compiling tracing v0.1.37
[INFO] [stderr]    Compiling chrono v0.4.24
[INFO] [stderr]    Compiling hashbrown v0.11.2
[INFO] [stderr]    Compiling matchers v0.0.1
[INFO] [stderr]    Compiling block-buffer v0.7.3
[INFO] [stderr]    Compiling futures-macro v0.3.28
[INFO] [stderr]    Compiling libsecp256k1-gen-genmult v0.3.0
[INFO] [stderr]    Compiling libsecp256k1-gen-ecmult v0.3.0
[INFO] [stderr]    Compiling hmac v0.8.1
[INFO] [stderr]    Compiling tracing-log v0.1.3
[INFO] [stderr]    Compiling synstructure v0.12.6
[INFO] [stderr]    Compiling crypto-mac v0.11.1
[INFO] [stderr]    Compiling sharded-slab v0.1.4
[INFO] [stderr]    Compiling wasmi-validation v0.4.1
[INFO] [stderr]    Compiling thread_local v1.1.7
[INFO] [stderr]    Compiling downcast-rs v1.2.0
[INFO] [stderr]    Compiling opaque-debug v0.2.3
[INFO] [stderr]    Compiling tiny-keccak v2.0.2
[INFO] [stderr]    Compiling fake-simd v0.1.2
[INFO] [stderr]    Compiling nodrop v0.1.14
[INFO] [stderr]    Compiling memory_units v0.3.0
[INFO] [stderr]    Compiling parity-util-mem v0.10.2
[INFO] [stderr]    Compiling keccak v0.1.3
[INFO] [stderr]    Compiling hash-db v0.15.2
[INFO] [stderr]    Compiling arrayref v0.3.7
[INFO] [stderr]    Compiling anyhow v1.0.71
[INFO] [stderr]    Compiling merlin v2.0.1
[INFO] [stderr]    Compiling futures-util v0.3.28
[INFO] [stderr]    Compiling wasmi v0.9.1
[INFO] [stderr]    Compiling sha2 v0.8.2
[INFO] [stderr]    Compiling parity-util-mem-derive v0.1.0
[INFO] [stderr]    Compiling libsecp256k1 v0.7.1
[INFO] [stderr]    Compiling parking_lot v0.11.2
[INFO] [stderr]    Compiling curve25519-dalek v2.1.3
[INFO] [stderr]    Compiling thiserror-impl v1.0.40
[INFO] [stderr]    Compiling num_cpus v1.15.0
[INFO] [stderr]    Compiling signature v1.6.4
[INFO] [stderr]    Compiling environmental v1.1.4
[INFO] [stderr]    Compiling arrayvec v0.5.2
[INFO] [stderr]    Compiling constant_time_eq v0.1.5
[INFO] [stderr]    Compiling blake2-rfc v0.2.18
[INFO] [stderr]    Compiling ed25519 v1.5.3
[INFO] [stderr]    Compiling schnorrkel v0.9.1
[INFO] [stderr]    Compiling bitvec v0.20.4
[INFO] [stderr]    Compiling impl-serde v0.3.2
[INFO] [stderr]    Compiling tracing-serde v0.1.3
[INFO] [stderr]    Compiling thiserror v1.0.40
[INFO] [stderr]    Compiling futures-executor v0.3.28
[INFO] [stderr]    Compiling pbkdf2 v0.8.0
[INFO] [stderr]    Compiling hmac v0.11.0
[INFO] [stderr]    Compiling hmac-drbg v0.3.0
[INFO] [stderr]    Compiling curve25519-dalek v3.2.0
[INFO] [stderr]    Compiling tracing-subscriber v0.2.25
[INFO] [stderr]    Compiling sp-runtime-interface-proc-macro v4.0.0
[INFO] [stderr]    Compiling dyn-clonable-impl v0.9.0
[INFO] [stderr]    Compiling pbkdf2 v0.4.0
[INFO] [stderr]    Compiling twox-hash v1.6.3
[INFO] [stderr]    Compiling parity-scale-codec v2.3.1
[INFO] [stderr]    Compiling ss58-registry v1.40.0
[INFO] [stderr]    Compiling num-format v0.4.4
[INFO] [stderr]    Compiling glob v0.3.1
[INFO] [stderr]    Compiling dyn-clone v1.0.11
[INFO] [stderr]    Compiling scale-info v1.0.0
[INFO] [stderr]    Compiling impl-codec v0.5.1
[INFO] [stderr]    Compiling sp-storage v4.0.0
[INFO] [stderr]    Compiling sp-tracing v4.0.0
[INFO] [stderr]    Compiling sp-wasm-interface v4.0.0
[INFO] [stderr]    Compiling sp-externalities v0.10.0
[INFO] [stderr]    Compiling base64 v0.13.1
[INFO] [stderr]    Compiling dyn-clonable v0.9.0
[INFO] [stderr]    Compiling primitive-types v0.10.1
[INFO] [stderr]    Compiling clang-sys v1.6.1
[INFO] [stderr]    Compiling ed25519-dalek v1.0.1
[INFO] [stderr]    Compiling sp-core-hashing v4.0.0
[INFO] [stderr]    Compiling tiny-bip39 v0.8.2
[INFO] [stderr]    Compiling substrate-bip39 v0.4.4
[INFO] [stderr]    Compiling futures v0.3.28
[INFO] [stderr]    Compiling secrecy v0.8.0
[INFO] [stderr]    Compiling backtrace v0.3.67
[INFO] [stderr]    Compiling hash256-std-hasher v0.15.2
[INFO] [stderr]    Compiling adler v1.0.2
[INFO] [stderr]    Compiling gimli v0.27.2
[INFO] [stderr]    Compiling base58 v0.2.0
[INFO] [stderr]    Compiling miniz_oxide v0.6.2
[INFO] [stderr]    Compiling object v0.30.3
[INFO] [stderr]    Compiling sp-runtime-interface v4.0.0
[INFO] [stderr]    Compiling atty v0.2.14
[INFO] [stderr]    Compiling unicode-width v0.1.10
[INFO] [stderr]    Compiling rustc-demangle v0.1.23
[INFO] [stderr]    Compiling async-trait v0.1.68
[INFO] [stderr]    Compiling minimal-lexical v0.2.1
[INFO] [stderr]    Compiling nom v7.1.3
[INFO] [stderr]    Compiling textwrap v0.11.0
[INFO] [stderr]    Compiling memory-db v0.27.0
[INFO] [stderr]    Compiling trie-db v0.22.6
[INFO] [stderr]    Compiling trie-root v0.16.0
[INFO] [stderr]    Compiling libloading v0.7.4
[INFO] [stderr]    Compiling bindgen v0.59.2
[INFO] [stderr]    Compiling termcolor v1.2.0
[INFO] [stderr]    Compiling vec_map v0.8.2
[INFO] [stderr]    Compiling humantime v2.1.0
[INFO] [stderr]    Compiling strsim v0.8.0
[INFO] [stderr]    Compiling addr2line v0.19.0
[INFO] [stderr]    Compiling env_logger v0.9.3
[INFO] [stderr]    Compiling clap v2.34.0
[INFO] [stderr]    Compiling sp-core v4.0.0
[INFO] [stderr]    Compiling lazycell v1.3.0
[INFO] [stderr]    Compiling shlex v1.1.0
[INFO] [stderr]    Compiling peeking_take_while v0.1.2
[INFO] [stderr]    Compiling cexpr v0.6.0
[INFO] [stderr]    Compiling paste v1.0.12
[INFO] [stderr]    Compiling pkg-config v0.3.26
[INFO] [stderr]    Compiling integer-sqrt v0.1.5
[INFO] [stderr]    Compiling sp-panic-handler v4.0.0
[INFO] [stderr]    Compiling sp-arithmetic v4.0.0
[INFO] [stderr]    Compiling sp-trie v4.0.0
[INFO] [stderr]    Compiling sp-keystore v0.10.0
[INFO] [stderr]    Compiling sp-state-machine v0.10.0
[INFO] [stderr]    Compiling either v1.8.1
[INFO] [stderr]    Compiling frame-metadata v14.2.0
[INFO] [stderr]    Compiling sp-io v4.0.0
[INFO] [stderr]    Compiling sp-application-crypto v4.0.0
[INFO] [stderr]    Compiling onig_sys v69.8.1
[INFO] [stderr]    Compiling sp-runtime v4.0.0
[INFO] [stderr]    Compiling desub-common v0.1.0
[INFO] [stderr]    Compiling onig v5.0.0
[INFO] [stderr]    Compiling desub-legacy v0.1.0 (/opt/rustwide/workdir)
[INFO] [stderr]     Finished dev [unoptimized + debuginfo] target(s) in 1m 39s
[INFO] running `Command { std: "docker" "inspect" "042c89a7677e2cfbc0087a3b8111ed1e1a4d4e45b08ac87f58199f812d5bc218", kill_on_drop: false }`
[INFO] running `Command { std: "docker" "rm" "-f" "042c89a7677e2cfbc0087a3b8111ed1e1a4d4e45b08ac87f58199f812d5bc218", kill_on_drop: false }`
[INFO] [stdout] 042c89a7677e2cfbc0087a3b8111ed1e1a4d4e45b08ac87f58199f812d5bc218
[INFO] running `Command { std: "docker" "create" "-v" "/var/lib/crater-agent-workspace/builds/worker-4-tc1/target:/opt/rustwide/target:rw,Z" "-v" "/var/lib/crater-agent-workspace/builds/worker-4-tc1/source:/opt/rustwide/workdir:ro,Z" "-v" "/var/lib/crater-agent-workspace/cargo-home:/opt/rustwide/cargo-home:ro,Z" "-v" "/var/lib/crater-agent-workspace/rustup-home:/opt/rustwide/rustup-home:ro,Z" "-e" "SOURCE_DIR=/opt/rustwide/workdir" "-e" "CARGO_TARGET_DIR=/opt/rustwide/target" "-e" "CARGO_INCREMENTAL=0" "-e" "RUST_BACKTRACE=full" "-e" "RUSTFLAGS=--cap-lints=warn" "-e" "RUSTDOCFLAGS=--cap-lints=warn" "-e" "CARGO_HOME=/opt/rustwide/cargo-home" "-e" "RUSTUP_HOME=/opt/rustwide/rustup-home" "-w" "/opt/rustwide/workdir" "-m" "1610612736" "--user" "0:0" "--network" "none" "ghcr.io/rust-lang/crates-build-env/linux@sha256:5ff2268d62e97bff2cde7d5815dd6ed5b47097566f13b8d0ca110b04b60e07ed" "/opt/rustwide/cargo-home/bin/cargo" "+1.69.0" "test" "--frozen" "--no-run" "--message-format=json", kill_on_drop: false }`
[INFO] [stdout] b63646db327250c7361cb976b45c7b84b5c58538d2bc1f092cb7c0ed8ff4c1cf
[INFO] running `Command { std: "docker" "start" "-a" "b63646db327250c7361cb976b45c7b84b5c58538d2bc1f092cb7c0ed8ff4c1cf", kill_on_drop: false }`
[INFO] [stderr]    Compiling desub-legacy v0.1.0 (/opt/rustwide/workdir)
[INFO] [stdout] error[E0432]: unresolved import `sp_version`
[INFO] [stdout]   --> src/test_suite.rs:17:5
[INFO] [stdout]    |
[INFO] [stdout] 17 | use sp_version::RuntimeVersion;
[INFO] [stdout]    |     ^^^^^^^^^^ use of undeclared crate or module `sp_version`
[INFO] [stdout] 
[INFO] [stdout] 
[INFO] [stdout] error[E0433]: failed to resolve: use of undeclared crate or module `pretty_env_logger`
[INFO] [stdout]    --> src/regex.rs:903:11
[INFO] [stdout]     |
[INFO] [stdout] 903 |         let _ = pretty_env_logger::try_init();
[INFO] [stdout]     |                 ^^^^^^^^^^^^^^^^^ use of undeclared crate or module `pretty_env_logger`
[INFO] [stdout] 
[INFO] [stdout] 
[INFO] [stdout] error[E0433]: failed to resolve: use of undeclared crate or module `pretty_env_logger`
[INFO] [stdout]    --> src/regex.rs:920:11
[INFO] [stdout]     |
[INFO] [stdout] 920 |         let _ = pretty_env_logger::try_init();
[INFO] [stdout]     |                 ^^^^^^^^^^^^^^^^^ use of undeclared crate or module `pretty_env_logger`
[INFO] [stdout] 
[INFO] [stdout] 
[INFO] [stdout] error[E0433]: failed to resolve: use of undeclared crate or module `pretty_env_logger`
[INFO] [stdout]    --> src/regex.rs:929:11
[INFO] [stdout]     |
[INFO] [stdout] 929 |         let _ = pretty_env_logger::try_init();
[INFO] [stdout]     |                 ^^^^^^^^^^^^^^^^^ use of undeclared crate or module `pretty_env_logger`
[INFO] [stdout] 
[INFO] [stdout] 
[INFO] [stdout] error[E0433]: failed to resolve: use of undeclared crate or module `pretty_env_logger`
[INFO] [stdout]    --> src/regex.rs:937:11
[INFO] [stdout]     |
[INFO] [stdout] 937 |         let _ = pretty_env_logger::try_init();
[INFO] [stdout]     |                 ^^^^^^^^^^^^^^^^^ use of undeclared crate or module `pretty_env_logger`
[INFO] [stdout] 
[INFO] [stdout] 
[INFO] [stdout] error: aborting due to 5 previous errors
[INFO] [stdout] 
[INFO] [stdout] 
[INFO] [stdout] Some errors have detailed explanations: E0432, E0433.
[INFO] [stdout] 
[INFO] [stdout] For more information about an error, try `rustc --explain E0432`.
[INFO] [stdout] 
[INFO] [stderr] error: could not compile `desub-legacy` due to 6 previous errors
[INFO] running `Command { std: "docker" "inspect" "b63646db327250c7361cb976b45c7b84b5c58538d2bc1f092cb7c0ed8ff4c1cf", kill_on_drop: false }`
[INFO] running `Command { std: "docker" "rm" "-f" "b63646db327250c7361cb976b45c7b84b5c58538d2bc1f092cb7c0ed8ff4c1cf", kill_on_drop: false }`
[INFO] [stdout] b63646db327250c7361cb976b45c7b84b5c58538d2bc1f092cb7c0ed8ff4c1cf
