[INFO] fetching crate derivit 0.1.2...
[INFO] testing derivit-0.1.2 against 1.69.0 for beta-1.70-1
[INFO] extracting crate derivit 0.1.2 into /workspace/builds/worker-6-tc1/source
[INFO] validating manifest of crates.io crate derivit 0.1.2 on toolchain 1.69.0
[INFO] running `Command { std: CARGO_HOME="/workspace/cargo-home" RUSTUP_HOME="/workspace/rustup-home" "/workspace/cargo-home/bin/cargo" "+1.69.0" "metadata" "--manifest-path" "Cargo.toml" "--no-deps", kill_on_drop: false }`
[INFO] started tweaking crates.io crate derivit 0.1.2
[INFO] finished tweaking crates.io crate derivit 0.1.2
[INFO] tweaked toml for crates.io crate derivit 0.1.2 written to /workspace/builds/worker-6-tc1/source/Cargo.toml
[INFO] running `Command { std: CARGO_HOME="/workspace/cargo-home" RUSTUP_HOME="/workspace/rustup-home" __CARGO_TEST_CHANNEL_OVERRIDE_DO_NOT_USE_THIS="nightly" "/workspace/cargo-home/bin/cargo" "+1.69.0" "generate-lockfile" "--manifest-path" "Cargo.toml" "-Zno-index-update", kill_on_drop: false }`
[INFO] running `Command { std: CARGO_HOME="/workspace/cargo-home" RUSTUP_HOME="/workspace/rustup-home" "/workspace/cargo-home/bin/cargo" "+1.69.0" "fetch" "--manifest-path" "Cargo.toml", kill_on_drop: false }`
[INFO] [stderr]  Downloading crates ...
[INFO] [stderr]   Downloaded infoit-derive v0.1.2
[INFO] [stderr]   Downloaded infoit v0.1.2
[INFO] [stderr]   Downloaded enumit v0.1.2
[INFO] [stderr]   Downloaded derivit-core v0.1.5
[INFO] [stderr]   Downloaded fromit v0.1.2
[INFO] [stderr]   Downloaded viewit v0.1.5
[INFO] running `Command { std: "docker" "create" "-v" "/var/lib/crater-agent-workspace/builds/worker-6-tc1/target:/opt/rustwide/target:rw,Z" "-v" "/var/lib/crater-agent-workspace/builds/worker-6-tc1/source:/opt/rustwide/workdir:ro,Z" "-v" "/var/lib/crater-agent-workspace/cargo-home:/opt/rustwide/cargo-home:ro,Z" "-v" "/var/lib/crater-agent-workspace/rustup-home:/opt/rustwide/rustup-home:ro,Z" "-e" "SOURCE_DIR=/opt/rustwide/workdir" "-e" "CARGO_TARGET_DIR=/opt/rustwide/target" "-e" "CARGO_HOME=/opt/rustwide/cargo-home" "-e" "RUSTUP_HOME=/opt/rustwide/rustup-home" "-w" "/opt/rustwide/workdir" "-m" "1610612736" "--user" "0:0" "--network" "none" "ghcr.io/rust-lang/crates-build-env/linux@sha256:5ff2268d62e97bff2cde7d5815dd6ed5b47097566f13b8d0ca110b04b60e07ed" "/opt/rustwide/cargo-home/bin/cargo" "+1.69.0" "metadata" "--no-deps" "--format-version=1", kill_on_drop: false }`
[INFO] [stdout] 4b9860cdcc88376a0d6ec2db5f076f0e53b6436523611eef4bf3c466efe724e8
[INFO] running `Command { std: "docker" "start" "-a" "4b9860cdcc88376a0d6ec2db5f076f0e53b6436523611eef4bf3c466efe724e8", kill_on_drop: false }`
[INFO] running `Command { std: "docker" "inspect" "4b9860cdcc88376a0d6ec2db5f076f0e53b6436523611eef4bf3c466efe724e8", kill_on_drop: false }`
[INFO] running `Command { std: "docker" "rm" "-f" "4b9860cdcc88376a0d6ec2db5f076f0e53b6436523611eef4bf3c466efe724e8", kill_on_drop: false }`
[INFO] [stdout] 4b9860cdcc88376a0d6ec2db5f076f0e53b6436523611eef4bf3c466efe724e8
[INFO] running `Command { std: "docker" "create" "-v" "/var/lib/crater-agent-workspace/builds/worker-6-tc1/target:/opt/rustwide/target:rw,Z" "-v" "/var/lib/crater-agent-workspace/builds/worker-6-tc1/source:/opt/rustwide/workdir:ro,Z" "-v" "/var/lib/crater-agent-workspace/cargo-home:/opt/rustwide/cargo-home:ro,Z" "-v" "/var/lib/crater-agent-workspace/rustup-home:/opt/rustwide/rustup-home:ro,Z" "-e" "SOURCE_DIR=/opt/rustwide/workdir" "-e" "CARGO_TARGET_DIR=/opt/rustwide/target" "-e" "CARGO_INCREMENTAL=0" "-e" "RUST_BACKTRACE=full" "-e" "RUSTFLAGS=--cap-lints=warn" "-e" "RUSTDOCFLAGS=--cap-lints=warn" "-e" "CARGO_HOME=/opt/rustwide/cargo-home" "-e" "RUSTUP_HOME=/opt/rustwide/rustup-home" "-w" "/opt/rustwide/workdir" "-m" "1610612736" "--user" "0:0" "--network" "none" "ghcr.io/rust-lang/crates-build-env/linux@sha256:5ff2268d62e97bff2cde7d5815dd6ed5b47097566f13b8d0ca110b04b60e07ed" "/opt/rustwide/cargo-home/bin/cargo" "+1.69.0" "build" "--frozen" "--message-format=json", kill_on_drop: false }`
[INFO] [stdout] e87aaca6a7c970341c3507367f98c42ddf2ecc5a446f8b1613b122c784314966
[INFO] running `Command { std: "docker" "start" "-a" "e87aaca6a7c970341c3507367f98c42ddf2ecc5a446f8b1613b122c784314966", kill_on_drop: false }`
[INFO] [stderr]    Compiling proc-macro2 v1.0.56
[INFO] [stderr]    Compiling quote v1.0.26
[INFO] [stderr]    Compiling unicode-ident v1.0.8
[INFO] [stderr]    Compiling syn v1.0.109
[INFO] [stderr]    Compiling ident_case v1.0.1
[INFO] [stderr]    Compiling fnv v1.0.7
[INFO] [stderr]    Compiling strsim v0.10.0
[INFO] [stderr]    Compiling prettyplease v0.1.25
[INFO] [stderr]    Compiling serde_derive v1.0.160
[INFO] [stderr]    Compiling heck v0.4.1
[INFO] [stderr]    Compiling serde v1.0.160
[INFO] [stderr]    Compiling autocfg v1.1.0
[INFO] [stderr]    Compiling serde_json v1.0.96
[INFO] [stderr]    Compiling itoa v1.0.6
[INFO] [stderr]    Compiling ryu v1.0.13
[INFO] [stderr]    Compiling hashbrown v0.12.3
[INFO] [stderr]    Compiling indexmap v1.9.3
[INFO] [stderr]    Compiling syn v2.0.15
[INFO] [stderr]    Compiling darling_core v0.14.4
[INFO] [stderr]    Compiling darling_macro v0.14.4
[INFO] [stderr]    Compiling darling v0.14.4
[INFO] [stderr]    Compiling derivit-core v0.1.5
[INFO] [stderr]    Compiling enumit v0.1.2
[INFO] [stderr]    Compiling viewit v0.1.5
[INFO] [stderr]    Compiling fromit v0.1.2
[INFO] [stdout] error[E0063]: missing fields `attrs` and `compile_time` in initializer of `FieldSetter`
[INFO] [stdout]   --> /opt/rustwide/cargo-home/registry/src/github.com-1ecc6299db9ec823/fromit-0.1.2/src/setter.rs:47:20
[INFO] [stdout]    |
[INFO] [stdout] 47 |       setters.push(FieldSetter {
[INFO] [stdout]    |                    ^^^^^^^^^^^ missing `attrs` and `compile_time`
[INFO] [stdout] 
[INFO] [stdout] 
[INFO] [stdout] error[E0063]: missing fields `attrs` and `compile_time` in initializer of `FieldSetter`
[INFO] [stdout]   --> /opt/rustwide/cargo-home/registry/src/github.com-1ecc6299db9ec823/fromit-0.1.2/src/setter.rs:86:18
[INFO] [stdout]    |
[INFO] [stdout] 86 |     setters.push(FieldSetter {
[INFO] [stdout]    |                  ^^^^^^^^^^^ missing `attrs` and `compile_time`
[INFO] [stdout] 
[INFO] [stdout] 
[INFO] [stdout] error[E0063]: missing fields `attrs` and `compile_time` in initializer of `derivit_core::getter::FieldGetter`
[INFO] [stdout]   --> /opt/rustwide/cargo-home/registry/src/github.com-1ecc6299db9ec823/fromit-0.1.2/src/getter.rs:43:20
[INFO] [stdout]    |
[INFO] [stdout] 43 |       getters.push(FieldGetter {
[INFO] [stdout]    |                    ^^^^^^^^^^^ missing `attrs` and `compile_time`
[INFO] [stdout] 
[INFO] [stdout] 
[INFO] [stdout] error[E0063]: missing fields `attrs` and `compile_time` in initializer of `derivit_core::getter::FieldGetter`
[INFO] [stdout]   --> /opt/rustwide/cargo-home/registry/src/github.com-1ecc6299db9ec823/fromit-0.1.2/src/getter.rs:85:18
[INFO] [stdout]    |
[INFO] [stdout] 85 |     getters.push(FieldGetter {
[INFO] [stdout]    |                  ^^^^^^^^^^^ missing `attrs` and `compile_time`
[INFO] [stdout] 
[INFO] [stdout] 
[INFO] [stdout] error: aborting due to 4 previous errors
[INFO] [stdout] 
[INFO] [stdout] 
[INFO] [stdout] For more information about this error, try `rustc --explain E0063`.
[INFO] [stdout] 
[INFO] [stderr] error: could not compile `fromit` due to 5 previous errors
[INFO] [stderr] warning: build failed, waiting for other jobs to finish...
[INFO] running `Command { std: "docker" "inspect" "e87aaca6a7c970341c3507367f98c42ddf2ecc5a446f8b1613b122c784314966", kill_on_drop: false }`
[INFO] running `Command { std: "docker" "rm" "-f" "e87aaca6a7c970341c3507367f98c42ddf2ecc5a446f8b1613b122c784314966", kill_on_drop: false }`
[INFO] [stdout] e87aaca6a7c970341c3507367f98c42ddf2ecc5a446f8b1613b122c784314966
