[INFO] fetching crate delete_console 0.1.0...
[INFO] testing delete_console-0.1.0 against 1.69.0 for beta-1.70-1
[INFO] extracting crate delete_console 0.1.0 into /workspace/builds/worker-7-tc1/source
[INFO] validating manifest of crates.io crate delete_console 0.1.0 on toolchain 1.69.0
[INFO] running `Command { std: CARGO_HOME="/workspace/cargo-home" RUSTUP_HOME="/workspace/rustup-home" "/workspace/cargo-home/bin/cargo" "+1.69.0" "metadata" "--manifest-path" "Cargo.toml" "--no-deps", kill_on_drop: false }`
[INFO] removed /workspace/builds/worker-7-tc1/source/.cargo/config
[INFO] started tweaking crates.io crate delete_console 0.1.0
[INFO] finished tweaking crates.io crate delete_console 0.1.0
[INFO] tweaked toml for crates.io crate delete_console 0.1.0 written to /workspace/builds/worker-7-tc1/source/Cargo.toml
[INFO] running `Command { std: CARGO_HOME="/workspace/cargo-home" RUSTUP_HOME="/workspace/rustup-home" __CARGO_TEST_CHANNEL_OVERRIDE_DO_NOT_USE_THIS="nightly" "/workspace/cargo-home/bin/cargo" "+1.69.0" "generate-lockfile" "--manifest-path" "Cargo.toml" "-Zno-index-update", kill_on_drop: false }`
[INFO] running `Command { std: CARGO_HOME="/workspace/cargo-home" RUSTUP_HOME="/workspace/rustup-home" "/workspace/cargo-home/bin/cargo" "+1.69.0" "fetch" "--manifest-path" "Cargo.toml", kill_on_drop: false }`
[INFO] [stderr]  Downloading crates ...
[INFO] [stderr]   Downloaded supports-hyperlinks v1.2.0
[INFO] [stderr]   Downloaded relative-path v1.8.0
[INFO] [stderr]   Downloaded swc_macros_common v0.3.7
[INFO] [stderr]   Downloaded sourcemap v6.2.3
[INFO] [stderr]   Downloaded swc_plugin v0.90.0
[INFO] [stderr]   Downloaded ast_node v0.8.8
[INFO] [stderr]   Downloaded swc_eq_ignore_macros v0.1.1
[INFO] [stderr]   Downloaded from_variant v0.1.5
[INFO] [stderr]   Downloaded swc_ecma_codegen v0.128.18
[INFO] [stderr]   Downloaded swc_ecma_testing v0.20.8
[INFO] [stderr]   Downloaded swc_common v0.29.40
[INFO] [stderr]   Downloaded swc_trace_macro v0.1.2
[INFO] [stderr]   Downloaded testing_macros v0.2.9
[INFO] [stderr]   Downloaded enum-iterator v1.4.0
[INFO] [stderr]   Downloaded better_scoped_tls v0.1.0
[INFO] [stderr]   Downloaded supports-unicode v1.0.2
[INFO] [stderr]   Downloaded is-macro v0.2.2
[INFO] [stderr]   Downloaded string_enum v0.3.4
[INFO] [stderr]   Downloaded rend v0.3.6
[INFO] [stderr]   Downloaded swc_visit v0.5.5
[INFO] [stderr]   Downloaded enum-iterator-derive v1.2.0
[INFO] [stderr]   Downloaded swc_ecma_visit v0.80.21
[INFO] [stderr]   Downloaded swc_ecma_codegen_macros v0.7.2
[INFO] [stderr]   Downloaded swc_plugin_macro v0.9.11
[INFO] [stderr]   Downloaded swc_ecma_visit v0.81.11
[INFO] [stderr]   Downloaded unicode-id v0.3.3
[INFO] [stderr]   Downloaded swc_visit_macros v0.5.6
[INFO] [stderr]   Downloaded vergen v7.5.1
[INFO] [stderr]   Downloaded enum_kind v0.2.2
[INFO] [stderr]   Downloaded lexical v6.1.1
[INFO] [stderr]   Downloaded swc_ecma_ast v0.94.21
[INFO] [stderr]   Downloaded swc_ecma_utils v0.106.18
[INFO] [stderr]   Downloaded swc_ecma_ast v0.95.11
[INFO] [stderr]   Downloaded triomphe v0.1.8
[INFO] [stderr]   Downloaded swc_ecma_parser v0.122.32
[INFO] [stderr]   Downloaded swc_ecma_transforms_base v0.111.59
[INFO] [stderr]   Downloaded textwrap v0.15.2
[INFO] [stderr]   Downloaded swc_ecma_parser v0.123.16
[INFO] [stderr]   Downloaded rkyv v0.7.37
[INFO] [stderr]   Downloaded swc_atoms v0.4.41
[INFO] [stderr]   Downloaded rkyv_derive v0.7.37
[INFO] [stderr]   Downloaded swc_ecma_transforms_base v0.112.24
[INFO] [stderr]   Downloaded testing v0.31.43
[INFO] [stderr]   Downloaded swc_core v0.32.9
[INFO] [stderr]   Downloaded swc_error_reporters v0.13.41
[INFO] [stderr]   Downloaded swc_ecma_transforms_testing v0.115.25
[INFO] [stderr]   Downloaded swc_ecma_transforms_testing v0.114.44
[INFO] [stderr]   Downloaded swc_plugin_proxy v0.22.23
[INFO] [stderr]   Downloaded swc_plugin_proxy v0.23.11
[INFO] [stderr]   Downloaded swc_core v0.44.6
[INFO] [stderr]   Downloaded swc_plugin_loadable_components v0.3.0
[INFO] [stderr]   Downloaded swc_ecma_quote_macros v0.33.33
[INFO] [stderr]   Downloaded swc_ecma_codegen v0.127.39
[INFO] [stderr]   Downloaded swc_ecma_utils v0.105.40
[INFO] running `Command { std: "docker" "create" "-v" "/var/lib/crater-agent-workspace/builds/worker-7-tc1/target:/opt/rustwide/target:rw,Z" "-v" "/var/lib/crater-agent-workspace/builds/worker-7-tc1/source:/opt/rustwide/workdir:ro,Z" "-v" "/var/lib/crater-agent-workspace/cargo-home:/opt/rustwide/cargo-home:ro,Z" "-v" "/var/lib/crater-agent-workspace/rustup-home:/opt/rustwide/rustup-home:ro,Z" "-e" "SOURCE_DIR=/opt/rustwide/workdir" "-e" "CARGO_TARGET_DIR=/opt/rustwide/target" "-e" "CARGO_HOME=/opt/rustwide/cargo-home" "-e" "RUSTUP_HOME=/opt/rustwide/rustup-home" "-w" "/opt/rustwide/workdir" "-m" "1610612736" "--user" "0:0" "--network" "none" "ghcr.io/rust-lang/crates-build-env/linux@sha256:5ff2268d62e97bff2cde7d5815dd6ed5b47097566f13b8d0ca110b04b60e07ed" "/opt/rustwide/cargo-home/bin/cargo" "+1.69.0" "metadata" "--no-deps" "--format-version=1", kill_on_drop: false }`
[INFO] [stdout] b8db253d9106a53a5b0fe3e1b6aca05daad54ea34982feb12b279c8dfb9729e1
[INFO] running `Command { std: "docker" "start" "-a" "b8db253d9106a53a5b0fe3e1b6aca05daad54ea34982feb12b279c8dfb9729e1", kill_on_drop: false }`
[INFO] running `Command { std: "docker" "inspect" "b8db253d9106a53a5b0fe3e1b6aca05daad54ea34982feb12b279c8dfb9729e1", kill_on_drop: false }`
[INFO] running `Command { std: "docker" "rm" "-f" "b8db253d9106a53a5b0fe3e1b6aca05daad54ea34982feb12b279c8dfb9729e1", kill_on_drop: false }`
[INFO] [stdout] b8db253d9106a53a5b0fe3e1b6aca05daad54ea34982feb12b279c8dfb9729e1
[INFO] running `Command { std: "docker" "create" "-v" "/var/lib/crater-agent-workspace/builds/worker-7-tc1/target:/opt/rustwide/target:rw,Z" "-v" "/var/lib/crater-agent-workspace/builds/worker-7-tc1/source:/opt/rustwide/workdir:ro,Z" "-v" "/var/lib/crater-agent-workspace/cargo-home:/opt/rustwide/cargo-home:ro,Z" "-v" "/var/lib/crater-agent-workspace/rustup-home:/opt/rustwide/rustup-home:ro,Z" "-e" "SOURCE_DIR=/opt/rustwide/workdir" "-e" "CARGO_TARGET_DIR=/opt/rustwide/target" "-e" "CARGO_INCREMENTAL=0" "-e" "RUST_BACKTRACE=full" "-e" "RUSTFLAGS=--cap-lints=warn" "-e" "RUSTDOCFLAGS=--cap-lints=warn" "-e" "CARGO_HOME=/opt/rustwide/cargo-home" "-e" "RUSTUP_HOME=/opt/rustwide/rustup-home" "-w" "/opt/rustwide/workdir" "-m" "1610612736" "--user" "0:0" "--network" "none" "ghcr.io/rust-lang/crates-build-env/linux@sha256:5ff2268d62e97bff2cde7d5815dd6ed5b47097566f13b8d0ca110b04b60e07ed" "/opt/rustwide/cargo-home/bin/cargo" "+1.69.0" "build" "--frozen" "--message-format=json", kill_on_drop: false }`
[INFO] [stdout] d3f8adb7397d651297251cf1fb2e96b5437873ce5e252acf9d886dc465459b20
[INFO] running `Command { std: "docker" "start" "-a" "d3f8adb7397d651297251cf1fb2e96b5437873ce5e252acf9d886dc465459b20", kill_on_drop: false }`
[INFO] [stderr]     Blocking waiting for file lock on package cache
[INFO] [stderr]    Compiling syn v1.0.109
[INFO] [stderr]    Compiling syn v2.0.15
[INFO] [stderr]    Compiling siphasher v0.3.10
[INFO] [stderr]    Compiling ppv-lite86 v0.2.17
[INFO] [stderr]    Compiling anyhow v1.0.71
[INFO] [stderr]    Compiling libc v0.2.142
[INFO] [stderr]    Compiling new_debug_unreachable v1.0.4
[INFO] [stderr]    Compiling precomputed-hash v0.1.1
[INFO] [stderr]    Compiling fnv v1.0.7
[INFO] [stderr]    Compiling stable_deref_trait v1.2.0
[INFO] [stderr]    Compiling num-bigint v0.4.3
[INFO] [stderr]    Compiling Inflector v0.11.4
[INFO] [stderr]    Compiling rustc-hash v1.1.0
[INFO] [stderr]    Compiling getrandom v0.2.9
[INFO] [stderr]    Compiling bytecheck v0.6.10
[INFO] [stderr]    Compiling better_scoped_tls v0.1.0
[INFO] [stderr]    Compiling atty v0.2.14
[INFO] [stderr]    Compiling tracing-core v0.1.30
[INFO] [stderr]    Compiling unicode-id v0.3.3
[INFO] [stderr]    Compiling rend v0.3.6
[INFO] [stderr]    Compiling simdutf8 v0.1.4
[INFO] [stderr]    Compiling parking_lot_core v0.9.7
[INFO] [stderr]    Compiling rkyv v0.7.37
[INFO] [stderr]    Compiling phf_shared v0.10.0
[INFO] [stderr]    Compiling ahash v0.7.6
[INFO] [stderr]    Compiling seahash v4.1.0
[INFO] [stderr]    Compiling parking_lot v0.12.1
[INFO] [stderr]    Compiling if_chain v1.0.2
[INFO] [stderr]    Compiling hashbrown v0.12.3
[INFO] [stderr]    Compiling lexical-util v0.8.5
[INFO] [stderr]    Compiling rustversion v1.0.12
[INFO] [stderr]    Compiling typed-arena v2.0.2
[INFO] [stderr]    Compiling proc-macro-hack v0.5.20+deprecated
[INFO] [stderr]    Compiling time-core v0.1.0
[INFO] [stderr]    Compiling swc_ecma_ast v0.94.21
[INFO] [stderr]    Compiling swc_ecma_ast v0.95.11
[INFO] [stderr]    Compiling smawk v0.3.1
[INFO] [stderr]    Compiling is_ci v1.1.1
[INFO] [stderr]    Compiling time v0.3.20
[INFO] [stderr]    Compiling supports-color v1.3.1
[INFO] [stderr]    Compiling backtrace v0.3.67
[INFO] [stderr]    Compiling regex-automata v0.1.10
[INFO] [stderr]    Compiling supports-unicode v1.0.2
[INFO] [stderr]    Compiling rand_core v0.6.4
[INFO] [stderr]    Compiling lexical-parse-integer v0.8.6
[INFO] [stderr]    Compiling lexical-write-integer v0.8.5
[INFO] [stderr]    Compiling indexmap v1.9.3
[INFO] [stderr]    Compiling supports-hyperlinks v1.2.0
[INFO] [stderr]    Compiling terminal_size v0.1.17
[INFO] [stderr]    Compiling rand_chacha v0.3.1
[INFO] [stderr]    Compiling lexical-parse-float v0.8.5
[INFO] [stderr]    Compiling lexical-write-float v0.8.5
[INFO] [stderr]    Compiling rustix v0.37.18
[INFO] [stderr]    Compiling overload v0.1.1
[INFO] [stderr]    Compiling owo-colors v3.5.0
[INFO] [stderr]    Compiling digest v0.10.6
[INFO] [stderr]    Compiling nu-ansi-term v0.46.0
[INFO] [stderr]    Compiling rand v0.8.5
[INFO] [stderr]    Compiling matchers v0.1.0
[INFO] [stderr]    Compiling tracing-log v0.1.3
[INFO] [stderr]    Compiling lexical-core v0.8.5
[INFO] [stderr]    Compiling unicode-linebreak v0.1.4
[INFO] [stderr]    Compiling sharded-slab v0.1.4
[INFO] [stderr]    Compiling thread_local v1.1.7
[INFO] [stderr]    Compiling lexical v6.1.1
[INFO] [stderr]    Compiling yansi v0.5.1
[INFO] [stderr]    Compiling relative-path v1.8.0
[INFO] [stderr]    Compiling linux-raw-sys v0.3.6
[INFO] [stderr]    Compiling diff v0.1.13
[INFO] [stderr]    Compiling sha-1 v0.10.1
[INFO] [stderr]    Compiling pretty_assertions v1.3.0
[INFO] [stderr]    Compiling vergen v7.5.1
[INFO] [stderr]    Compiling phf_generator v0.10.0
[INFO] [stderr]    Compiling string_cache_codegen v0.5.2
[INFO] [stderr]    Compiling difference v2.0.0
[INFO] [stderr]    Compiling swc_plugin_proxy v0.22.23
[INFO] [stderr]    Compiling swc_plugin v0.90.0
[INFO] [stderr]    Compiling swc_plugin_proxy v0.23.11
[INFO] [stderr]    Compiling swc_atoms v0.4.41
[INFO] [stderr]    Compiling pmutil v0.5.3
[INFO] [stderr]    Compiling darling_core v0.13.4
[INFO] [stderr]    Compiling proc-macro-error v1.0.4
[INFO] [stderr]    Compiling wasm-bindgen-backend v0.2.84
[INFO] [stderr]    Compiling swc_macros_common v0.3.7
[INFO] [stderr]    Compiling serde_derive v1.0.160
[INFO] [stderr]    Compiling tracing-attributes v0.1.24
[INFO] [stderr]    Compiling thiserror-impl v1.0.40
[INFO] [stderr]    Compiling textwrap v0.15.2
[INFO] [stderr]    Compiling swc_visit_macros v0.5.6
[INFO] [stderr]    Compiling ptr_meta_derive v0.1.4
[INFO] [stderr]    Compiling bytecheck_derive v0.6.10
[INFO] [stderr]    Compiling from_variant v0.1.5
[INFO] [stderr]    Compiling swc_eq_ignore_macros v0.1.1
[INFO] [stderr]    Compiling rkyv_derive v0.7.37
[INFO] [stderr]    Compiling string_enum v0.3.4
[INFO] [stderr]    Compiling is-macro v0.2.2
[INFO] [stderr]    Compiling enum_kind v0.2.2
[INFO] [stderr]    Compiling enum-iterator-derive v1.2.0
[INFO] [stderr]    Compiling ptr_meta v0.1.4
[INFO] [stderr]    Compiling miette-derive v4.7.1
[INFO] [stderr]    Compiling phf_macros v0.10.0
[INFO] [stderr]    Compiling getset v0.1.2
[INFO] [stderr]    Compiling swc_ecma_codegen_macros v0.7.2
[INFO] [stderr]    Compiling testing_macros v0.2.9
[INFO] [stderr]    Compiling tempfile v3.5.0
[INFO] [stderr]    Compiling enum-iterator v1.4.0
[INFO] [stderr]    Compiling swc_trace_macro v0.1.2
[INFO] [stderr]    Compiling thiserror v1.0.40
[INFO] [stderr]    Compiling tracing v0.1.37
[INFO] [stderr]    Compiling swc_plugin_macro v0.9.11
[INFO] [stderr]    Compiling wasm-bindgen-macro-support v0.2.84
[INFO] [stderr]    Compiling tracing-subscriber v0.3.17
[INFO] [stderr]    Compiling swc_ecma_testing v0.20.8
[INFO] [stderr]    Compiling darling_macro v0.13.4
[INFO] [stderr]    Compiling miette v4.7.1
[INFO] [stderr]    Compiling phf v0.10.1
[INFO] [stderr]    Compiling wasm-bindgen-macro v0.2.84
[INFO] [stderr]    Compiling darling v0.13.4
[INFO] [stderr]    Compiling ast_node v0.8.8
[INFO] [stderr]    Compiling serde v1.0.160
[INFO] [stderr]    Compiling swc_visit v0.5.5
[INFO] [stderr]    Compiling swc_core v0.32.9
[INFO] [stderr]    Compiling swc_core v0.44.6
[INFO] [stderr]    Compiling wasm-bindgen v0.2.84
[INFO] [stderr]    Compiling triomphe v0.1.8
[INFO] [stderr]    Compiling string_cache v0.8.7
[INFO] [stderr]    Compiling serde_json v1.0.96
[INFO] [stderr]    Compiling sourcemap v6.2.3
[INFO] [stderr]    Compiling swc_common v0.29.40
[INFO] [stderr]    Compiling swc_error_reporters v0.13.41
[INFO] [stderr]    Compiling testing v0.31.43
[INFO] [stderr]    Compiling swc_ecma_parser v0.122.32
[INFO] [stderr]    Compiling swc_ecma_visit v0.80.21
[INFO] [stderr]    Compiling swc_ecma_codegen v0.127.39
[INFO] [stderr]    Compiling swc_ecma_visit v0.81.11
[INFO] [stderr]    Compiling swc_ecma_parser v0.123.16
[INFO] [stderr]    Compiling swc_ecma_codegen v0.128.18
[INFO] [stderr]    Compiling swc_ecma_quote_macros v0.33.33
[INFO] [stderr]    Compiling swc_ecma_utils v0.105.40
[INFO] [stderr]    Compiling swc_ecma_utils v0.106.18
[INFO] [stderr]    Compiling swc_ecma_transforms_base v0.111.59
[INFO] [stderr]    Compiling swc_ecma_transforms_base v0.112.24
[INFO] [stderr]    Compiling swc_ecma_transforms_testing v0.115.25
[INFO] [stderr]    Compiling swc_ecma_transforms_testing v0.114.44
[INFO] [stderr]    Compiling swc_plugin_loadable_components v0.3.0
[INFO] [stderr]    Compiling delete_console v0.1.0 (/opt/rustwide/workdir)
[INFO] [stdout] warning: variable `exprStmt` should have a snake case name
[INFO] [stdout]   --> src/lib.rs:18:24
[INFO] [stdout]    |
[INFO] [stdout] 18 |             Stmt::Expr(exprStmt) => match &*exprStmt.expr {
[INFO] [stdout]    |                        ^^^^^^^^ help: convert the identifier to snake case: `expr_stmt`
[INFO] [stdout]    |
[INFO] [stdout]    = note: `#[warn(non_snake_case)]` on by default
[INFO] [stdout] 
[INFO] [stdout] 
[INFO] [stdout] warning: 1 warning emitted
[INFO] [stdout] 
[INFO] [stdout] 
[INFO] [stderr]     Finished dev [unoptimized + debuginfo] target(s) in 1m 12s
[INFO] running `Command { std: "docker" "inspect" "d3f8adb7397d651297251cf1fb2e96b5437873ce5e252acf9d886dc465459b20", kill_on_drop: false }`
[INFO] running `Command { std: "docker" "rm" "-f" "d3f8adb7397d651297251cf1fb2e96b5437873ce5e252acf9d886dc465459b20", kill_on_drop: false }`
[INFO] [stdout] d3f8adb7397d651297251cf1fb2e96b5437873ce5e252acf9d886dc465459b20
[INFO] running `Command { std: "docker" "create" "-v" "/var/lib/crater-agent-workspace/builds/worker-7-tc1/target:/opt/rustwide/target:rw,Z" "-v" "/var/lib/crater-agent-workspace/builds/worker-7-tc1/source:/opt/rustwide/workdir:ro,Z" "-v" "/var/lib/crater-agent-workspace/cargo-home:/opt/rustwide/cargo-home:ro,Z" "-v" "/var/lib/crater-agent-workspace/rustup-home:/opt/rustwide/rustup-home:ro,Z" "-e" "SOURCE_DIR=/opt/rustwide/workdir" "-e" "CARGO_TARGET_DIR=/opt/rustwide/target" "-e" "CARGO_INCREMENTAL=0" "-e" "RUST_BACKTRACE=full" "-e" "RUSTFLAGS=--cap-lints=warn" "-e" "RUSTDOCFLAGS=--cap-lints=warn" "-e" "CARGO_HOME=/opt/rustwide/cargo-home" "-e" "RUSTUP_HOME=/opt/rustwide/rustup-home" "-w" "/opt/rustwide/workdir" "-m" "1610612736" "--user" "0:0" "--network" "none" "ghcr.io/rust-lang/crates-build-env/linux@sha256:5ff2268d62e97bff2cde7d5815dd6ed5b47097566f13b8d0ca110b04b60e07ed" "/opt/rustwide/cargo-home/bin/cargo" "+1.69.0" "test" "--frozen" "--no-run" "--message-format=json", kill_on_drop: false }`
[INFO] [stdout] 3f896abc9799010cbfaf2d658f1e7398b156d7fdb241f1feed597808f0865a87
[INFO] running `Command { std: "docker" "start" "-a" "3f896abc9799010cbfaf2d658f1e7398b156d7fdb241f1feed597808f0865a87", kill_on_drop: false }`
[INFO] [stderr]    Compiling delete_console v0.1.0 (/opt/rustwide/workdir)
[INFO] [stdout] warning: variable `exprStmt` should have a snake case name
[INFO] [stdout]   --> src/lib.rs:18:24
[INFO] [stdout]    |
[INFO] [stdout] 18 |             Stmt::Expr(exprStmt) => match &*exprStmt.expr {
[INFO] [stdout]    |                        ^^^^^^^^ help: convert the identifier to snake case: `expr_stmt`
[INFO] [stdout]    |
[INFO] [stdout]    = note: `#[warn(non_snake_case)]` on by default
[INFO] [stdout] 
[INFO] [stdout] 
[INFO] [stdout] warning: 1 warning emitted
[INFO] [stdout] 
[INFO] [stdout] 
[INFO] [stdout] warning: unused variable: `t`
[INFO] [stdout]   --> tests/fixture.rs:12:11
[INFO] [stdout]    |
[INFO] [stdout] 12 |         &|t| as_folder(TransformVisitor),
[INFO] [stdout]    |           ^ help: if this is intentional, prefix it with an underscore: `_t`
[INFO] [stdout]    |
[INFO] [stdout]    = note: `#[warn(unused_variables)]` on by default
[INFO] [stdout] 
[INFO] [stdout] 
[INFO] [stdout] warning: variable `exprStmt` should have a snake case name
[INFO] [stdout]   --> src/lib.rs:18:24
[INFO] [stdout]    |
[INFO] [stdout] 18 |             Stmt::Expr(exprStmt) => match &*exprStmt.expr {
[INFO] [stdout]    |                        ^^^^^^^^ help: convert the identifier to snake case: `expr_stmt`
[INFO] [stdout]    |
[INFO] [stdout]    = note: `#[warn(non_snake_case)]` on by default
[INFO] [stdout] 
[INFO] [stdout] 
[INFO] [stdout] warning: 1 warning emitted
[INFO] [stdout] 
[INFO] [stdout] 
[INFO] [stdout] warning: 1 warning emitted
[INFO] [stdout] 
[INFO] [stdout] 
[INFO] [stderr]     Finished test [unoptimized + debuginfo] target(s) in 5.75s
[INFO] running `Command { std: "docker" "inspect" "3f896abc9799010cbfaf2d658f1e7398b156d7fdb241f1feed597808f0865a87", kill_on_drop: false }`
[INFO] running `Command { std: "docker" "rm" "-f" "3f896abc9799010cbfaf2d658f1e7398b156d7fdb241f1feed597808f0865a87", kill_on_drop: false }`
[INFO] [stdout] 3f896abc9799010cbfaf2d658f1e7398b156d7fdb241f1feed597808f0865a87
[INFO] running `Command { std: "docker" "create" "-v" "/var/lib/crater-agent-workspace/builds/worker-7-tc1/target:/opt/rustwide/target:rw,Z" "-v" "/var/lib/crater-agent-workspace/builds/worker-7-tc1/source:/opt/rustwide/workdir:ro,Z" "-v" "/var/lib/crater-agent-workspace/cargo-home:/opt/rustwide/cargo-home:ro,Z" "-v" "/var/lib/crater-agent-workspace/rustup-home:/opt/rustwide/rustup-home:ro,Z" "-e" "SOURCE_DIR=/opt/rustwide/workdir" "-e" "CARGO_TARGET_DIR=/opt/rustwide/target" "-e" "CARGO_INCREMENTAL=0" "-e" "RUST_BACKTRACE=full" "-e" "RUSTFLAGS=--cap-lints=warn" "-e" "RUSTDOCFLAGS=--cap-lints=warn" "-e" "CARGO_HOME=/opt/rustwide/cargo-home" "-e" "RUSTUP_HOME=/opt/rustwide/rustup-home" "-w" "/opt/rustwide/workdir" "-m" "1610612736" "--user" "0:0" "--network" "none" "ghcr.io/rust-lang/crates-build-env/linux@sha256:5ff2268d62e97bff2cde7d5815dd6ed5b47097566f13b8d0ca110b04b60e07ed" "/opt/rustwide/cargo-home/bin/cargo" "+1.69.0" "test" "--frozen", kill_on_drop: false }`
[INFO] [stdout] de715103a6eedd83bf14fffea1657b9eeb3832d8a06a9f1465940ed75af54840
[INFO] running `Command { std: "docker" "start" "-a" "de715103a6eedd83bf14fffea1657b9eeb3832d8a06a9f1465940ed75af54840", kill_on_drop: false }`
[INFO] [stderr] warning: variable `exprStmt` should have a snake case name
[INFO] [stderr]   --> src/lib.rs:18:24
[INFO] [stderr]    |
[INFO] [stderr] 18 |             Stmt::Expr(exprStmt) => match &*exprStmt.expr {
[INFO] [stderr]    |                        ^^^^^^^^ help: convert the identifier to snake case: `expr_stmt`
[INFO] [stderr]    |
[INFO] [stderr]    = note: `#[warn(non_snake_case)]` on by default
[INFO] [stderr] 
[INFO] [stderr] warning: `delete_console` (lib) generated 1 warning
[INFO] [stderr] warning: `delete_console` (lib test) generated 1 warning (1 duplicate)
[INFO] [stderr] warning: unused variable: `t`
[INFO] [stderr]   --> tests/fixture.rs:12:11
[INFO] [stderr]    |
[INFO] [stderr] 12 |         &|t| as_folder(TransformVisitor),
[INFO] [stderr]    |           ^ help: if this is intentional, prefix it with an underscore: `_t`
[INFO] [stderr]    |
[INFO] [stderr]    = note: `#[warn(unused_variables)]` on by default
[INFO] [stderr] 
[INFO] [stderr] warning: `delete_console` (test "fixture") generated 1 warning (run `cargo fix --test "fixture"` to apply 1 suggestion)
[INFO] [stderr]     Finished test [unoptimized + debuginfo] target(s) in 0.16s
[INFO] [stderr]      Running unittests src/lib.rs (/opt/rustwide/target/debug/deps/delete_console-1a88666252f1e302)
[INFO] [stdout] 
[INFO] [stdout] running 0 tests
[INFO] [stdout] 
[INFO] [stdout] test result: ok. 0 passed; 0 failed; 0 ignored; 0 measured; 0 filtered out; finished in 0.00s
[INFO] [stdout] 
[INFO] [stderr]      Running tests/fixture.rs (/opt/rustwide/target/debug/deps/fixture-fcaffab3beee5a5d)
[INFO] [stdout] 
[INFO] [stdout] running 1 test
[INFO] [stdout] test fixture_tests__fixture__console__input_js ... FAILED
[INFO] [stdout] 
[INFO] [stdout] failures:
[INFO] [stdout] 
[INFO] [stdout] ---- fixture_tests__fixture__console__input_js stdout ----
[INFO] [stdout] Input: /opt/rustwide/workdir/tests/fixture/console/input.js
[INFO] [stdout]   [32m INFO[0m  [32mDiagnostics will be printed to stderr as logging level is trace or debug[0m
[INFO] [stdout]     [2;3mat[0m /opt/rustwide/cargo-home/registry/src/github.com-1ecc6299db9ec823/testing-0.31.43/src/errors/stderr.rs:17
[INFO] [stdout] 
[INFO] [stdout] ----- [32mExpected[0m -----
[INFO] [stdout] function hello() {}
[INFO] [stdout] hello();
[INFO] [stdout] let a = 1;
[INFO] [stdout] 
[INFO] [stdout]   [32m INFO[0m  [32mDiagnostics will be printed to stderr as logging level is trace or debug[0m
[INFO] [stdout]     [2;3mat[0m /opt/rustwide/cargo-home/registry/src/github.com-1ecc6299db9ec823/testing-0.31.43/src/errors/stderr.rs:17
[INFO] [stdout] 
[INFO] [stdout] ----- [32mInput[0m -----
[INFO] [stdout] console.log("");
[INFO] [stdout] function hello() {
[INFO] [stdout]     console.log("hello word")
[INFO] [stdout] };
[INFO] [stdout] hello();
[INFO] [stdout] let a = 1;
[INFO] [stdout] 
[INFO] [stdout] ----- [32mActual[0m -----
[INFO] [stdout]   [34mDEBUG[0m  [34mRenaming `hello#0` to `hello`[0m
[INFO] [stdout]     [2;3mat[0m /opt/rustwide/cargo-home/registry/src/github.com-1ecc6299db9ec823/swc_ecma_transforms_base-0.112.24/src/rename/analyzer/scope.rs:179
[INFO] [stdout] 
[INFO] [stdout]   [34mDEBUG[0m  [34mRenaming `a#0` to `a`[0m
[INFO] [stdout]     [2;3mat[0m /opt/rustwide/cargo-home/registry/src/github.com-1ecc6299db9ec823/swc_ecma_transforms_base-0.112.24/src/rename/analyzer/scope.rs:179
[INFO] [stdout] 
[INFO] [stdout] ;
[INFO] [stdout] function hello() {}
[INFO] [stdout] ;
[INFO] [stdout] hello();
[INFO] [stdout] let a = 1;
[INFO] [stdout] 
[INFO] [stdout]   [34mDEBUG[0m  [34mComparing output to /opt/rustwide/workdir/tests/fixture/console/output.js[0m
[INFO] [stdout]     [2;3mat[0m /opt/rustwide/cargo-home/registry/src/github.com-1ecc6299db9ec823/testing-0.31.43/src/output.rs:141
[INFO] [stdout] 
[INFO] [stdout] thread 'fixture_tests__fixture__console__input_js' panicked at 'assertion failed: `(left == right)`
[INFO] [stdout]   left: `function hello() {}
[INFO] [stdout] hello();
[INFO] [stdout] let a = 1;`,
[INFO] [stdout]  right: `;
[INFO] [stdout] function hello() {}
[INFO] [stdout] ;
[INFO] [stdout] hello();
[INFO] [stdout] let a = 1;
[INFO] [stdout] `: Actual:
[INFO] [stdout] ;
[INFO] [stdout] function hello() {}
[INFO] [stdout] ;
[INFO] [stdout] hello();
[INFO] [stdout] let a = 1;
[INFO] [stdout] ', /opt/rustwide/cargo-home/registry/src/github.com-1ecc6299db9ec823/testing-0.31.43/src/output.rs:154:13
[INFO] [stdout] stack backtrace:
[INFO] [stdout]    0:     0x558cd80d50aa - std::backtrace_rs::backtrace::libunwind::trace::ha9053a9a07ca49cb
[INFO] [stdout]                                at /rustc/84c898d65adf2f39a5a98507f1fe0ce10a2b8dbc/library/std/src/../../backtrace/src/backtrace/libunwind.rs:93:5
[INFO] [stdout]    1:     0x558cd80d50aa - std::backtrace_rs::backtrace::trace_unsynchronized::h9c2852a457ad564e
[INFO] [stdout]                                at /rustc/84c898d65adf2f39a5a98507f1fe0ce10a2b8dbc/library/std/src/../../backtrace/src/backtrace/mod.rs:66:5
[INFO] [stdout]    2:     0x558cd80d50aa - std::sys_common::backtrace::_print_fmt::h457936fbfaa0070f
[INFO] [stdout]                                at /rustc/84c898d65adf2f39a5a98507f1fe0ce10a2b8dbc/library/std/src/sys_common/backtrace.rs:65:5
[INFO] [stdout]    3:     0x558cd80d50aa - <std::sys_common::backtrace::_print::DisplayBacktrace as core::fmt::Display>::fmt::h5779d7bf7f70cb0c
[INFO] [stdout]                                at /rustc/84c898d65adf2f39a5a98507f1fe0ce10a2b8dbc/library/std/src/sys_common/backtrace.rs:44:22
[INFO] [stdout]    4:     0x558cd80fabae - core::fmt::write::h5a4baaff1bcd3eb5
[INFO] [stdout]                                at /rustc/84c898d65adf2f39a5a98507f1fe0ce10a2b8dbc/library/core/src/fmt/mod.rs:1232:17
[INFO] [stdout]    5:     0x558cd80d1f35 - std::io::Write::write_fmt::h478f79c628ef31d1
[INFO] [stdout]                                at /rustc/84c898d65adf2f39a5a98507f1fe0ce10a2b8dbc/library/std/src/io/mod.rs:1684:15
[INFO] [stdout]    6:     0x558cd80d4e75 - std::sys_common::backtrace::_print::h5fcdc36060f177e8
[INFO] [stdout]                                at /rustc/84c898d65adf2f39a5a98507f1fe0ce10a2b8dbc/library/std/src/sys_common/backtrace.rs:47:5
[INFO] [stdout]    7:     0x558cd80d4e75 - std::sys_common::backtrace::print::h54ca9458b876c8bf
[INFO] [stdout]                                at /rustc/84c898d65adf2f39a5a98507f1fe0ce10a2b8dbc/library/std/src/sys_common/backtrace.rs:34:9
[INFO] [stdout]    8:     0x558cd80d6c3f - std::panicking::default_hook::{{closure}}::hbe471161c7664ed6
[INFO] [stdout]                                at /rustc/84c898d65adf2f39a5a98507f1fe0ce10a2b8dbc/library/std/src/panicking.rs:271:22
[INFO] [stdout]    9:     0x558cd80d68ff - std::panicking::default_hook::ha3500da57aa4ac4f
[INFO] [stdout]                                at /rustc/84c898d65adf2f39a5a98507f1fe0ce10a2b8dbc/library/std/src/panicking.rs:287:9
[INFO] [stdout]   10:     0x558cd77e2027 - <alloc::boxed::Box<F,A> as core::ops::function::Fn<Args>>::call::hdf1b89dd137ece34
[INFO] [stdout]                                at /rustc/84c898d65adf2f39a5a98507f1fe0ce10a2b8dbc/library/alloc/src/boxed.rs:2001:9
[INFO] [stdout]   11:     0x558cd77e2027 - test::test_main::{{closure}}::h9081a79f20e75698
[INFO] [stdout]                                at /rustc/84c898d65adf2f39a5a98507f1fe0ce10a2b8dbc/library/test/src/lib.rs:135:21
[INFO] [stdout]   12:     0x558cd80d736d - <alloc::boxed::Box<F,A> as core::ops::function::Fn<Args>>::call::h6507bddc3eebb4a5
[INFO] [stdout]                                at /rustc/84c898d65adf2f39a5a98507f1fe0ce10a2b8dbc/library/alloc/src/boxed.rs:2001:9
[INFO] [stdout]   13:     0x558cd80d736d - std::panicking::rust_panic_with_hook::h50c09d000dc561d2
[INFO] [stdout]                                at /rustc/84c898d65adf2f39a5a98507f1fe0ce10a2b8dbc/library/std/src/panicking.rs:696:13
[INFO] [stdout]   14:     0x558cd80d70e9 - std::panicking::begin_panic_handler::{{closure}}::h9e2b2176e00e0d9c
[INFO] [stdout]                                at /rustc/84c898d65adf2f39a5a98507f1fe0ce10a2b8dbc/library/std/src/panicking.rs:583:13
[INFO] [stdout]   15:     0x558cd80d5516 - std::sys_common::backtrace::__rust_end_short_backtrace::h5739b8e512c09d02
[INFO] [stdout]                                at /rustc/84c898d65adf2f39a5a98507f1fe0ce10a2b8dbc/library/std/src/sys_common/backtrace.rs:150:18
[INFO] [stdout]   16:     0x558cd80d6df2 - rust_begin_unwind
[INFO] [stdout]                                at /rustc/84c898d65adf2f39a5a98507f1fe0ce10a2b8dbc/library/std/src/panicking.rs:579:5
[INFO] [stdout]   17:     0x558cd772e153 - core::panicking::panic_fmt::hf33a1475b4dc5c3e
[INFO] [stdout]                                at /rustc/84c898d65adf2f39a5a98507f1fe0ce10a2b8dbc/library/core/src/panicking.rs:64:14
[INFO] [stdout]   18:     0x558cd772e579 - core::panicking::assert_failed_inner::haf9816227b20b6f2
[INFO] [stdout]   19:     0x558cd7782efa - core::panicking::assert_failed::hb54f7b33ac4d96f5
[INFO] [stdout]                                at /rustc/84c898d65adf2f39a5a98507f1fe0ce10a2b8dbc/library/core/src/panicking.rs:211:5
[INFO] [stdout]   20:     0x558cd77a9d4f - testing::output::NormalizedOutput::compare_to_file::hdd6e6d530992fdc9
[INFO] [stdout]                                at /opt/rustwide/cargo-home/registry/src/github.com-1ecc6299db9ec823/testing-0.31.43/src/output.rs:154:13
[INFO] [stdout]   21:     0x558cd777556f - swc_ecma_transforms_testing::test_fixture::hcf0742c289c482e8
[INFO] [stdout]                                at /opt/rustwide/cargo-home/registry/src/github.com-1ecc6299db9ec823/swc_ecma_transforms_testing-0.115.25/src/lib.rs:802:13
[INFO] [stdout]   22:     0x558cd77b2be3 - fixture::fixture::h055d916887987a91
[INFO] [stdout]                                at /opt/rustwide/workdir/tests/fixture.rs:10:5
[INFO] [stdout]   23:     0x558cd77b2ce4 - fixture::fixture_tests__fixture__console__input_js::h45266ada1d7b63b0
[INFO] [stdout]                                at /opt/rustwide/workdir/tests/fixture.rs:6:1
[INFO] [stdout]   24:     0x558cd77b2c67 - fixture::fixture_tests__fixture__console__input_js::{{closure}}::h398529c42fee9af2
[INFO] [stdout]                                at /opt/rustwide/workdir/tests/fixture.rs:6:1
[INFO] [stdout]   25:     0x558cd7781f95 - core::ops::function::FnOnce::call_once::h264363ba63cb583e
[INFO] [stdout]                                at /rustc/84c898d65adf2f39a5a98507f1fe0ce10a2b8dbc/library/core/src/ops/function.rs:250:5
[INFO] [stdout]   26:     0x558cd77e740f - core::ops::function::FnOnce::call_once::h7d969581be7d0075
[INFO] [stdout]                                at /rustc/84c898d65adf2f39a5a98507f1fe0ce10a2b8dbc/library/core/src/ops/function.rs:250:5
[INFO] [stdout]   27:     0x558cd77e740f - test::__rust_begin_short_backtrace::hca25a52684e56655
[INFO] [stdout]                                at /rustc/84c898d65adf2f39a5a98507f1fe0ce10a2b8dbc/library/test/src/lib.rs:656:18
[INFO] [stdout]   28:     0x558cd77b8a2c - test::run_test::{{closure}}::ha8ac744c4af1a4bb
[INFO] [stdout]                                at /rustc/84c898d65adf2f39a5a98507f1fe0ce10a2b8dbc/library/test/src/lib.rs:647:30
[INFO] [stdout]   29:     0x558cd77b8a2c - core::ops::function::FnOnce::call_once{{vtable.shim}}::h7b411a9ed45bdecf
[INFO] [stdout]                                at /rustc/84c898d65adf2f39a5a98507f1fe0ce10a2b8dbc/library/core/src/ops/function.rs:250:5
[INFO] [stdout]   30:     0x558cd77e63d6 - <alloc::boxed::Box<F,A> as core::ops::function::FnOnce<Args>>::call_once::hd05328869a8ed200
[INFO] [stdout]                                at /rustc/84c898d65adf2f39a5a98507f1fe0ce10a2b8dbc/library/alloc/src/boxed.rs:1987:9
[INFO] [stdout]   31:     0x558cd77e63d6 - <core::panic::unwind_safe::AssertUnwindSafe<F> as core::ops::function::FnOnce<()>>::call_once::h0c601ce20bd5b2be
[INFO] [stdout]                                at /rustc/84c898d65adf2f39a5a98507f1fe0ce10a2b8dbc/library/core/src/panic/unwind_safe.rs:271:9
[INFO] [stdout]   32:     0x558cd77e63d6 - std::panicking::try::do_call::ha4be5c164fe30854
[INFO] [stdout]                                at /rustc/84c898d65adf2f39a5a98507f1fe0ce10a2b8dbc/library/std/src/panicking.rs:487:40
[INFO] [stdout]   33:     0x558cd77e63d6 - std::panicking::try::h604546f3609af05f
[INFO] [stdout]                                at /rustc/84c898d65adf2f39a5a98507f1fe0ce10a2b8dbc/library/std/src/panicking.rs:451:19
[INFO] [stdout]   34:     0x558cd77e63d6 - std::panic::catch_unwind::h5bfa8afe44c9c2f9
[INFO] [stdout]                                at /rustc/84c898d65adf2f39a5a98507f1fe0ce10a2b8dbc/library/std/src/panic.rs:140:14
[INFO] [stdout]   35:     0x558cd77e63d6 - test::run_test_in_process::hd50dee55dd63e6aa
[INFO] [stdout]                                at /rustc/84c898d65adf2f39a5a98507f1fe0ce10a2b8dbc/library/test/src/lib.rs:679:27
[INFO] [stdout]   36:     0x558cd77e63d6 - test::run_test::run_test_inner::{{closure}}::h4aa0f433aa85cea8
[INFO] [stdout]                                at /rustc/84c898d65adf2f39a5a98507f1fe0ce10a2b8dbc/library/test/src/lib.rs:573:39
[INFO] [stdout]   37:     0x558cd77b30a1 - test::run_test::run_test_inner::{{closure}}::had56431adf24b4d6
[INFO] [stdout]                                at /rustc/84c898d65adf2f39a5a98507f1fe0ce10a2b8dbc/library/test/src/lib.rs:600:37
[INFO] [stdout]   38:     0x558cd77b30a1 - std::sys_common::backtrace::__rust_begin_short_backtrace::ha8d9890e0c73bf13
[INFO] [stdout]                                at /rustc/84c898d65adf2f39a5a98507f1fe0ce10a2b8dbc/library/std/src/sys_common/backtrace.rs:134:18
[INFO] [stdout]   39:     0x558cd77b8abb - std::thread::Builder::spawn_unchecked_::{{closure}}::{{closure}}::h251832bcb4a95327
[INFO] [stdout]                                at /rustc/84c898d65adf2f39a5a98507f1fe0ce10a2b8dbc/library/std/src/thread/mod.rs:560:17
[INFO] [stdout]   40:     0x558cd77b8abb - <core::panic::unwind_safe::AssertUnwindSafe<F> as core::ops::function::FnOnce<()>>::call_once::h8fdff598fa414831
[INFO] [stdout]                                at /rustc/84c898d65adf2f39a5a98507f1fe0ce10a2b8dbc/library/core/src/panic/unwind_safe.rs:271:9
[INFO] [stdout]   41:     0x558cd77b8abb - std::panicking::try::do_call::h455dd2f7764a950f
[INFO] [stdout]                                at /rustc/84c898d65adf2f39a5a98507f1fe0ce10a2b8dbc/library/std/src/panicking.rs:487:40
[INFO] [stdout]   42:     0x558cd77b8abb - std::panicking::try::had6f23b7b73ae72a
[INFO] [stdout]                                at /rustc/84c898d65adf2f39a5a98507f1fe0ce10a2b8dbc/library/std/src/panicking.rs:451:19
[INFO] [stdout]   43:     0x558cd77b8abb - std::panic::catch_unwind::ha6a5ca3915b4dad0
[INFO] [stdout]                                at /rustc/84c898d65adf2f39a5a98507f1fe0ce10a2b8dbc/library/std/src/panic.rs:140:14
[INFO] [stdout]   44:     0x558cd77b8abb - std::thread::Builder::spawn_unchecked_::{{closure}}::h883b72ef75da6231
[INFO] [stdout]                                at /rustc/84c898d65adf2f39a5a98507f1fe0ce10a2b8dbc/library/std/src/thread/mod.rs:559:30
[INFO] [stdout]   45:     0x558cd77b8abb - core::ops::function::FnOnce::call_once{{vtable.shim}}::hb7dff73dc8bd2ccb
[INFO] [stdout]                                at /rustc/84c898d65adf2f39a5a98507f1fe0ce10a2b8dbc/library/core/src/ops/function.rs:250:5
[INFO] [stdout]   46:     0x558cd80db763 - <alloc::boxed::Box<F,A> as core::ops::function::FnOnce<Args>>::call_once::h39990b24eedef2ab
[INFO] [stdout]                                at /rustc/84c898d65adf2f39a5a98507f1fe0ce10a2b8dbc/library/alloc/src/boxed.rs:1987:9
[INFO] [stdout]   47:     0x558cd80db763 - <alloc::boxed::Box<F,A> as core::ops::function::FnOnce<Args>>::call_once::h01a027258444143b
[INFO] [stdout]                                at /rustc/84c898d65adf2f39a5a98507f1fe0ce10a2b8dbc/library/alloc/src/boxed.rs:1987:9
[INFO] [stdout]   48:     0x558cd80db763 - std::sys::unix::thread::Thread::new::thread_start::ha4f1cdd9c25884ba
[INFO] [stdout]                                at /rustc/84c898d65adf2f39a5a98507f1fe0ce10a2b8dbc/library/std/src/sys/unix/thread.rs:108:17
[INFO] [stdout]   49:     0x7f2f3addfb43 - <unknown>
[INFO] [stdout]   50:     0x7f2f3ae70bb4 - __clone
[INFO] [stdout]   51:                0x0 - <unknown>
[INFO] [stdout] 
[INFO] [stdout] 
[INFO] [stdout] failures:
[INFO] [stdout]     fixture_tests__fixture__console__input_js
[INFO] [stdout] 
[INFO] [stdout] test result: FAILED. 0 passed; 1 failed; 0 ignored; 0 measured; 0 filtered out; finished in 0.06s
[INFO] [stdout] 
[INFO] [stderr] error: test failed, to rerun pass `--test fixture`
[INFO] running `Command { std: "docker" "inspect" "de715103a6eedd83bf14fffea1657b9eeb3832d8a06a9f1465940ed75af54840", kill_on_drop: false }`
[INFO] running `Command { std: "docker" "rm" "-f" "de715103a6eedd83bf14fffea1657b9eeb3832d8a06a9f1465940ed75af54840", kill_on_drop: false }`
[INFO] [stdout] de715103a6eedd83bf14fffea1657b9eeb3832d8a06a9f1465940ed75af54840
