[INFO] fetching crate defmt-bbq 0.1.0...
[INFO] testing defmt-bbq-0.1.0 against 1.69.0 for beta-1.70-1
[INFO] extracting crate defmt-bbq 0.1.0 into /workspace/builds/worker-5-tc1/source
[INFO] validating manifest of crates.io crate defmt-bbq 0.1.0 on toolchain 1.69.0
[INFO] running `Command { std: CARGO_HOME="/workspace/cargo-home" RUSTUP_HOME="/workspace/rustup-home" "/workspace/cargo-home/bin/cargo" "+1.69.0" "metadata" "--manifest-path" "Cargo.toml" "--no-deps", kill_on_drop: false }`
[INFO] started tweaking crates.io crate defmt-bbq 0.1.0
[INFO] finished tweaking crates.io crate defmt-bbq 0.1.0
[INFO] tweaked toml for crates.io crate defmt-bbq 0.1.0 written to /workspace/builds/worker-5-tc1/source/Cargo.toml
[INFO] running `Command { std: CARGO_HOME="/workspace/cargo-home" RUSTUP_HOME="/workspace/rustup-home" __CARGO_TEST_CHANNEL_OVERRIDE_DO_NOT_USE_THIS="nightly" "/workspace/cargo-home/bin/cargo" "+1.69.0" "generate-lockfile" "--manifest-path" "Cargo.toml" "-Zno-index-update", kill_on_drop: false }`
[INFO] running `Command { std: CARGO_HOME="/workspace/cargo-home" RUSTUP_HOME="/workspace/rustup-home" "/workspace/cargo-home/bin/cargo" "+1.69.0" "fetch" "--manifest-path" "Cargo.toml", kill_on_drop: false }`
[INFO] [stderr]  Downloading crates ...
[INFO] [stderr]   Downloaded defmt-parser v0.3.2
[INFO] [stderr]   Downloaded bbqueue v0.5.1
[INFO] [stderr]   Downloaded defmt-macros v0.3.4
[INFO] [stderr]   Downloaded defmt v0.3.4
[INFO] running `Command { std: "docker" "create" "-v" "/var/lib/crater-agent-workspace/builds/worker-5-tc1/target:/opt/rustwide/target:rw,Z" "-v" "/var/lib/crater-agent-workspace/builds/worker-5-tc1/source:/opt/rustwide/workdir:ro,Z" "-v" "/var/lib/crater-agent-workspace/cargo-home:/opt/rustwide/cargo-home:ro,Z" "-v" "/var/lib/crater-agent-workspace/rustup-home:/opt/rustwide/rustup-home:ro,Z" "-e" "SOURCE_DIR=/opt/rustwide/workdir" "-e" "CARGO_TARGET_DIR=/opt/rustwide/target" "-e" "CARGO_HOME=/opt/rustwide/cargo-home" "-e" "RUSTUP_HOME=/opt/rustwide/rustup-home" "-w" "/opt/rustwide/workdir" "-m" "1610612736" "--user" "0:0" "--network" "none" "ghcr.io/rust-lang/crates-build-env/linux@sha256:5ff2268d62e97bff2cde7d5815dd6ed5b47097566f13b8d0ca110b04b60e07ed" "/opt/rustwide/cargo-home/bin/cargo" "+1.69.0" "metadata" "--no-deps" "--format-version=1", kill_on_drop: false }`
[INFO] [stdout] e8e82b8ef2f6da611cfb3be650ce6543ed3da714cc14e1faffe6bd720d10ddd3
[INFO] running `Command { std: "docker" "start" "-a" "e8e82b8ef2f6da611cfb3be650ce6543ed3da714cc14e1faffe6bd720d10ddd3", kill_on_drop: false }`
[INFO] running `Command { std: "docker" "inspect" "e8e82b8ef2f6da611cfb3be650ce6543ed3da714cc14e1faffe6bd720d10ddd3", kill_on_drop: false }`
[INFO] running `Command { std: "docker" "rm" "-f" "e8e82b8ef2f6da611cfb3be650ce6543ed3da714cc14e1faffe6bd720d10ddd3", kill_on_drop: false }`
[INFO] [stdout] e8e82b8ef2f6da611cfb3be650ce6543ed3da714cc14e1faffe6bd720d10ddd3
[INFO] running `Command { std: "docker" "create" "-v" "/var/lib/crater-agent-workspace/builds/worker-5-tc1/target:/opt/rustwide/target:rw,Z" "-v" "/var/lib/crater-agent-workspace/builds/worker-5-tc1/source:/opt/rustwide/workdir:ro,Z" "-v" "/var/lib/crater-agent-workspace/cargo-home:/opt/rustwide/cargo-home:ro,Z" "-v" "/var/lib/crater-agent-workspace/rustup-home:/opt/rustwide/rustup-home:ro,Z" "-e" "SOURCE_DIR=/opt/rustwide/workdir" "-e" "CARGO_TARGET_DIR=/opt/rustwide/target" "-e" "CARGO_INCREMENTAL=0" "-e" "RUST_BACKTRACE=full" "-e" "RUSTFLAGS=--cap-lints=warn" "-e" "RUSTDOCFLAGS=--cap-lints=warn" "-e" "CARGO_HOME=/opt/rustwide/cargo-home" "-e" "RUSTUP_HOME=/opt/rustwide/rustup-home" "-w" "/opt/rustwide/workdir" "-m" "1610612736" "--user" "0:0" "--network" "none" "ghcr.io/rust-lang/crates-build-env/linux@sha256:5ff2268d62e97bff2cde7d5815dd6ed5b47097566f13b8d0ca110b04b60e07ed" "/opt/rustwide/cargo-home/bin/cargo" "+1.69.0" "build" "--frozen" "--message-format=json", kill_on_drop: false }`
[INFO] [stdout] a1a3ed9d3e13fc37bc9b50a32e18f9750a39300834e38ed1e64bbe0e6817e105
[INFO] running `Command { std: "docker" "start" "-a" "a1a3ed9d3e13fc37bc9b50a32e18f9750a39300834e38ed1e64bbe0e6817e105", kill_on_drop: false }`
[INFO] [stderr]    Compiling syn v1.0.109
[INFO] [stderr]    Compiling semver-parser v0.7.0
[INFO] [stderr]    Compiling defmt v0.3.4
[INFO] [stderr]    Compiling defmt-macros v0.3.4
[INFO] [stderr]    Compiling nb v1.1.0
[INFO] [stderr]    Compiling cortex-m v0.7.7
[INFO] [stderr]    Compiling void v1.0.2
[INFO] [stderr]    Compiling vcell v0.1.3
[INFO] [stderr]    Compiling defmt-bbq v0.1.0 (/opt/rustwide/workdir)
[INFO] [stderr]    Compiling bitfield v0.13.2
[INFO] [stderr]    Compiling proc-macro-error-attr v1.0.4
[INFO] [stderr]    Compiling thiserror v1.0.40
[INFO] [stderr]    Compiling proc-macro-error v1.0.4
[INFO] [stderr]    Compiling syn v2.0.15
[INFO] [stderr]    Compiling volatile-register v0.2.1
[INFO] [stderr]    Compiling nb v0.1.3
[INFO] [stderr]    Compiling embedded-hal v0.2.7
[INFO] [stderr]    Compiling semver v0.9.0
[INFO] [stderr]    Compiling rustc_version v0.2.3
[INFO] [stderr]    Compiling bare-metal v0.2.5
[INFO] [stderr]    Compiling thiserror-impl v1.0.40
[INFO] [stderr]    Compiling defmt-parser v0.3.2
[INFO] [stderr]    Compiling bbqueue v0.5.1
[INFO] [stderr]     Finished dev [unoptimized + debuginfo] target(s) in 4.63s
[INFO] running `Command { std: "docker" "inspect" "a1a3ed9d3e13fc37bc9b50a32e18f9750a39300834e38ed1e64bbe0e6817e105", kill_on_drop: false }`
[INFO] running `Command { std: "docker" "rm" "-f" "a1a3ed9d3e13fc37bc9b50a32e18f9750a39300834e38ed1e64bbe0e6817e105", kill_on_drop: false }`
[INFO] [stdout] a1a3ed9d3e13fc37bc9b50a32e18f9750a39300834e38ed1e64bbe0e6817e105
[INFO] running `Command { std: "docker" "create" "-v" "/var/lib/crater-agent-workspace/builds/worker-5-tc1/target:/opt/rustwide/target:rw,Z" "-v" "/var/lib/crater-agent-workspace/builds/worker-5-tc1/source:/opt/rustwide/workdir:ro,Z" "-v" "/var/lib/crater-agent-workspace/cargo-home:/opt/rustwide/cargo-home:ro,Z" "-v" "/var/lib/crater-agent-workspace/rustup-home:/opt/rustwide/rustup-home:ro,Z" "-e" "SOURCE_DIR=/opt/rustwide/workdir" "-e" "CARGO_TARGET_DIR=/opt/rustwide/target" "-e" "CARGO_INCREMENTAL=0" "-e" "RUST_BACKTRACE=full" "-e" "RUSTFLAGS=--cap-lints=warn" "-e" "RUSTDOCFLAGS=--cap-lints=warn" "-e" "CARGO_HOME=/opt/rustwide/cargo-home" "-e" "RUSTUP_HOME=/opt/rustwide/rustup-home" "-w" "/opt/rustwide/workdir" "-m" "1610612736" "--user" "0:0" "--network" "none" "ghcr.io/rust-lang/crates-build-env/linux@sha256:5ff2268d62e97bff2cde7d5815dd6ed5b47097566f13b8d0ca110b04b60e07ed" "/opt/rustwide/cargo-home/bin/cargo" "+1.69.0" "test" "--frozen" "--no-run" "--message-format=json", kill_on_drop: false }`
[INFO] [stdout] f91ff04ec00bc219c1b3ccade424de31e41c01c52fc349cebf593607df2a5111
[INFO] running `Command { std: "docker" "start" "-a" "f91ff04ec00bc219c1b3ccade424de31e41c01c52fc349cebf593607df2a5111", kill_on_drop: false }`
[INFO] [stderr]    Compiling defmt-bbq v0.1.0 (/opt/rustwide/workdir)
[INFO] [stderr]     Finished test [unoptimized + debuginfo] target(s) in 0.33s
[INFO] running `Command { std: "docker" "inspect" "f91ff04ec00bc219c1b3ccade424de31e41c01c52fc349cebf593607df2a5111", kill_on_drop: false }`
[INFO] running `Command { std: "docker" "rm" "-f" "f91ff04ec00bc219c1b3ccade424de31e41c01c52fc349cebf593607df2a5111", kill_on_drop: false }`
[INFO] [stdout] f91ff04ec00bc219c1b3ccade424de31e41c01c52fc349cebf593607df2a5111
[INFO] running `Command { std: "docker" "create" "-v" "/var/lib/crater-agent-workspace/builds/worker-5-tc1/target:/opt/rustwide/target:rw,Z" "-v" "/var/lib/crater-agent-workspace/builds/worker-5-tc1/source:/opt/rustwide/workdir:ro,Z" "-v" "/var/lib/crater-agent-workspace/cargo-home:/opt/rustwide/cargo-home:ro,Z" "-v" "/var/lib/crater-agent-workspace/rustup-home:/opt/rustwide/rustup-home:ro,Z" "-e" "SOURCE_DIR=/opt/rustwide/workdir" "-e" "CARGO_TARGET_DIR=/opt/rustwide/target" "-e" "CARGO_INCREMENTAL=0" "-e" "RUST_BACKTRACE=full" "-e" "RUSTFLAGS=--cap-lints=warn" "-e" "RUSTDOCFLAGS=--cap-lints=warn" "-e" "CARGO_HOME=/opt/rustwide/cargo-home" "-e" "RUSTUP_HOME=/opt/rustwide/rustup-home" "-w" "/opt/rustwide/workdir" "-m" "1610612736" "--user" "0:0" "--network" "none" "ghcr.io/rust-lang/crates-build-env/linux@sha256:5ff2268d62e97bff2cde7d5815dd6ed5b47097566f13b8d0ca110b04b60e07ed" "/opt/rustwide/cargo-home/bin/cargo" "+1.69.0" "test" "--frozen", kill_on_drop: false }`
[INFO] [stdout] 15340275519a7d95ab7a0e0f00361fba355f385d1dadc2e89aa601400a00c3be
[INFO] running `Command { std: "docker" "start" "-a" "15340275519a7d95ab7a0e0f00361fba355f385d1dadc2e89aa601400a00c3be", kill_on_drop: false }`
[INFO] [stderr]     Finished test [unoptimized + debuginfo] target(s) in 0.02s
[INFO] [stderr]      Running unittests src/lib.rs (/opt/rustwide/target/debug/deps/defmt_bbq-371c4bdf298dc7f4)
[INFO] [stdout] 
[INFO] [stdout] running 0 tests
[INFO] [stdout] 
[INFO] [stdout] test result: ok. 0 passed; 0 failed; 0 ignored; 0 measured; 0 filtered out; finished in 0.00s
[INFO] [stdout] 
[INFO] [stderr]    Doc-tests defmt-bbq
[INFO] [stdout] 
[INFO] [stdout] running 1 test
[INFO] [stdout] test src/lib.rs - (line 37) - compile ... FAILED
[INFO] [stdout] 
[INFO] [stdout] failures:
[INFO] [stdout] 
[INFO] [stdout] ---- src/lib.rs - (line 37) stdout ----
[INFO] [stdout] error: cannot find attribute `entry` in this scope
[INFO] [stdout]  --> src/lib.rs:38:3
[INFO] [stdout]   |
[INFO] [stdout] 3 | #[entry]
[INFO] [stdout]   |   ^^^^^
[INFO] [stdout] 
[INFO] [stdout] error[E0308]: mismatched types
[INFO] [stdout]   --> src/lib.rs:46:16
[INFO] [stdout]    |
[INFO] [stdout] 11 |         if let Some(grant) = consumer.read() {
[INFO] [stdout]    |                ^^^^^^^^^^^   --------------- this expression has type `Result<GrantR<'_, 1024>, defmt_bbq::Error>`
[INFO] [stdout]    |                |
[INFO] [stdout]    |                expected `Result<GrantR<'_, 1024>, Error>`, found `Option<_>`
[INFO] [stdout]    |
[INFO] [stdout]    = note: expected enum `Result<GrantR<'_, 1024>, defmt_bbq::Error>`
[INFO] [stdout]               found enum `Option<_>`
[INFO] [stdout] 
[INFO] [stdout] error: aborting due to 2 previous errors
[INFO] [stdout] 
[INFO] [stdout] For more information about this error, try `rustc --explain E0308`.
[INFO] [stdout] Couldn't compile the test.
[INFO] [stdout] 
[INFO] [stdout] failures:
[INFO] [stdout]     src/lib.rs - (line 37)
[INFO] [stdout] 
[INFO] [stdout] test result: FAILED. 0 passed; 1 failed; 0 ignored; 0 measured; 0 filtered out; finished in 0.04s
[INFO] [stdout] 
[INFO] [stderr] error: doctest failed, to rerun pass `--doc`
[INFO] running `Command { std: "docker" "inspect" "15340275519a7d95ab7a0e0f00361fba355f385d1dadc2e89aa601400a00c3be", kill_on_drop: false }`
[INFO] running `Command { std: "docker" "rm" "-f" "15340275519a7d95ab7a0e0f00361fba355f385d1dadc2e89aa601400a00c3be", kill_on_drop: false }`
[INFO] [stdout] 15340275519a7d95ab7a0e0f00361fba355f385d1dadc2e89aa601400a00c3be
