[INFO] fetching crate dbg-pls 0.3.5...
[INFO] testing dbg-pls-0.3.5 against 1.69.0 for beta-1.70-1
[INFO] extracting crate dbg-pls 0.3.5 into /workspace/builds/worker-0-tc1/source
[INFO] validating manifest of crates.io crate dbg-pls 0.3.5 on toolchain 1.69.0
[INFO] running `Command { std: CARGO_HOME="/workspace/cargo-home" RUSTUP_HOME="/workspace/rustup-home" "/workspace/cargo-home/bin/cargo" "+1.69.0" "metadata" "--manifest-path" "Cargo.toml" "--no-deps", kill_on_drop: false }`
[INFO] started tweaking crates.io crate dbg-pls 0.3.5
[INFO] finished tweaking crates.io crate dbg-pls 0.3.5
[INFO] tweaked toml for crates.io crate dbg-pls 0.3.5 written to /workspace/builds/worker-0-tc1/source/Cargo.toml
[INFO] running `Command { std: CARGO_HOME="/workspace/cargo-home" RUSTUP_HOME="/workspace/rustup-home" __CARGO_TEST_CHANNEL_OVERRIDE_DO_NOT_USE_THIS="nightly" "/workspace/cargo-home/bin/cargo" "+1.69.0" "generate-lockfile" "--manifest-path" "Cargo.toml" "-Zno-index-update", kill_on_drop: false }`
[INFO] running `Command { std: CARGO_HOME="/workspace/cargo-home" RUSTUP_HOME="/workspace/rustup-home" "/workspace/cargo-home/bin/cargo" "+1.69.0" "fetch" "--manifest-path" "Cargo.toml", kill_on_drop: false }`
[INFO] [stderr]  Downloading crates ...
[INFO] [stderr]   Downloaded dbg-pls-derive v0.3.2
[INFO] [stderr]   Downloaded plist v1.4.3
[INFO] [stderr]   Downloaded insta v1.29.0
[INFO] running `Command { std: "docker" "create" "-v" "/var/lib/crater-agent-workspace/builds/worker-0-tc1/target:/opt/rustwide/target:rw,Z" "-v" "/var/lib/crater-agent-workspace/builds/worker-0-tc1/source:/opt/rustwide/workdir:ro,Z" "-v" "/var/lib/crater-agent-workspace/cargo-home:/opt/rustwide/cargo-home:ro,Z" "-v" "/var/lib/crater-agent-workspace/rustup-home:/opt/rustwide/rustup-home:ro,Z" "-e" "SOURCE_DIR=/opt/rustwide/workdir" "-e" "CARGO_TARGET_DIR=/opt/rustwide/target" "-e" "CARGO_HOME=/opt/rustwide/cargo-home" "-e" "RUSTUP_HOME=/opt/rustwide/rustup-home" "-w" "/opt/rustwide/workdir" "-m" "1610612736" "--user" "0:0" "--network" "none" "ghcr.io/rust-lang/crates-build-env/linux@sha256:5ff2268d62e97bff2cde7d5815dd6ed5b47097566f13b8d0ca110b04b60e07ed" "/opt/rustwide/cargo-home/bin/cargo" "+1.69.0" "metadata" "--no-deps" "--format-version=1", kill_on_drop: false }`
[INFO] [stdout] 56c8c9836f1cdb3b94a61be1c58797fac65e9f51c4ba4b562635a073153a640d
[INFO] running `Command { std: "docker" "start" "-a" "56c8c9836f1cdb3b94a61be1c58797fac65e9f51c4ba4b562635a073153a640d", kill_on_drop: false }`
[INFO] running `Command { std: "docker" "inspect" "56c8c9836f1cdb3b94a61be1c58797fac65e9f51c4ba4b562635a073153a640d", kill_on_drop: false }`
[INFO] running `Command { std: "docker" "rm" "-f" "56c8c9836f1cdb3b94a61be1c58797fac65e9f51c4ba4b562635a073153a640d", kill_on_drop: false }`
[INFO] [stdout] 56c8c9836f1cdb3b94a61be1c58797fac65e9f51c4ba4b562635a073153a640d
[INFO] running `Command { std: "docker" "create" "-v" "/var/lib/crater-agent-workspace/builds/worker-0-tc1/target:/opt/rustwide/target:rw,Z" "-v" "/var/lib/crater-agent-workspace/builds/worker-0-tc1/source:/opt/rustwide/workdir:ro,Z" "-v" "/var/lib/crater-agent-workspace/cargo-home:/opt/rustwide/cargo-home:ro,Z" "-v" "/var/lib/crater-agent-workspace/rustup-home:/opt/rustwide/rustup-home:ro,Z" "-e" "SOURCE_DIR=/opt/rustwide/workdir" "-e" "CARGO_TARGET_DIR=/opt/rustwide/target" "-e" "CARGO_INCREMENTAL=0" "-e" "RUST_BACKTRACE=full" "-e" "RUSTFLAGS=--cap-lints=warn" "-e" "RUSTDOCFLAGS=--cap-lints=warn" "-e" "CARGO_HOME=/opt/rustwide/cargo-home" "-e" "RUSTUP_HOME=/opt/rustwide/rustup-home" "-w" "/opt/rustwide/workdir" "-m" "1610612736" "--user" "0:0" "--network" "none" "ghcr.io/rust-lang/crates-build-env/linux@sha256:5ff2268d62e97bff2cde7d5815dd6ed5b47097566f13b8d0ca110b04b60e07ed" "/opt/rustwide/cargo-home/bin/cargo" "+1.69.0" "build" "--frozen" "--message-format=json", kill_on_drop: false }`
[INFO] [stdout] 7c5ad5b377a244eb78c492dc83cd24141c6d6245d5fd329fbea77c6e82cc4665
[INFO] running `Command { std: "docker" "start" "-a" "7c5ad5b377a244eb78c492dc83cd24141c6d6245d5fd329fbea77c6e82cc4665", kill_on_drop: false }`
[INFO] [stderr]    Compiling proc-macro2 v1.0.56
[INFO] [stderr]    Compiling unicode-ident v1.0.8
[INFO] [stderr]    Compiling quote v1.0.26
[INFO] [stderr]    Compiling syn v1.0.109
[INFO] [stderr]    Compiling dbg-pls v0.3.5 (/opt/rustwide/workdir)
[INFO] [stderr]     Finished dev [unoptimized + debuginfo] target(s) in 5.70s
[INFO] running `Command { std: "docker" "inspect" "7c5ad5b377a244eb78c492dc83cd24141c6d6245d5fd329fbea77c6e82cc4665", kill_on_drop: false }`
[INFO] running `Command { std: "docker" "rm" "-f" "7c5ad5b377a244eb78c492dc83cd24141c6d6245d5fd329fbea77c6e82cc4665", kill_on_drop: false }`
[INFO] [stdout] 7c5ad5b377a244eb78c492dc83cd24141c6d6245d5fd329fbea77c6e82cc4665
[INFO] running `Command { std: "docker" "create" "-v" "/var/lib/crater-agent-workspace/builds/worker-0-tc1/target:/opt/rustwide/target:rw,Z" "-v" "/var/lib/crater-agent-workspace/builds/worker-0-tc1/source:/opt/rustwide/workdir:ro,Z" "-v" "/var/lib/crater-agent-workspace/cargo-home:/opt/rustwide/cargo-home:ro,Z" "-v" "/var/lib/crater-agent-workspace/rustup-home:/opt/rustwide/rustup-home:ro,Z" "-e" "SOURCE_DIR=/opt/rustwide/workdir" "-e" "CARGO_TARGET_DIR=/opt/rustwide/target" "-e" "CARGO_INCREMENTAL=0" "-e" "RUST_BACKTRACE=full" "-e" "RUSTFLAGS=--cap-lints=warn" "-e" "RUSTDOCFLAGS=--cap-lints=warn" "-e" "CARGO_HOME=/opt/rustwide/cargo-home" "-e" "RUSTUP_HOME=/opt/rustwide/rustup-home" "-w" "/opt/rustwide/workdir" "-m" "1610612736" "--user" "0:0" "--network" "none" "ghcr.io/rust-lang/crates-build-env/linux@sha256:5ff2268d62e97bff2cde7d5815dd6ed5b47097566f13b8d0ca110b04b60e07ed" "/opt/rustwide/cargo-home/bin/cargo" "+1.69.0" "test" "--frozen" "--no-run" "--message-format=json", kill_on_drop: false }`
[INFO] [stdout] b99cc764498bdd2a5857df2ef4c4ade434cd4d60e790209d0b9e975af30f282c
[INFO] running `Command { std: "docker" "start" "-a" "b99cc764498bdd2a5857df2ef4c4ade434cd4d60e790209d0b9e975af30f282c", kill_on_drop: false }`
[INFO] [stderr]    Compiling similar v2.2.1
[INFO] [stderr]    Compiling console v0.15.5
[INFO] [stderr]    Compiling insta v1.29.0
[INFO] [stderr]    Compiling dbg-pls v0.3.5 (/opt/rustwide/workdir)
[INFO] [stderr]     Finished test [unoptimized + debuginfo] target(s) in 4.30s
[INFO] running `Command { std: "docker" "inspect" "b99cc764498bdd2a5857df2ef4c4ade434cd4d60e790209d0b9e975af30f282c", kill_on_drop: false }`
[INFO] running `Command { std: "docker" "rm" "-f" "b99cc764498bdd2a5857df2ef4c4ade434cd4d60e790209d0b9e975af30f282c", kill_on_drop: false }`
[INFO] [stdout] b99cc764498bdd2a5857df2ef4c4ade434cd4d60e790209d0b9e975af30f282c
[INFO] running `Command { std: "docker" "create" "-v" "/var/lib/crater-agent-workspace/builds/worker-0-tc1/target:/opt/rustwide/target:rw,Z" "-v" "/var/lib/crater-agent-workspace/builds/worker-0-tc1/source:/opt/rustwide/workdir:ro,Z" "-v" "/var/lib/crater-agent-workspace/cargo-home:/opt/rustwide/cargo-home:ro,Z" "-v" "/var/lib/crater-agent-workspace/rustup-home:/opt/rustwide/rustup-home:ro,Z" "-e" "SOURCE_DIR=/opt/rustwide/workdir" "-e" "CARGO_TARGET_DIR=/opt/rustwide/target" "-e" "CARGO_INCREMENTAL=0" "-e" "RUST_BACKTRACE=full" "-e" "RUSTFLAGS=--cap-lints=warn" "-e" "RUSTDOCFLAGS=--cap-lints=warn" "-e" "CARGO_HOME=/opt/rustwide/cargo-home" "-e" "RUSTUP_HOME=/opt/rustwide/rustup-home" "-w" "/opt/rustwide/workdir" "-m" "1610612736" "--user" "0:0" "--network" "none" "ghcr.io/rust-lang/crates-build-env/linux@sha256:5ff2268d62e97bff2cde7d5815dd6ed5b47097566f13b8d0ca110b04b60e07ed" "/opt/rustwide/cargo-home/bin/cargo" "+1.69.0" "test" "--frozen", kill_on_drop: false }`
[INFO] [stdout] 6a0ed47c4307a8ebf64f8c22d7d173b9d6f5d8d0ae0e74061e048e249aab3b97
[INFO] running `Command { std: "docker" "start" "-a" "6a0ed47c4307a8ebf64f8c22d7d173b9d6f5d8d0ae0e74061e048e249aab3b97", kill_on_drop: false }`
[INFO] [stderr]     Finished test [unoptimized + debuginfo] target(s) in 0.06s
[INFO] [stderr]      Running unittests src/lib.rs (/opt/rustwide/target/debug/deps/dbg_pls-6ea63541054d2567)
[INFO] [stderr]    Doc-tests dbg-pls
[INFO] [stdout] 
[INFO] [stdout] running 0 tests
[INFO] [stdout] 
[INFO] [stdout] test result: ok. 0 passed; 0 failed; 0 ignored; 0 measured; 0 filtered out; finished in 0.00s
[INFO] [stdout] 
[INFO] [stdout] 
[INFO] [stdout] running 20 tests
[INFO] [stdout] test src/lib.rs - Formatter<'a>::debug_list (line 414) ... FAILED
[INFO] [stdout] test src/lib.rs - DebugPls (line 238) ... FAILED
[INFO] [stdout] test src/lib.rs - Formatter<'a>::debug_map (line 438) ... FAILED
[INFO] [stdout] test src/lib.rs - (line 137) ... FAILED
[INFO] [stdout] test src/debug_map.rs - debug_map::DebugMap (line 8) ... FAILED
[INFO] [stdout] test src/debug_tuple_struct.rs - debug_tuple_struct::DebugTupleStruct (line 10) ... FAILED
[INFO] [stdout] test src/debug_list.rs - debug_list::DebugList (line 8) ... FAILED
[INFO] [stdout] test src/lib.rs - (line 45) ... FAILED
[INFO] [stdout] test src/lib.rs - DebugPls (line 253) ... FAILED
[INFO] [stdout] test src/lib.rs - Formatter<'a>::debug_ident (line 503) ... FAILED
[INFO] [stdout] test src/debug_tuple.rs - debug_tuple::DebugTuple (line 8) ... FAILED
[INFO] [stdout] test src/lib.rs - (line 11) ... FAILED
[INFO] [stdout] test src/debug_set.rs - debug_set::DebugSet (line 8) ... FAILED
[INFO] [stdout] test src/lib.rs - DebugPls::fmt (line 278) ... FAILED
[INFO] [stdout] test src/debug_struct.rs - debug_struct::DebugStruct (line 10) ... FAILED
[INFO] [stdout] test src/lib.rs - Formatter<'a>::debug_tuple_struct (line 387) ... FAILED
[INFO] [stdout] test src/lib.rs - Formatter<'a>::debug_set (line 471) ... FAILED
[INFO] [stdout] test src/lib.rs - Formatter<'a>::debug_struct (line 325) ... FAILED
[INFO] [stdout] test src/lib.rs - Formatter<'a>::debug_tuple (line 360) ... FAILED
[INFO] [stdout] test src/lib.rs - (line 69) ... ok
[INFO] [stdout] 
[INFO] [stdout] failures:
[INFO] [stdout] 
[INFO] [stdout] ---- src/lib.rs - Formatter<'a>::debug_list (line 414) stdout ----
[INFO] [stdout] error[E0432]: unresolved import `dbg_pls::pretty`
[INFO] [stdout]  --> src/lib.rs:415:15
[INFO] [stdout]   |
[INFO] [stdout] 4 | use dbg_pls::{pretty, DebugPls, Formatter};
[INFO] [stdout]   |               ^^^^^^ no `pretty` in the root
[INFO] [stdout] 
[INFO] [stdout] error: aborting due to previous error
[INFO] [stdout] 
[INFO] [stdout] For more information about this error, try `rustc --explain E0432`.
[INFO] [stdout] Couldn't compile the test.
[INFO] [stdout] ---- src/lib.rs - DebugPls (line 238) stdout ----
[INFO] [stdout] error[E0432]: unresolved import `dbg_pls::pretty`
[INFO] [stdout]  --> src/lib.rs:239:15
[INFO] [stdout]   |
[INFO] [stdout] 4 | use dbg_pls::{pretty, DebugPls};
[INFO] [stdout]   |               ^^^^^^ no `pretty` in the root
[INFO] [stdout] 
[INFO] [stdout] error: cannot find derive macro `DebugPls` in this scope
[INFO] [stdout]  --> src/lib.rs:240:10
[INFO] [stdout]   |
[INFO] [stdout] 5 | #[derive(DebugPls)]
[INFO] [stdout]   |          ^^^^^^^^
[INFO] [stdout]   |
[INFO] [stdout] note: `DebugPls` is imported here, but it is only a trait, without a derive macro
[INFO] [stdout]  --> src/lib.rs:239:23
[INFO] [stdout]   |
[INFO] [stdout] 4 | use dbg_pls::{pretty, DebugPls};
[INFO] [stdout]   |                       ^^^^^^^^
[INFO] [stdout] 
[INFO] [stdout] error: aborting due to 2 previous errors
[INFO] [stdout] 
[INFO] [stdout] For more information about this error, try `rustc --explain E0432`.
[INFO] [stdout] Couldn't compile the test.
[INFO] [stdout] ---- src/lib.rs - Formatter<'a>::debug_map (line 438) stdout ----
[INFO] [stdout] error[E0432]: unresolved import `dbg_pls::pretty`
[INFO] [stdout]  --> src/lib.rs:439:15
[INFO] [stdout]   |
[INFO] [stdout] 4 | use dbg_pls::{pretty, DebugPls, Formatter};
[INFO] [stdout]   |               ^^^^^^ no `pretty` in the root
[INFO] [stdout] 
[INFO] [stdout] error: aborting due to previous error
[INFO] [stdout] 
[INFO] [stdout] For more information about this error, try `rustc --explain E0432`.
[INFO] [stdout] Couldn't compile the test.
[INFO] [stdout] ---- src/lib.rs - (line 137) stdout ----
[INFO] [stdout] error[E0432]: unresolved import `dbg_pls::pretty`
[INFO] [stdout]  --> src/lib.rs:138:5
[INFO] [stdout]   |
[INFO] [stdout] 4 | use dbg_pls::pretty;
[INFO] [stdout]   |     ^^^^^^^^^^^^^^^ no `pretty` in the root
[INFO] [stdout] 
[INFO] [stdout] error: aborting due to previous error
[INFO] [stdout] 
[INFO] [stdout] For more information about this error, try `rustc --explain E0432`.
[INFO] [stdout] Couldn't compile the test.
[INFO] [stdout] ---- src/debug_map.rs - debug_map::DebugMap (line 8) stdout ----
[INFO] [stdout] error[E0432]: unresolved import `dbg_pls::pretty`
[INFO] [stdout]  --> src/debug_map.rs:9:15
[INFO] [stdout]   |
[INFO] [stdout] 4 | use dbg_pls::{pretty, DebugPls, Formatter};
[INFO] [stdout]   |               ^^^^^^ no `pretty` in the root
[INFO] [stdout] 
[INFO] [stdout] error: aborting due to previous error
[INFO] [stdout] 
[INFO] [stdout] For more information about this error, try `rustc --explain E0432`.
[INFO] [stdout] Couldn't compile the test.
[INFO] [stdout] ---- src/debug_tuple_struct.rs - debug_tuple_struct::DebugTupleStruct (line 10) stdout ----
[INFO] [stdout] error[E0432]: unresolved import `dbg_pls::pretty`
[INFO] [stdout]  --> src/debug_tuple_struct.rs:11:15
[INFO] [stdout]   |
[INFO] [stdout] 4 | use dbg_pls::{pretty, DebugPls, Formatter};
[INFO] [stdout]   |               ^^^^^^ no `pretty` in the root
[INFO] [stdout] 
[INFO] [stdout] error: aborting due to previous error
[INFO] [stdout] 
[INFO] [stdout] For more information about this error, try `rustc --explain E0432`.
[INFO] [stdout] Couldn't compile the test.
[INFO] [stdout] ---- src/debug_list.rs - debug_list::DebugList (line 8) stdout ----
[INFO] [stdout] error[E0432]: unresolved import `dbg_pls::pretty`
[INFO] [stdout]  --> src/debug_list.rs:9:15
[INFO] [stdout]   |
[INFO] [stdout] 4 | use dbg_pls::{pretty, DebugPls, Formatter};
[INFO] [stdout]   |               ^^^^^^ no `pretty` in the root
[INFO] [stdout] 
[INFO] [stdout] error: aborting due to previous error
[INFO] [stdout] 
[INFO] [stdout] For more information about this error, try `rustc --explain E0432`.
[INFO] [stdout] Couldn't compile the test.
[INFO] [stdout] ---- src/lib.rs - (line 45) stdout ----
[INFO] [stdout] error[E0432]: unresolved import `dbg_pls::color`
[INFO] [stdout]  --> src/lib.rs:46:15
[INFO] [stdout]   |
[INFO] [stdout] 4 | use dbg_pls::{color, DebugPls};
[INFO] [stdout]   |               ^^^^^ no `color` in the root
[INFO] [stdout] 
[INFO] [stdout] error: cannot find derive macro `DebugPls` in this scope
[INFO] [stdout]  --> src/lib.rs:48:10
[INFO] [stdout]   |
[INFO] [stdout] 6 | #[derive(DebugPls, Copy, Clone)]
[INFO] [stdout]   |          ^^^^^^^^
[INFO] [stdout]   |
[INFO] [stdout] note: `DebugPls` is imported here, but it is only a trait, without a derive macro
[INFO] [stdout]  --> src/lib.rs:46:22
[INFO] [stdout]   |
[INFO] [stdout] 4 | use dbg_pls::{color, DebugPls};
[INFO] [stdout]   |                      ^^^^^^^^
[INFO] [stdout] 
[INFO] [stdout] error: aborting due to 2 previous errors
[INFO] [stdout] 
[INFO] [stdout] For more information about this error, try `rustc --explain E0432`.
[INFO] [stdout] Couldn't compile the test.
[INFO] [stdout] ---- src/lib.rs - DebugPls (line 253) stdout ----
[INFO] [stdout] error[E0432]: unresolved import `dbg_pls::pretty`
[INFO] [stdout]  --> src/lib.rs:254:15
[INFO] [stdout]   |
[INFO] [stdout] 4 | use dbg_pls::{pretty, DebugPls, Formatter};
[INFO] [stdout]   |               ^^^^^^ no `pretty` in the root
[INFO] [stdout] 
[INFO] [stdout] error: aborting due to previous error
[INFO] [stdout] 
[INFO] [stdout] For more information about this error, try `rustc --explain E0432`.
[INFO] [stdout] Couldn't compile the test.
[INFO] [stdout] ---- src/lib.rs - Formatter<'a>::debug_ident (line 503) stdout ----
[INFO] [stdout] error[E0432]: unresolved import `dbg_pls::pretty`
[INFO] [stdout]  --> src/lib.rs:504:15
[INFO] [stdout]   |
[INFO] [stdout] 4 | use dbg_pls::{pretty, DebugPls, Formatter};
[INFO] [stdout]   |               ^^^^^^ no `pretty` in the root
[INFO] [stdout] 
[INFO] [stdout] error: aborting due to previous error
[INFO] [stdout] 
[INFO] [stdout] For more information about this error, try `rustc --explain E0432`.
[INFO] [stdout] Couldn't compile the test.
[INFO] [stdout] ---- src/debug_tuple.rs - debug_tuple::DebugTuple (line 8) stdout ----
[INFO] [stdout] error[E0432]: unresolved import `dbg_pls::pretty`
[INFO] [stdout]  --> src/debug_tuple.rs:9:15
[INFO] [stdout]   |
[INFO] [stdout] 4 | use dbg_pls::{pretty, DebugPls, Formatter};
[INFO] [stdout]   |               ^^^^^^ no `pretty` in the root
[INFO] [stdout] 
[INFO] [stdout] error: aborting due to previous error
[INFO] [stdout] 
[INFO] [stdout] For more information about this error, try `rustc --explain E0432`.
[INFO] [stdout] Couldn't compile the test.
[INFO] [stdout] ---- src/lib.rs - (line 11) stdout ----
[INFO] [stdout] error[E0432]: unresolved import `dbg_pls::pretty`
[INFO] [stdout]  --> src/lib.rs:12:15
[INFO] [stdout]   |
[INFO] [stdout] 4 | use dbg_pls::{pretty, DebugPls};
[INFO] [stdout]   |               ^^^^^^ no `pretty` in the root
[INFO] [stdout] 
[INFO] [stdout] error: cannot find derive macro `DebugPls` in this scope
[INFO] [stdout]  --> src/lib.rs:14:10
[INFO] [stdout]   |
[INFO] [stdout] 6 | #[derive(DebugPls, Copy, Clone)]
[INFO] [stdout]   |          ^^^^^^^^
[INFO] [stdout]   |
[INFO] [stdout] note: `DebugPls` is imported here, but it is only a trait, without a derive macro
[INFO] [stdout]  --> src/lib.rs:12:23
[INFO] [stdout]   |
[INFO] [stdout] 4 | use dbg_pls::{pretty, DebugPls};
[INFO] [stdout]   |                       ^^^^^^^^
[INFO] [stdout] 
[INFO] [stdout] error: aborting due to 2 previous errors
[INFO] [stdout] 
[INFO] [stdout] For more information about this error, try `rustc --explain E0432`.
[INFO] [stdout] Couldn't compile the test.
[INFO] [stdout] ---- src/debug_set.rs - debug_set::DebugSet (line 8) stdout ----
[INFO] [stdout] error[E0432]: unresolved import `dbg_pls::pretty`
[INFO] [stdout]  --> src/debug_set.rs:9:15
[INFO] [stdout]   |
[INFO] [stdout] 4 | use dbg_pls::{pretty, DebugPls, Formatter};
[INFO] [stdout]   |               ^^^^^^ no `pretty` in the root
[INFO] [stdout] 
[INFO] [stdout] error: aborting due to previous error
[INFO] [stdout] 
[INFO] [stdout] For more information about this error, try `rustc --explain E0432`.
[INFO] [stdout] Couldn't compile the test.
[INFO] [stdout] ---- src/lib.rs - DebugPls::fmt (line 278) stdout ----
[INFO] [stdout] error[E0432]: unresolved import `dbg_pls::pretty`
[INFO] [stdout]  --> src/lib.rs:279:15
[INFO] [stdout]   |
[INFO] [stdout] 4 | use dbg_pls::{pretty, DebugPls, Formatter};
[INFO] [stdout]   |               ^^^^^^ no `pretty` in the root
[INFO] [stdout] 
[INFO] [stdout] error: aborting due to previous error
[INFO] [stdout] 
[INFO] [stdout] For more information about this error, try `rustc --explain E0432`.
[INFO] [stdout] Couldn't compile the test.
[INFO] [stdout] ---- src/debug_struct.rs - debug_struct::DebugStruct (line 10) stdout ----
[INFO] [stdout] error[E0432]: unresolved import `dbg_pls::pretty`
[INFO] [stdout]  --> src/debug_struct.rs:11:15
[INFO] [stdout]   |
[INFO] [stdout] 4 | use dbg_pls::{pretty, DebugPls, Formatter};
[INFO] [stdout]   |               ^^^^^^ no `pretty` in the root
[INFO] [stdout] 
[INFO] [stdout] error: aborting due to previous error
[INFO] [stdout] 
[INFO] [stdout] For more information about this error, try `rustc --explain E0432`.
[INFO] [stdout] Couldn't compile the test.
[INFO] [stdout] ---- src/lib.rs - Formatter<'a>::debug_tuple_struct (line 387) stdout ----
[INFO] [stdout] error[E0432]: unresolved import `dbg_pls::pretty`
[INFO] [stdout]  --> src/lib.rs:388:15
[INFO] [stdout]   |
[INFO] [stdout] 4 | use dbg_pls::{pretty, DebugPls, Formatter};
[INFO] [stdout]   |               ^^^^^^ no `pretty` in the root
[INFO] [stdout] 
[INFO] [stdout] error: aborting due to previous error
[INFO] [stdout] 
[INFO] [stdout] For more information about this error, try `rustc --explain E0432`.
[INFO] [stdout] Couldn't compile the test.
[INFO] [stdout] ---- src/lib.rs - Formatter<'a>::debug_set (line 471) stdout ----
[INFO] [stdout] error[E0432]: unresolved import `dbg_pls::pretty`
[INFO] [stdout]  --> src/lib.rs:472:15
[INFO] [stdout]   |
[INFO] [stdout] 4 | use dbg_pls::{pretty, DebugPls, Formatter};
[INFO] [stdout]   |               ^^^^^^ no `pretty` in the root
[INFO] [stdout] 
[INFO] [stdout] error: aborting due to previous error
[INFO] [stdout] 
[INFO] [stdout] For more information about this error, try `rustc --explain E0432`.
[INFO] [stdout] Couldn't compile the test.
[INFO] [stdout] ---- src/lib.rs - Formatter<'a>::debug_struct (line 325) stdout ----
[INFO] [stdout] error[E0432]: unresolved import `dbg_pls::pretty`
[INFO] [stdout]  --> src/lib.rs:326:15
[INFO] [stdout]   |
[INFO] [stdout] 4 | use dbg_pls::{pretty, DebugPls, Formatter};
[INFO] [stdout]   |               ^^^^^^ no `pretty` in the root
[INFO] [stdout] 
[INFO] [stdout] error: aborting due to previous error
[INFO] [stdout] 
[INFO] [stdout] For more information about this error, try `rustc --explain E0432`.
[INFO] [stdout] Couldn't compile the test.
[INFO] [stdout] ---- src/lib.rs - Formatter<'a>::debug_tuple (line 360) stdout ----
[INFO] [stdout] error[E0432]: unresolved import `dbg_pls::pretty`
[INFO] [stdout]  --> src/lib.rs:361:15
[INFO] [stdout]   |
[INFO] [stdout] 4 | use dbg_pls::{pretty, DebugPls, Formatter};
[INFO] [stdout]   |               ^^^^^^ no `pretty` in the root
[INFO] [stdout] 
[INFO] [stdout] error: aborting due to previous error
[INFO] [stdout] 
[INFO] [stdout] For more information about this error, try `rustc --explain E0432`.
[INFO] [stdout] Couldn't compile the test.
[INFO] [stdout] 
[INFO] [stdout] failures:
[INFO] [stdout]     src/debug_list.rs - debug_list::DebugList (line 8)
[INFO] [stdout]     src/debug_map.rs - debug_map::DebugMap (line 8)
[INFO] [stdout]     src/debug_set.rs - debug_set::DebugSet (line 8)
[INFO] [stdout]     src/debug_struct.rs - debug_struct::DebugStruct (line 10)
[INFO] [stdout]     src/debug_tuple.rs - debug_tuple::DebugTuple (line 8)
[INFO] [stdout]     src/debug_tuple_struct.rs - debug_tuple_struct::DebugTupleStruct (line 10)
[INFO] [stdout]     src/lib.rs - (line 11)
[INFO] [stdout]     src/lib.rs - (line 137)
[INFO] [stdout]     src/lib.rs - (line 45)
[INFO] [stdout]     src/lib.rs - DebugPls (line 238)
[INFO] [stdout]     src/lib.rs - DebugPls (line 253)
[INFO] [stdout]     src/lib.rs - DebugPls::fmt (line 278)
[INFO] [stdout]     src/lib.rs - Formatter<'a>::debug_ident (line 503)
[INFO] [stdout]     src/lib.rs - Formatter<'a>::debug_list (line 414)
[INFO] [stdout]     src/lib.rs - Formatter<'a>::debug_map (line 438)
[INFO] [stdout]     src/lib.rs - Formatter<'a>::debug_set (line 471)
[INFO] [stdout]     src/lib.rs - Formatter<'a>::debug_struct (line 325)
[INFO] [stdout]     src/lib.rs - Formatter<'a>::debug_tuple (line 360)
[INFO] [stdout]     src/lib.rs - Formatter<'a>::debug_tuple_struct (line 387)
[INFO] [stdout] 
[INFO] [stdout] test result: FAILED. 1 passed; 19 failed; 0 ignored; 0 measured; 0 filtered out; finished in 0.58s
[INFO] [stdout] 
[INFO] [stderr] error: doctest failed, to rerun pass `--doc`
[INFO] running `Command { std: "docker" "inspect" "6a0ed47c4307a8ebf64f8c22d7d173b9d6f5d8d0ae0e74061e048e249aab3b97", kill_on_drop: false }`
[INFO] running `Command { std: "docker" "rm" "-f" "6a0ed47c4307a8ebf64f8c22d7d173b9d6f5d8d0ae0e74061e048e249aab3b97", kill_on_drop: false }`
[INFO] [stdout] 6a0ed47c4307a8ebf64f8c22d7d173b9d6f5d8d0ae0e74061e048e249aab3b97
