[INFO] fetching crate db_dep 0.1.1...
[INFO] testing db_dep-0.1.1 against 1.69.0 for beta-1.70-1
[INFO] extracting crate db_dep 0.1.1 into /workspace/builds/worker-4-tc1/source
[INFO] validating manifest of crates.io crate db_dep 0.1.1 on toolchain 1.69.0
[INFO] running `Command { std: CARGO_HOME="/workspace/cargo-home" RUSTUP_HOME="/workspace/rustup-home" "/workspace/cargo-home/bin/cargo" "+1.69.0" "metadata" "--manifest-path" "Cargo.toml" "--no-deps", kill_on_drop: false }`
[INFO] started tweaking crates.io crate db_dep 0.1.1
[INFO] finished tweaking crates.io crate db_dep 0.1.1
[INFO] tweaked toml for crates.io crate db_dep 0.1.1 written to /workspace/builds/worker-4-tc1/source/Cargo.toml
[INFO] running `Command { std: CARGO_HOME="/workspace/cargo-home" RUSTUP_HOME="/workspace/rustup-home" __CARGO_TEST_CHANNEL_OVERRIDE_DO_NOT_USE_THIS="nightly" "/workspace/cargo-home/bin/cargo" "+1.69.0" "generate-lockfile" "--manifest-path" "Cargo.toml" "-Zno-index-update", kill_on_drop: false }`
[INFO] running `Command { std: CARGO_HOME="/workspace/cargo-home" RUSTUP_HOME="/workspace/rustup-home" "/workspace/cargo-home/bin/cargo" "+1.69.0" "fetch" "--manifest-path" "Cargo.toml", kill_on_drop: false }`
[INFO] [stderr]  Downloading crates ...
[INFO] [stderr]   Downloaded robust v0.2.3
[INFO] [stderr]   Downloaded password-hash v0.4.2
[INFO] [stderr]   Downloaded rstar v0.9.3
[INFO] [stderr]   Downloaded psl-types v2.0.11
[INFO] [stderr]   Downloaded float_next_after v0.1.5
[INFO] [stderr]   Downloaded surrealdb-derive v0.4.0
[INFO] [stderr]   Downloaded trice v0.1.0
[INFO] [stderr]   Downloaded async-recursion v1.0.4
[INFO] [stderr]   Downloaded accurate v0.3.1
[INFO] [stderr]   Downloaded fuzzy-matcher v0.3.7
[INFO] [stderr]   Downloaded argon2 v0.4.1
[INFO] [stderr]   Downloaded dmp v0.1.3
[INFO] [stderr]   Downloaded blake2 v0.10.6
[INFO] [stderr]   Downloaded geographiclib-rs v0.2.3
[INFO] [stderr]   Downloaded addr v0.15.6
[INFO] [stderr]   Downloaded rocksdb v0.19.0
[INFO] [stderr]   Downloaded imbl v1.0.1
[INFO] [stderr]   Downloaded geo v0.23.1
[INFO] [stderr]   Downloaded deunicode v1.3.3
[INFO] [stderr]   Downloaded bzip2-sys v0.1.11+1.0.8
[INFO] [stderr]   Downloaded librocksdb-sys v0.8.3+7.4.4
[INFO] [stderr]   Downloaded storekey v0.3.0
[INFO] [stderr]   Downloaded echodb v0.3.0
[INFO] [stderr]   Downloaded surrealdb v1.0.0-beta.8
[INFO] running `Command { std: "docker" "create" "-v" "/var/lib/crater-agent-workspace/builds/worker-4-tc1/target:/opt/rustwide/target:rw,Z" "-v" "/var/lib/crater-agent-workspace/builds/worker-4-tc1/source:/opt/rustwide/workdir:ro,Z" "-v" "/var/lib/crater-agent-workspace/cargo-home:/opt/rustwide/cargo-home:ro,Z" "-v" "/var/lib/crater-agent-workspace/rustup-home:/opt/rustwide/rustup-home:ro,Z" "-e" "SOURCE_DIR=/opt/rustwide/workdir" "-e" "CARGO_TARGET_DIR=/opt/rustwide/target" "-e" "CARGO_HOME=/opt/rustwide/cargo-home" "-e" "RUSTUP_HOME=/opt/rustwide/rustup-home" "-w" "/opt/rustwide/workdir" "-m" "1610612736" "--user" "0:0" "--network" "none" "ghcr.io/rust-lang/crates-build-env/linux@sha256:5ff2268d62e97bff2cde7d5815dd6ed5b47097566f13b8d0ca110b04b60e07ed" "/opt/rustwide/cargo-home/bin/cargo" "+1.69.0" "metadata" "--no-deps" "--format-version=1", kill_on_drop: false }`
[INFO] [stdout] 275b7b9b385a26704af8fd019709b6d4c11768c9014280134af34f8552212cb0
[INFO] running `Command { std: "docker" "start" "-a" "275b7b9b385a26704af8fd019709b6d4c11768c9014280134af34f8552212cb0", kill_on_drop: false }`
[INFO] running `Command { std: "docker" "inspect" "275b7b9b385a26704af8fd019709b6d4c11768c9014280134af34f8552212cb0", kill_on_drop: false }`
[INFO] running `Command { std: "docker" "rm" "-f" "275b7b9b385a26704af8fd019709b6d4c11768c9014280134af34f8552212cb0", kill_on_drop: false }`
[INFO] [stdout] 275b7b9b385a26704af8fd019709b6d4c11768c9014280134af34f8552212cb0
[INFO] running `Command { std: "docker" "create" "-v" "/var/lib/crater-agent-workspace/builds/worker-4-tc1/target:/opt/rustwide/target:rw,Z" "-v" "/var/lib/crater-agent-workspace/builds/worker-4-tc1/source:/opt/rustwide/workdir:ro,Z" "-v" "/var/lib/crater-agent-workspace/cargo-home:/opt/rustwide/cargo-home:ro,Z" "-v" "/var/lib/crater-agent-workspace/rustup-home:/opt/rustwide/rustup-home:ro,Z" "-e" "SOURCE_DIR=/opt/rustwide/workdir" "-e" "CARGO_TARGET_DIR=/opt/rustwide/target" "-e" "CARGO_INCREMENTAL=0" "-e" "RUST_BACKTRACE=full" "-e" "RUSTFLAGS=--cap-lints=warn" "-e" "RUSTDOCFLAGS=--cap-lints=warn" "-e" "CARGO_HOME=/opt/rustwide/cargo-home" "-e" "RUSTUP_HOME=/opt/rustwide/rustup-home" "-w" "/opt/rustwide/workdir" "-m" "1610612736" "--user" "0:0" "--network" "none" "ghcr.io/rust-lang/crates-build-env/linux@sha256:5ff2268d62e97bff2cde7d5815dd6ed5b47097566f13b8d0ca110b04b60e07ed" "/opt/rustwide/cargo-home/bin/cargo" "+1.69.0" "build" "--frozen" "--message-format=json", kill_on_drop: false }`
[INFO] [stdout] 2d9522de24a9509dd96df2cdb61a373e3d12bca6839e8f3153e25364e21b591f
[INFO] running `Command { std: "docker" "start" "-a" "2d9522de24a9509dd96df2cdb61a373e3d12bca6839e8f3153e25364e21b591f", kill_on_drop: false }`
[INFO] [stderr]    Compiling subtle v2.4.1
[INFO] [stderr]    Compiling semver v1.0.17
[INFO] [stderr]    Compiling lock_api v0.4.9
[INFO] [stderr]    Compiling futures-core v0.3.28
[INFO] [stderr]    Compiling memchr v2.5.0
[INFO] [stderr]    Compiling glob v0.3.1
[INFO] [stderr]    Compiling jobserver v0.1.26
[INFO] [stderr]    Compiling syn v1.0.109
[INFO] [stderr]    Compiling minimal-lexical v0.2.1
[INFO] [stderr]    Compiling libloading v0.7.4
[INFO] [stderr]    Compiling syn v2.0.15
[INFO] [stderr]    Compiling bindgen v0.64.0
[INFO] [stderr]    Compiling smallvec v1.10.0
[INFO] [stderr]    Compiling regex-syntax v0.7.1
[INFO] [stderr]    Compiling inout v0.1.3
[INFO] [stderr]    Compiling num-integer v0.1.45
[INFO] [stderr]    Compiling digest v0.10.6
[INFO] [stderr]    Compiling rustc-hash v1.1.0
[INFO] [stderr]    Compiling cc v1.0.79
[INFO] [stderr]    Compiling peeking_take_while v0.1.2
[INFO] [stderr]    Compiling log v0.4.17
[INFO] [stderr]    Compiling crossbeam-utils v0.8.15
[INFO] [stderr]    Compiling bitflags v1.3.2
[INFO] [stderr]    Compiling lazycell v1.3.0
[INFO] [stderr]    Compiling futures-task v0.3.28
[INFO] [stderr]    Compiling shlex v1.1.0
[INFO] [stderr]    Compiling futures-io v0.3.28
[INFO] [stderr]    Compiling futures-channel v0.3.28
[INFO] [stderr]    Compiling cipher v0.4.4
[INFO] [stderr]    Compiling slab v0.4.8
[INFO] [stderr]    Compiling clang-sys v1.6.1
[INFO] [stderr]    Compiling hash32 v0.2.1
[INFO] [stderr]    Compiling stable_deref_trait v1.2.0
[INFO] [stderr]    Compiling tinyvec_macros v0.1.1
[INFO] [stderr]    Compiling futures-util v0.3.28
[INFO] [stderr]    Compiling spin v0.9.8
[INFO] [stderr]    Compiling futures-sink v0.3.28
[INFO] [stderr]    Compiling base64ct v1.6.0
[INFO] [stderr]    Compiling paste v1.0.12
[INFO] [stderr]    Compiling tinyvec v1.6.0
[INFO] [stderr]    Compiling rustc_version v0.4.0
[INFO] [stderr]    Compiling nom v7.1.3
[INFO] [stderr]    Compiling num-bigint v0.4.3
[INFO] [stderr]    Compiling password-hash v0.4.2
[INFO] [stderr]    Compiling ieee754 v0.2.6
[INFO] [stderr]    Compiling event-listener v2.5.3
[INFO] [stderr]    Compiling parking_lot_core v0.9.7
[INFO] [stderr]    Compiling concurrent-queue v2.2.0
[INFO] [stderr]    Compiling heapless v0.7.16
[INFO] [stderr]    Compiling accurate v0.3.1
[INFO] [stderr]    Compiling sha2 v0.10.6
[INFO] [stderr]    Compiling hmac v0.12.1
[INFO] [stderr]    Compiling approx v0.5.1
[INFO] [stderr]    Compiling aho-corasick v1.0.1
[INFO] [stderr]    Compiling waker-fn v1.1.0
[INFO] [stderr]    Compiling fastrand v1.9.0
[INFO] [stderr]    Compiling unicode-bidi v0.3.13
[INFO] [stderr]    Compiling parking v2.1.0
[INFO] [stderr]    Compiling unicode-normalization v0.1.22
[INFO] [stderr]    Compiling libz-sys v1.1.9
[INFO] [stderr]    Compiling zstd-sys v2.0.8+zstd.1.5.5
[INFO] [stderr]    Compiling bzip2-sys v0.1.11+1.0.8
[INFO] [stderr]    Compiling rmp v0.8.11
[INFO] [stderr]    Compiling thread_local v1.1.7
[INFO] [stderr]    Compiling regex v1.8.1
[INFO] [stderr]    Compiling rstar v0.9.3
[INFO] [stderr]    Compiling idna v0.3.0
[INFO] [stderr]    Compiling pbkdf2 v0.11.0
[INFO] [stderr]    Compiling futures-lite v1.13.0
[INFO] [stderr]    Compiling form_urlencoded v1.1.0
[INFO] [stderr]    Compiling rand v0.8.5
[INFO] [stderr]    Compiling geographiclib-rs v0.2.3
[INFO] [stderr]    Compiling async-lock v2.7.0
[INFO] [stderr]    Compiling cexpr v0.6.0
[INFO] [stderr]    Compiling salsa20 v0.10.2
[INFO] [stderr]    Compiling blowfish v0.9.1
[INFO] [stderr]    Compiling blake2 v0.10.6
[INFO] [stderr]    Compiling float_next_after v0.1.5
[INFO] [stderr]    Compiling time v0.1.45
[INFO] [stderr]    Compiling tokio v1.28.0
[INFO] [stderr]    Compiling async-task v4.4.0
[INFO] [stderr]    Compiling any_ascii v0.1.7
[INFO] [stderr]    Compiling psl-types v2.0.11
[INFO] [stderr]    Compiling base64 v0.13.1
[INFO] [stderr]    Compiling robust v0.2.3
[INFO] [stderr]    Compiling iana-time-zone v0.1.56
[INFO] [stderr]    Compiling urlencoding v2.1.2
[INFO] [stderr]    Compiling lexical-sort v0.3.1
[INFO] [stderr]    Compiling bcrypt v0.13.0
[INFO] [stderr]    Compiling async-executor v1.5.1
[INFO] [stderr]    Compiling nanoid v0.4.0
[INFO] [stderr]    Compiling addr v0.15.6
[INFO] [stderr]    Compiling argon2 v0.4.1
[INFO] [stderr]    Compiling scrypt v0.10.0
[INFO] [stderr]    Compiling parking_lot v0.12.1
[INFO] [stderr]    Compiling url v2.3.1
[INFO] [stderr]    Compiling fuzzy-matcher v0.3.7
[INFO] [stderr]    Compiling async-channel v1.8.0
[INFO] [stderr]    Compiling mio v0.8.6
[INFO] [stderr]    Compiling sha-1 v0.10.1
[INFO] [stderr]    Compiling md-5 v0.10.5
[INFO] [stderr]    Compiling num_cpus v1.15.0
[INFO] [stderr]    Compiling signal-hook-registry v1.4.1
[INFO] [stderr]    Compiling socket2 v0.4.9
[INFO] [stderr]    Compiling trice v0.1.0
[INFO] [stderr]    Compiling dmp v0.1.3
[INFO] [stderr]    Compiling serde_derive v1.0.160
[INFO] [stderr]    Compiling futures-macro v0.3.28
[INFO] [stderr]    Compiling thiserror-impl v1.0.40
[INFO] [stderr]    Compiling async-recursion v1.0.4
[INFO] [stderr]    Compiling tokio-macros v2.1.0
[INFO] [stderr]    Compiling deunicode v1.3.3
[INFO] [stderr]    Compiling bytes v1.4.0
[INFO] [stderr]    Compiling surrealdb-derive v0.4.0
[INFO] [stderr]    Compiling thiserror v1.0.40
[INFO] [stderr]    Compiling serde v1.0.160
[INFO] [stderr]    Compiling librocksdb-sys v0.8.3+7.4.4
[INFO] [stderr]    Compiling futures-executor v0.3.28
[INFO] [stderr]    Compiling futures v0.3.28
[INFO] [stderr]    Compiling geo-types v0.7.9
[INFO] [stderr]    Compiling chrono v0.4.24
[INFO] [stderr]    Compiling storekey v0.3.0
[INFO] [stderr]    Compiling rmp-serde v1.1.1
[INFO] [stderr]    Compiling bigdecimal v0.3.0
[INFO] [stderr]    Compiling uuid v1.3.2
[INFO] [stderr]    Compiling geo v0.23.1
[INFO] [stderr] error: could not compile `geo`
[INFO] [stderr] 
[INFO] [stderr] Caused by:
[INFO] [stderr]   process didn't exit successfully: `rustc --crate-name geo --edition=2021 /opt/rustwide/cargo-home/registry/src/github.com-1ecc6299db9ec823/geo-0.23.1/src/lib.rs --error-format=json --json=diagnostic-rendered-ansi,artifacts,future-incompat --crate-type lib --emit=dep-info,metadata,link -C embed-bitcode=no -C debuginfo=2 --cfg 'feature="serde"' --cfg 'feature="use-serde"' -C metadata=2ec40c751b66952b -C extra-filename=-2ec40c751b66952b --out-dir /opt/rustwide/target/debug/deps -L dependency=/opt/rustwide/target/debug/deps --extern float_next_after=/opt/rustwide/target/debug/deps/libfloat_next_after-bd607128a99dcbeb.rmeta --extern geo_types=/opt/rustwide/target/debug/deps/libgeo_types-68b9ef40d5b56ccb.rmeta --extern geographiclib_rs=/opt/rustwide/target/debug/deps/libgeographiclib_rs-c1d285036d280774.rmeta --extern log=/opt/rustwide/target/debug/deps/liblog-b7002f1ab15c8d8b.rmeta --extern num_traits=/opt/rustwide/target/debug/deps/libnum_traits-35f169fb16968fa0.rmeta --extern robust=/opt/rustwide/target/debug/deps/librobust-3badb4d145827912.rmeta --extern rstar=/opt/rustwide/target/debug/deps/librstar-1559809ceebf5bec.rmeta --extern serde=/opt/rustwide/target/debug/deps/libserde-e6577f9231d1dcfa.rmeta --cap-lints allow --cap-lints=warn` (signal: 9, SIGKILL: kill)
[INFO] [stderr] warning: build failed, waiting for other jobs to finish...
[INFO] [stderr] The following warnings were emitted during compilation:
[INFO] [stderr] 
[INFO] [stderr] warning: c++: fatal error: Killed signal terminated program cc1plus
[INFO] [stderr] warning: compilation terminated.
[INFO] [stderr] warning: c++: fatal error: Killed signal terminated program cc1plus
[INFO] [stderr] warning: compilation terminated.
[INFO] [stderr] warning: c++: fatal error: Killed signal terminated program cc1plus
[INFO] [stderr] warning: compilation terminated.
[INFO] [stderr] warning: c++: fatal error: Killed signal terminated program cc1plus
[INFO] [stderr] warning: compilation terminated.
[INFO] [stderr] warning: c++: fatal error: Killed signal terminated program cc1plus
[INFO] [stderr] warning: compilation terminated.
[INFO] [stderr] 
[INFO] [stderr] error: failed to run custom build command for `librocksdb-sys v0.8.3+7.4.4`
[INFO] [stderr] note: To improve backtraces for build dependencies, set the CARGO_PROFILE_DEV_BUILD_OVERRIDE_DEBUG=true environment variable to enable debug information generation.
[INFO] [stderr] 
[INFO] [stderr] Caused by:
[INFO] [stderr]   process didn't exit successfully: `/opt/rustwide/target/debug/build/librocksdb-sys-b103b9aeae1a75de/build-script-build` (exit status: 1)
[INFO] [stderr]   --- stdout
[INFO] [stderr]   cargo:rerun-if-changed=rocksdb/
[INFO] [stderr]   TARGET = Some("x86_64-unknown-linux-gnu")
[INFO] [stderr]   OPT_LEVEL = Some("0")
[INFO] [stderr]   HOST = Some("x86_64-unknown-linux-gnu")
[INFO] [stderr]   cargo:rerun-if-env-changed=CXX_x86_64-unknown-linux-gnu
[INFO] [stderr]   CXX_x86_64-unknown-linux-gnu = None
[INFO] [stderr]   cargo:rerun-if-env-changed=CXX_x86_64_unknown_linux_gnu
[INFO] [stderr]   CXX_x86_64_unknown_linux_gnu = None
[INFO] [stderr]   cargo:rerun-if-env-changed=HOST_CXX
[INFO] [stderr]   HOST_CXX = None
[INFO] [stderr]   cargo:rerun-if-env-changed=CXX
[INFO] [stderr]   CXX = None
[INFO] [stderr]   cargo:rerun-if-env-changed=CXXFLAGS_x86_64-unknown-linux-gnu
[INFO] [stderr]   CXXFLAGS_x86_64-unknown-linux-gnu = None
[INFO] [stderr]   cargo:rerun-if-env-changed=CXXFLAGS_x86_64_unknown_linux_gnu
[INFO] [stderr]   CXXFLAGS_x86_64_unknown_linux_gnu = None
[INFO] [stderr]   cargo:rerun-if-env-changed=HOST_CXXFLAGS
[INFO] [stderr]   HOST_CXXFLAGS = None
[INFO] [stderr]   cargo:rerun-if-env-changed=CXXFLAGS
[INFO] [stderr]   CXXFLAGS = None
[INFO] [stderr]   cargo:rerun-if-env-changed=CRATE_CC_NO_DEFAULTS
[INFO] [stderr]   CRATE_CC_NO_DEFAULTS = None
[INFO] [stderr]   DEBUG = Some("true")
[INFO] [stderr]   CARGO_CFG_TARGET_FEATURE = Some("fxsr,sse,sse2")
[INFO] [stderr]   cargo:rerun-if-env-changed=CXX_x86_64-unknown-linux-gnu
[INFO] [stderr]   CXX_x86_64-unknown-linux-gnu = None
[INFO] [stderr]   cargo:rerun-if-env-changed=CXX_x86_64_unknown_linux_gnu
[INFO] [stderr]   CXX_x86_64_unknown_linux_gnu = None
[INFO] [stderr]   cargo:rerun-if-env-changed=HOST_CXX
[INFO] [stderr]   HOST_CXX = None
[INFO] [stderr]   cargo:rerun-if-env-changed=CXX
[INFO] [stderr]   CXX = None
[INFO] [stderr]   cargo:rerun-if-env-changed=CXXFLAGS_x86_64-unknown-linux-gnu
[INFO] [stderr]   CXXFLAGS_x86_64-unknown-linux-gnu = None
[INFO] [stderr]   cargo:rerun-if-env-changed=CXXFLAGS_x86_64_unknown_linux_gnu
[INFO] [stderr]   CXXFLAGS_x86_64_unknown_linux_gnu = None
[INFO] [stderr]   cargo:rerun-if-env-changed=HOST_CXXFLAGS
[INFO] [stderr]   HOST_CXXFLAGS = None
[INFO] [stderr]   cargo:rerun-if-env-changed=CXXFLAGS
[INFO] [stderr]   CXXFLAGS = None
[INFO] [stderr]   cargo:rerun-if-env-changed=CRATE_CC_NO_DEFAULTS
[INFO] [stderr]   CRATE_CC_NO_DEFAULTS = None
[INFO] [stderr]   CARGO_CFG_TARGET_FEATURE = Some("fxsr,sse,sse2")
[INFO] [stderr]   cargo:rerun-if-env-changed=CXX_x86_64-unknown-linux-gnu
[INFO] [stderr]   CXX_x86_64-unknown-linux-gnu = None
[INFO] [stderr]   cargo:rerun-if-env-changed=CXX_x86_64_unknown_linux_gnu
[INFO] [stderr]   CXX_x86_64_unknown_linux_gnu = None
[INFO] [stderr]   cargo:rerun-if-env-changed=HOST_CXX
[INFO] [stderr]   HOST_CXX = None
[INFO] [stderr]   cargo:rerun-if-env-changed=CXX
[INFO] [stderr]   CXX = None
[INFO] [stderr]   cargo:rerun-if-env-changed=CXXFLAGS_x86_64-unknown-linux-gnu
[INFO] [stderr]   CXXFLAGS_x86_64-unknown-linux-gnu = None
[INFO] [stderr]   cargo:rerun-if-env-changed=CXXFLAGS_x86_64_unknown_linux_gnu
[INFO] [stderr]   CXXFLAGS_x86_64_unknown_linux_gnu = None
[INFO] [stderr]   cargo:rerun-if-env-changed=HOST_CXXFLAGS
[INFO] [stderr]   HOST_CXXFLAGS = None
[INFO] [stderr]   cargo:rerun-if-env-changed=CXXFLAGS
[INFO] [stderr]   CXXFLAGS = None
[INFO] [stderr]   cargo:rerun-if-env-changed=CRATE_CC_NO_DEFAULTS
[INFO] [stderr]   CRATE_CC_NO_DEFAULTS = None
[INFO] [stderr]   CARGO_CFG_TARGET_FEATURE = Some("fxsr,sse,sse2")
[INFO] [stderr]   running: "c++" "-O0" "-ffunction-sections" "-fdata-sections" "-fPIC" "-gdwarf-4" "-fno-omit-frame-pointer" "-m64" "-I" "rocksdb/include/" "-I" "rocksdb/" "-I" "rocksdb/third-party/gtest-1.8.1/fused-src/" "-I" "snappy/" "-I" "lz4/lib/" "-I" "/opt/rustwide/cargo-home/registry/src/github.com-1ecc6299db9ec823/zstd-sys-2.0.8+zstd.1.5.5/zstd/lib" "-I" "/opt/rustwide/target/debug/build/libz-sys-6c01e59c73ee9ecf/out/include" "-I" "/opt/rustwide/target/debug/build/bzip2-sys-837c77a65ae1337a/out/include" "-I" "." "-Wall" "-Wextra" "-std=c++17" "-Wsign-compare" "-Wshadow" "-Wno-unused-parameter" "-Wno-unused-variable" "-Woverloaded-virtual" "-Wnon-virtual-dtor" "-Wno-missing-field-initializers" "-Wno-strict-aliasing" "-Wno-invalid-offsetof" "-msse2" "-std=c++17" "-DSNAPPY=1" "-DLZ4=1" "-DZSTD=1" "-DZLIB=1" "-DBZIP2=1" "-DNDEBUG=1" "-DOS_LINUX" "-DROCKSDB_PLATFORM_POSIX" "-DROCKSDB_LIB_IO_POSIX" "-DROCKSDB_SUPPORT_THREAD_LOCAL" "-DHAVE_UINT128_EXTENSION=1" "-DHAVE_UINT128_EXTENSION=1" "-o" "/opt/rustwide/target/debug/build/librocksdb-sys-37550e52e41f01c8/out/rocksdb/cache/cache.o" "-c" "rocksdb/cache/cache.cc"
[INFO] [stderr]   running: "c++" "-O0" "-ffunction-sections" "-fdata-sections" "-fPIC" "-gdwarf-4" "-fno-omit-frame-pointer" "-m64" "-I" "rocksdb/include/" "-I" "rocksdb/" "-I" "rocksdb/third-party/gtest-1.8.1/fused-src/" "-I" "snappy/" "-I" "lz4/lib/" "-I" "/opt/rustwide/cargo-home/registry/src/github.com-1ecc6299db9ec823/zstd-sys-2.0.8+zstd.1.5.5/zstd/lib" "-I" "/opt/rustwide/target/debug/build/libz-sys-6c01e59c73ee9ecf/out/include" "-I" "/opt/rustwide/target/debug/build/bzip2-sys-837c77a65ae1337a/out/include" "-I" "." "-Wall" "-Wextra" "-std=c++17" "-Wsign-compare" "-Wshadow" "-Wno-unused-parameter" "-Wno-unused-variable" "-Woverloaded-virtual" "-Wnon-virtual-dtor" "-Wno-missing-field-initializers" "-Wno-strict-aliasing" "-Wno-invalid-offsetof" "-msse2" "-std=c++17" "-DSNAPPY=1" "-DLZ4=1" "-DZSTD=1" "-DZLIB=1" "-DBZIP2=1" "-DNDEBUG=1" "-DOS_LINUX" "-DROCKSDB_PLATFORM_POSIX" "-DROCKSDB_LIB_IO_POSIX" "-DROCKSDB_SUPPORT_THREAD_LOCAL" "-DHAVE_UINT128_EXTENSION=1" "-DHAVE_UINT128_EXTENSION=1" "-o" "/opt/rustwide/target/debug/build/librocksdb-sys-37550e52e41f01c8/out/rocksdb/cache/fast_lru_cache.o" "-c" "rocksdb/cache/fast_lru_cache.cc"
[INFO] [stderr]   running: "c++" "-O0" "-ffunction-sections" "-fdata-sections" "-fPIC" "-gdwarf-4" "-fno-omit-frame-pointer" "-m64" "-I" "rocksdb/include/" "-I" "rocksdb/" "-I" "rocksdb/third-party/gtest-1.8.1/fused-src/" "-I" "snappy/" "-I" "lz4/lib/" "-I" "/opt/rustwide/cargo-home/registry/src/github.com-1ecc6299db9ec823/zstd-sys-2.0.8+zstd.1.5.5/zstd/lib" "-I" "/opt/rustwide/target/debug/build/libz-sys-6c01e59c73ee9ecf/out/include" "-I" "/opt/rustwide/target/debug/build/bzip2-sys-837c77a65ae1337a/out/include" "-I" "." "-Wall" "-Wextra" "-std=c++17" "-Wsign-compare" "-Wshadow" "-Wno-unused-parameter" "-Wno-unused-variable" "-Woverloaded-virtual" "-Wnon-virtual-dtor" "-Wno-missing-field-initializers" "-Wno-strict-aliasing" "-Wno-invalid-offsetof" "-msse2" "-std=c++17" "-DSNAPPY=1" "-DLZ4=1" "-DZSTD=1" "-DZLIB=1" "-DBZIP2=1" "-DNDEBUG=1" "-DOS_LINUX" "-DROCKSDB_PLATFORM_POSIX" "-DROCKSDB_LIB_IO_POSIX" "-DROCKSDB_SUPPORT_THREAD_LOCAL" "-DHAVE_UINT128_EXTENSION=1" "-DHAVE_UINT128_EXTENSION=1" "-o" "/opt/rustwide/target/debug/build/librocksdb-sys-37550e52e41f01c8/out/rocksdb/cache/clock_cache.o" "-c" "rocksdb/cache/clock_cache.cc"
[INFO] [stderr]   running: "c++" "-O0" "-ffunction-sections" "-fdata-sections" "-fPIC" "-gdwarf-4" "-fno-omit-frame-pointer" "-m64" "-I" "rocksdb/include/" "-I" "rocksdb/" "-I" "rocksdb/third-party/gtest-1.8.1/fused-src/" "-I" "snappy/" "-I" "lz4/lib/" "-I" "/opt/rustwide/cargo-home/registry/src/github.com-1ecc6299db9ec823/zstd-sys-2.0.8+zstd.1.5.5/zstd/lib" "-I" "/opt/rustwide/target/debug/build/libz-sys-6c01e59c73ee9ecf/out/include" "-I" "/opt/rustwide/target/debug/build/bzip2-sys-837c77a65ae1337a/out/include" "-I" "." "-Wall" "-Wextra" "-std=c++17" "-Wsign-compare" "-Wshadow" "-Wno-unused-parameter" "-Wno-unused-variable" "-Woverloaded-virtual" "-Wnon-virtual-dtor" "-Wno-missing-field-initializers" "-Wno-strict-aliasing" "-Wno-invalid-offsetof" "-msse2" "-std=c++17" "-DSNAPPY=1" "-DLZ4=1" "-DZSTD=1" "-DZLIB=1" "-DBZIP2=1" "-DNDEBUG=1" "-DOS_LINUX" "-DROCKSDB_PLATFORM_POSIX" "-DROCKSDB_LIB_IO_POSIX" "-DROCKSDB_SUPPORT_THREAD_LOCAL" "-DHAVE_UINT128_EXTENSION=1" "-DHAVE_UINT128_EXTENSION=1" "-o" "/opt/rustwide/target/debug/build/librocksdb-sys-37550e52e41f01c8/out/rocksdb/cache/compressed_secondary_cache.o" "-c" "rocksdb/cache/compressed_secondary_cache.cc"
[INFO] [stderr]   running: "c++" "-O0" "-ffunction-sections" "-fdata-sections" "-fPIC" "-gdwarf-4" "-fno-omit-frame-pointer" "-m64" "-I" "rocksdb/include/" "-I" "rocksdb/" "-I" "rocksdb/third-party/gtest-1.8.1/fused-src/" "-I" "snappy/" "-I" "lz4/lib/" "-I" "/opt/rustwide/cargo-home/registry/src/github.com-1ecc6299db9ec823/zstd-sys-2.0.8+zstd.1.5.5/zstd/lib" "-I" "/opt/rustwide/target/debug/build/libz-sys-6c01e59c73ee9ecf/out/include" "-I" "/opt/rustwide/target/debug/build/bzip2-sys-837c77a65ae1337a/out/include" "-I" "." "-Wall" "-Wextra" "-std=c++17" "-Wsign-compare" "-Wshadow" "-Wno-unused-parameter" "-Wno-unused-variable" "-Woverloaded-virtual" "-Wnon-virtual-dtor" "-Wno-missing-field-initializers" "-Wno-strict-aliasing" "-Wno-invalid-offsetof" "-msse2" "-std=c++17" "-DSNAPPY=1" "-DLZ4=1" "-DZSTD=1" "-DZLIB=1" "-DBZIP2=1" "-DNDEBUG=1" "-DOS_LINUX" "-DROCKSDB_PLATFORM_POSIX" "-DROCKSDB_LIB_IO_POSIX" "-DROCKSDB_SUPPORT_THREAD_LOCAL" "-DHAVE_UINT128_EXTENSION=1" "-DHAVE_UINT128_EXTENSION=1" "-o" "/opt/rustwide/target/debug/build/librocksdb-sys-37550e52e41f01c8/out/rocksdb/cache/cache_key.o" "-c" "rocksdb/cache/cache_key.cc"
[INFO] [stderr]   running: "c++" "-O0" "-ffunction-sections" "-fdata-sections" "-fPIC" "-gdwarf-4" "-fno-omit-frame-pointer" "-m64" "-I" "rocksdb/include/" "-I" "rocksdb/" "-I" "rocksdb/third-party/gtest-1.8.1/fused-src/" "-I" "snappy/" "-I" "lz4/lib/" "-I" "/opt/rustwide/cargo-home/registry/src/github.com-1ecc6299db9ec823/zstd-sys-2.0.8+zstd.1.5.5/zstd/lib" "-I" "/opt/rustwide/target/debug/build/libz-sys-6c01e59c73ee9ecf/out/include" "-I" "/opt/rustwide/target/debug/build/bzip2-sys-837c77a65ae1337a/out/include" "-I" "." "-Wall" "-Wextra" "-std=c++17" "-Wsign-compare" "-Wshadow" "-Wno-unused-parameter" "-Wno-unused-variable" "-Woverloaded-virtual" "-Wnon-virtual-dtor" "-Wno-missing-field-initializers" "-Wno-strict-aliasing" "-Wno-invalid-offsetof" "-msse2" "-std=c++17" "-DSNAPPY=1" "-DLZ4=1" "-DZSTD=1" "-DZLIB=1" "-DBZIP2=1" "-DNDEBUG=1" "-DOS_LINUX" "-DROCKSDB_PLATFORM_POSIX" "-DROCKSDB_LIB_IO_POSIX" "-DROCKSDB_SUPPORT_THREAD_LOCAL" "-DHAVE_UINT128_EXTENSION=1" "-DHAVE_UINT128_EXTENSION=1" "-o" "/opt/rustwide/target/debug/build/librocksdb-sys-37550e52e41f01c8/out/rocksdb/cache/lru_cache.o" "-c" "rocksdb/cache/lru_cache.cc"
[INFO] [stderr]   running: "c++" "-O0" "-ffunction-sections" "-fdata-sections" "-fPIC" "-gdwarf-4" "-fno-omit-frame-pointer" "-m64" "-I" "rocksdb/include/" "-I" "rocksdb/" "-I" "rocksdb/third-party/gtest-1.8.1/fused-src/" "-I" "snappy/" "-I" "lz4/lib/" "-I" "/opt/rustwide/cargo-home/registry/src/github.com-1ecc6299db9ec823/zstd-sys-2.0.8+zstd.1.5.5/zstd/lib" "-I" "/opt/rustwide/target/debug/build/libz-sys-6c01e59c73ee9ecf/out/include" "-I" "/opt/rustwide/target/debug/build/bzip2-sys-837c77a65ae1337a/out/include" "-I" "." "-Wall" "-Wextra" "-std=c++17" "-Wsign-compare" "-Wshadow" "-Wno-unused-parameter" "-Wno-unused-variable" "-Woverloaded-virtual" "-Wnon-virtual-dtor" "-Wno-missing-field-initializers" "-Wno-strict-aliasing" "-Wno-invalid-offsetof" "-msse2" "-std=c++17" "-DSNAPPY=1" "-DLZ4=1" "-DZSTD=1" "-DZLIB=1" "-DBZIP2=1" "-DNDEBUG=1" "-DOS_LINUX" "-DROCKSDB_PLATFORM_POSIX" "-DROCKSDB_LIB_IO_POSIX" "-DROCKSDB_SUPPORT_THREAD_LOCAL" "-DHAVE_UINT128_EXTENSION=1" "-DHAVE_UINT128_EXTENSION=1" "-o" "/opt/rustwide/target/debug/build/librocksdb-sys-37550e52e41f01c8/out/rocksdb/db/blob/blob_file_addition.o" "-c" "rocksdb/db/blob/blob_file_addition.cc"
[INFO] [stderr]   running: "c++" "-O0" "-ffunction-sections" "-fdata-sections" "-fPIC" "-gdwarf-4" "-fno-omit-frame-pointer" "-m64" "-I" "rocksdb/include/" "-I" "rocksdb/" "-I" "rocksdb/third-party/gtest-1.8.1/fused-src/" "-I" "snappy/" "-I" "lz4/lib/" "-I" "/opt/rustwide/cargo-home/registry/src/github.com-1ecc6299db9ec823/zstd-sys-2.0.8+zstd.1.5.5/zstd/lib" "-I" "/opt/rustwide/target/debug/build/libz-sys-6c01e59c73ee9ecf/out/include" "-I" "/opt/rustwide/target/debug/build/bzip2-sys-837c77a65ae1337a/out/include" "-I" "." "-Wall" "-Wextra" "-std=c++17" "-Wsign-compare" "-Wshadow" "-Wno-unused-parameter" "-Wno-unused-variable" "-Woverloaded-virtual" "-Wnon-virtual-dtor" "-Wno-missing-field-initializers" "-Wno-strict-aliasing" "-Wno-invalid-offsetof" "-msse2" "-std=c++17" "-DSNAPPY=1" "-DLZ4=1" "-DZSTD=1" "-DZLIB=1" "-DBZIP2=1" "-DNDEBUG=1" "-DOS_LINUX" "-DROCKSDB_PLATFORM_POSIX" "-DROCKSDB_LIB_IO_POSIX" "-DROCKSDB_SUPPORT_THREAD_LOCAL" "-DHAVE_UINT128_EXTENSION=1" "-DHAVE_UINT128_EXTENSION=1" "-o" "/opt/rustwide/target/debug/build/librocksdb-sys-37550e52e41f01c8/out/rocksdb/cache/cache_entry_roles.o" "-c" "rocksdb/cache/cache_entry_roles.cc"
[INFO] [stderr]   running: "c++" "-O0" "-ffunction-sections" "-fdata-sections" "-fPIC" "-gdwarf-4" "-fno-omit-frame-pointer" "-m64" "-I" "rocksdb/include/" "-I" "rocksdb/" "-I" "rocksdb/third-party/gtest-1.8.1/fused-src/" "-I" "snappy/" "-I" "lz4/lib/" "-I" "/opt/rustwide/cargo-home/registry/src/github.com-1ecc6299db9ec823/zstd-sys-2.0.8+zstd.1.5.5/zstd/lib" "-I" "/opt/rustwide/target/debug/build/libz-sys-6c01e59c73ee9ecf/out/include" "-I" "/opt/rustwide/target/debug/build/bzip2-sys-837c77a65ae1337a/out/include" "-I" "." "-Wall" "-Wextra" "-std=c++17" "-Wsign-compare" "-Wshadow" "-Wno-unused-parameter" "-Wno-unused-variable" "-Woverloaded-virtual" "-Wnon-virtual-dtor" "-Wno-missing-field-initializers" "-Wno-strict-aliasing" "-Wno-invalid-offsetof" "-msse2" "-std=c++17" "-DSNAPPY=1" "-DLZ4=1" "-DZSTD=1" "-DZLIB=1" "-DBZIP2=1" "-DNDEBUG=1" "-DOS_LINUX" "-DROCKSDB_PLATFORM_POSIX" "-DROCKSDB_LIB_IO_POSIX" "-DROCKSDB_SUPPORT_THREAD_LOCAL" "-DHAVE_UINT128_EXTENSION=1" "-DHAVE_UINT128_EXTENSION=1" "-o" "/opt/rustwide/target/debug/build/librocksdb-sys-37550e52e41f01c8/out/rocksdb/db/blob/blob_file_builder.o" "-c" "rocksdb/db/blob/blob_file_builder.cc"
[INFO] [stderr]   running: "c++" "-O0" "-ffunction-sections" "-fdata-sections" "-fPIC" "-gdwarf-4" "-fno-omit-frame-pointer" "-m64" "-I" "rocksdb/include/" "-I" "rocksdb/" "-I" "rocksdb/third-party/gtest-1.8.1/fused-src/" "-I" "snappy/" "-I" "lz4/lib/" "-I" "/opt/rustwide/cargo-home/registry/src/github.com-1ecc6299db9ec823/zstd-sys-2.0.8+zstd.1.5.5/zstd/lib" "-I" "/opt/rustwide/target/debug/build/libz-sys-6c01e59c73ee9ecf/out/include" "-I" "/opt/rustwide/target/debug/build/bzip2-sys-837c77a65ae1337a/out/include" "-I" "." "-Wall" "-Wextra" "-std=c++17" "-Wsign-compare" "-Wshadow" "-Wno-unused-parameter" "-Wno-unused-variable" "-Woverloaded-virtual" "-Wnon-virtual-dtor" "-Wno-missing-field-initializers" "-Wno-strict-aliasing" "-Wno-invalid-offsetof" "-msse2" "-std=c++17" "-DSNAPPY=1" "-DLZ4=1" "-DZSTD=1" "-DZLIB=1" "-DBZIP2=1" "-DNDEBUG=1" "-DOS_LINUX" "-DROCKSDB_PLATFORM_POSIX" "-DROCKSDB_LIB_IO_POSIX" "-DROCKSDB_SUPPORT_THREAD_LOCAL" "-DHAVE_UINT128_EXTENSION=1" "-DHAVE_UINT128_EXTENSION=1" "-o" "/opt/rustwide/target/debug/build/librocksdb-sys-37550e52e41f01c8/out/rocksdb/cache/cache_reservation_manager.o" "-c" "rocksdb/cache/cache_reservation_manager.cc"
[INFO] [stderr]   running: "c++" "-O0" "-ffunction-sections" "-fdata-sections" "-fPIC" "-gdwarf-4" "-fno-omit-frame-pointer" "-m64" "-I" "rocksdb/include/" "-I" "rocksdb/" "-I" "rocksdb/third-party/gtest-1.8.1/fused-src/" "-I" "snappy/" "-I" "lz4/lib/" "-I" "/opt/rustwide/cargo-home/registry/src/github.com-1ecc6299db9ec823/zstd-sys-2.0.8+zstd.1.5.5/zstd/lib" "-I" "/opt/rustwide/target/debug/build/libz-sys-6c01e59c73ee9ecf/out/include" "-I" "/opt/rustwide/target/debug/build/bzip2-sys-837c77a65ae1337a/out/include" "-I" "." "-Wall" "-Wextra" "-std=c++17" "-Wsign-compare" "-Wshadow" "-Wno-unused-parameter" "-Wno-unused-variable" "-Woverloaded-virtual" "-Wnon-virtual-dtor" "-Wno-missing-field-initializers" "-Wno-strict-aliasing" "-Wno-invalid-offsetof" "-msse2" "-std=c++17" "-DSNAPPY=1" "-DLZ4=1" "-DZSTD=1" "-DZLIB=1" "-DBZIP2=1" "-DNDEBUG=1" "-DOS_LINUX" "-DROCKSDB_PLATFORM_POSIX" "-DROCKSDB_LIB_IO_POSIX" "-DROCKSDB_SUPPORT_THREAD_LOCAL" "-DHAVE_UINT128_EXTENSION=1" "-DHAVE_UINT128_EXTENSION=1" "-o" "/opt/rustwide/target/debug/build/librocksdb-sys-37550e52e41f01c8/out/rocksdb/db/arena_wrapped_db_iter.o" "-c" "rocksdb/db/arena_wrapped_db_iter.cc"
[INFO] [stderr]   running: "c++" "-O0" "-ffunction-sections" "-fdata-sections" "-fPIC" "-gdwarf-4" "-fno-omit-frame-pointer" "-m64" "-I" "rocksdb/include/" "-I" "rocksdb/" "-I" "rocksdb/third-party/gtest-1.8.1/fused-src/" "-I" "snappy/" "-I" "lz4/lib/" "-I" "/opt/rustwide/cargo-home/registry/src/github.com-1ecc6299db9ec823/zstd-sys-2.0.8+zstd.1.5.5/zstd/lib" "-I" "/opt/rustwide/target/debug/build/libz-sys-6c01e59c73ee9ecf/out/include" "-I" "/opt/rustwide/target/debug/build/bzip2-sys-837c77a65ae1337a/out/include" "-I" "." "-Wall" "-Wextra" "-std=c++17" "-Wsign-compare" "-Wshadow" "-Wno-unused-parameter" "-Wno-unused-variable" "-Woverloaded-virtual" "-Wnon-virtual-dtor" "-Wno-missing-field-initializers" "-Wno-strict-aliasing" "-Wno-invalid-offsetof" "-msse2" "-std=c++17" "-DSNAPPY=1" "-DLZ4=1" "-DZSTD=1" "-DZLIB=1" "-DBZIP2=1" "-DNDEBUG=1" "-DOS_LINUX" "-DROCKSDB_PLATFORM_POSIX" "-DROCKSDB_LIB_IO_POSIX" "-DROCKSDB_SUPPORT_THREAD_LOCAL" "-DHAVE_UINT128_EXTENSION=1" "-DHAVE_UINT128_EXTENSION=1" "-o" "/opt/rustwide/target/debug/build/librocksdb-sys-37550e52e41f01c8/out/rocksdb/cache/sharded_cache.o" "-c" "rocksdb/cache/sharded_cache.cc"
[INFO] [stderr]   running: "c++" "-O0" "-ffunction-sections" "-fdata-sections" "-fPIC" "-gdwarf-4" "-fno-omit-frame-pointer" "-m64" "-I" "rocksdb/include/" "-I" "rocksdb/" "-I" "rocksdb/third-party/gtest-1.8.1/fused-src/" "-I" "snappy/" "-I" "lz4/lib/" "-I" "/opt/rustwide/cargo-home/registry/src/github.com-1ecc6299db9ec823/zstd-sys-2.0.8+zstd.1.5.5/zstd/lib" "-I" "/opt/rustwide/target/debug/build/libz-sys-6c01e59c73ee9ecf/out/include" "-I" "/opt/rustwide/target/debug/build/bzip2-sys-837c77a65ae1337a/out/include" "-I" "." "-Wall" "-Wextra" "-std=c++17" "-Wsign-compare" "-Wshadow" "-Wno-unused-parameter" "-Wno-unused-variable" "-Woverloaded-virtual" "-Wnon-virtual-dtor" "-Wno-missing-field-initializers" "-Wno-strict-aliasing" "-Wno-invalid-offsetof" "-msse2" "-std=c++17" "-DSNAPPY=1" "-DLZ4=1" "-DZSTD=1" "-DZLIB=1" "-DBZIP2=1" "-DNDEBUG=1" "-DOS_LINUX" "-DROCKSDB_PLATFORM_POSIX" "-DROCKSDB_LIB_IO_POSIX" "-DROCKSDB_SUPPORT_THREAD_LOCAL" "-DHAVE_UINT128_EXTENSION=1" "-DHAVE_UINT128_EXTENSION=1" "-o" "/opt/rustwide/target/debug/build/librocksdb-sys-37550e52e41f01c8/out/rocksdb/db/blob/blob_fetcher.o" "-c" "rocksdb/db/blob/blob_fetcher.cc"
[INFO] [stderr]   running: "c++" "-O0" "-ffunction-sections" "-fdata-sections" "-fPIC" "-gdwarf-4" "-fno-omit-frame-pointer" "-m64" "-I" "rocksdb/include/" "-I" "rocksdb/" "-I" "rocksdb/third-party/gtest-1.8.1/fused-src/" "-I" "snappy/" "-I" "lz4/lib/" "-I" "/opt/rustwide/cargo-home/registry/src/github.com-1ecc6299db9ec823/zstd-sys-2.0.8+zstd.1.5.5/zstd/lib" "-I" "/opt/rustwide/target/debug/build/libz-sys-6c01e59c73ee9ecf/out/include" "-I" "/opt/rustwide/target/debug/build/bzip2-sys-837c77a65ae1337a/out/include" "-I" "." "-Wall" "-Wextra" "-std=c++17" "-Wsign-compare" "-Wshadow" "-Wno-unused-parameter" "-Wno-unused-variable" "-Woverloaded-virtual" "-Wnon-virtual-dtor" "-Wno-missing-field-initializers" "-Wno-strict-aliasing" "-Wno-invalid-offsetof" "-msse2" "-std=c++17" "-DSNAPPY=1" "-DLZ4=1" "-DZSTD=1" "-DZLIB=1" "-DBZIP2=1" "-DNDEBUG=1" "-DOS_LINUX" "-DROCKSDB_PLATFORM_POSIX" "-DROCKSDB_LIB_IO_POSIX" "-DROCKSDB_SUPPORT_THREAD_LOCAL" "-DHAVE_UINT128_EXTENSION=1" "-DHAVE_UINT128_EXTENSION=1" "-o" "/opt/rustwide/target/debug/build/librocksdb-sys-37550e52e41f01c8/out/rocksdb/db/blob/blob_file_cache.o" "-c" "rocksdb/db/blob/blob_file_cache.cc"
[INFO] [stderr]   running: "c++" "-O0" "-ffunction-sections" "-fdata-sections" "-fPIC" "-gdwarf-4" "-fno-omit-frame-pointer" "-m64" "-I" "rocksdb/include/" "-I" "rocksdb/" "-I" "rocksdb/third-party/gtest-1.8.1/fused-src/" "-I" "snappy/" "-I" "lz4/lib/" "-I" "/opt/rustwide/cargo-home/registry/src/github.com-1ecc6299db9ec823/zstd-sys-2.0.8+zstd.1.5.5/zstd/lib" "-I" "/opt/rustwide/target/debug/build/libz-sys-6c01e59c73ee9ecf/out/include" "-I" "/opt/rustwide/target/debug/build/bzip2-sys-837c77a65ae1337a/out/include" "-I" "." "-Wall" "-Wextra" "-std=c++17" "-Wsign-compare" "-Wshadow" "-Wno-unused-parameter" "-Wno-unused-variable" "-Woverloaded-virtual" "-Wnon-virtual-dtor" "-Wno-missing-field-initializers" "-Wno-strict-aliasing" "-Wno-invalid-offsetof" "-msse2" "-std=c++17" "-DSNAPPY=1" "-DLZ4=1" "-DZSTD=1" "-DZLIB=1" "-DBZIP2=1" "-DNDEBUG=1" "-DOS_LINUX" "-DROCKSDB_PLATFORM_POSIX" "-DROCKSDB_LIB_IO_POSIX" "-DROCKSDB_SUPPORT_THREAD_LOCAL" "-DHAVE_UINT128_EXTENSION=1" "-DHAVE_UINT128_EXTENSION=1" "-o" "/opt/rustwide/target/debug/build/librocksdb-sys-37550e52e41f01c8/out/rocksdb/db/blob/blob_file_garbage.o" "-c" "rocksdb/db/blob/blob_file_garbage.cc"
[INFO] [stderr]   exit status: 0
[INFO] [stderr]   running: "c++" "-O0" "-ffunction-sections" "-fdata-sections" "-fPIC" "-gdwarf-4" "-fno-omit-frame-pointer" "-m64" "-I" "rocksdb/include/" "-I" "rocksdb/" "-I" "rocksdb/third-party/gtest-1.8.1/fused-src/" "-I" "snappy/" "-I" "lz4/lib/" "-I" "/opt/rustwide/cargo-home/registry/src/github.com-1ecc6299db9ec823/zstd-sys-2.0.8+zstd.1.5.5/zstd/lib" "-I" "/opt/rustwide/target/debug/build/libz-sys-6c01e59c73ee9ecf/out/include" "-I" "/opt/rustwide/target/debug/build/bzip2-sys-837c77a65ae1337a/out/include" "-I" "." "-Wall" "-Wextra" "-std=c++17" "-Wsign-compare" "-Wshadow" "-Wno-unused-parameter" "-Wno-unused-variable" "-Woverloaded-virtual" "-Wnon-virtual-dtor" "-Wno-missing-field-initializers" "-Wno-strict-aliasing" "-Wno-invalid-offsetof" "-msse2" "-std=c++17" "-DSNAPPY=1" "-DLZ4=1" "-DZSTD=1" "-DZLIB=1" "-DBZIP2=1" "-DNDEBUG=1" "-DOS_LINUX" "-DROCKSDB_PLATFORM_POSIX" "-DROCKSDB_LIB_IO_POSIX" "-DROCKSDB_SUPPORT_THREAD_LOCAL" "-DHAVE_UINT128_EXTENSION=1" "-DHAVE_UINT128_EXTENSION=1" "-o" "/opt/rustwide/target/debug/build/librocksdb-sys-37550e52e41f01c8/out/rocksdb/db/blob/blob_file_meta.o" "-c" "rocksdb/db/blob/blob_file_meta.cc"
[INFO] [stderr]   exit status: 0
[INFO] [stderr]   running: "c++" "-O0" "-ffunction-sections" "-fdata-sections" "-fPIC" "-gdwarf-4" "-fno-omit-frame-pointer" "-m64" "-I" "rocksdb/include/" "-I" "rocksdb/" "-I" "rocksdb/third-party/gtest-1.8.1/fused-src/" "-I" "snappy/" "-I" "lz4/lib/" "-I" "/opt/rustwide/cargo-home/registry/src/github.com-1ecc6299db9ec823/zstd-sys-2.0.8+zstd.1.5.5/zstd/lib" "-I" "/opt/rustwide/target/debug/build/libz-sys-6c01e59c73ee9ecf/out/include" "-I" "/opt/rustwide/target/debug/build/bzip2-sys-837c77a65ae1337a/out/include" "-I" "." "-Wall" "-Wextra" "-std=c++17" "-Wsign-compare" "-Wshadow" "-Wno-unused-parameter" "-Wno-unused-variable" "-Woverloaded-virtual" "-Wnon-virtual-dtor" "-Wno-missing-field-initializers" "-Wno-strict-aliasing" "-Wno-invalid-offsetof" "-msse2" "-std=c++17" "-DSNAPPY=1" "-DLZ4=1" "-DZSTD=1" "-DZLIB=1" "-DBZIP2=1" "-DNDEBUG=1" "-DOS_LINUX" "-DROCKSDB_PLATFORM_POSIX" "-DROCKSDB_LIB_IO_POSIX" "-DROCKSDB_SUPPORT_THREAD_LOCAL" "-DHAVE_UINT128_EXTENSION=1" "-DHAVE_UINT128_EXTENSION=1" "-o" "/opt/rustwide/target/debug/build/librocksdb-sys-37550e52e41f01c8/out/rocksdb/db/blob/blob_file_reader.o" "-c" "rocksdb/db/blob/blob_file_reader.cc"
[INFO] [stderr]   running: "c++" "-O0" "-ffunction-sections" "-fdata-sections" "-fPIC" "-gdwarf-4" "-fno-omit-frame-pointer" "-m64" "-I" "rocksdb/include/" "-I" "rocksdb/" "-I" "rocksdb/third-party/gtest-1.8.1/fused-src/" "-I" "snappy/" "-I" "lz4/lib/" "-I" "/opt/rustwide/cargo-home/registry/src/github.com-1ecc6299db9ec823/zstd-sys-2.0.8+zstd.1.5.5/zstd/lib" "-I" "/opt/rustwide/target/debug/build/libz-sys-6c01e59c73ee9ecf/out/include" "-I" "/opt/rustwide/target/debug/build/bzip2-sys-837c77a65ae1337a/out/include" "-I" "." "-Wall" "-Wextra" "-std=c++17" "-Wsign-compare" "-Wshadow" "-Wno-unused-parameter" "-Wno-unused-variable" "-Woverloaded-virtual" "-Wnon-virtual-dtor" "-Wno-missing-field-initializers" "-Wno-strict-aliasing" "-Wno-invalid-offsetof" "-msse2" "-std=c++17" "-DSNAPPY=1" "-DLZ4=1" "-DZSTD=1" "-DZLIB=1" "-DBZIP2=1" "-DNDEBUG=1" "-DOS_LINUX" "-DROCKSDB_PLATFORM_POSIX" "-DROCKSDB_LIB_IO_POSIX" "-DROCKSDB_SUPPORT_THREAD_LOCAL" "-DHAVE_UINT128_EXTENSION=1" "-DHAVE_UINT128_EXTENSION=1" "-o" "/opt/rustwide/target/debug/build/librocksdb-sys-37550e52e41f01c8/out/rocksdb/db/blob/blob_garbage_meter.o" "-c" "rocksdb/db/blob/blob_garbage_meter.cc"
[INFO] [stderr]   cargo:warning=c++: fatal error: Killed signal terminated program cc1plus
[INFO] [stderr]   cargo:warning=compilation terminated.
[INFO] [stderr]   exit status: 1
[INFO] [stderr]   running: "c++" "-O0" "-ffunction-sections" "-fdata-sections" "-fPIC" "-gdwarf-4" "-fno-omit-frame-pointer" "-m64" "-I" "rocksdb/include/" "-I" "rocksdb/" "-I" "rocksdb/third-party/gtest-1.8.1/fused-src/" "-I" "snappy/" "-I" "lz4/lib/" "-I" "/opt/rustwide/cargo-home/registry/src/github.com-1ecc6299db9ec823/zstd-sys-2.0.8+zstd.1.5.5/zstd/lib" "-I" "/opt/rustwide/target/debug/build/libz-sys-6c01e59c73ee9ecf/out/include" "-I" "/opt/rustwide/target/debug/build/bzip2-sys-837c77a65ae1337a/out/include" "-I" "." "-Wall" "-Wextra" "-std=c++17" "-Wsign-compare" "-Wshadow" "-Wno-unused-parameter" "-Wno-unused-variable" "-Woverloaded-virtual" "-Wnon-virtual-dtor" "-Wno-missing-field-initializers" "-Wno-strict-aliasing" "-Wno-invalid-offsetof" "-msse2" "-std=c++17" "-DSNAPPY=1" "-DLZ4=1" "-DZSTD=1" "-DZLIB=1" "-DBZIP2=1" "-DNDEBUG=1" "-DOS_LINUX" "-DROCKSDB_PLATFORM_POSIX" "-DROCKSDB_LIB_IO_POSIX" "-DROCKSDB_SUPPORT_THREAD_LOCAL" "-DHAVE_UINT128_EXTENSION=1" "-DHAVE_UINT128_EXTENSION=1" "-o" "/opt/rustwide/target/debug/build/librocksdb-sys-37550e52e41f01c8/out/rocksdb/db/blob/blob_log_format.o" "-c" "rocksdb/db/blob/blob_log_format.cc"
[INFO] [stderr]   cargo:warning=c++: fatal error: Killed signal terminated program cc1plus
[INFO] [stderr]   cargo:warning=compilation terminated.
[INFO] [stderr]   exit status: 1
[INFO] [stderr]   cargo:warning=c++: fatal error: Killed signal terminated program cc1plus
[INFO] [stderr]   cargo:warning=compilation terminated.
[INFO] [stderr]   exit status: 1
[INFO] [stderr]   exit status: 0
[INFO] [stderr]   cargo:warning=c++: fatal error: Killed signal terminated program cc1plus
[INFO] [stderr]   cargo:warning=compilation terminated.
[INFO] [stderr]   exit status: 1
[INFO] [stderr]   cargo:warning=c++: fatal error: Killed signal terminated program cc1plus
[INFO] [stderr]   cargo:warning=compilation terminated.
[INFO] [stderr]   exit status: 1
[INFO] [stderr]   exit status: 0
[INFO] [stderr]   exit status: 0
[INFO] [stderr]   exit status: 0
[INFO] [stderr]   exit status: 0
[INFO] [stderr]   exit status: 0
[INFO] [stderr]   exit status: 0
[INFO] [stderr]   exit status: 0
[INFO] [stderr]   exit status: 0
[INFO] [stderr]   exit status: 0
[INFO] [stderr]   exit status: 0
[INFO] [stderr]   exit status: 0
[INFO] [stderr] 
[INFO] [stderr]   --- stderr
[INFO] [stderr]   error: 'rustfmt' is not installed for the toolchain '1.69.0-x86_64-unknown-linux-gnu'
[INFO] [stderr]   To install, run `rustup component add rustfmt --toolchain 1.69.0-x86_64-unknown-linux-gnu`
[INFO] [stderr]   Failed to run rustfmt: Internal rustfmt error (non-fatal, continuing)
[INFO] [stderr] 
[INFO] [stderr] 
[INFO] [stderr]   error occurred: Command "c++" "-O0" "-ffunction-sections" "-fdata-sections" "-fPIC" "-gdwarf-4" "-fno-omit-frame-pointer" "-m64" "-I" "rocksdb/include/" "-I" "rocksdb/" "-I" "rocksdb/third-party/gtest-1.8.1/fused-src/" "-I" "snappy/" "-I" "lz4/lib/" "-I" "/opt/rustwide/cargo-home/registry/src/github.com-1ecc6299db9ec823/zstd-sys-2.0.8+zstd.1.5.5/zstd/lib" "-I" "/opt/rustwide/target/debug/build/libz-sys-6c01e59c73ee9ecf/out/include" "-I" "/opt/rustwide/target/debug/build/bzip2-sys-837c77a65ae1337a/out/include" "-I" "." "-Wall" "-Wextra" "-std=c++17" "-Wsign-compare" "-Wshadow" "-Wno-unused-parameter" "-Wno-unused-variable" "-Woverloaded-virtual" "-Wnon-virtual-dtor" "-Wno-missing-field-initializers" "-Wno-strict-aliasing" "-Wno-invalid-offsetof" "-msse2" "-std=c++17" "-DSNAPPY=1" "-DLZ4=1" "-DZSTD=1" "-DZLIB=1" "-DBZIP2=1" "-DNDEBUG=1" "-DOS_LINUX" "-DROCKSDB_PLATFORM_POSIX" "-DROCKSDB_LIB_IO_POSIX" "-DROCKSDB_SUPPORT_THREAD_LOCAL" "-DHAVE_UINT128_EXTENSION=1" "-DHAVE_UINT128_EXTENSION=1" "-o" "/opt/rustwide/target/debug/build/librocksdb-sys-37550e52e41f01c8/out/rocksdb/cache/cache.o" "-c" "rocksdb/cache/cache.cc" with args "c++" did not execute successfully (status code exit status: 1).
[INFO] [stderr] 
[INFO] [stderr] 
[INFO] running `Command { std: "docker" "inspect" "2d9522de24a9509dd96df2cdb61a373e3d12bca6839e8f3153e25364e21b591f", kill_on_drop: false }`
[INFO] running `Command { std: "docker" "rm" "-f" "2d9522de24a9509dd96df2cdb61a373e3d12bca6839e8f3153e25364e21b591f", kill_on_drop: false }`
[INFO] [stdout] 2d9522de24a9509dd96df2cdb61a373e3d12bca6839e8f3153e25364e21b591f
