[INFO] fetching crate datapackage_convert 0.6.1...
[INFO] testing datapackage_convert-0.6.1 against 1.69.0 for beta-1.70-1
[INFO] extracting crate datapackage_convert 0.6.1 into /workspace/builds/worker-6-tc1/source
[INFO] validating manifest of crates.io crate datapackage_convert 0.6.1 on toolchain 1.69.0
[INFO] running `Command { std: CARGO_HOME="/workspace/cargo-home" RUSTUP_HOME="/workspace/rustup-home" "/workspace/cargo-home/bin/cargo" "+1.69.0" "metadata" "--manifest-path" "Cargo.toml" "--no-deps", kill_on_drop: false }`
[INFO] started tweaking crates.io crate datapackage_convert 0.6.1
[INFO] finished tweaking crates.io crate datapackage_convert 0.6.1
[INFO] tweaked toml for crates.io crate datapackage_convert 0.6.1 written to /workspace/builds/worker-6-tc1/source/Cargo.toml
[INFO] running `Command { std: CARGO_HOME="/workspace/cargo-home" RUSTUP_HOME="/workspace/rustup-home" __CARGO_TEST_CHANNEL_OVERRIDE_DO_NOT_USE_THIS="nightly" "/workspace/cargo-home/bin/cargo" "+1.69.0" "generate-lockfile" "--manifest-path" "Cargo.toml" "-Zno-index-update", kill_on_drop: false }`
[INFO] running `Command { std: CARGO_HOME="/workspace/cargo-home" RUSTUP_HOME="/workspace/rustup-home" "/workspace/cargo-home/bin/cargo" "+1.69.0" "fetch" "--manifest-path" "Cargo.toml", kill_on_drop: false }`
[INFO] [stderr]  Downloading crates ...
[INFO] [stderr]   Downloaded integer-encoding v1.1.7
[INFO] [stderr]   Downloaded lexical-core v0.8.5
[INFO] [stderr]   Downloaded lexical-util v0.8.5
[INFO] [stderr]   Downloaded lexical-write-integer v0.8.5
[INFO] [stderr]   Downloaded bindgen v0.65.1
[INFO] [stderr]   Downloaded flatbuffers v2.1.2
[INFO] [stderr]   Downloaded xlsxwriter v0.3.5
[INFO] [stderr]   Downloaded prettyplease v0.2.4
[INFO] [stderr]   Downloaded tokio-postgres v0.7.8
[INFO] [stderr]   Downloaded socket2 v0.5.2
[INFO] [stderr]   Downloaded thrift v0.13.0
[INFO] [stderr]   Downloaded lz4 v1.24.0
[INFO] [stderr]   Downloaded multiversion v0.6.1
[INFO] [stderr]   Downloaded parquet-format v4.0.0
[INFO] [stderr]   Downloaded multiversion-macros v0.6.1
[INFO] [stderr]   Downloaded postgres v0.19.5
[INFO] [stderr]   Downloaded postgres-protocol v0.6.5
[INFO] [stderr]   Downloaded rusqlite v0.28.0
[INFO] [stderr]   Downloaded lexical-parse-integer v0.8.6
[INFO] [stderr]   Downloaded typed-builder v0.10.0
[INFO] [stderr]   Downloaded postgres-types v0.2.5
[INFO] [stderr]   Downloaded lexical-write-float v0.8.5
[INFO] [stderr]   Downloaded lexical-parse-float v0.8.5
[INFO] [stderr]   Downloaded lz4-sys v1.9.4
[INFO] [stderr]   Downloaded parquet v19.0.0
[INFO] [stderr]   Downloaded arrow v19.0.0
[INFO] [stderr]   Downloaded minijinja v0.17.0
[INFO] [stderr]   Downloaded libxlsxwriter-sys v1.1.5
[INFO] [stderr]   Downloaded libsqlite3-sys v0.25.2
[INFO] running `Command { std: "docker" "create" "-v" "/var/lib/crater-agent-workspace/builds/worker-6-tc1/target:/opt/rustwide/target:rw,Z" "-v" "/var/lib/crater-agent-workspace/builds/worker-6-tc1/source:/opt/rustwide/workdir:ro,Z" "-v" "/var/lib/crater-agent-workspace/cargo-home:/opt/rustwide/cargo-home:ro,Z" "-v" "/var/lib/crater-agent-workspace/rustup-home:/opt/rustwide/rustup-home:ro,Z" "-e" "SOURCE_DIR=/opt/rustwide/workdir" "-e" "CARGO_TARGET_DIR=/opt/rustwide/target" "-e" "CARGO_HOME=/opt/rustwide/cargo-home" "-e" "RUSTUP_HOME=/opt/rustwide/rustup-home" "-w" "/opt/rustwide/workdir" "-m" "1610612736" "--user" "0:0" "--network" "none" "ghcr.io/rust-lang/crates-build-env/linux@sha256:5ff2268d62e97bff2cde7d5815dd6ed5b47097566f13b8d0ca110b04b60e07ed" "/opt/rustwide/cargo-home/bin/cargo" "+1.69.0" "metadata" "--no-deps" "--format-version=1", kill_on_drop: false }`
[INFO] [stdout] 45b3adecc7a643e2ea2b8343857c8dc07a22b42685721fa3d2e12883736af458
[INFO] running `Command { std: "docker" "start" "-a" "45b3adecc7a643e2ea2b8343857c8dc07a22b42685721fa3d2e12883736af458", kill_on_drop: false }`
[INFO] running `Command { std: "docker" "inspect" "45b3adecc7a643e2ea2b8343857c8dc07a22b42685721fa3d2e12883736af458", kill_on_drop: false }`
[INFO] running `Command { std: "docker" "rm" "-f" "45b3adecc7a643e2ea2b8343857c8dc07a22b42685721fa3d2e12883736af458", kill_on_drop: false }`
[INFO] [stdout] 45b3adecc7a643e2ea2b8343857c8dc07a22b42685721fa3d2e12883736af458
[INFO] running `Command { std: "docker" "create" "-v" "/var/lib/crater-agent-workspace/builds/worker-6-tc1/target:/opt/rustwide/target:rw,Z" "-v" "/var/lib/crater-agent-workspace/builds/worker-6-tc1/source:/opt/rustwide/workdir:ro,Z" "-v" "/var/lib/crater-agent-workspace/cargo-home:/opt/rustwide/cargo-home:ro,Z" "-v" "/var/lib/crater-agent-workspace/rustup-home:/opt/rustwide/rustup-home:ro,Z" "-e" "SOURCE_DIR=/opt/rustwide/workdir" "-e" "CARGO_TARGET_DIR=/opt/rustwide/target" "-e" "CARGO_INCREMENTAL=0" "-e" "RUST_BACKTRACE=full" "-e" "RUSTFLAGS=--cap-lints=warn" "-e" "RUSTDOCFLAGS=--cap-lints=warn" "-e" "CARGO_HOME=/opt/rustwide/cargo-home" "-e" "RUSTUP_HOME=/opt/rustwide/rustup-home" "-w" "/opt/rustwide/workdir" "-m" "1610612736" "--user" "0:0" "--network" "none" "ghcr.io/rust-lang/crates-build-env/linux@sha256:5ff2268d62e97bff2cde7d5815dd6ed5b47097566f13b8d0ca110b04b60e07ed" "/opt/rustwide/cargo-home/bin/cargo" "+1.69.0" "build" "--frozen" "--message-format=json", kill_on_drop: false }`
[INFO] [stdout] 86e05783b7b95f5e67bb2b08a10c0d5e2ae6af8d97815e03bcfaff4d0493c9f1
[INFO] running `Command { std: "docker" "start" "-a" "86e05783b7b95f5e67bb2b08a10c0d5e2ae6af8d97815e03bcfaff4d0493c9f1", kill_on_drop: false }`
[INFO] [stderr]    Compiling libc v0.2.142
[INFO] [stderr]    Compiling generic-array v0.14.7
[INFO] [stderr]    Compiling getrandom v0.2.9
[INFO] [stderr]    Compiling log v0.4.17
[INFO] [stderr]    Compiling num-traits v0.2.15
[INFO] [stderr]    Compiling subtle v2.4.1
[INFO] [stderr]    Compiling syn v2.0.15
[INFO] [stderr]    Compiling ahash v0.7.6
[INFO] [stderr]    Compiling syn v1.0.109
[INFO] [stderr]    Compiling rand_core v0.6.4
[INFO] [stderr]    Compiling cpufeatures v0.2.7
[INFO] [stderr]    Compiling memchr v2.5.0
[INFO] [stderr]    Compiling prettyplease v0.2.4
[INFO] [stderr]    Compiling lexical-util v0.8.5
[INFO] [stderr]    Compiling jobserver v0.1.26
[INFO] [stderr]    Compiling crypto-common v0.1.6
[INFO] [stderr]    Compiling block-buffer v0.10.4
[INFO] [stderr]    Compiling cc v1.0.79
[INFO] [stderr]    Compiling digest v0.10.6
[INFO] [stderr]    Compiling rand_chacha v0.3.1
[INFO] [stderr]    Compiling hashbrown v0.12.3
[INFO] [stderr]    Compiling minimal-lexical v0.2.1
[INFO] [stderr]    Compiling futures-core v0.3.28
[INFO] [stderr]    Compiling bytes v1.4.0
[INFO] [stderr]    Compiling serde v1.0.160
[INFO] [stderr]    Compiling num-integer v0.1.45
[INFO] [stderr]    Compiling nom v7.1.3
[INFO] [stderr]    Compiling rand v0.8.5
[INFO] [stderr]    Compiling sha2 v0.10.6
[INFO] [stderr]    Compiling zstd-sys v2.0.8+zstd.1.5.5
[INFO] [stderr]    Compiling hmac v0.12.1
[INFO] [stderr]    Compiling either v1.8.1
[INFO] [stderr]    Compiling bindgen v0.65.1
[INFO] [stderr]    Compiling regex-syntax v0.7.1
[INFO] [stderr]    Compiling which v4.4.0
[INFO] [stderr]    Compiling indexmap v1.9.3
[INFO] [stderr]    Compiling clang-sys v1.6.1
[INFO] [stderr]    Compiling tokio v1.28.0
[INFO] [stderr]    Compiling fallible-iterator v0.2.0
[INFO] [stderr]    Compiling peeking_take_while v0.1.2
[INFO] [stderr]    Compiling thiserror v1.0.40
[INFO] [stderr]    Compiling rustc-hash v1.1.0
[INFO] [stderr]    Compiling lazycell v1.3.0
[INFO] [stderr]    Compiling futures-sink v0.3.28
[INFO] [stderr]    Compiling stringprep v0.1.2
[INFO] [stderr]    Compiling cexpr v0.6.0
[INFO] [stderr]    Compiling num-bigint v0.4.3
[INFO] [stderr]    Compiling lz4-sys v1.9.4
[INFO] [stderr]    Compiling regex v1.8.1
[INFO] [stderr]    Compiling bzip2-sys v0.1.11+1.0.8
[INFO] [stderr]    Compiling lexical-parse-integer v0.8.6
[INFO] [stderr]    Compiling lexical-write-integer v0.8.5
[INFO] [stderr]    Compiling md-5 v0.10.5
[INFO] [stderr]    Compiling mio v0.8.6
[INFO] [stderr]    Compiling tracing-core v0.1.30
[INFO] [stderr]    Compiling socket2 v0.4.9
[INFO] [stderr]    Compiling futures-channel v0.3.28
[INFO] [stderr]    Compiling thiserror-impl v1.0.40
[INFO] [stderr]    Compiling futures-util v0.3.28
[INFO] [stderr]    Compiling serde_derive v1.0.160
[INFO] [stderr]    Compiling zstd-safe v5.0.2+zstd.1.5.2
[INFO] [stderr]    Compiling alloc-no-stdlib v2.0.4
[INFO] [stderr]    Compiling serde_json v1.0.96
[INFO] [stderr]    Compiling alloc-stdlib v0.2.2
[INFO] [stderr]    Compiling libsqlite3-sys v0.25.2
[INFO] [stderr]    Compiling postgres-protocol v0.6.5
[INFO] [stderr]    Compiling futures-macro v0.3.28
[INFO] [stderr]    Compiling tracing v0.1.37
[INFO] [stderr]    Compiling multiversion-macros v0.6.1
[INFO] [stderr]    Compiling threadpool v1.8.1
[INFO] [stderr]    Compiling num-rational v0.4.1
[INFO] [stderr]    Compiling lexical-write-float v0.8.5
[INFO] [stderr]    Compiling lexical-parse-float v0.8.5
[INFO] [stderr]    Compiling num-iter v0.1.43
[INFO] [stderr]    Compiling parking_lot_core v0.9.7
[INFO] [stderr]    Compiling ordered-float v1.1.1
[INFO] [stderr]    Compiling num-complex v0.4.3
[INFO] [stderr]    Compiling csv-core v0.1.10
[INFO] [stderr]    Compiling integer-encoding v1.1.7
[INFO] [stderr]    Compiling base64ct v1.6.0
[INFO] [stderr]    Compiling snap v1.1.0
[INFO] [stderr]    Compiling doc-comment v0.3.3
[INFO] [stderr]    Compiling multiversion v0.6.1
[INFO] [stderr]    Compiling csv v1.2.1
[INFO] [stderr]    Compiling password-hash v0.4.2
[INFO] [stderr]    Compiling num v0.4.0
[INFO] [stderr]    Compiling thrift v0.13.0
[INFO] [stderr]    Compiling chrono v0.4.24
[INFO] [stderr]    Compiling parking_lot v0.12.1
[INFO] [stderr]    Compiling lexical-core v0.8.5
[INFO] [stderr]    Compiling flate2 v1.0.26
[INFO] [stderr]    Compiling flatbuffers v2.1.2
[INFO] [stderr]    Compiling postgres-types v0.2.5
[INFO] [stderr]    Compiling brotli-decompressor v2.3.4
[INFO] [stderr]    Compiling tokio-util v0.7.8
[INFO] [stderr]    Compiling async-trait v0.1.68
[INFO] [stderr]    Compiling phf v0.11.1
[INFO] [stderr]    Compiling cipher v0.3.0
[INFO] [stderr]    Compiling socket2 v0.5.2
[INFO] [stderr]    Compiling half v2.2.1
[INFO] [stderr]    Compiling parquet v19.0.0
[INFO] [stderr]    Compiling libxlsxwriter-sys v1.1.5
[INFO] [stderr]    Compiling hex v0.4.3
[INFO] [stderr]    Compiling time-core v0.1.0
[INFO] [stderr]    Compiling time v0.3.20
[INFO] [stderr]    Compiling aes v0.7.5
[INFO] [stderr]    Compiling snafu-derive v0.7.4
[INFO] [stderr]    Compiling tokio-postgres v0.7.8
[INFO] [stderr]    Compiling brotli v3.3.4
[INFO] [stderr]    Compiling parquet-format v4.0.0
[INFO] [stderr]    Compiling pbkdf2 v0.11.0
[INFO] [stderr]    Compiling hashlink v0.8.1
[INFO] [stderr]    Compiling sha1 v0.10.5
[INFO] [stderr]    Compiling fixedbitset v0.4.2
[INFO] [stderr]    Compiling fallible-streaming-iterator v0.1.9
[INFO] [stderr]    Compiling constant_time_eq v0.1.5
[INFO] [stderr]    Compiling base64 v0.13.1
[INFO] [stderr]    Compiling petgraph v0.6.3
[INFO] [stderr]    Compiling postgres v0.19.5
[INFO] [stderr]    Compiling arrow v19.0.0
[INFO] [stderr]    Compiling typed-builder v0.10.0
[INFO] [stderr]    Compiling minijinja v0.17.0
[INFO] [stderr]    Compiling snafu v0.7.4
[INFO] [stderr]    Compiling bzip2 v0.4.4
[INFO] [stderr]    Compiling zstd v0.11.2+zstd.1.5.2
[INFO] [stderr]    Compiling zip v0.6.4
[INFO] [stderr]    Compiling lz4 v1.24.0
[INFO] [stderr]    Compiling rusqlite v0.28.0
[INFO] [stderr]    Compiling xlsxwriter v0.3.5
[INFO] [stdout] error[E0412]: cannot find type `size_t` in crate `libxlsxwriter_sys`
[INFO] [stdout]     --> /opt/rustwide/cargo-home/registry/src/github.com-1ecc6299db9ec823/xlsxwriter-0.3.5/src/worksheet.rs:1126:52
[INFO] [stdout]      |
[INFO] [stdout] 1126 |                 buffer.len() as libxlsxwriter_sys::size_t,
[INFO] [stdout]      |                                                    ^^^^^^ help: a type alias with a similar name exists: `time_t`
[INFO] [stdout]      |
[INFO] [stdout]     ::: /opt/rustwide/target/debug/build/libxlsxwriter-sys-18973540d4744ef7/out/bindings.rs:3:8303
[INFO] [stdout]      |
[INFO] [stdout] 3    | ...::" , stringify ! (_unused2))) ; } pub type time_t = __time_t ; pub type lxw_row_t = u32 ; pub type lxw_col_t = u16 ; pub const lxw_bo...
[INFO] [stdout]      |                                       --------------- similarly named type alias `time_t` defined here
[INFO] [stdout] 
[INFO] [stdout] 
[INFO] [stdout] error[E0412]: cannot find type `size_t` in crate `libxlsxwriter_sys`
[INFO] [stdout]     --> /opt/rustwide/cargo-home/registry/src/github.com-1ecc6299db9ec823/xlsxwriter-0.3.5/src/worksheet.rs:1150:52
[INFO] [stdout]      |
[INFO] [stdout] 1150 |                 buffer.len() as libxlsxwriter_sys::size_t,
[INFO] [stdout]      |                                                    ^^^^^^ help: a type alias with a similar name exists: `time_t`
[INFO] [stdout]      |
[INFO] [stdout]     ::: /opt/rustwide/target/debug/build/libxlsxwriter-sys-18973540d4744ef7/out/bindings.rs:3:8303
[INFO] [stdout]      |
[INFO] [stdout] 3    | ...::" , stringify ! (_unused2))) ; } pub type time_t = __time_t ; pub type lxw_row_t = u32 ; pub type lxw_col_t = u16 ; pub const lxw_bo...
[INFO] [stdout]      |                                       --------------- similarly named type alias `time_t` defined here
[INFO] [stdout] 
[INFO] [stdout] 
[INFO] [stdout] error[E0063]: missing fields `output_buffer` and `output_buffer_size` in initializer of `lxw_workbook_options`
[INFO] [stdout]   --> /opt/rustwide/cargo-home/registry/src/github.com-1ecc6299db9ec823/xlsxwriter-0.3.5/src/workbook.rs:90:40
[INFO] [stdout]    |
[INFO] [stdout] 90 |             let mut workbook_options = libxlsxwriter_sys::lxw_workbook_options {
[INFO] [stdout]    |                                        ^^^^^^^^^^^^^^^^^^^^^^^^^^^^^^^^^^^^^^^ missing `output_buffer` and `output_buffer_size`
[INFO] [stdout] 
[INFO] [stdout] 
[INFO] [stderr] error: could not compile `xlsxwriter` due to 4 previous errors
[INFO] [stdout] error: aborting due to 3 previous errors
[INFO] [stdout] 
[INFO] [stdout] 
[INFO] [stderr] warning: build failed, waiting for other jobs to finish...
[INFO] [stdout] Some errors have detailed explanations: E0063, E0412.
[INFO] [stdout] 
[INFO] [stdout] For more information about an error, try `rustc --explain E0063`.
[INFO] [stdout] 
[INFO] [stderr] error: could not compile `arrow`
[INFO] [stderr] 
[INFO] [stderr] Caused by:
[INFO] [stderr]   process didn't exit successfully: `rustc --crate-name arrow --edition=2021 /opt/rustwide/cargo-home/registry/src/github.com-1ecc6299db9ec823/arrow-19.0.0/src/lib.rs --error-format=json --json=diagnostic-rendered-ansi,artifacts,future-incompat --crate-type lib --emit=dep-info,metadata,link -C embed-bitcode=no -C debuginfo=2 --cfg 'feature="csv"' --cfg 'feature="csv_crate"' --cfg 'feature="default"' --cfg 'feature="flatbuffers"' --cfg 'feature="ipc"' --cfg 'feature="rand"' --cfg 'feature="test_utils"' -C metadata=329219444859d336 -C extra-filename=-329219444859d336 --out-dir /opt/rustwide/target/debug/deps -L dependency=/opt/rustwide/target/debug/deps --extern ahash=/opt/rustwide/target/debug/deps/libahash-73cb92218f1ec080.rmeta --extern bitflags=/opt/rustwide/target/debug/deps/libbitflags-82cc2d155c6eb112.rmeta --extern chrono=/opt/rustwide/target/debug/deps/libchrono-d9abc93753f40e97.rmeta --extern csv_crate=/opt/rustwide/target/debug/deps/libcsv-211fdbf21e055b30.rmeta --extern flatbuffers=/opt/rustwide/target/debug/deps/libflatbuffers-fe5a4fdefb43f57e.rmeta --extern half=/opt/rustwide/target/debug/deps/libhalf-7a1580b5c8e83321.rmeta --extern hashbrown=/opt/rustwide/target/debug/deps/libhashbrown-347661a639c9528e.rmeta --extern hex=/opt/rustwide/target/debug/deps/libhex-7a22b21f49496236.rmeta --extern indexmap=/opt/rustwide/target/debug/deps/libindexmap-a339cc4368ca4907.rmeta --extern lazy_static=/opt/rustwide/target/debug/deps/liblazy_static-a15e1ed0a3c31761.rmeta --extern lexical_core=/opt/rustwide/target/debug/deps/liblexical_core-a85ffb68af845d79.rmeta --extern multiversion=/opt/rustwide/target/debug/deps/libmultiversion-5d87552b7ae47923.rmeta --extern num=/opt/rustwide/target/debug/deps/libnum-f99247768c2c3f57.rmeta --extern rand=/opt/rustwide/target/debug/deps/librand-027ebd8cd3eea29e.rmeta --extern regex=/opt/rustwide/target/debug/deps/libregex-62f85974b4cf0dcb.rmeta --extern serde=/opt/rustwide/target/debug/deps/libserde-ecff9e9bb5abe319.rmeta --extern serde_derive=/opt/rustwide/target/debug/deps/libserde_derive-9b1f5dd73747dbd4.so --extern serde_json=/opt/rustwide/target/debug/deps/libserde_json-417599024ab73695.rmeta --cap-lints allow --cap-lints=warn` (signal: 9, SIGKILL: kill)
[INFO] running `Command { std: "docker" "inspect" "86e05783b7b95f5e67bb2b08a10c0d5e2ae6af8d97815e03bcfaff4d0493c9f1", kill_on_drop: false }`
[INFO] running `Command { std: "docker" "rm" "-f" "86e05783b7b95f5e67bb2b08a10c0d5e2ae6af8d97815e03bcfaff4d0493c9f1", kill_on_drop: false }`
[INFO] [stdout] 86e05783b7b95f5e67bb2b08a10c0d5e2ae6af8d97815e03bcfaff4d0493c9f1
