[INFO] fetching crate datafusion-physical-expr 23.0.0...
[INFO] testing datafusion-physical-expr-23.0.0 against 1.69.0 for beta-1.70-1
[INFO] extracting crate datafusion-physical-expr 23.0.0 into /workspace/builds/worker-6-tc1/source
[INFO] validating manifest of crates.io crate datafusion-physical-expr 23.0.0 on toolchain 1.69.0
[INFO] running `Command { std: CARGO_HOME="/workspace/cargo-home" RUSTUP_HOME="/workspace/rustup-home" "/workspace/cargo-home/bin/cargo" "+1.69.0" "metadata" "--manifest-path" "Cargo.toml" "--no-deps", kill_on_drop: false }`
[INFO] started tweaking crates.io crate datafusion-physical-expr 23.0.0
[INFO] finished tweaking crates.io crate datafusion-physical-expr 23.0.0
[INFO] tweaked toml for crates.io crate datafusion-physical-expr 23.0.0 written to /workspace/builds/worker-6-tc1/source/Cargo.toml
[INFO] running `Command { std: CARGO_HOME="/workspace/cargo-home" RUSTUP_HOME="/workspace/rustup-home" __CARGO_TEST_CHANNEL_OVERRIDE_DO_NOT_USE_THIS="nightly" "/workspace/cargo-home/bin/cargo" "+1.69.0" "generate-lockfile" "--manifest-path" "Cargo.toml" "-Zno-index-update", kill_on_drop: false }`
[INFO] running `Command { std: CARGO_HOME="/workspace/cargo-home" RUSTUP_HOME="/workspace/rustup-home" "/workspace/cargo-home/bin/cargo" "+1.69.0" "fetch" "--manifest-path" "Cargo.toml", kill_on_drop: false }`
[INFO] [stderr]  Downloading crates ...
[INFO] [stderr]   Downloaded sqlparser v0.33.0
[INFO] [stderr]   Downloaded arrow-buffer v37.0.0
[INFO] [stderr]   Downloaded arrow v37.0.0
[INFO] [stderr]   Downloaded const-random v0.1.15
[INFO] [stderr]   Downloaded datafusion-expr v23.0.0
[INFO] [stderr]   Downloaded arrow-ipc v37.0.0
[INFO] [stderr]   Downloaded lexical-core v0.8.5
[INFO] [stderr]   Downloaded flatbuffers v23.1.21
[INFO] [stderr]   Downloaded comfy-table v6.1.4
[INFO] [stderr]   Downloaded chrono-tz-build v0.1.0
[INFO] [stderr]   Downloaded const-random-macro v0.1.15
[INFO] [stderr]   Downloaded chrono-tz v0.8.2
[INFO] [stderr]   Downloaded rstest_macros v0.17.0
[INFO] [stderr]   Downloaded arrow-ord v37.0.0
[INFO] [stderr]   Downloaded arrow-string v37.0.0
[INFO] [stderr]   Downloaded arrow-data v37.0.0
[INFO] [stderr]   Downloaded arrow-schema v37.0.0
[INFO] [stderr]   Downloaded arrow-array v37.0.0
[INFO] [stderr]   Downloaded datafusion-common v23.0.0
[INFO] [stderr]   Downloaded lexical-write-float v0.8.5
[INFO] [stderr]   Downloaded lexical-util v0.8.5
[INFO] [stderr]   Downloaded arrow-arith v37.0.0
[INFO] [stderr]   Downloaded arrow-csv v37.0.0
[INFO] [stderr]   Downloaded arrow-cast v37.0.0
[INFO] [stderr]   Downloaded lexical-parse-float v0.8.5
[INFO] [stderr]   Downloaded lexical-parse-integer v0.8.6
[INFO] [stderr]   Downloaded lexical-write-integer v0.8.5
[INFO] [stderr]   Downloaded arrow-json v37.0.0
[INFO] [stderr]   Downloaded arrow-row v37.0.0
[INFO] [stderr]   Downloaded arrow-select v37.0.0
[INFO] [stderr]   Downloaded rstest v0.17.0
[INFO] [stderr]   Downloaded datafusion-row v23.0.0
[INFO] running `Command { std: "docker" "create" "-v" "/var/lib/crater-agent-workspace/builds/worker-6-tc1/target:/opt/rustwide/target:rw,Z" "-v" "/var/lib/crater-agent-workspace/builds/worker-6-tc1/source:/opt/rustwide/workdir:ro,Z" "-v" "/var/lib/crater-agent-workspace/cargo-home:/opt/rustwide/cargo-home:ro,Z" "-v" "/var/lib/crater-agent-workspace/rustup-home:/opt/rustwide/rustup-home:ro,Z" "-e" "SOURCE_DIR=/opt/rustwide/workdir" "-e" "CARGO_TARGET_DIR=/opt/rustwide/target" "-e" "CARGO_HOME=/opt/rustwide/cargo-home" "-e" "RUSTUP_HOME=/opt/rustwide/rustup-home" "-w" "/opt/rustwide/workdir" "-m" "1610612736" "--user" "0:0" "--network" "none" "ghcr.io/rust-lang/crates-build-env/linux@sha256:5ff2268d62e97bff2cde7d5815dd6ed5b47097566f13b8d0ca110b04b60e07ed" "/opt/rustwide/cargo-home/bin/cargo" "+1.69.0" "metadata" "--no-deps" "--format-version=1", kill_on_drop: false }`
[INFO] [stdout] 9b8a2660cb0a5740d4bb1640a55e566a17f9e19907636eb251523d4e1efb54f3
[INFO] running `Command { std: "docker" "start" "-a" "9b8a2660cb0a5740d4bb1640a55e566a17f9e19907636eb251523d4e1efb54f3", kill_on_drop: false }`
[INFO] running `Command { std: "docker" "inspect" "9b8a2660cb0a5740d4bb1640a55e566a17f9e19907636eb251523d4e1efb54f3", kill_on_drop: false }`
[INFO] running `Command { std: "docker" "rm" "-f" "9b8a2660cb0a5740d4bb1640a55e566a17f9e19907636eb251523d4e1efb54f3", kill_on_drop: false }`
[INFO] [stdout] 9b8a2660cb0a5740d4bb1640a55e566a17f9e19907636eb251523d4e1efb54f3
[INFO] running `Command { std: "docker" "create" "-v" "/var/lib/crater-agent-workspace/builds/worker-6-tc1/target:/opt/rustwide/target:rw,Z" "-v" "/var/lib/crater-agent-workspace/builds/worker-6-tc1/source:/opt/rustwide/workdir:ro,Z" "-v" "/var/lib/crater-agent-workspace/cargo-home:/opt/rustwide/cargo-home:ro,Z" "-v" "/var/lib/crater-agent-workspace/rustup-home:/opt/rustwide/rustup-home:ro,Z" "-e" "SOURCE_DIR=/opt/rustwide/workdir" "-e" "CARGO_TARGET_DIR=/opt/rustwide/target" "-e" "CARGO_INCREMENTAL=0" "-e" "RUST_BACKTRACE=full" "-e" "RUSTFLAGS=--cap-lints=warn" "-e" "RUSTDOCFLAGS=--cap-lints=warn" "-e" "CARGO_HOME=/opt/rustwide/cargo-home" "-e" "RUSTUP_HOME=/opt/rustwide/rustup-home" "-w" "/opt/rustwide/workdir" "-m" "1610612736" "--user" "0:0" "--network" "none" "ghcr.io/rust-lang/crates-build-env/linux@sha256:5ff2268d62e97bff2cde7d5815dd6ed5b47097566f13b8d0ca110b04b60e07ed" "/opt/rustwide/cargo-home/bin/cargo" "+1.69.0" "build" "--frozen" "--message-format=json", kill_on_drop: false }`
[INFO] [stdout] b2c530585cf7e0321cd2535569f0d1c42a906394f784a7a5a2c00f5d79ab6135
[INFO] running `Command { std: "docker" "start" "-a" "b2c530585cf7e0321cd2535569f0d1c42a906394f784a7a5a2c00f5d79ab6135", kill_on_drop: false }`
[INFO] [stderr]     Blocking waiting for file lock on package cache
[INFO] [stderr]    Compiling siphasher v0.3.10
[INFO] [stderr]    Compiling crunchy v0.2.2
[INFO] [stderr]    Compiling tiny-keccak v2.0.2
[INFO] [stderr]    Compiling regex-syntax v0.7.1
[INFO] [stderr]    Compiling aho-corasick v1.0.1
[INFO] [stderr]    Compiling proc-macro-hack v0.5.20+deprecated
[INFO] [stderr]    Compiling rand v0.8.5
[INFO] [stderr]    Compiling ahash v0.8.3
[INFO] [stderr]    Compiling num v0.4.0
[INFO] [stderr]    Compiling phf_shared v0.11.1
[INFO] [stderr]    Compiling half v2.2.1
[INFO] [stderr]    Compiling phf v0.11.1
[INFO] [stderr]    Compiling chrono v0.4.24
[INFO] [stderr]    Compiling arrow-schema v37.0.0
[INFO] [stderr]    Compiling arrow-buffer v37.0.0
[INFO] [stderr]    Compiling lexical-util v0.8.5
[INFO] [stderr]    Compiling phf_generator v0.11.1
[INFO] [stderr]    Compiling phf_codegen v0.11.1
[INFO] [stderr]    Compiling const-random-macro v0.1.15
[INFO] [stderr]    Compiling arrow-data v37.0.0
[INFO] [stderr]    Compiling syn v1.0.109
[INFO] [stderr]    Compiling lexical-write-integer v0.8.5
[INFO] [stderr]    Compiling const-random v0.1.15
[INFO] [stderr]    Compiling lexical-parse-integer v0.8.6
[INFO] [stderr]    Compiling hashbrown v0.13.2
[INFO] [stderr]    Compiling serde v1.0.160
[INFO] [stderr]    Compiling lexical-parse-float v0.8.5
[INFO] [stderr]    Compiling regex v1.8.1
[INFO] [stderr]    Compiling lexical-write-float v0.8.5
[INFO] [stderr]    Compiling strum v0.24.1
[INFO] [stderr]    Compiling rustc_version v0.4.0
[INFO] [stderr]    Compiling lexical-core v0.8.5
[INFO] [stderr]    Compiling csv-core v0.1.10
[INFO] [stderr]    Compiling regex-syntax v0.6.29
[INFO] [stderr]    Compiling flatbuffers v23.1.21
[INFO] [stderr]    Compiling parse-zoneinfo v0.3.0
[INFO] [stderr]    Compiling chrono-tz-build v0.1.0
[INFO] [stderr]    Compiling digest v0.10.6
[INFO] [stderr]    Compiling sqlparser v0.33.0
[INFO] [stderr]    Compiling blake3 v1.3.3
[INFO] [stderr]    Compiling arrayvec v0.7.2
[INFO] [stderr]    Compiling fixedbitset v0.4.2
[INFO] [stderr]    Compiling arrayref v0.3.7
[INFO] [stderr]    Compiling either v1.8.1
[INFO] [stderr]    Compiling constant_time_eq v0.2.5
[INFO] [stderr]    Compiling itertools v0.10.5
[INFO] [stderr]    Compiling sha2 v0.10.6
[INFO] [stderr]    Compiling petgraph v0.6.3
[INFO] [stderr]    Compiling serde_json v1.0.96
[INFO] [stderr]    Compiling csv v1.2.1
[INFO] [stderr]    Compiling chrono-tz v0.8.2
[INFO] [stderr]    Compiling md-5 v0.10.5
[INFO] [stderr]    Compiling blake2 v0.10.6
[INFO] [stderr]    Compiling uuid v1.3.2
[INFO] [stderr]    Compiling unicode-segmentation v1.10.1
[INFO] [stderr]    Compiling strum_macros v0.24.3
[INFO] [stderr]    Compiling comfy-table v6.1.4
[INFO] [stderr]    Compiling arrow-array v37.0.0
[INFO] [stderr]    Compiling arrow-select v37.0.0
[INFO] [stderr]    Compiling arrow-row v37.0.0
[INFO] [stderr]    Compiling arrow-arith v37.0.0
[INFO] [stderr]    Compiling arrow-cast v37.0.0
[INFO] [stderr]    Compiling arrow-ord v37.0.0
[INFO] [stderr]    Compiling arrow-string v37.0.0
[INFO] [stderr]    Compiling arrow-csv v37.0.0
[INFO] [stderr]    Compiling arrow-ipc v37.0.0
[INFO] [stderr]    Compiling arrow-json v37.0.0
[INFO] [stderr]    Compiling arrow v37.0.0
[INFO] [stderr]    Compiling datafusion-common v23.0.0
[INFO] [stderr]    Compiling datafusion-expr v23.0.0
[INFO] [stderr]    Compiling datafusion-row v23.0.0
[INFO] [stderr]    Compiling datafusion-physical-expr v23.0.0 (/opt/rustwide/workdir)
[INFO] [stderr]     Finished dev [unoptimized + debuginfo] target(s) in 1m 49s
[INFO] running `Command { std: "docker" "inspect" "b2c530585cf7e0321cd2535569f0d1c42a906394f784a7a5a2c00f5d79ab6135", kill_on_drop: false }`
[INFO] running `Command { std: "docker" "rm" "-f" "b2c530585cf7e0321cd2535569f0d1c42a906394f784a7a5a2c00f5d79ab6135", kill_on_drop: false }`
[INFO] [stdout] b2c530585cf7e0321cd2535569f0d1c42a906394f784a7a5a2c00f5d79ab6135
[INFO] running `Command { std: "docker" "create" "-v" "/var/lib/crater-agent-workspace/builds/worker-6-tc1/target:/opt/rustwide/target:rw,Z" "-v" "/var/lib/crater-agent-workspace/builds/worker-6-tc1/source:/opt/rustwide/workdir:ro,Z" "-v" "/var/lib/crater-agent-workspace/cargo-home:/opt/rustwide/cargo-home:ro,Z" "-v" "/var/lib/crater-agent-workspace/rustup-home:/opt/rustwide/rustup-home:ro,Z" "-e" "SOURCE_DIR=/opt/rustwide/workdir" "-e" "CARGO_TARGET_DIR=/opt/rustwide/target" "-e" "CARGO_INCREMENTAL=0" "-e" "RUST_BACKTRACE=full" "-e" "RUSTFLAGS=--cap-lints=warn" "-e" "RUSTDOCFLAGS=--cap-lints=warn" "-e" "CARGO_HOME=/opt/rustwide/cargo-home" "-e" "RUSTUP_HOME=/opt/rustwide/rustup-home" "-w" "/opt/rustwide/workdir" "-m" "1610612736" "--user" "0:0" "--network" "none" "ghcr.io/rust-lang/crates-build-env/linux@sha256:5ff2268d62e97bff2cde7d5815dd6ed5b47097566f13b8d0ca110b04b60e07ed" "/opt/rustwide/cargo-home/bin/cargo" "+1.69.0" "test" "--frozen" "--no-run" "--message-format=json", kill_on_drop: false }`
[INFO] [stdout] e0b1e5b8611ae4d83e701ea44156e98b8fd11fa635de391240aa1543fb250dc7
[INFO] running `Command { std: "docker" "start" "-a" "e0b1e5b8611ae4d83e701ea44156e98b8fd11fa635de391240aa1543fb250dc7", kill_on_drop: false }`
[INFO] [stderr]    Compiling futures-macro v0.3.28
[INFO] [stderr]    Compiling rstest_macros v0.17.0
[INFO] [stderr]    Compiling plotters-backend v0.3.4
[INFO] [stderr]    Compiling ciborium-io v0.2.0
[INFO] [stderr]    Compiling os_str_bytes v6.5.0
[INFO] [stderr]    Compiling cast v0.3.0
[INFO] [stderr]    Compiling textwrap v0.16.0
[INFO] [stderr]    Compiling walkdir v2.3.3
[INFO] [stderr]    Compiling ciborium-ll v0.2.0
[INFO] [stderr]    Compiling plotters-svg v0.3.3
[INFO] [stderr]    Compiling clap_lex v0.2.4
[INFO] [stderr]    Compiling ciborium v0.2.0
[INFO] [stderr]    Compiling plotters v0.3.4
[INFO] [stderr]    Compiling clap v3.2.25
[INFO] [stderr]    Compiling criterion-plot v0.5.0
[INFO] [stderr]    Compiling rayon v1.7.0
[INFO] [stderr]    Compiling tinytemplate v1.2.1
[INFO] [stderr]    Compiling anes v0.1.6
[INFO] [stderr]    Compiling futures-util v0.3.28
[INFO] [stderr]    Compiling criterion v0.4.0
[INFO] [stderr]    Compiling futures-executor v0.3.28
[INFO] [stderr]    Compiling futures v0.3.28
[INFO] [stderr]    Compiling rstest v0.17.0
[INFO] [stderr]    Compiling datafusion-physical-expr v23.0.0 (/opt/rustwide/workdir)
[INFO] [stderr]     Finished test [unoptimized + debuginfo] target(s) in 1m 33s
[INFO] running `Command { std: "docker" "inspect" "e0b1e5b8611ae4d83e701ea44156e98b8fd11fa635de391240aa1543fb250dc7", kill_on_drop: false }`
[INFO] running `Command { std: "docker" "rm" "-f" "e0b1e5b8611ae4d83e701ea44156e98b8fd11fa635de391240aa1543fb250dc7", kill_on_drop: false }`
[INFO] [stdout] e0b1e5b8611ae4d83e701ea44156e98b8fd11fa635de391240aa1543fb250dc7
[INFO] running `Command { std: "docker" "create" "-v" "/var/lib/crater-agent-workspace/builds/worker-6-tc1/target:/opt/rustwide/target:rw,Z" "-v" "/var/lib/crater-agent-workspace/builds/worker-6-tc1/source:/opt/rustwide/workdir:ro,Z" "-v" "/var/lib/crater-agent-workspace/cargo-home:/opt/rustwide/cargo-home:ro,Z" "-v" "/var/lib/crater-agent-workspace/rustup-home:/opt/rustwide/rustup-home:ro,Z" "-e" "SOURCE_DIR=/opt/rustwide/workdir" "-e" "CARGO_TARGET_DIR=/opt/rustwide/target" "-e" "CARGO_INCREMENTAL=0" "-e" "RUST_BACKTRACE=full" "-e" "RUSTFLAGS=--cap-lints=warn" "-e" "RUSTDOCFLAGS=--cap-lints=warn" "-e" "CARGO_HOME=/opt/rustwide/cargo-home" "-e" "RUSTUP_HOME=/opt/rustwide/rustup-home" "-w" "/opt/rustwide/workdir" "-m" "1610612736" "--user" "0:0" "--network" "none" "ghcr.io/rust-lang/crates-build-env/linux@sha256:5ff2268d62e97bff2cde7d5815dd6ed5b47097566f13b8d0ca110b04b60e07ed" "/opt/rustwide/cargo-home/bin/cargo" "+1.69.0" "test" "--frozen", kill_on_drop: false }`
[INFO] [stdout] 3cb13d72ca078d4fd9acf38ab45554ab20740ae27d5a487daaae29f0b9b1b357
[INFO] running `Command { std: "docker" "start" "-a" "3cb13d72ca078d4fd9acf38ab45554ab20740ae27d5a487daaae29f0b9b1b357", kill_on_drop: false }`
[INFO] [stderr]     Finished test [unoptimized + debuginfo] target(s) in 0.35s
[INFO] [stderr]      Running unittests src/lib.rs (/opt/rustwide/target/debug/deps/datafusion_physical_expr-c453336b09fb37dc)
[INFO] [stdout] 
[INFO] [stdout] running 1563 tests
[INFO] [stdout] test aggregate::array_agg::tests::array_agg_i32 ... ok
[INFO] [stdout] test aggregate::array_agg::tests::array_agg_nested ... ok
[INFO] [stdout] test aggregate::average::tests::avg_decimal_all_nulls ... ok
[INFO] [stdout] test aggregate::average::tests::avg_decimal ... ok
[INFO] [stdout] test aggregate::average::tests::avg_i32_with_nulls ... ok
[INFO] [stdout] test aggregate::average::tests::avg_u32 ... ok
[INFO] [stdout] test aggregate::average::tests::avg_f32 ... ok
[INFO] [stdout] test aggregate::average::tests::avg_i32 ... ok
[INFO] [stdout] test aggregate::average::tests::avg_i32_all_nulls ... ok
[INFO] [stdout] test aggregate::array_agg_distinct::tests::distinct_array_agg_i32 ... ok
[INFO] [stdout] test aggregate::average::tests::avg_f64 ... ok
[INFO] [stdout] test aggregate::array_agg_distinct::tests::distinct_array_agg_nested ... ok
[INFO] [stdout] test aggregate::average::tests::avg_decimal_with_nulls ... ok
[INFO] [stdout] test aggregate::build_in::tests::test_avg_return_type ... ok
[INFO] [stdout] test aggregate::build_in::tests::test_avg_no_utf8 ... ok
[INFO] [stdout] test aggregate::build_in::tests::test_count_return_type ... ok
[INFO] [stdout] test aggregate::build_in::tests::test_median ... ok
[INFO] [stdout] test aggregate::build_in::tests::test_min_max ... ok
[INFO] [stdout] test aggregate::build_in::tests::test_covar_expr ... ok
[INFO] [stdout] test aggregate::build_in::tests::test_covar_pop_expr ... ok
[INFO] [stdout] test aggregate::build_in::tests::test_agg_approx_percentile_invalid_phy_expr ... ok
[INFO] [stdout] test aggregate::build_in::tests::test_count_arragg_approx_expr ... ok
[INFO] [stdout] test aggregate::build_in::tests::test_agg_approx_percentile_phy_expr ... ok
[INFO] [stdout] test aggregate::build_in::tests::test_median_expr ... ok
[INFO] [stdout] test aggregate::build_in::tests::test_stddev_return_type ... ok
[INFO] [stdout] test aggregate::build_in::tests::test_corr_expr ... ok
[INFO] [stdout] test aggregate::build_in::tests::test_min_max_expr ... ok
[INFO] [stdout] test aggregate::build_in::tests::test_stddev_no_utf8 ... ok
[INFO] [stdout] test aggregate::build_in::tests::test_var_pop_expr ... ok
[INFO] [stdout] test aggregate::build_in::tests::test_sum_avg_expr ... ok
[INFO] [stdout] test aggregate::build_in::tests::test_stddev_pop_expr ... ok
[INFO] [stdout] test aggregate::build_in::tests::test_sum_return_type ... ok
[INFO] [stdout] test aggregate::build_in::tests::test_variance_return_type ... ok
[INFO] [stdout] test aggregate::build_in::tests::test_sum_no_utf8 ... ok
[INFO] [stdout] test aggregate::build_in::tests::test_sum_upcasts ... ok
[INFO] [stdout] test aggregate::build_in::tests::test_stddev_expr ... ok
[INFO] [stdout] test aggregate::build_in::tests::test_variance_expr ... ok
[INFO] [stdout] test aggregate::build_in::tests::test_variance_no_utf8 ... ok
[INFO] [stdout] test aggregate::correlation::tests::correlation_f64_6 ... ok
[INFO] [stdout] test aggregate::correlation::tests::correlation_f32 ... ok
[INFO] [stdout] test aggregate::correlation::tests::correlation_f64_1 ... ok
[INFO] [stdout] test aggregate::correlation::tests::correlation_f64_merge_1 ... ok
[INFO] [stdout] test aggregate::correlation::tests::correlation_f64_merge_2 ... ok
[INFO] [stdout] test aggregate::correlation::tests::correlation_i32_all_nulls ... ok
[INFO] [stdout] test aggregate::correlation::tests::correlation_i32 ... ok
[INFO] [stdout] test aggregate::count::tests::count_empty ... ok
[INFO] [stdout] test aggregate::count::tests::count_all_nulls ... ok
[INFO] [stdout] test aggregate::correlation::tests::correlation_i32_with_nulls_1 ... ok
[INFO] [stdout] test aggregate::count::tests::count_eq ... ok
[INFO] [stdout] test aggregate::count::tests::count_elements ... ok
[INFO] [stdout] test aggregate::correlation::tests::correlation_u32 ... ok
[INFO] [stdout] test aggregate::count::tests::count_large_utf8 ... ok
[INFO] [stdout] test aggregate::correlation::tests::correlation_f64_4 ... ok
[INFO] [stdout] test aggregate::count::tests::count_multi_cols ... ok
[INFO] [stdout] test aggregate::count::tests::count_utf8 ... ok
[INFO] [stdout] test aggregate::count::tests::count_with_nulls ... ok
[INFO] [stdout] test aggregate::correlation::tests::correlation_f64_2 ... ok
[INFO] [stdout] test aggregate::count_distinct::tests::count_distinct_update_batch_empty ... ok
[INFO] [stdout] test aggregate::count_distinct::tests::count_distinct_update_batch_all_nulls ... ok
[INFO] [stdout] test aggregate::count_distinct::tests::count_distinct_update_batch_f32 ... ok
[INFO] [stdout] test aggregate::count_distinct::tests::count_distinct_update_batch_f64 ... ok
[INFO] [stdout] test aggregate::correlation::tests::correlation_i32_with_nulls_2 ... ok
[INFO] [stdout] test aggregate::count_distinct::tests::count_distinct_update ... ok
[INFO] [stdout] test aggregate::count_distinct::tests::count_distinct_update_batch_i16 ... ok
[INFO] [stdout] test aggregate::count_distinct::tests::count_distinct_update_batch_u16 ... ok
[INFO] [stdout] test aggregate::count_distinct::tests::count_distinct_update_batch_i32 ... ok
[INFO] [stdout] test aggregate::count_distinct::tests::count_distinct_update_batch_i64 ... ok
[INFO] [stdout] test aggregate::count_distinct::tests::count_distinct_update_batch_boolean ... ok
[INFO] [stdout] test aggregate::count_distinct::tests::count_distinct_update_batch_u32 ... ok
[INFO] [stdout] test aggregate::count_distinct::tests::count_distinct_update_batch_i8 ... ok
[INFO] [stdout] test aggregate::count_distinct::tests::count_distinct_update_batch_u8 ... ok
[INFO] [stdout] test aggregate::covariance::tests::covariance_f64_4 ... ok
[INFO] [stdout] test aggregate::covariance::tests::covariance_f64_2 ... ok
[INFO] [stdout] test aggregate::covariance::tests::covariance_f64_5 ... ok
[INFO] [stdout] test aggregate::covariance::tests::covariance_f64_6 ... ok
[INFO] [stdout] test aggregate::count_distinct::tests::count_distinct_update_batch_u64 ... ok
[INFO] [stdout] test aggregate::covariance::tests::covariance_f64_merge_1 ... ok
[INFO] [stdout] test aggregate::covariance::tests::covariance_i32_with_nulls_1 ... ok
[INFO] [stdout] test aggregate::covariance::tests::covariance_f64_merge_2 ... ok
[INFO] [stdout] test aggregate::covariance::tests::covariance_i32 ... ok
[INFO] [stdout] test aggregate::count_distinct::tests::count_distinct_update_with_nulls ... ok
[INFO] [stdout] test aggregate::covariance::tests::covariance_1_input ... ok
[INFO] [stdout] test aggregate::covariance::tests::covariance_f32 ... ok
[INFO] [stdout] test aggregate::covariance::tests::covariance_f64_1 ... ok
[INFO] [stdout] test aggregate::covariance::tests::covariance_i32_with_nulls_3 ... ok
[INFO] [stdout] test aggregate::covariance::tests::covariance_i32_with_nulls_2 ... ok
[INFO] [stdout] test aggregate::covariance::tests::covariance_pop_1_input ... ok
[INFO] [stdout] test aggregate::covariance::tests::covariance_u32 ... ok
[INFO] [stdout] test aggregate::covariance::tests::covariance_pop_i32_all_nulls ... ok
[INFO] [stdout] test aggregate::covariance::tests::covariance_i32_all_nulls ... ok
[INFO] [stdout] test aggregate::hyperloglog::tests::test_empty_merge ... ok
[INFO] [stdout] test aggregate::hyperloglog::tests::test_merge_overlapped ... ok
[INFO] [stdout] test aggregate::hyperloglog::tests::test_number_10k ... ok
[INFO] [stdout] test aggregate::hyperloglog::tests::test_number_1k ... ok
[INFO] [stdout] test aggregate::hyperloglog::tests::test_empty ... ok
[INFO] [stdout] test aggregate::hyperloglog::tests::test_number_100 ... ok
[INFO] [stdout] test aggregate::hyperloglog::tests::test_one ... ok
[INFO] [stdout] test aggregate::hyperloglog::tests::test_string ... ok
[INFO] [stdout] test aggregate::min_max::tests::max_decimal_all_nulls ... ok
[INFO] [stdout] test aggregate::min_max::tests::max_date32 ... ok
[INFO] [stdout] test aggregate::hyperloglog::tests::test_u8 ... ok
[INFO] [stdout] test aggregate::min_max::tests::max_decimal ... ok
[INFO] [stdout] test aggregate::min_max::tests::max_date64 ... ok
[INFO] [stdout] test aggregate::min_max::tests::max_i32_all_nulls ... ok
[INFO] [stdout] test aggregate::min_max::tests::max_i32 ... ok
[INFO] [stdout] test aggregate::min_max::tests::max_i32_with_nulls ... ok
[INFO] [stdout] test aggregate::min_max::tests::max_time32millisecond ... ok
[INFO] [stdout] test aggregate::min_max::tests::max_decimal_with_nulls ... ok
[INFO] [stdout] test aggregate::min_max::tests::max_time32second ... ok
[INFO] [stdout] test aggregate::min_max::tests::max_time64microsecond ... ok
[INFO] [stdout] test aggregate::min_max::tests::max_f32 ... ok
[INFO] [stdout] test aggregate::min_max::tests::max_f64 ... ok
[INFO] [stdout] test aggregate::min_max::tests::max_time64nanosecond ... ok
[INFO] [stdout] test aggregate::min_max::tests::min_date32 ... ok
[INFO] [stdout] test aggregate::min_max::tests::max_u32 ... ok
[INFO] [stdout] test aggregate::min_max::tests::max_utf8 ... ok
[INFO] [stdout] test aggregate::min_max::tests::min_decimal_all_nulls ... ok
[INFO] [stdout] test aggregate::min_max::tests::min_f32 ... ok
[INFO] [stdout] test aggregate::min_max::tests::min_f64 ... ok
[INFO] [stdout] test aggregate::min_max::tests::min_decimal_with_nulls ... ok
[INFO] [stdout] test aggregate::min_max::tests::max_large_utf8 ... ok
[INFO] [stdout] test aggregate::min_max::tests::min_date64 ... ok
[INFO] [stdout] test aggregate::min_max::tests::min_i32_all_nulls ... ok
[INFO] [stdout] test aggregate::min_max::tests::min_i32_with_nulls ... ok
[INFO] [stdout] test aggregate::min_max::tests::min_decimal ... ok
[INFO] [stdout] test aggregate::min_max::tests::min_time32second ... ok
[INFO] [stdout] test aggregate::hyperloglog::tests::test_number_100k ... ok
[INFO] [stdout] test aggregate::min_max::tests::min_i32 ... ok
[INFO] [stdout] test aggregate::min_max::tests::min_time64nanosecond ... ok
[INFO] [stdout] test aggregate::min_max::tests::min_large_utf8 ... ok
[INFO] [stdout] test aggregate::min_max::tests::min_time32millisecond ... ok
[INFO] [stdout] test aggregate::min_max::tests::min_time64microsecond ... ok
[INFO] [stdout] test aggregate::stddev::tests::stddev_f32 ... ok
[INFO] [stdout] test aggregate::stddev::tests::stddev_f64_1 ... ok
[INFO] [stdout] test aggregate::stddev::tests::stddev_f64_2 ... ok
[INFO] [stdout] test aggregate::min_max::tests::min_utf8 ... ok
[INFO] [stdout] test aggregate::min_max::tests::min_u32 ... ok
[INFO] [stdout] test aggregate::stddev::tests::stddev_f64_merge_1 ... ok
[INFO] [stdout] test aggregate::stddev::tests::stddev_f64_merge_2 ... ok
[INFO] [stdout] test aggregate::moving_min_max::tests::moving_min_tests ... ok
[INFO] [stdout] test aggregate::moving_min_max::tests::moving_max_tests ... ok
[INFO] [stdout] test aggregate::stddev::tests::stddev_f64_4 ... ok
[INFO] [stdout] test aggregate::stddev::tests::stddev_f64_3 ... ok
[INFO] [stdout] test aggregate::stddev::tests::stddev_i32_all_nulls ... ok
[INFO] [stdout] test aggregate::stddev::tests::stddev_u32 ... ok
[INFO] [stdout] test aggregate::stddev::tests::stddev_i32_with_nulls ... ok
[INFO] [stdout] test aggregate::stddev::tests::stddev_i32 ... ok
[INFO] [stdout] test aggregate::sum::tests::sum_decimal ... ok
[INFO] [stdout] test aggregate::stddev::tests::test_stddev_1_input ... ok
[INFO] [stdout] test aggregate::sum::tests::sum_f64 ... ok
[INFO] [stdout] test aggregate::sum::tests::sum_decimal_all_nulls ... ok
[INFO] [stdout] test aggregate::sum::tests::sum_i32_all_nulls ... ok
[INFO] [stdout] test aggregate::sum::tests::sum_u32 ... ok
[INFO] [stdout] test aggregate::sum_distinct::tests::sum_distinct_f64 ... ok
[INFO] [stdout] test aggregate::sum_distinct::tests::sum_distinct_decimal_with_nulls ... ok
[INFO] [stdout] test aggregate::sum_distinct::tests::sum_distinct_i32_with_nulls ... ok
[INFO] [stdout] test aggregate::sum_distinct::tests::sum_distinct_u32_with_nulls ... ok
[INFO] [stdout] test aggregate::sum_distinct::tests::sum_distinct_update_batch ... ok
[INFO] [stdout] test aggregate::sum::tests::sum_decimal_with_nulls ... ok
[INFO] [stdout] test aggregate::tdigest::tests::test_centroid_addition_regression ... ok
[INFO] [stdout] test aggregate::sum::tests::sum_i32_with_nulls ... ok
[INFO] [stdout] test aggregate::sum::tests::sum_f32 ... ok
[INFO] [stdout] test aggregate::sum::tests::sum_i32 ... ok
[INFO] [stdout] test aggregate::tdigest::tests::test_int64_uniform ... ok
[INFO] [stdout] test aggregate::tdigest::tests::test_size ... ok
[INFO] [stdout] test aggregate::variance::tests::variance_f64_1 ... ok
[INFO] [stdout] test aggregate::variance::tests::test_variance_1_input ... ok
[INFO] [stdout] test aggregate::variance::tests::variance_f32 ... ok
[INFO] [stdout] test aggregate::hyperloglog::tests::test_repetition ... ok
[INFO] [stdout] test aggregate::variance::tests::variance_f64_2 ... ok
[INFO] [stdout] test aggregate::variance::tests::variance_f64_3 ... ok
[INFO] [stdout] test aggregate::variance::tests::variance_f64_merge_2 ... ok
[INFO] [stdout] test aggregate::variance::tests::variance_f64_4 ... ok
[INFO] [stdout] test aggregate::variance::tests::variance_i32 ... ok
[INFO] [stdout] test aggregate::variance::tests::variance_i32_all_nulls ... ok
[INFO] [stdout] test datetime_expressions::tests::date_trunc_test ... ok
[INFO] [stdout] test aggregate::variance::tests::variance_u32 ... ok
[INFO] [stdout] test aggregate::variance::tests::variance_i32_with_nulls ... ok
[INFO] [stdout] test aggregate::variance::tests::variance_f64_merge_1 ... ok
[INFO] [stdout] test datetime_expressions::tests::test_date_bin_single ... ok
[INFO] [stdout] test datetime_expressions::tests::test_date_bin ... ok
[INFO] [stdout] test equivalence::tests::project_equivalence_properties_test ... ok
[INFO] [stdout] test execution_props::test::debug ... ok
[INFO] [stdout] test datetime_expressions::tests::to_timestamp_invalid_input_type ... ok
[INFO] [stdout] test datetime_expressions::tests::to_timestamp_arrays_and_nulls ... ok
[INFO] [stdout] test expressions::binary::kernels_arrow::tests::arithmetic_decimal_divide_by_zero ... ok
[INFO] [stdout] test expressions::binary::kernels_arrow::tests::comparison_decimal_op_test ... ok
[INFO] [stdout] test equivalence::tests::add_equal_conditions_test ... ok
[INFO] [stdout] test expressions::binary::kernels_arrow::tests::arithmetic_decimal_op_test ... ok
[INFO] [stdout] test aggregate::tdigest::tests::test_merge_digests ... ok
[INFO] [stdout] test expressions::binary::kernels_arrow::tests::is_distinct_from_non_nulls ... ok
[INFO] [stdout] test expressions::binary::kernels_arrow::tests::is_distinct_from_nulls ... ok
[INFO] [stdout] test expressions::binary::tests::and_with_nulls_op ... ok
[INFO] [stdout] test expressions::binary::tests::arithmetic_decimal_expr_test ... ok
[INFO] [stdout] test expressions::binary::tests::arithmetic_decimal_float_expr_test ... ok
[INFO] [stdout] test expressions::binary::tests::bitwise_scalar_test ... ok
[INFO] [stdout] test expressions::binary::tests::binary_comparison ... ok
[INFO] [stdout] test expressions::binary::tests::arithmetic_divide_zero ... ok
[INFO] [stdout] test expressions::binary::tests::bitwise_shift_array_overflow_test ... ok
[INFO] [stdout] test expressions::binary::tests::bitwise_shift_array_test ... ok
[INFO] [stdout] test expressions::binary::tests::binary_nested ... ok
[INFO] [stdout] test expressions::binary::tests::divide_op ... ok
[INFO] [stdout] test expressions::binary::tests::bitwise_shift_scalar_test ... ok
[INFO] [stdout] test expressions::binary::tests::bitwise_array_test ... ok
[INFO] [stdout] test expressions::binary::tests::comparison_dict_decimal_scalar_expr_test ... ok
[INFO] [stdout] test expressions::binary::tests::comparison_decimal_expr_test ... ok
[INFO] [stdout] test expressions::binary::tests::eq_op_bool_scalar ... ok
[INFO] [stdout] test expressions::binary::tests::divide_op_scalar ... ok
[INFO] [stdout] test expressions::binary::tests::gt_eq_op_bool_scalar ... ok
[INFO] [stdout] test expressions::binary::tests::divide_op_dict_scalar_decimal ... ok
[INFO] [stdout] test expressions::binary::tests::gt_op_bool ... ok
[INFO] [stdout] test expressions::binary::tests::eq_op_bool ... ok
[INFO] [stdout] test expressions::binary::tests::divide_op_dict_scalar ... ok
[INFO] [stdout] test expressions::binary::tests::is_distinct_from_op_bool ... ok
[INFO] [stdout] test expressions::binary::tests::gt_eq_op_bool ... ok
[INFO] [stdout] test expressions::binary::tests::gt_op_bool_scalar ... ok
[INFO] [stdout] test expressions::binary::tests::lt_op_bool_scalar ... ok
[INFO] [stdout] test expressions::binary::tests::lt_op_bool ... ok
[INFO] [stdout] test expressions::binary::tests::lt_eq_op_bool_scalar ... ok
[INFO] [stdout] test expressions::binary::tests::is_not_distinct_from_op_bool ... ok
[INFO] [stdout] test expressions::binary::tests::minus_op_dict_scalar ... ok
[INFO] [stdout] test expressions::binary::tests::minus_op_dict_scalar_decimal ... ok
[INFO] [stdout] test expressions::binary::tests::minus_op_scalar ... ok
[INFO] [stdout] test expressions::binary::tests::modulus_op ... ok
[INFO] [stdout] test expressions::binary::tests::modulus_op_dict_scalar_decimal ... ok
[INFO] [stdout] test expressions::binary::tests::modulus_op_scalar ... ok
[INFO] [stdout] test expressions::binary::tests::multiply_op_dict_scalar ... ok
[INFO] [stdout] test expressions::binary::tests::multiply_op_dict_scalar_decimal ... ok
[INFO] [stdout] test expressions::binary::tests::multiply_op_scalar ... ok
[INFO] [stdout] test expressions::binary::tests::neq_op_bool ... ok
[INFO] [stdout] test expressions::binary::tests::minus_op ... ok
[INFO] [stdout] test expressions::binary::tests::neq_op_bool_scalar ... ok
[INFO] [stdout] test expressions::binary::tests::modules_op_dict_scalar ... ok
[INFO] [stdout] test expressions::binary::tests::multiply_op ... ok
[INFO] [stdout] test expressions::binary::tests::or_with_nulls_op ... ok
[INFO] [stdout] test expressions::binary::tests::plus_op ... ok
[INFO] [stdout] test expressions::binary::tests::plus_op_dict_scalar ... ok
[INFO] [stdout] test expressions::binary::tests::plus_op_dict_scalar_decimal ... ok
[INFO] [stdout] test expressions::binary::tests::plus_op_scalar ... ok
[INFO] [stdout] test expressions::binary::tests::test_analyze_expr_scalar_comparison ... ok
[INFO] [stdout] test expressions::binary::tests::lt_eq_op_bool ... ok
[INFO] [stdout] test expressions::binary::tests::test_binary_expression_boundaries ... ok
[INFO] [stdout] test expressions::binary::tests::test_binary_expression_boundaries_rhs ... ok
[INFO] [stdout] test expressions::binary::tests::relatively_deeply_nested ... ok
[INFO] [stdout] test expressions::binary::tests::test_comparison_result_estimate_different_type ... ok
[INFO] [stdout] test expressions::binary::tests::test_display_and_or_combo ... ok
[INFO] [stdout] test expressions::case::tests::case_eq ... ok
[INFO] [stdout] test expressions::case::tests::case_tranform ... ok
[INFO] [stdout] test expressions::case::tests::case_expr_matches_and_nulls ... ok
[INFO] [stdout] test expressions::case::tests::case_with_expr_else ... ok
[INFO] [stdout] test expressions::case::tests::case_test_incompatible ... ok
[INFO] [stdout] test expressions::case::tests::case_with_expr ... ok
[INFO] [stdout] test expressions::case::tests::case_with_matches_and_nulls ... ok
[INFO] [stdout] test expressions::case::tests::case_with_expr_divide_by_zero ... ok
[INFO] [stdout] test expressions::case::tests::case_without_expr ... ok
[INFO] [stdout] test expressions::cast::tests::invalid_cast ... ok
[INFO] [stdout] test expressions::case::tests::case_with_type_cast ... ok
[INFO] [stdout] test expressions::case::tests::case_without_expr_divide_by_zero ... ok
[INFO] [stdout] test expressions::cast::tests::test_cast_decimal ... ignored
[INFO] [stdout] test expressions::case::tests::case_without_expr_else ... ok
[INFO] [stdout] test expressions::cast::tests::test_cast_decimal_to_numeric ... ok
[INFO] [stdout] test expressions::cast::tests::test_cast_i32_u32 ... ok
[INFO] [stdout] test expressions::cast::tests::test_cast_i32_utf8 ... ok
[INFO] [stdout] test expressions::binary::tests::test_type_coersion ... ok
[INFO] [stdout] test expressions::cast::tests::test_cast_i64_t64 ... ok
[INFO] [stdout] test expressions::column::test::out_of_bounds_evaluate ... ok
[INFO] [stdout] test expressions::cast::tests::test_cast_decimal_to_decimal ... ok
[INFO] [stdout] test expressions::cast::tests::test_cast_numeric_to_decimal ... ok
[INFO] [stdout] test expressions::datetime::tests::add_11_months ... ok
[INFO] [stdout] test expressions::cast::tests::invalid_cast_with_options_error ... ok
[INFO] [stdout] test expressions::column::test::stats_bounds_analysis ... ok
[INFO] [stdout] test expressions::column::test::out_of_bounds_nullable ... ok
[INFO] [stdout] test expressions::datetime::tests::add_13_months ... ok
[INFO] [stdout] test expressions::datetime::tests::add_32_day_time ... ok
[INFO] [stdout] test expressions::datetime::tests::add_32_month_day_nano ... ok
[INFO] [stdout] test expressions::datetime::tests::add_32_year_month ... ok
[INFO] [stdout] test expressions::column::test::out_of_bounds_data_type ... ok
[INFO] [stdout] test expressions::datetime::tests::add_2_hours ... ok
[INFO] [stdout] test expressions::datetime::tests::add_64_day_time ... ok
[INFO] [stdout] test expressions::datetime::tests::add_8_days ... ok
[INFO] [stdout] test expressions::datetime::tests::add_12_months ... ok
[INFO] [stdout] test expressions::datetime::tests::add_1_millisecond ... ok
[INFO] [stdout] test expressions::datetime::tests::array_add_26_days ... ok
[INFO] [stdout] test expressions::datetime::tests::invalid_interval ... ok
[INFO] [stdout] test expressions::datetime::tests::invalid_op ... ok
[INFO] [stdout] test expressions::datetime::tests::sub_12_months ... ok
[INFO] [stdout] test expressions::datetime::tests::invalid_date ... ok
[INFO] [stdout] test expressions::datetime::tests::sub_16_days ... ok
[INFO] [stdout] test expressions::datetime::tests::sub_11_months ... ok
[INFO] [stdout] test expressions::datetime::tests::sub_32_year_month ... ok
[INFO] [stdout] test expressions::datetime::tests::sub_13_months ... ok
[INFO] [stdout] test expressions::datetime::tests::sub_4_hours ... ok
[INFO] [stdout] test expressions::get_indexed_field::tests::get_indexed_field_invalid_scalar ... ok
[INFO] [stdout] test expressions::get_indexed_field::tests::get_indexed_field_empty_list ... ok
[INFO] [stdout] test expressions::get_indexed_field::tests::get_indexed_field_invalid_list_index ... ok
[INFO] [stdout] test expressions::get_indexed_field::tests::get_indexed_field_list ... ok
[INFO] [stdout] test expressions::datetime::tests::test_evalute_with_scalar ... ok
[INFO] [stdout] test expressions::get_indexed_field::tests::get_indexed_field_list_out_of_bounds ... ok
[INFO] [stdout] test expressions::get_indexed_field::tests::get_indexed_field_struct ... ok
[INFO] [stdout] test expressions::in_list::tests::in_list_binary ... ok
[INFO] [stdout] test expressions::in_list::tests::in_list_bool ... ok
[INFO] [stdout] test expressions::in_list::tests::in_list_date64 ... ok
[INFO] [stdout] test expressions::in_list::tests::in_list_decimal ... ok
[INFO] [stdout] test expressions::in_list::tests::in_list_float64 ... ok
[INFO] [stdout] test expressions::in_list::tests::in_list_int64 ... ok
[INFO] [stdout] test expressions::in_list::tests::in_list_timestamp ... ok
[INFO] [stdout] test expressions::is_not_null::tests::is_not_null_op ... ok
[INFO] [stdout] test expressions::in_list::tests::test_cast_static_filter_to_set ... ok
[INFO] [stdout] test expressions::literal::tests::literal_bounds_analysis ... ok
[INFO] [stdout] test expressions::in_list::tests::in_list_date32 ... ok
[INFO] [stdout] test expressions::in_list::tests::in_list_utf8 ... ok
[INFO] [stdout] test expressions::is_null::tests::is_null_op ... ok
[INFO] [stdout] test expressions::like::test::like_op ... ok
[INFO] [stdout] test expressions::not::tests::scalar_bitwise_not_op ... ok
[INFO] [stdout] test expressions::nullif::tests::nullif_int32 ... ok
[INFO] [stdout] test expressions::not::tests::neg_op ... ok
[INFO] [stdout] test expressions::not::tests::array_bitwise_not_op ... ok
[INFO] [stdout] test expressions::nullif::tests::nullif_boolean ... ok
[INFO] [stdout] test expressions::nullif::tests::nullif_int32_nonulls ... ok
[INFO] [stdout] test expressions::nullif::tests::nullif_scalar ... ok
[INFO] [stdout] test expressions::nullif::tests::nullif_string ... ok
[INFO] [stdout] test expressions::try_cast::tests::invalid_cast ... ok
[INFO] [stdout] test expressions::try_cast::tests::test_cast_i32_u32 ... ok
[INFO] [stdout] test expressions::literal::tests::literal_i32 ... ok
[INFO] [stdout] test expressions::try_cast::tests::test_cast_i32_utf8 ... ok
[INFO] [stdout] test expressions::try_cast::tests::test_try_cast_numeric_to_decimal ... ok
[INFO] [stdout] test expressions::nullif::tests::nullif_literal_first ... ok
[INFO] [stdout] test expressions::try_cast::tests::test_cast_i64_t64 ... ok
[INFO] [stdout] test expressions::try_cast::tests::test_try_cast_decimal_to_decimal ... ok
[INFO] [stdout] test expressions::try_cast::tests::test_try_cast_decimal_to_numeric ... ok
[INFO] [stdout] test expressions::try_cast::tests::test_try_cast_utf8_i32 ... ok
[INFO] [stdout] test functions::tests::test_array ... ok
[INFO] [stdout] test functions::tests::test_empty_arguments ... ok
[INFO] [stdout] test functions::tests::test_empty_arguments_error ... ok
[INFO] [stdout] test functions::tests::test_make_scalar_function_with_hints ... ok
[INFO] [stdout] test functions::tests::test_make_scalar_function ... ok
[INFO] [stdout] test functions::tests::test_make_scalar_function_with_mixed_hints ... ok
[INFO] [stdout] test functions::tests::test_make_scalar_function_with_hints_on_arrays ... ok
[INFO] [stdout] test functions::tests::test_make_scalar_function_with_no_hints ... ok
[INFO] [stdout] test functions::tests::test_make_scalar_function_with_more_arguments_than_hints ... ok
[INFO] [stdout] test functions::tests::test_make_scalar_function_with_hints_than_arguments ... ok
[INFO] [stdout] test functions::tests::test_regexp_match_all_literals ... ok
[INFO] [stdout] test hash_utils::tests::create_hashes_binary ... ok
[INFO] [stdout] test functions::tests::test_regexp_match ... ok
[INFO] [stdout] test hash_utils::tests::create_hashes_fixed_size_binary ... ok
[INFO] [stdout] test hash_utils::tests::create_hashes_for_dict_arrays ... ok
[INFO] [stdout] test hash_utils::tests::create_hashes_for_float_arrays ... ok
[INFO] [stdout] test hash_utils::tests::create_hashes_for_decimal_array ... ok
[INFO] [stdout] test hash_utils::tests::create_multi_column_hash_for_dict_arrays ... ok
[INFO] [stdout] test intervals::cp_solver::tests::case_1_f32::seed_01_0::greater_op_1_Operator__Gt::less_op_1_Operator__Lt ... ok
[INFO] [stdout] test intervals::cp_solver::tests::case_1_f32::seed_02_1::greater_op_1_Operator__Gt::less_op_1_Operator__Lt ... ok
[INFO] [stdout] test intervals::cp_solver::tests::case_1_f32::seed_01_0::greater_op_1_Operator__Gt::less_op_2_Operator__LtEq ... ok
[INFO] [stdout] test intervals::cp_solver::tests::case_1_f32::seed_01_0::greater_op_2_Operator__GtEq::less_op_2_Operator__LtEq ... ok
[INFO] [stdout] test intervals::cp_solver::tests::case_1_f32::seed_02_1::greater_op_1_Operator__Gt::less_op_2_Operator__LtEq ... ok
[INFO] [stdout] test intervals::cp_solver::tests::case_1_f32::seed_03_2::greater_op_1_Operator__Gt::less_op_1_Operator__Lt ... ok
[INFO] [stdout] test functions::tests::test_functions ... ok
[INFO] [stdout] test intervals::cp_solver::tests::case_1_f32::seed_01_0::greater_op_2_Operator__GtEq::less_op_1_Operator__Lt ... ok
[INFO] [stdout] test intervals::cp_solver::tests::case_1_f32::seed_03_2::greater_op_1_Operator__Gt::less_op_2_Operator__LtEq ... ok
[INFO] [stdout] test intervals::cp_solver::tests::case_1_f32::seed_03_2::greater_op_2_Operator__GtEq::less_op_1_Operator__Lt ... ok
[INFO] [stdout] test intervals::cp_solver::tests::case_1_f32::seed_02_1::greater_op_2_Operator__GtEq::less_op_2_Operator__LtEq ... ok
[INFO] [stdout] test intervals::cp_solver::tests::case_1_f32::seed_03_2::greater_op_2_Operator__GtEq::less_op_2_Operator__LtEq ... ok
[INFO] [stdout] test intervals::cp_solver::tests::case_1_f32::seed_02_1::greater_op_2_Operator__GtEq::less_op_1_Operator__Lt ... ok
[INFO] [stdout] test intervals::cp_solver::tests::case_1_f32::seed_04_3::greater_op_1_Operator__Gt::less_op_1_Operator__Lt ... ok
[INFO] [stdout] test intervals::cp_solver::tests::case_1_f32::seed_04_3::greater_op_1_Operator__Gt::less_op_2_Operator__LtEq ... ok
[INFO] [stdout] test intervals::cp_solver::tests::case_1_f32::seed_05_4::greater_op_2_Operator__GtEq::less_op_1_Operator__Lt ... ok
[INFO] [stdout] test intervals::cp_solver::tests::case_1_f32::seed_05_4::greater_op_2_Operator__GtEq::less_op_2_Operator__LtEq ... ok
[INFO] [stdout] test intervals::cp_solver::tests::case_1_f32::seed_06_12::greater_op_1_Operator__Gt::less_op_1_Operator__Lt ... ok
[INFO] [stdout] test intervals::cp_solver::tests::case_1_f32::seed_06_12::greater_op_1_Operator__Gt::less_op_2_Operator__LtEq ... ok
[INFO] [stdout] test intervals::cp_solver::tests::case_1_f32::seed_04_3::greater_op_2_Operator__GtEq::less_op_2_Operator__LtEq ... ok
[INFO] [stdout] test intervals::cp_solver::tests::case_1_f32::seed_06_12::greater_op_2_Operator__GtEq::less_op_2_Operator__LtEq ... ok
[INFO] [stdout] test intervals::cp_solver::tests::case_1_f32::seed_07_32::greater_op_1_Operator__Gt::less_op_1_Operator__Lt ... ok
[INFO] [stdout] test intervals::cp_solver::tests::case_1_f32::seed_05_4::greater_op_1_Operator__Gt::less_op_1_Operator__Lt ... ok
[INFO] [stdout] test intervals::cp_solver::tests::case_1_f32::seed_07_32::greater_op_1_Operator__Gt::less_op_2_Operator__LtEq ... ok
[INFO] [stdout] test intervals::cp_solver::tests::case_1_f32::seed_07_32::greater_op_2_Operator__GtEq::less_op_1_Operator__Lt ... ok
[INFO] [stdout] test intervals::cp_solver::tests::case_1_f32::seed_04_3::greater_op_2_Operator__GtEq::less_op_1_Operator__Lt ... ok
[INFO] [stdout] test intervals::cp_solver::tests::case_1_f32::seed_06_12::greater_op_2_Operator__GtEq::less_op_1_Operator__Lt ... ok
[INFO] [stdout] test intervals::cp_solver::tests::case_1_f32::seed_08_314::greater_op_1_Operator__Gt::less_op_2_Operator__LtEq ... ok
[INFO] [stdout] test intervals::cp_solver::tests::case_1_f32::seed_08_314::greater_op_1_Operator__Gt::less_op_1_Operator__Lt ... ok
[INFO] [stdout] test intervals::cp_solver::tests::case_1_f32::seed_07_32::greater_op_2_Operator__GtEq::less_op_2_Operator__LtEq ... ok
[INFO] [stdout] test intervals::cp_solver::tests::case_1_f32::seed_05_4::greater_op_1_Operator__Gt::less_op_2_Operator__LtEq ... ok
[INFO] [stdout] test intervals::cp_solver::tests::case_1_f32::seed_09_3124::greater_op_1_Operator__Gt::less_op_1_Operator__Lt ... ok
[INFO] [stdout] test intervals::cp_solver::tests::case_1_f32::seed_08_314::greater_op_2_Operator__GtEq::less_op_2_Operator__LtEq ... ok
[INFO] [stdout] test intervals::cp_solver::tests::case_1_f32::seed_10_123::greater_op_1_Operator__Gt::less_op_1_Operator__Lt ... ok
[INFO] [stdout] test intervals::cp_solver::tests::case_1_f32::seed_09_3124::greater_op_2_Operator__GtEq::less_op_1_Operator__Lt ... ok
[INFO] [stdout] test intervals::cp_solver::tests::case_1_f32::seed_10_123::greater_op_1_Operator__Gt::less_op_2_Operator__LtEq ... ok
[INFO] [stdout] test intervals::cp_solver::tests::case_1_f32::seed_10_123::greater_op_2_Operator__GtEq::less_op_1_Operator__Lt ... ok
[INFO] [stdout] test intervals::cp_solver::tests::case_1_f32::seed_08_314::greater_op_2_Operator__GtEq::less_op_1_Operator__Lt ... ok
[INFO] [stdout] test intervals::cp_solver::tests::case_1_f32::seed_11_125::greater_op_1_Operator__Gt::less_op_1_Operator__Lt ... ok
[INFO] [stdout] test intervals::cp_solver::tests::case_1_f32::seed_09_3124::greater_op_2_Operator__GtEq::less_op_2_Operator__LtEq ... ok
[INFO] [stdout] test intervals::cp_solver::tests::case_1_f32::seed_09_3124::greater_op_1_Operator__Gt::less_op_2_Operator__LtEq ... ok
[INFO] [stdout] test intervals::cp_solver::tests::case_1_f32::seed_10_123::greater_op_2_Operator__GtEq::less_op_2_Operator__LtEq ... ok
[INFO] [stdout] test intervals::cp_solver::tests::case_1_f32::seed_11_125::greater_op_1_Operator__Gt::less_op_2_Operator__LtEq ... ok
[INFO] [stdout] test intervals::cp_solver::tests::case_1_f32::seed_12_211::greater_op_1_Operator__Gt::less_op_1_Operator__Lt ... ok
[INFO] [stdout] test intervals::cp_solver::tests::case_1_f32::seed_11_125::greater_op_2_Operator__GtEq::less_op_1_Operator__Lt ... ok
[INFO] [stdout] test intervals::cp_solver::tests::case_1_f32::seed_11_125::greater_op_2_Operator__GtEq::less_op_2_Operator__LtEq ... ok
[INFO] [stdout] test intervals::cp_solver::tests::case_1_f32::seed_13_215::greater_op_1_Operator__Gt::less_op_1_Operator__Lt ... ok
[INFO] [stdout] test intervals::cp_solver::tests::case_1_f32::seed_12_211::greater_op_1_Operator__Gt::less_op_2_Operator__LtEq ... ok
[INFO] [stdout] test intervals::cp_solver::tests::case_1_f32::seed_13_215::greater_op_1_Operator__Gt::less_op_2_Operator__LtEq ... ok
[INFO] [stdout] test intervals::cp_solver::tests::case_1_f32::seed_12_211::greater_op_2_Operator__GtEq::less_op_1_Operator__Lt ... ok
[INFO] [stdout] test intervals::cp_solver::tests::case_1_f32::seed_13_215::greater_op_2_Operator__GtEq::less_op_1_Operator__Lt ... ok
[INFO] [stdout] test intervals::cp_solver::tests::case_1_f32::seed_12_211::greater_op_2_Operator__GtEq::less_op_2_Operator__LtEq ... ok
[INFO] [stdout] test intervals::cp_solver::tests::case_1_f32::seed_13_215::greater_op_2_Operator__GtEq::less_op_2_Operator__LtEq ... ok
[INFO] [stdout] test intervals::cp_solver::tests::case_1_f32::seed_14_4123::greater_op_1_Operator__Gt::less_op_2_Operator__LtEq ... ok
[INFO] [stdout] test intervals::cp_solver::tests::case_1_f32::seed_14_4123::greater_op_1_Operator__Gt::less_op_1_Operator__Lt ... ok
[INFO] [stdout] test intervals::cp_solver::tests::case_1_f32::seed_14_4123::greater_op_2_Operator__GtEq::less_op_2_Operator__LtEq ... ok
[INFO] [stdout] test intervals::cp_solver::tests::case_1_f64::seed_01_0::greater_op_1_Operator__Gt::less_op_1_Operator__Lt ... ok
[INFO] [stdout] test intervals::cp_solver::tests::case_1_f64::seed_02_1::greater_op_1_Operator__Gt::less_op_1_Operator__Lt ... ok
[INFO] [stdout] test intervals::cp_solver::tests::case_1_f64::seed_01_0::greater_op_1_Operator__Gt::less_op_2_Operator__LtEq ... ok
[INFO] [stdout] test intervals::cp_solver::tests::case_1_f32::seed_14_4123::greater_op_2_Operator__GtEq::less_op_1_Operator__Lt ... ok
[INFO] [stdout] test intervals::cp_solver::tests::case_1_f64::seed_01_0::greater_op_2_Operator__GtEq::less_op_1_Operator__Lt ... ok
[INFO] [stdout] test intervals::cp_solver::tests::case_1_f64::seed_02_1::greater_op_2_Operator__GtEq::less_op_1_Operator__Lt ... ok
[INFO] [stdout] test intervals::cp_solver::tests::case_1_f64::seed_02_1::greater_op_2_Operator__GtEq::less_op_2_Operator__LtEq ... ok
[INFO] [stdout] test intervals::cp_solver::tests::case_1_f64::seed_02_1::greater_op_1_Operator__Gt::less_op_2_Operator__LtEq ... ok
[INFO] [stdout] test intervals::cp_solver::tests::case_1_f64::seed_01_0::greater_op_2_Operator__GtEq::less_op_2_Operator__LtEq ... ok
[INFO] [stdout] test intervals::cp_solver::tests::case_1_f64::seed_03_2::greater_op_1_Operator__Gt::less_op_2_Operator__LtEq ... ok
[INFO] [stdout] test intervals::cp_solver::tests::case_1_f64::seed_03_2::greater_op_2_Operator__GtEq::less_op_2_Operator__LtEq ... ok
[INFO] [stdout] test intervals::cp_solver::tests::case_1_f64::seed_04_3::greater_op_1_Operator__Gt::less_op_1_Operator__Lt ... ok
[INFO] [stdout] test intervals::cp_solver::tests::case_1_f64::seed_04_3::greater_op_2_Operator__GtEq::less_op_1_Operator__Lt ... ok
[INFO] [stdout] test intervals::cp_solver::tests::case_1_f64::seed_04_3::greater_op_2_Operator__GtEq::less_op_2_Operator__LtEq ... ok
[INFO] [stdout] test intervals::cp_solver::tests::case_1_f64::seed_05_4::greater_op_1_Operator__Gt::less_op_2_Operator__LtEq ... ok
[INFO] [stdout] test intervals::cp_solver::tests::case_1_f64::seed_03_2::greater_op_1_Operator__Gt::less_op_1_Operator__Lt ... ok
[INFO] [stdout] test intervals::cp_solver::tests::case_1_f64::seed_03_2::greater_op_2_Operator__GtEq::less_op_1_Operator__Lt ... ok
[INFO] [stdout] test intervals::cp_solver::tests::case_1_f64::seed_05_4::greater_op_2_Operator__GtEq::less_op_2_Operator__LtEq ... ok
[INFO] [stdout] test intervals::cp_solver::tests::case_1_f64::seed_04_3::greater_op_1_Operator__Gt::less_op_2_Operator__LtEq ... ok
[INFO] [stdout] test intervals::cp_solver::tests::case_1_f64::seed_06_12::greater_op_1_Operator__Gt::less_op_1_Operator__Lt ... ok
[INFO] [stdout] test intervals::cp_solver::tests::case_1_f64::seed_06_12::greater_op_2_Operator__GtEq::less_op_1_Operator__Lt ... ok
[INFO] [stdout] test intervals::cp_solver::tests::case_1_f64::seed_06_12::greater_op_1_Operator__Gt::less_op_2_Operator__LtEq ... ok
[INFO] [stdout] test intervals::cp_solver::tests::case_1_f64::seed_07_32::greater_op_1_Operator__Gt::less_op_2_Operator__LtEq ... ok
[INFO] [stdout] test intervals::cp_solver::tests::case_1_f64::seed_05_4::greater_op_2_Operator__GtEq::less_op_1_Operator__Lt ... ok
[INFO] [stdout] test intervals::cp_solver::tests::case_1_f64::seed_05_4::greater_op_1_Operator__Gt::less_op_1_Operator__Lt ... ok
[INFO] [stdout] test intervals::cp_solver::tests::case_1_f64::seed_06_12::greater_op_2_Operator__GtEq::less_op_2_Operator__LtEq ... ok
[INFO] [stdout] test intervals::cp_solver::tests::case_1_f64::seed_07_32::greater_op_2_Operator__GtEq::less_op_1_Operator__Lt ... ok
[INFO] [stdout] test intervals::cp_solver::tests::case_1_f64::seed_07_32::greater_op_1_Operator__Gt::less_op_1_Operator__Lt ... ok
[INFO] [stdout] test intervals::cp_solver::tests::case_1_f64::seed_08_314::greater_op_1_Operator__Gt::less_op_2_Operator__LtEq ... ok
[INFO] [stdout] test intervals::cp_solver::tests::case_1_f64::seed_08_314::greater_op_2_Operator__GtEq::less_op_1_Operator__Lt ... ok
[INFO] [stdout] test intervals::cp_solver::tests::case_1_f64::seed_08_314::greater_op_2_Operator__GtEq::less_op_2_Operator__LtEq ... ok
[INFO] [stdout] test intervals::cp_solver::tests::case_1_f64::seed_09_3124::greater_op_1_Operator__Gt::less_op_2_Operator__LtEq ... ok
[INFO] [stdout] test intervals::cp_solver::tests::case_1_f64::seed_08_314::greater_op_1_Operator__Gt::less_op_1_Operator__Lt ... ok
[INFO] [stdout] test intervals::cp_solver::tests::case_1_f64::seed_07_32::greater_op_2_Operator__GtEq::less_op_2_Operator__LtEq ... ok
[INFO] [stdout] test intervals::cp_solver::tests::case_1_f64::seed_09_3124::greater_op_2_Operator__GtEq::less_op_2_Operator__LtEq ... ok
[INFO] [stdout] test intervals::cp_solver::tests::case_1_f64::seed_09_3124::greater_op_2_Operator__GtEq::less_op_1_Operator__Lt ... ok
[INFO] [stdout] test intervals::cp_solver::tests::case_1_f64::seed_10_123::greater_op_1_Operator__Gt::less_op_1_Operator__Lt ... ok
[INFO] [stdout] test intervals::cp_solver::tests::case_1_f64::seed_10_123::greater_op_1_Operator__Gt::less_op_2_Operator__LtEq ... ok
[INFO] [stdout] test intervals::cp_solver::tests::case_1_f64::seed_10_123::greater_op_2_Operator__GtEq::less_op_1_Operator__Lt ... ok
[INFO] [stdout] test aggregate::tdigest::tests::test_merge_unsorted_against_skewed_distro ... ok
[INFO] [stdout] test intervals::cp_solver::tests::case_1_f64::seed_09_3124::greater_op_1_Operator__Gt::less_op_1_Operator__Lt ... ok
[INFO] [stdout] test aggregate::tdigest::tests::test_merge_unsorted_against_uniform_distro ... ok
[INFO] [stdout] test intervals::cp_solver::tests::case_1_f64::seed_11_125::greater_op_1_Operator__Gt::less_op_1_Operator__Lt ... ok
[INFO] [stdout] test intervals::cp_solver::tests::case_1_f64::seed_11_125::greater_op_1_Operator__Gt::less_op_2_Operator__LtEq ... ok
[INFO] [stdout] test intervals::cp_solver::tests::case_1_f64::seed_10_123::greater_op_2_Operator__GtEq::less_op_2_Operator__LtEq ... ok
[INFO] [stdout] test intervals::cp_solver::tests::case_1_f64::seed_11_125::greater_op_2_Operator__GtEq::less_op_1_Operator__Lt ... ok
[INFO] [stdout] test intervals::cp_solver::tests::case_1_f64::seed_12_211::greater_op_1_Operator__Gt::less_op_1_Operator__Lt ... ok
[INFO] [stdout] test intervals::cp_solver::tests::case_1_f64::seed_11_125::greater_op_2_Operator__GtEq::less_op_2_Operator__LtEq ... ok
[INFO] [stdout] test intervals::cp_solver::tests::case_1_f64::seed_12_211::greater_op_1_Operator__Gt::less_op_2_Operator__LtEq ... ok
[INFO] [stdout] test intervals::cp_solver::tests::case_1_f64::seed_12_211::greater_op_2_Operator__GtEq::less_op_1_Operator__Lt ... ok
[INFO] [stdout] test intervals::cp_solver::tests::case_1_f64::seed_12_211::greater_op_2_Operator__GtEq::less_op_2_Operator__LtEq ... ok
[INFO] [stdout] test intervals::cp_solver::tests::case_1_f64::seed_13_215::greater_op_1_Operator__Gt::less_op_1_Operator__Lt ... ok
[INFO] [stdout] test intervals::cp_solver::tests::case_1_f64::seed_13_215::greater_op_1_Operator__Gt::less_op_2_Operator__LtEq ... ok
[INFO] [stdout] test intervals::cp_solver::tests::case_1_f64::seed_13_215::greater_op_2_Operator__GtEq::less_op_1_Operator__Lt ... ok
[INFO] [stdout] test intervals::cp_solver::tests::case_1_f64::seed_13_215::greater_op_2_Operator__GtEq::less_op_2_Operator__LtEq ... ok
[INFO] [stdout] test intervals::cp_solver::tests::case_1_f64::seed_14_4123::greater_op_1_Operator__Gt::less_op_2_Operator__LtEq ... ok
[INFO] [stdout] test intervals::cp_solver::tests::case_1_f64::seed_14_4123::greater_op_2_Operator__GtEq::less_op_1_Operator__Lt ... ok
[INFO] [stdout] test intervals::cp_solver::tests::case_1_f64::seed_14_4123::greater_op_2_Operator__GtEq::less_op_2_Operator__LtEq ... ok
[INFO] [stdout] test intervals::cp_solver::tests::case_1_i32::seed_01_0::greater_op_1_Operator__Gt::less_op_2_Operator__LtEq ... ok
[INFO] [stdout] test intervals::cp_solver::tests::case_1_i32::seed_01_0::greater_op_2_Operator__GtEq::less_op_1_Operator__Lt ... ok
[INFO] [stdout] test aggregate::hyperloglog::tests::test_number_1m ... ok
[INFO] [stdout] test intervals::cp_solver::tests::case_1_f64::seed_14_4123::greater_op_1_Operator__Gt::less_op_1_Operator__Lt ... ok
[INFO] [stdout] test intervals::cp_solver::tests::case_1_i32::seed_02_1::greater_op_1_Operator__Gt::less_op_2_Operator__LtEq ... ok
[INFO] [stdout] test intervals::cp_solver::tests::case_1_i32::seed_01_0::greater_op_1_Operator__Gt::less_op_1_Operator__Lt ... ok
[INFO] [stdout] test intervals::cp_solver::tests::case_1_i32::seed_01_0::greater_op_2_Operator__GtEq::less_op_2_Operator__LtEq ... ok
[INFO] [stdout] test intervals::cp_solver::tests::case_1_i32::seed_02_1::greater_op_2_Operator__GtEq::less_op_1_Operator__Lt ... ok
[INFO] [stdout] test intervals::cp_solver::tests::case_1_i32::seed_02_1::greater_op_2_Operator__GtEq::less_op_2_Operator__LtEq ... ok
[INFO] [stdout] test intervals::cp_solver::tests::case_1_i32::seed_02_1::greater_op_1_Operator__Gt::less_op_1_Operator__Lt ... ok
[INFO] [stdout] test intervals::cp_solver::tests::case_1_i32::seed_03_2::greater_op_1_Operator__Gt::less_op_2_Operator__LtEq ... ok
[INFO] [stdout] test intervals::cp_solver::tests::case_1_i32::seed_03_2::greater_op_2_Operator__GtEq::less_op_2_Operator__LtEq ... ok
[INFO] [stdout] test intervals::cp_solver::tests::case_1_i32::seed_04_3::greater_op_1_Operator__Gt::less_op_1_Operator__Lt ... ok
[INFO] [stdout] test intervals::cp_solver::tests::case_1_i32::seed_05_4::greater_op_1_Operator__Gt::less_op_1_Operator__Lt ... ok
[INFO] [stdout] test intervals::cp_solver::tests::case_1_i32::seed_05_4::greater_op_1_Operator__Gt::less_op_2_Operator__LtEq ... ok
[INFO] [stdout] test intervals::cp_solver::tests::case_1_i32::seed_06_12::greater_op_1_Operator__Gt::less_op_1_Operator__Lt ... ok
[INFO] [stdout] test intervals::cp_solver::tests::case_1_i32::seed_06_12::greater_op_1_Operator__Gt::less_op_2_Operator__LtEq ... ok
[INFO] [stdout] test intervals::cp_solver::tests::case_1_i32::seed_03_2::greater_op_1_Operator__Gt::less_op_1_Operator__Lt ... ok
[INFO] [stdout] test intervals::cp_solver::tests::case_1_i32::seed_06_12::greater_op_2_Operator__GtEq::less_op_1_Operator__Lt ... ok
[INFO] [stdout] test intervals::cp_solver::tests::case_1_i32::seed_04_3::greater_op_2_Operator__GtEq::less_op_1_Operator__Lt ... ok
[INFO] [stdout] test intervals::cp_solver::tests::case_1_i32::seed_04_3::greater_op_2_Operator__GtEq::less_op_2_Operator__LtEq ... ok
[INFO] [stdout] test intervals::cp_solver::tests::case_1_i32::seed_04_3::greater_op_1_Operator__Gt::less_op_2_Operator__LtEq ... ok
[INFO] [stdout] test intervals::cp_solver::tests::case_1_i32::seed_03_2::greater_op_2_Operator__GtEq::less_op_1_Operator__Lt ... ok
[INFO] [stdout] test intervals::cp_solver::tests::case_1_i32::seed_05_4::greater_op_2_Operator__GtEq::less_op_2_Operator__LtEq ... ok
[INFO] [stdout] test intervals::cp_solver::tests::case_1_i32::seed_05_4::greater_op_2_Operator__GtEq::less_op_1_Operator__Lt ... ok
[INFO] [stdout] test intervals::cp_solver::tests::case_1_i32::seed_06_12::greater_op_2_Operator__GtEq::less_op_2_Operator__LtEq ... ok
[INFO] [stdout] test intervals::cp_solver::tests::case_1_i32::seed_08_314::greater_op_2_Operator__GtEq::less_op_1_Operator__Lt ... ok
[INFO] [stdout] test intervals::cp_solver::tests::case_1_i32::seed_08_314::greater_op_1_Operator__Gt::less_op_2_Operator__LtEq ... ok
[INFO] [stdout] test intervals::cp_solver::tests::case_1_i32::seed_07_32::greater_op_1_Operator__Gt::less_op_1_Operator__Lt ... ok
[INFO] [stdout] test intervals::cp_solver::tests::case_1_i32::seed_08_314::greater_op_2_Operator__GtEq::less_op_2_Operator__LtEq ... ok
[INFO] [stdout] test intervals::cp_solver::tests::case_1_i32::seed_07_32::greater_op_2_Operator__GtEq::less_op_2_Operator__LtEq ... ok
[INFO] [stdout] test intervals::cp_solver::tests::case_1_i32::seed_09_3124::greater_op_1_Operator__Gt::less_op_2_Operator__LtEq ... ok
[INFO] [stdout] test intervals::cp_solver::tests::case_1_i32::seed_07_32::greater_op_2_Operator__GtEq::less_op_1_Operator__Lt ... ok
[INFO] [stdout] test intervals::cp_solver::tests::case_1_i32::seed_09_3124::greater_op_2_Operator__GtEq::less_op_2_Operator__LtEq ... ok
[INFO] [stdout] test intervals::cp_solver::tests::case_1_i32::seed_08_314::greater_op_1_Operator__Gt::less_op_1_Operator__Lt ... ok
[INFO] [stdout] test intervals::cp_solver::tests::case_1_i32::seed_09_3124::greater_op_2_Operator__GtEq::less_op_1_Operator__Lt ... ok
[INFO] [stdout] test intervals::cp_solver::tests::case_1_i32::seed_10_123::greater_op_2_Operator__GtEq::less_op_1_Operator__Lt ... ok
[INFO] [stdout] test intervals::cp_solver::tests::case_1_i32::seed_11_125::greater_op_1_Operator__Gt::less_op_1_Operator__Lt ... ok
[INFO] [stdout] test intervals::cp_solver::tests::case_1_i32::seed_10_123::greater_op_1_Operator__Gt::less_op_1_Operator__Lt ... ok
[INFO] [stdout] test intervals::cp_solver::tests::case_1_i32::seed_10_123::greater_op_2_Operator__GtEq::less_op_2_Operator__LtEq ... ok
[INFO] [stdout] test intervals::cp_solver::tests::case_1_i32::seed_10_123::greater_op_1_Operator__Gt::less_op_2_Operator__LtEq ... ok
[INFO] [stdout] test intervals::cp_solver::tests::case_1_i32::seed_09_3124::greater_op_1_Operator__Gt::less_op_1_Operator__Lt ... ok
[INFO] [stdout] test intervals::cp_solver::tests::case_1_i32::seed_11_125::greater_op_1_Operator__Gt::less_op_2_Operator__LtEq ... ok
[INFO] [stdout] test intervals::cp_solver::tests::case_1_i32::seed_07_32::greater_op_1_Operator__Gt::less_op_2_Operator__LtEq ... ok
[INFO] [stdout] test intervals::cp_solver::tests::case_1_i32::seed_12_211::greater_op_2_Operator__GtEq::less_op_2_Operator__LtEq ... ok
[INFO] [stdout] test intervals::cp_solver::tests::case_1_i32::seed_11_125::greater_op_2_Operator__GtEq::less_op_1_Operator__Lt ... ok
[INFO] [stdout] test intervals::cp_solver::tests::case_1_i32::seed_11_125::greater_op_2_Operator__GtEq::less_op_2_Operator__LtEq ... ok
[INFO] [stdout] test intervals::cp_solver::tests::case_1_i32::seed_12_211::greater_op_1_Operator__Gt::less_op_1_Operator__Lt ... ok
[INFO] [stdout] test intervals::cp_solver::tests::case_1_i32::seed_12_211::greater_op_1_Operator__Gt::less_op_2_Operator__LtEq ... ok
[INFO] [stdout] test intervals::cp_solver::tests::case_1_i32::seed_14_4123::greater_op_2_Operator__GtEq::less_op_1_Operator__Lt ... ok
[INFO] [stdout] test intervals::cp_solver::tests::case_1_i32::seed_13_215::greater_op_1_Operator__Gt::less_op_1_Operator__Lt ... ok
[INFO] [stdout] test intervals::cp_solver::tests::case_1_i32::seed_14_4123::greater_op_1_Operator__Gt::less_op_2_Operator__LtEq ... ok
[INFO] [stdout] test intervals::cp_solver::tests::case_1_i32::seed_14_4123::greater_op_1_Operator__Gt::less_op_1_Operator__Lt ... ok
[INFO] [stdout] test intervals::cp_solver::tests::case_1_i32::seed_13_215::greater_op_2_Operator__GtEq::less_op_1_Operator__Lt ... ok
[INFO] [stdout] test intervals::cp_solver::tests::case_1_i32::seed_13_215::greater_op_1_Operator__Gt::less_op_2_Operator__LtEq ... ok
[INFO] [stdout] test intervals::cp_solver::tests::case_1_i32::seed_12_211::greater_op_2_Operator__GtEq::less_op_1_Operator__Lt ... ok
[INFO] [stdout] test intervals::cp_solver::tests::case_1_i64::seed_01_0::greater_op_1_Operator__Gt::less_op_2_Operator__LtEq ... ok
[INFO] [stdout] test intervals::cp_solver::tests::case_1_i64::seed_02_1::greater_op_1_Operator__Gt::less_op_1_Operator__Lt ... ok
[INFO] [stdout] test intervals::cp_solver::tests::case_1_i64::seed_01_0::greater_op_1_Operator__Gt::less_op_1_Operator__Lt ... ok
[INFO] [stdout] test intervals::cp_solver::tests::case_1_i64::seed_01_0::greater_op_2_Operator__GtEq::less_op_1_Operator__Lt ... ok
[INFO] [stdout] test intervals::cp_solver::tests::case_1_i64::seed_02_1::greater_op_2_Operator__GtEq::less_op_1_Operator__Lt ... ok
[INFO] [stdout] test intervals::cp_solver::tests::case_1_i64::seed_02_1::greater_op_1_Operator__Gt::less_op_2_Operator__LtEq ... ok
[INFO] [stdout] test intervals::cp_solver::tests::case_1_i32::seed_14_4123::greater_op_2_Operator__GtEq::less_op_2_Operator__LtEq ... ok
[INFO] [stdout] test intervals::cp_solver::tests::case_1_i32::seed_13_215::greater_op_2_Operator__GtEq::less_op_2_Operator__LtEq ... ok
[INFO] [stdout] test intervals::cp_solver::tests::case_1_i64::seed_03_2::greater_op_2_Operator__GtEq::less_op_1_Operator__Lt ... ok
[INFO] [stdout] test intervals::cp_solver::tests::case_1_i64::seed_02_1::greater_op_2_Operator__GtEq::less_op_2_Operator__LtEq ... ok
[INFO] [stdout] test intervals::cp_solver::tests::case_1_i64::seed_04_3::greater_op_2_Operator__GtEq::less_op_1_Operator__Lt ... ok
[INFO] [stdout] test intervals::cp_solver::tests::case_1_i64::seed_03_2::greater_op_1_Operator__Gt::less_op_2_Operator__LtEq ... ok
[INFO] [stdout] test intervals::cp_solver::tests::case_1_i64::seed_04_3::greater_op_2_Operator__GtEq::less_op_2_Operator__LtEq ... ok
[INFO] [stdout] test intervals::cp_solver::tests::case_1_i64::seed_03_2::greater_op_2_Operator__GtEq::less_op_2_Operator__LtEq ... ok
[INFO] [stdout] test intervals::cp_solver::tests::case_1_i64::seed_04_3::greater_op_1_Operator__Gt::less_op_1_Operator__Lt ... ok
[INFO] [stdout] test intervals::cp_solver::tests::case_1_i64::seed_04_3::greater_op_1_Operator__Gt::less_op_2_Operator__LtEq ... ok
[INFO] [stdout] test intervals::cp_solver::tests::case_1_i64::seed_05_4::greater_op_1_Operator__Gt::less_op_2_Operator__LtEq ... ok
[INFO] [stdout] test intervals::cp_solver::tests::case_1_i64::seed_05_4::greater_op_2_Operator__GtEq::less_op_1_Operator__Lt ... ok
[INFO] [stdout] test intervals::cp_solver::tests::case_1_i64::seed_05_4::greater_op_2_Operator__GtEq::less_op_2_Operator__LtEq ... ok
[INFO] [stdout] test intervals::cp_solver::tests::case_1_i64::seed_06_12::greater_op_1_Operator__Gt::less_op_1_Operator__Lt ... ok
[INFO] [stdout] test intervals::cp_solver::tests::case_1_i64::seed_06_12::greater_op_1_Operator__Gt::less_op_2_Operator__LtEq ... ok
[INFO] [stdout] test intervals::cp_solver::tests::case_1_i64::seed_06_12::greater_op_2_Operator__GtEq::less_op_1_Operator__Lt ... ok
[INFO] [stdout] test intervals::cp_solver::tests::case_1_i64::seed_03_2::greater_op_1_Operator__Gt::less_op_1_Operator__Lt ... ok
[INFO] [stdout] test intervals::cp_solver::tests::case_1_i64::seed_01_0::greater_op_2_Operator__GtEq::less_op_2_Operator__LtEq ... ok
[INFO] [stdout] test intervals::cp_solver::tests::case_1_i64::seed_06_12::greater_op_2_Operator__GtEq::less_op_2_Operator__LtEq ... ok
[INFO] [stdout] test intervals::cp_solver::tests::case_1_i64::seed_07_32::greater_op_1_Operator__Gt::less_op_1_Operator__Lt ... ok
[INFO] [stdout] test intervals::cp_solver::tests::case_1_i64::seed_05_4::greater_op_1_Operator__Gt::less_op_1_Operator__Lt ... ok
[INFO] [stdout] test intervals::cp_solver::tests::case_1_i64::seed_07_32::greater_op_1_Operator__Gt::less_op_2_Operator__LtEq ... ok
[INFO] [stdout] test intervals::cp_solver::tests::case_1_i64::seed_08_314::greater_op_2_Operator__GtEq::less_op_2_Operator__LtEq ... ok
[INFO] [stdout] test intervals::cp_solver::tests::case_1_i64::seed_08_314::greater_op_2_Operator__GtEq::less_op_1_Operator__Lt ... ok
[INFO] [stdout] test intervals::cp_solver::tests::case_1_i64::seed_08_314::greater_op_1_Operator__Gt::less_op_2_Operator__LtEq ... ok
[INFO] [stdout] test intervals::cp_solver::tests::case_1_i64::seed_08_314::greater_op_1_Operator__Gt::less_op_1_Operator__Lt ... ok
[INFO] [stdout] test intervals::cp_solver::tests::case_1_i64::seed_07_32::greater_op_2_Operator__GtEq::less_op_1_Operator__Lt ... ok
[INFO] [stdout] test intervals::cp_solver::tests::case_1_i64::seed_09_3124::greater_op_1_Operator__Gt::less_op_2_Operator__LtEq ... ok
[INFO] [stdout] test intervals::cp_solver::tests::case_1_i64::seed_09_3124::greater_op_2_Operator__GtEq::less_op_1_Operator__Lt ... ok
[INFO] [stdout] test intervals::cp_solver::tests::case_1_i64::seed_09_3124::greater_op_2_Operator__GtEq::less_op_2_Operator__LtEq ... ok
[INFO] [stdout] test intervals::cp_solver::tests::case_1_i64::seed_07_32::greater_op_2_Operator__GtEq::less_op_2_Operator__LtEq ... ok
[INFO] [stdout] test intervals::cp_solver::tests::case_1_i64::seed_09_3124::greater_op_1_Operator__Gt::less_op_1_Operator__Lt ... ok
[INFO] [stdout] test intervals::cp_solver::tests::case_1_i64::seed_10_123::greater_op_1_Operator__Gt::less_op_1_Operator__Lt ... ok
[INFO] [stdout] test intervals::cp_solver::tests::case_1_i64::seed_10_123::greater_op_1_Operator__Gt::less_op_2_Operator__LtEq ... ok
[INFO] [stdout] test intervals::cp_solver::tests::case_1_i64::seed_11_125::greater_op_1_Operator__Gt::less_op_1_Operator__Lt ... ok
[INFO] [stdout] test intervals::cp_solver::tests::case_1_i64::seed_11_125::greater_op_2_Operator__GtEq::less_op_2_Operator__LtEq ... ok
[INFO] [stdout] test intervals::cp_solver::tests::case_1_i64::seed_10_123::greater_op_2_Operator__GtEq::less_op_1_Operator__Lt ... ok
[INFO] [stdout] test intervals::cp_solver::tests::case_1_i64::seed_11_125::greater_op_2_Operator__GtEq::less_op_1_Operator__Lt ... ok
[INFO] [stdout] test intervals::cp_solver::tests::case_1_i64::seed_11_125::greater_op_1_Operator__Gt::less_op_2_Operator__LtEq ... ok
[INFO] [stdout] test intervals::cp_solver::tests::case_1_i64::seed_10_123::greater_op_2_Operator__GtEq::less_op_2_Operator__LtEq ... ok
[INFO] [stdout] test intervals::cp_solver::tests::case_1_i64::seed_12_211::greater_op_1_Operator__Gt::less_op_2_Operator__LtEq ... ok
[INFO] [stdout] test intervals::cp_solver::tests::case_1_i64::seed_12_211::greater_op_2_Operator__GtEq::less_op_1_Operator__Lt ... ok
[INFO] [stdout] test intervals::cp_solver::tests::case_1_i64::seed_12_211::greater_op_2_Operator__GtEq::less_op_2_Operator__LtEq ... ok
[INFO] [stdout] test intervals::cp_solver::tests::case_1_i64::seed_13_215::greater_op_2_Operator__GtEq::less_op_2_Operator__LtEq ... ok
[INFO] [stdout] test intervals::cp_solver::tests::case_1_i64::seed_13_215::greater_op_1_Operator__Gt::less_op_1_Operator__Lt ... ok
[INFO] [stdout] test intervals::cp_solver::tests::case_1_i64::seed_12_211::greater_op_1_Operator__Gt::less_op_1_Operator__Lt ... ok
[INFO] [stdout] test intervals::cp_solver::tests::case_1_i64::seed_13_215::greater_op_2_Operator__GtEq::less_op_1_Operator__Lt ... ok
[INFO] [stdout] test intervals::cp_solver::tests::case_1_i64::seed_13_215::greater_op_1_Operator__Gt::less_op_2_Operator__LtEq ... ok
[INFO] [stdout] test intervals::cp_solver::tests::case_2_f32::seed_01_0::greater_op_1_Operator__Gt::less_op_1_Operator__Lt ... ok
[INFO] [stdout] test intervals::cp_solver::tests::case_1_i64::seed_14_4123::greater_op_1_Operator__Gt::less_op_2_Operator__LtEq ... ok
[INFO] [stdout] test intervals::cp_solver::tests::case_1_i64::seed_14_4123::greater_op_2_Operator__GtEq::less_op_1_Operator__Lt ... ok
[INFO] [stdout] test intervals::cp_solver::tests::case_2_f32::seed_01_0::greater_op_1_Operator__Gt::less_op_2_Operator__LtEq ... ok
[INFO] [stdout] test intervals::cp_solver::tests::case_1_i64::seed_14_4123::greater_op_2_Operator__GtEq::less_op_2_Operator__LtEq ... ok
[INFO] [stdout] test intervals::cp_solver::tests::case_2_f32::seed_01_0::greater_op_2_Operator__GtEq::less_op_1_Operator__Lt ... ok
[INFO] [stdout] test intervals::cp_solver::tests::case_1_i64::seed_14_4123::greater_op_1_Operator__Gt::less_op_1_Operator__Lt ... ok
[INFO] [stdout] test intervals::cp_solver::tests::case_2_f32::seed_01_0::greater_op_2_Operator__GtEq::less_op_2_Operator__LtEq ... ok
[INFO] [stdout] test intervals::cp_solver::tests::case_2_f32::seed_03_2::greater_op_1_Operator__Gt::less_op_2_Operator__LtEq ... ok
[INFO] [stdout] test intervals::cp_solver::tests::case_2_f32::seed_02_1::greater_op_2_Operator__GtEq::less_op_2_Operator__LtEq ... ok
[INFO] [stdout] test intervals::cp_solver::tests::case_2_f32::seed_03_2::greater_op_2_Operator__GtEq::less_op_1_Operator__Lt ... ok
[INFO] [stdout] test intervals::cp_solver::tests::case_2_f32::seed_03_2::greater_op_1_Operator__Gt::less_op_1_Operator__Lt ... ok
[INFO] [stdout] test intervals::cp_solver::tests::case_2_f32::seed_02_1::greater_op_2_Operator__GtEq::less_op_1_Operator__Lt ... ok
[INFO] [stdout] test intervals::cp_solver::tests::case_2_f32::seed_02_1::greater_op_1_Operator__Gt::less_op_1_Operator__Lt ... ok
[INFO] [stdout] test intervals::cp_solver::tests::case_2_f32::seed_03_2::greater_op_2_Operator__GtEq::less_op_2_Operator__LtEq ... ok
[INFO] [stdout] test intervals::cp_solver::tests::case_2_f32::seed_02_1::greater_op_1_Operator__Gt::less_op_2_Operator__LtEq ... ok
[INFO] [stdout] test intervals::cp_solver::tests::case_2_f32::seed_04_3::greater_op_1_Operator__Gt::less_op_1_Operator__Lt ... ok
[INFO] [stdout] test intervals::cp_solver::tests::case_2_f32::seed_05_4::greater_op_2_Operator__GtEq::less_op_1_Operator__Lt ... ok
[INFO] [stdout] test intervals::cp_solver::tests::case_2_f32::seed_04_3::greater_op_2_Operator__GtEq::less_op_1_Operator__Lt ... ok
[INFO] [stdout] test intervals::cp_solver::tests::case_2_f32::seed_04_3::greater_op_1_Operator__Gt::less_op_2_Operator__LtEq ... ok
[INFO] [stdout] test intervals::cp_solver::tests::case_2_f32::seed_04_3::greater_op_2_Operator__GtEq::less_op_2_Operator__LtEq ... ok
[INFO] [stdout] test intervals::cp_solver::tests::case_2_f32::seed_05_4::greater_op_2_Operator__GtEq::less_op_2_Operator__LtEq ... ok
[INFO] [stdout] test intervals::cp_solver::tests::case_2_f32::seed_05_4::greater_op_1_Operator__Gt::less_op_1_Operator__Lt ... ok
[INFO] [stdout] test intervals::cp_solver::tests::case_2_f32::seed_06_12::greater_op_1_Operator__Gt::less_op_1_Operator__Lt ... ok
[INFO] [stdout] test intervals::cp_solver::tests::case_2_f32::seed_05_4::greater_op_1_Operator__Gt::less_op_2_Operator__LtEq ... ok
[INFO] [stdout] test intervals::cp_solver::tests::case_2_f32::seed_06_12::greater_op_2_Operator__GtEq::less_op_1_Operator__Lt ... ok
[INFO] [stdout] test intervals::cp_solver::tests::case_2_f32::seed_07_32::greater_op_1_Operator__Gt::less_op_2_Operator__LtEq ... ok
[INFO] [stdout] test intervals::cp_solver::tests::case_2_f32::seed_08_314::greater_op_1_Operator__Gt::less_op_1_Operator__Lt ... ok
[INFO] [stdout] test intervals::cp_solver::tests::case_2_f32::seed_06_12::greater_op_1_Operator__Gt::less_op_2_Operator__LtEq ... ok
[INFO] [stdout] test intervals::cp_solver::tests::case_2_f32::seed_06_12::greater_op_2_Operator__GtEq::less_op_2_Operator__LtEq ... ok
[INFO] [stdout] test intervals::cp_solver::tests::case_2_f32::seed_07_32::greater_op_2_Operator__GtEq::less_op_1_Operator__Lt ... ok
[INFO] [stdout] test intervals::cp_solver::tests::case_2_f32::seed_07_32::greater_op_1_Operator__Gt::less_op_1_Operator__Lt ... ok
[INFO] [stdout] test intervals::cp_solver::tests::case_2_f32::seed_08_314::greater_op_2_Operator__GtEq::less_op_1_Operator__Lt ... ok
[INFO] [stdout] test intervals::cp_solver::tests::case_2_f32::seed_10_123::greater_op_1_Operator__Gt::less_op_1_Operator__Lt ... ok
[INFO] [stdout] test intervals::cp_solver::tests::case_2_f32::seed_09_3124::greater_op_2_Operator__GtEq::less_op_1_Operator__Lt ... ok
[INFO] [stdout] test intervals::cp_solver::tests::case_2_f32::seed_09_3124::greater_op_1_Operator__Gt::less_op_1_Operator__Lt ... ok
[INFO] [stdout] test intervals::cp_solver::tests::case_2_f32::seed_08_314::greater_op_1_Operator__Gt::less_op_2_Operator__LtEq ... ok
[INFO] [stdout] test intervals::cp_solver::tests::case_2_f32::seed_08_314::greater_op_2_Operator__GtEq::less_op_2_Operator__LtEq ... ok
[INFO] [stdout] test intervals::cp_solver::tests::case_2_f32::seed_10_123::greater_op_2_Operator__GtEq::less_op_1_Operator__Lt ... ok
[INFO] [stdout] test intervals::cp_solver::tests::case_2_f32::seed_10_123::greater_op_1_Operator__Gt::less_op_2_Operator__LtEq ... ok
[INFO] [stdout] test intervals::cp_solver::tests::case_2_f32::seed_09_3124::greater_op_1_Operator__Gt::less_op_2_Operator__LtEq ... ok
[INFO] [stdout] test intervals::cp_solver::tests::case_2_f32::seed_10_123::greater_op_2_Operator__GtEq::less_op_2_Operator__LtEq ... ok
[INFO] [stdout] test intervals::cp_solver::tests::case_2_f32::seed_11_125::greater_op_1_Operator__Gt::less_op_2_Operator__LtEq ... ok
[INFO] [stdout] test intervals::cp_solver::tests::case_2_f32::seed_11_125::greater_op_2_Operator__GtEq::less_op_2_Operator__LtEq ... ok
[INFO] [stdout] test intervals::cp_solver::tests::case_2_f32::seed_12_211::greater_op_1_Operator__Gt::less_op_1_Operator__Lt ... ok
[INFO] [stdout] test intervals::cp_solver::tests::case_2_f32::seed_12_211::greater_op_2_Operator__GtEq::less_op_2_Operator__LtEq ... ok
[INFO] [stdout] test intervals::cp_solver::tests::case_2_f32::seed_11_125::greater_op_1_Operator__Gt::less_op_1_Operator__Lt ... ok
[INFO] [stdout] test intervals::cp_solver::tests::case_2_f32::seed_11_125::greater_op_2_Operator__GtEq::less_op_1_Operator__Lt ... ok
[INFO] [stdout] test intervals::cp_solver::tests::case_2_f32::seed_12_211::greater_op_1_Operator__Gt::less_op_2_Operator__LtEq ... ok
[INFO] [stdout] test intervals::cp_solver::tests::case_2_f32::seed_13_215::greater_op_1_Operator__Gt::less_op_1_Operator__Lt ... ok
[INFO] [stdout] test intervals::cp_solver::tests::case_2_f32::seed_13_215::greater_op_1_Operator__Gt::less_op_2_Operator__LtEq ... ok
[INFO] [stdout] test intervals::cp_solver::tests::case_2_f32::seed_13_215::greater_op_2_Operator__GtEq::less_op_1_Operator__Lt ... ok
[INFO] [stdout] test intervals::cp_solver::tests::case_2_f32::seed_07_32::greater_op_2_Operator__GtEq::less_op_2_Operator__LtEq ... ok
[INFO] [stdout] test intervals::cp_solver::tests::case_2_f32::seed_09_3124::greater_op_2_Operator__GtEq::less_op_2_Operator__LtEq ... ok
[INFO] [stdout] test intervals::cp_solver::tests::case_2_f32::seed_12_211::greater_op_2_Operator__GtEq::less_op_1_Operator__Lt ... ok
[INFO] [stdout] test intervals::cp_solver::tests::case_2_f32::seed_13_215::greater_op_2_Operator__GtEq::less_op_2_Operator__LtEq ... ok
[INFO] [stdout] test intervals::cp_solver::tests::case_2_f32::seed_14_4123::greater_op_1_Operator__Gt::less_op_1_Operator__Lt ... ok
[INFO] [stdout] test intervals::cp_solver::tests::case_2_f32::seed_14_4123::greater_op_2_Operator__GtEq::less_op_1_Operator__Lt ... ok
[INFO] [stdout] test intervals::cp_solver::tests::case_2_f64::seed_01_0::greater_op_1_Operator__Gt::less_op_1_Operator__Lt ... ok
[INFO] [stdout] test intervals::cp_solver::tests::case_2_f64::seed_01_0::greater_op_1_Operator__Gt::less_op_2_Operator__LtEq ... ok
[INFO] [stdout] test intervals::cp_solver::tests::case_2_f32::seed_14_4123::greater_op_1_Operator__Gt::less_op_2_Operator__LtEq ... ok
[INFO] [stdout] test intervals::cp_solver::tests::case_2_f64::seed_02_1::greater_op_1_Operator__Gt::less_op_2_Operator__LtEq ... ok
[INFO] [stdout] test intervals::cp_solver::tests::case_2_f32::seed_14_4123::greater_op_2_Operator__GtEq::less_op_2_Operator__LtEq ... ok
[INFO] [stdout] test intervals::cp_solver::tests::case_2_f64::seed_02_1::greater_op_2_Operator__GtEq::less_op_1_Operator__Lt ... ok
[INFO] [stdout] test intervals::cp_solver::tests::case_2_f64::seed_01_0::greater_op_2_Operator__GtEq::less_op_1_Operator__Lt ... ok
[INFO] [stdout] test intervals::cp_solver::tests::case_2_f64::seed_02_1::greater_op_1_Operator__Gt::less_op_1_Operator__Lt ... ok
[INFO] [stdout] test intervals::cp_solver::tests::case_2_f64::seed_01_0::greater_op_2_Operator__GtEq::less_op_2_Operator__LtEq ... ok
[INFO] [stdout] test intervals::cp_solver::tests::case_2_f64::seed_03_2::greater_op_2_Operator__GtEq::less_op_2_Operator__LtEq ... ok
[INFO] [stdout] test intervals::cp_solver::tests::case_2_f64::seed_04_3::greater_op_2_Operator__GtEq::less_op_1_Operator__Lt ... ok
[INFO] [stdout] test intervals::cp_solver::tests::case_2_f64::seed_03_2::greater_op_1_Operator__Gt::less_op_2_Operator__LtEq ... ok
[INFO] [stdout] test intervals::cp_solver::tests::case_2_f64::seed_04_3::greater_op_1_Operator__Gt::less_op_2_Operator__LtEq ... ok
[INFO] [stdout] test intervals::cp_solver::tests::case_2_f64::seed_04_3::greater_op_1_Operator__Gt::less_op_1_Operator__Lt ... ok
[INFO] [stdout] test intervals::cp_solver::tests::case_2_f64::seed_02_1::greater_op_2_Operator__GtEq::less_op_2_Operator__LtEq ... ok
[INFO] [stdout] test intervals::cp_solver::tests::case_2_f64::seed_03_2::greater_op_2_Operator__GtEq::less_op_1_Operator__Lt ... ok
[INFO] [stdout] test intervals::cp_solver::tests::case_2_f64::seed_05_4::greater_op_1_Operator__Gt::less_op_2_Operator__LtEq ... ok
[INFO] [stdout] test intervals::cp_solver::tests::case_2_f64::seed_05_4::greater_op_1_Operator__Gt::less_op_1_Operator__Lt ... ok
[INFO] [stdout] test intervals::cp_solver::tests::case_2_f64::seed_05_4::greater_op_2_Operator__GtEq::less_op_1_Operator__Lt ... ok
[INFO] [stdout] test intervals::cp_solver::tests::case_2_f64::seed_06_12::greater_op_1_Operator__Gt::less_op_2_Operator__LtEq ... ok
[INFO] [stdout] test intervals::cp_solver::tests::case_2_f64::seed_04_3::greater_op_2_Operator__GtEq::less_op_2_Operator__LtEq ... ok
[INFO] [stdout] test intervals::cp_solver::tests::case_2_f64::seed_03_2::greater_op_1_Operator__Gt::less_op_1_Operator__Lt ... ok
[INFO] [stdout] test intervals::cp_solver::tests::case_2_f64::seed_06_12::greater_op_2_Operator__GtEq::less_op_1_Operator__Lt ... ok
[INFO] [stdout] test intervals::cp_solver::tests::case_2_f64::seed_05_4::greater_op_2_Operator__GtEq::less_op_2_Operator__LtEq ... ok
[INFO] [stdout] test intervals::cp_solver::tests::case_2_f64::seed_07_32::greater_op_1_Operator__Gt::less_op_2_Operator__LtEq ... ok
[INFO] [stdout] test intervals::cp_solver::tests::case_2_f64::seed_06_12::greater_op_1_Operator__Gt::less_op_1_Operator__Lt ... ok
[INFO] [stdout] test intervals::cp_solver::tests::case_2_f64::seed_06_12::greater_op_2_Operator__GtEq::less_op_2_Operator__LtEq ... ok
[INFO] [stdout] test intervals::cp_solver::tests::case_2_f64::seed_07_32::greater_op_1_Operator__Gt::less_op_1_Operator__Lt ... ok
[INFO] [stdout] test intervals::cp_solver::tests::case_2_f64::seed_07_32::greater_op_2_Operator__GtEq::less_op_1_Operator__Lt ... ok
[INFO] [stdout] test intervals::cp_solver::tests::case_2_f64::seed_08_314::greater_op_1_Operator__Gt::less_op_1_Operator__Lt ... ok
[INFO] [stdout] test intervals::cp_solver::tests::case_2_f64::seed_09_3124::greater_op_1_Operator__Gt::less_op_2_Operator__LtEq ... ok
[INFO] [stdout] test intervals::cp_solver::tests::case_2_f64::seed_07_32::greater_op_2_Operator__GtEq::less_op_2_Operator__LtEq ... ok
[INFO] [stdout] test intervals::cp_solver::tests::case_2_f64::seed_09_3124::greater_op_2_Operator__GtEq::less_op_1_Operator__Lt ... ok
[INFO] [stdout] test intervals::cp_solver::tests::case_2_f64::seed_09_3124::greater_op_1_Operator__Gt::less_op_1_Operator__Lt ... ok
[INFO] [stdout] test intervals::cp_solver::tests::case_2_f64::seed_09_3124::greater_op_2_Operator__GtEq::less_op_2_Operator__LtEq ... ok
[INFO] [stdout] test intervals::cp_solver::tests::case_2_f64::seed_08_314::greater_op_1_Operator__Gt::less_op_2_Operator__LtEq ... ok
[INFO] [stdout] test intervals::cp_solver::tests::case_2_f64::seed_10_123::greater_op_1_Operator__Gt::less_op_1_Operator__Lt ... ok
[INFO] [stdout] test intervals::cp_solver::tests::case_2_f64::seed_08_314::greater_op_2_Operator__GtEq::less_op_2_Operator__LtEq ... ok
[INFO] [stdout] test intervals::cp_solver::tests::case_2_f64::seed_10_123::greater_op_2_Operator__GtEq::less_op_2_Operator__LtEq ... ok
[INFO] [stdout] test intervals::cp_solver::tests::case_2_f64::seed_11_125::greater_op_1_Operator__Gt::less_op_2_Operator__LtEq ... ok
[INFO] [stdout] test intervals::cp_solver::tests::case_2_f64::seed_08_314::greater_op_2_Operator__GtEq::less_op_1_Operator__Lt ... ok
[INFO] [stdout] test intervals::cp_solver::tests::case_2_f64::seed_10_123::greater_op_1_Operator__Gt::less_op_2_Operator__LtEq ... ok
[INFO] [stdout] test intervals::cp_solver::tests::case_2_f64::seed_11_125::greater_op_1_Operator__Gt::less_op_1_Operator__Lt ... ok
[INFO] [stdout] test intervals::cp_solver::tests::case_2_f64::seed_10_123::greater_op_2_Operator__GtEq::less_op_1_Operator__Lt ... ok
[INFO] [stdout] test intervals::cp_solver::tests::case_2_f64::seed_11_125::greater_op_2_Operator__GtEq::less_op_1_Operator__Lt ... ok
[INFO] [stdout] test intervals::cp_solver::tests::case_2_f64::seed_12_211::greater_op_2_Operator__GtEq::less_op_1_Operator__Lt ... ok
[INFO] [stdout] test intervals::cp_solver::tests::case_2_f64::seed_12_211::greater_op_2_Operator__GtEq::less_op_2_Operator__LtEq ... ok
[INFO] [stdout] test intervals::cp_solver::tests::case_2_f64::seed_13_215::greater_op_1_Operator__Gt::less_op_2_Operator__LtEq ... ok
[INFO] [stdout] test intervals::cp_solver::tests::case_2_f64::seed_11_125::greater_op_2_Operator__GtEq::less_op_2_Operator__LtEq ... ok
[INFO] [stdout] test intervals::cp_solver::tests::case_2_f64::seed_13_215::greater_op_2_Operator__GtEq::less_op_2_Operator__LtEq ... ok
[INFO] [stdout] test intervals::cp_solver::tests::case_2_f64::seed_12_211::greater_op_1_Operator__Gt::less_op_1_Operator__Lt ... ok
[INFO] [stdout] test intervals::cp_solver::tests::case_2_f64::seed_14_4123::greater_op_1_Operator__Gt::less_op_1_Operator__Lt ... ok
[INFO] [stdout] test intervals::cp_solver::tests::case_2_f64::seed_13_215::greater_op_1_Operator__Gt::less_op_1_Operator__Lt ... ok
[INFO] [stdout] test intervals::cp_solver::tests::case_2_f64::seed_12_211::greater_op_1_Operator__Gt::less_op_2_Operator__LtEq ... ok
[INFO] [stdout] test intervals::cp_solver::tests::case_2_i32::seed_01_0::greater_op_1_Operator__Gt::less_op_1_Operator__Lt ... ok
[INFO] [stdout] test intervals::cp_solver::tests::case_2_i32::seed_01_0::greater_op_1_Operator__Gt::less_op_2_Operator__LtEq ... ok
[INFO] [stdout] test intervals::cp_solver::tests::case_2_i32::seed_01_0::greater_op_2_Operator__GtEq::less_op_1_Operator__Lt ... ok
[INFO] [stdout] test intervals::cp_solver::tests::case_2_i32::seed_02_1::greater_op_1_Operator__Gt::less_op_1_Operator__Lt ... ok
[INFO] [stdout] test intervals::cp_solver::tests::case_2_i32::seed_02_1::greater_op_1_Operator__Gt::less_op_2_Operator__LtEq ... ok
[INFO] [stdout] test intervals::cp_solver::tests::case_2_f64::seed_13_215::greater_op_2_Operator__GtEq::less_op_1_Operator__Lt ... ok
[INFO] [stdout] test intervals::cp_solver::tests::case_2_f64::seed_14_4123::greater_op_2_Operator__GtEq::less_op_2_Operator__LtEq ... ok
[INFO] [stdout] test intervals::cp_solver::tests::case_2_f64::seed_14_4123::greater_op_1_Operator__Gt::less_op_2_Operator__LtEq ... ok
[INFO] [stdout] test intervals::cp_solver::tests::case_2_i32::seed_02_1::greater_op_2_Operator__GtEq::less_op_1_Operator__Lt ... ok
[INFO] [stdout] test intervals::cp_solver::tests::case_2_f64::seed_14_4123::greater_op_2_Operator__GtEq::less_op_1_Operator__Lt ... ok
[INFO] [stdout] test intervals::cp_solver::tests::case_2_i32::seed_01_0::greater_op_2_Operator__GtEq::less_op_2_Operator__LtEq ... ok
[INFO] [stdout] test intervals::cp_solver::tests::case_2_i32::seed_02_1::greater_op_2_Operator__GtEq::less_op_2_Operator__LtEq ... ok
[INFO] [stdout] test intervals::cp_solver::tests::case_2_i32::seed_03_2::greater_op_1_Operator__Gt::less_op_2_Operator__LtEq ... ok
[INFO] [stdout] test intervals::cp_solver::tests::case_2_i32::seed_04_3::greater_op_1_Operator__Gt::less_op_1_Operator__Lt ... ok
[INFO] [stdout] test intervals::cp_solver::tests::case_2_i32::seed_03_2::greater_op_1_Operator__Gt::less_op_1_Operator__Lt ... ok
[INFO] [stdout] test intervals::cp_solver::tests::case_2_i32::seed_03_2::greater_op_2_Operator__GtEq::less_op_1_Operator__Lt ... ok
[INFO] [stdout] test intervals::cp_solver::tests::case_2_i32::seed_04_3::greater_op_1_Operator__Gt::less_op_2_Operator__LtEq ... ok
[INFO] [stdout] test intervals::cp_solver::tests::case_2_i32::seed_04_3::greater_op_2_Operator__GtEq::less_op_1_Operator__Lt ... ok
[INFO] [stdout] test intervals::cp_solver::tests::case_2_i32::seed_03_2::greater_op_2_Operator__GtEq::less_op_2_Operator__LtEq ... ok
[INFO] [stdout] test intervals::cp_solver::tests::case_2_i32::seed_04_3::greater_op_2_Operator__GtEq::less_op_2_Operator__LtEq ... ok
[INFO] [stdout] test intervals::cp_solver::tests::case_2_i32::seed_05_4::greater_op_1_Operator__Gt::less_op_1_Operator__Lt ... ok
[INFO] [stdout] test intervals::cp_solver::tests::case_2_i32::seed_06_12::greater_op_1_Operator__Gt::less_op_1_Operator__Lt ... ok
[INFO] [stdout] test intervals::cp_solver::tests::case_2_i32::seed_05_4::greater_op_1_Operator__Gt::less_op_2_Operator__LtEq ... ok
[INFO] [stdout] test intervals::cp_solver::tests::case_2_i32::seed_06_12::greater_op_2_Operator__GtEq::less_op_1_Operator__Lt ... ok
[INFO] [stdout] test intervals::cp_solver::tests::case_2_i32::seed_06_12::greater_op_1_Operator__Gt::less_op_2_Operator__LtEq ... ok
[INFO] [stdout] test intervals::cp_solver::tests::case_2_i32::seed_05_4::greater_op_2_Operator__GtEq::less_op_1_Operator__Lt ... ok
[INFO] [stdout] test intervals::cp_solver::tests::case_2_i32::seed_05_4::greater_op_2_Operator__GtEq::less_op_2_Operator__LtEq ... ok
[INFO] [stdout] test intervals::cp_solver::tests::case_2_i32::seed_08_314::greater_op_1_Operator__Gt::less_op_2_Operator__LtEq ... ok
[INFO] [stdout] test intervals::cp_solver::tests::case_2_i32::seed_07_32::greater_op_2_Operator__GtEq::less_op_2_Operator__LtEq ... ok
[INFO] [stdout] test intervals::cp_solver::tests::case_2_i32::seed_07_32::greater_op_2_Operator__GtEq::less_op_1_Operator__Lt ... ok
[INFO] [stdout] test intervals::cp_solver::tests::case_2_i32::seed_06_12::greater_op_2_Operator__GtEq::less_op_2_Operator__LtEq ... ok
[INFO] [stdout] test intervals::cp_solver::tests::case_2_i32::seed_08_314::greater_op_1_Operator__Gt::less_op_1_Operator__Lt ... ok
[INFO] [stdout] test intervals::cp_solver::tests::case_2_i32::seed_08_314::greater_op_2_Operator__GtEq::less_op_2_Operator__LtEq ... ok
[INFO] [stdout] test intervals::cp_solver::tests::case_2_i32::seed_08_314::greater_op_2_Operator__GtEq::less_op_1_Operator__Lt ... ok
[INFO] [stdout] test intervals::cp_solver::tests::case_2_i32::seed_07_32::greater_op_1_Operator__Gt::less_op_1_Operator__Lt ... ok
[INFO] [stdout] test intervals::cp_solver::tests::case_2_i32::seed_09_3124::greater_op_2_Operator__GtEq::less_op_1_Operator__Lt ... ok
[INFO] [stdout] test intervals::cp_solver::tests::case_2_i32::seed_10_123::greater_op_1_Operator__Gt::less_op_1_Operator__Lt ... ok
[INFO] [stdout] test intervals::cp_solver::tests::case_2_i32::seed_10_123::greater_op_1_Operator__Gt::less_op_2_Operator__LtEq ... ok
[INFO] [stdout] test intervals::cp_solver::tests::case_2_i32::seed_07_32::greater_op_1_Operator__Gt::less_op_2_Operator__LtEq ... ok
[INFO] [stdout] test intervals::cp_solver::tests::case_2_i32::seed_09_3124::greater_op_2_Operator__GtEq::less_op_2_Operator__LtEq ... ok
[INFO] [stdout] test intervals::cp_solver::tests::case_2_i32::seed_10_123::greater_op_2_Operator__GtEq::less_op_2_Operator__LtEq ... ok
[INFO] [stdout] test intervals::cp_solver::tests::case_2_i32::seed_11_125::greater_op_1_Operator__Gt::less_op_1_Operator__Lt ... ok
[INFO] [stdout] test intervals::cp_solver::tests::case_2_i32::seed_11_125::greater_op_1_Operator__Gt::less_op_2_Operator__LtEq ... ok
[INFO] [stdout] test intervals::cp_solver::tests::case_2_i32::seed_10_123::greater_op_2_Operator__GtEq::less_op_1_Operator__Lt ... ok
[INFO] [stdout] test intervals::cp_solver::tests::case_2_i32::seed_11_125::greater_op_2_Operator__GtEq::less_op_2_Operator__LtEq ... ok
[INFO] [stdout] test intervals::cp_solver::tests::case_2_i32::seed_09_3124::greater_op_1_Operator__Gt::less_op_2_Operator__LtEq ... ok
[INFO] [stdout] test intervals::cp_solver::tests::case_2_i32::seed_11_125::greater_op_2_Operator__GtEq::less_op_1_Operator__Lt ... ok
[INFO] [stdout] test intervals::cp_solver::tests::case_2_i32::seed_12_211::greater_op_1_Operator__Gt::less_op_2_Operator__LtEq ... ok
[INFO] [stdout] test intervals::cp_solver::tests::case_2_i32::seed_12_211::greater_op_2_Operator__GtEq::less_op_2_Operator__LtEq ... ok
[INFO] [stdout] test intervals::cp_solver::tests::case_2_i32::seed_09_3124::greater_op_1_Operator__Gt::less_op_1_Operator__Lt ... ok
[INFO] [stdout] test intervals::cp_solver::tests::case_2_i32::seed_13_215::greater_op_2_Operator__GtEq::less_op_1_Operator__Lt ... ok
[INFO] [stdout] test intervals::cp_solver::tests::case_2_i32::seed_13_215::greater_op_1_Operator__Gt::less_op_2_Operator__LtEq ... ok
[INFO] [stdout] test intervals::cp_solver::tests::case_2_i32::seed_12_211::greater_op_2_Operator__GtEq::less_op_1_Operator__Lt ... ok
[INFO] [stdout] test intervals::cp_solver::tests::case_2_i32::seed_13_215::greater_op_1_Operator__Gt::less_op_1_Operator__Lt ... ok
[INFO] [stdout] test intervals::cp_solver::tests::case_2_i32::seed_12_211::greater_op_1_Operator__Gt::less_op_1_Operator__Lt ... ok
[INFO] [stdout] test intervals::cp_solver::tests::case_2_i64::seed_01_0::greater_op_1_Operator__Gt::less_op_1_Operator__Lt ... ok
[INFO] [stdout] test intervals::cp_solver::tests::case_2_i64::seed_01_0::greater_op_2_Operator__GtEq::less_op_2_Operator__LtEq ... ok
[INFO] [stdout] test intervals::cp_solver::tests::case_2_i64::seed_01_0::greater_op_1_Operator__Gt::less_op_2_Operator__LtEq ... ok
[INFO] [stdout] test intervals::cp_solver::tests::case_2_i64::seed_01_0::greater_op_2_Operator__GtEq::less_op_1_Operator__Lt ... ok
[INFO] [stdout] test intervals::cp_solver::tests::case_2_i32::seed_13_215::greater_op_2_Operator__GtEq::less_op_2_Operator__LtEq ... ok
[INFO] [stdout] test intervals::cp_solver::tests::case_2_i64::seed_02_1::greater_op_2_Operator__GtEq::less_op_1_Operator__Lt ... ok
[INFO] [stdout] test intervals::cp_solver::tests::case_2_i32::seed_14_4123::greater_op_1_Operator__Gt::less_op_2_Operator__LtEq ... ok
[INFO] [stdout] test intervals::cp_solver::tests::case_2_i64::seed_02_1::greater_op_1_Operator__Gt::less_op_2_Operator__LtEq ... ok
[INFO] [stdout] test intervals::cp_solver::tests::case_2_i32::seed_14_4123::greater_op_1_Operator__Gt::less_op_1_Operator__Lt ... ok
[INFO] [stdout] test intervals::cp_solver::tests::case_2_i64::seed_02_1::greater_op_1_Operator__Gt::less_op_1_Operator__Lt ... ok
[INFO] [stdout] test intervals::cp_solver::tests::case_2_i32::seed_14_4123::greater_op_2_Operator__GtEq::less_op_1_Operator__Lt ... ok
[INFO] [stdout] test intervals::cp_solver::tests::case_2_i64::seed_02_1::greater_op_2_Operator__GtEq::less_op_2_Operator__LtEq ... ok
[INFO] [stdout] test intervals::cp_solver::tests::case_2_i32::seed_14_4123::greater_op_2_Operator__GtEq::less_op_2_Operator__LtEq ... ok
[INFO] [stdout] test intervals::cp_solver::tests::case_2_i64::seed_04_3::greater_op_2_Operator__GtEq::less_op_2_Operator__LtEq ... ok
[INFO] [stdout] test intervals::cp_solver::tests::case_2_i64::seed_03_2::greater_op_1_Operator__Gt::less_op_1_Operator__Lt ... ok
[INFO] [stdout] test intervals::cp_solver::tests::case_2_i64::seed_05_4::greater_op_1_Operator__Gt::less_op_1_Operator__Lt ... ok
[INFO] [stdout] test intervals::cp_solver::tests::case_2_i64::seed_04_3::greater_op_1_Operator__Gt::less_op_1_Operator__Lt ... ok
[INFO] [stdout] test intervals::cp_solver::tests::case_2_i64::seed_05_4::greater_op_1_Operator__Gt::less_op_2_Operator__LtEq ... ok
[INFO] [stdout] test intervals::cp_solver::tests::case_2_i64::seed_04_3::greater_op_1_Operator__Gt::less_op_2_Operator__LtEq ... ok
[INFO] [stdout] test intervals::cp_solver::tests::case_2_i64::seed_04_3::greater_op_2_Operator__GtEq::less_op_1_Operator__Lt ... ok
[INFO] [stdout] test intervals::cp_solver::tests::case_2_i64::seed_03_2::greater_op_1_Operator__Gt::less_op_2_Operator__LtEq ... ok
[INFO] [stdout] test intervals::cp_solver::tests::case_2_i64::seed_03_2::greater_op_2_Operator__GtEq::less_op_1_Operator__Lt ... ok
[INFO] [stdout] test intervals::cp_solver::tests::case_2_i64::seed_05_4::greater_op_2_Operator__GtEq::less_op_1_Operator__Lt ... ok
[INFO] [stdout] test intervals::cp_solver::tests::case_2_i64::seed_06_12::greater_op_1_Operator__Gt::less_op_1_Operator__Lt ... ok
[INFO] [stdout] test intervals::cp_solver::tests::case_2_i64::seed_03_2::greater_op_2_Operator__GtEq::less_op_2_Operator__LtEq ... ok
[INFO] [stdout] test intervals::cp_solver::tests::case_2_i64::seed_05_4::greater_op_2_Operator__GtEq::less_op_2_Operator__LtEq ... ok
[INFO] [stdout] test intervals::cp_solver::tests::case_2_i64::seed_07_32::greater_op_2_Operator__GtEq::less_op_2_Operator__LtEq ... ok
[INFO] [stdout] test intervals::cp_solver::tests::case_2_i64::seed_06_12::greater_op_2_Operator__GtEq::less_op_1_Operator__Lt ... ok
[INFO] [stdout] test intervals::cp_solver::tests::case_2_i64::seed_06_12::greater_op_1_Operator__Gt::less_op_2_Operator__LtEq ... ok
[INFO] [stdout] test intervals::cp_solver::tests::case_2_i64::seed_08_314::greater_op_1_Operator__Gt::less_op_1_Operator__Lt ... ok
[INFO] [stdout] test intervals::cp_solver::tests::case_2_i64::seed_08_314::greater_op_1_Operator__Gt::less_op_2_Operator__LtEq ... ok
[INFO] [stdout] test intervals::cp_solver::tests::case_2_i64::seed_07_32::greater_op_2_Operator__GtEq::less_op_1_Operator__Lt ... ok
[INFO] [stdout] test intervals::cp_solver::tests::case_2_i64::seed_07_32::greater_op_1_Operator__Gt::less_op_1_Operator__Lt ... ok
[INFO] [stdout] test intervals::cp_solver::tests::case_2_i64::seed_09_3124::greater_op_1_Operator__Gt::less_op_1_Operator__Lt ... ok
[INFO] [stdout] test intervals::cp_solver::tests::case_2_i64::seed_06_12::greater_op_2_Operator__GtEq::less_op_2_Operator__LtEq ... ok
[INFO] [stdout] test intervals::cp_solver::tests::case_2_i64::seed_08_314::greater_op_2_Operator__GtEq::less_op_2_Operator__LtEq ... ok
[INFO] [stdout] test intervals::cp_solver::tests::case_2_i64::seed_09_3124::greater_op_1_Operator__Gt::less_op_2_Operator__LtEq ... ok
[INFO] [stdout] test intervals::cp_solver::tests::case_2_i64::seed_09_3124::greater_op_2_Operator__GtEq::less_op_1_Operator__Lt ... ok
[INFO] [stdout] test intervals::cp_solver::tests::case_2_i64::seed_08_314::greater_op_2_Operator__GtEq::less_op_1_Operator__Lt ... ok
[INFO] [stdout] test intervals::cp_solver::tests::case_2_i64::seed_07_32::greater_op_1_Operator__Gt::less_op_2_Operator__LtEq ... ok
[INFO] [stdout] test intervals::cp_solver::tests::case_2_i64::seed_09_3124::greater_op_2_Operator__GtEq::less_op_2_Operator__LtEq ... ok
[INFO] [stdout] test intervals::cp_solver::tests::case_2_i64::seed_10_123::greater_op_1_Operator__Gt::less_op_2_Operator__LtEq ... ok
[INFO] [stdout] test intervals::cp_solver::tests::case_2_i64::seed_10_123::greater_op_2_Operator__GtEq::less_op_2_Operator__LtEq ... ok
[INFO] [stdout] test intervals::cp_solver::tests::case_2_i64::seed_10_123::greater_op_1_Operator__Gt::less_op_1_Operator__Lt ... ok
[INFO] [stdout] test intervals::cp_solver::tests::case_2_i64::seed_10_123::greater_op_2_Operator__GtEq::less_op_1_Operator__Lt ... ok
[INFO] [stdout] test intervals::cp_solver::tests::case_2_i64::seed_11_125::greater_op_1_Operator__Gt::less_op_2_Operator__LtEq ... ok
[INFO] [stdout] test intervals::cp_solver::tests::case_2_i64::seed_11_125::greater_op_2_Operator__GtEq::less_op_1_Operator__Lt ... ok
[INFO] [stdout] test intervals::cp_solver::tests::case_2_i64::seed_11_125::greater_op_1_Operator__Gt::less_op_1_Operator__Lt ... ok
[INFO] [stdout] test intervals::cp_solver::tests::case_2_i64::seed_12_211::greater_op_1_Operator__Gt::less_op_1_Operator__Lt ... ok
[INFO] [stdout] test intervals::cp_solver::tests::case_2_i64::seed_13_215::greater_op_1_Operator__Gt::less_op_1_Operator__Lt ... ok
[INFO] [stdout] test intervals::cp_solver::tests::case_2_i64::seed_12_211::greater_op_2_Operator__GtEq::less_op_1_Operator__Lt ... ok
[INFO] [stdout] test intervals::cp_solver::tests::case_2_i64::seed_13_215::greater_op_2_Operator__GtEq::less_op_1_Operator__Lt ... ok
[INFO] [stdout] test intervals::cp_solver::tests::case_2_i64::seed_11_125::greater_op_2_Operator__GtEq::less_op_2_Operator__LtEq ... ok
[INFO] [stdout] test intervals::cp_solver::tests::case_2_i64::seed_13_215::greater_op_2_Operator__GtEq::less_op_2_Operator__LtEq ... ok
[INFO] [stdout] test intervals::cp_solver::tests::case_2_i64::seed_13_215::greater_op_1_Operator__Gt::less_op_2_Operator__LtEq ... ok
[INFO] [stdout] test intervals::cp_solver::tests::case_2_i64::seed_12_211::greater_op_1_Operator__Gt::less_op_2_Operator__LtEq ... ok
[INFO] [stdout] test intervals::cp_solver::tests::case_2_i64::seed_12_211::greater_op_2_Operator__GtEq::less_op_2_Operator__LtEq ... ok
[INFO] [stdout] test intervals::cp_solver::tests::case_2_i64::seed_14_4123::greater_op_2_Operator__GtEq::less_op_1_Operator__Lt ... ok
[INFO] [stdout] test intervals::cp_solver::tests::case_3_f32::seed_01_0::greater_op_2_Operator__GtEq::less_op_1_Operator__Lt ... ok
[INFO] [stdout] test intervals::cp_solver::tests::case_2_i64::seed_14_4123::greater_op_1_Operator__Gt::less_op_2_Operator__LtEq ... ok
[INFO] [stdout] test intervals::cp_solver::tests::case_2_i64::seed_14_4123::greater_op_2_Operator__GtEq::less_op_2_Operator__LtEq ... ok
[INFO] [stdout] test intervals::cp_solver::tests::case_2_i64::seed_14_4123::greater_op_1_Operator__Gt::less_op_1_Operator__Lt ... ok
[INFO] [stdout] test intervals::cp_solver::tests::case_3_f32::seed_01_0::greater_op_2_Operator__GtEq::less_op_2_Operator__LtEq ... ok
[INFO] [stdout] test intervals::cp_solver::tests::case_3_f32::seed_02_1::greater_op_1_Operator__Gt::less_op_1_Operator__Lt ... ok
[INFO] [stdout] test intervals::cp_solver::tests::case_3_f32::seed_02_1::greater_op_1_Operator__Gt::less_op_2_Operator__LtEq ... ok
[INFO] [stdout] test intervals::cp_solver::tests::case_3_f32::seed_02_1::greater_op_2_Operator__GtEq::less_op_2_Operator__LtEq ... ok
[INFO] [stdout] test intervals::cp_solver::tests::case_3_f32::seed_03_2::greater_op_1_Operator__Gt::less_op_1_Operator__Lt ... ok
[INFO] [stdout] test intervals::cp_solver::tests::case_3_f32::seed_01_0::greater_op_1_Operator__Gt::less_op_1_Operator__Lt ... ok
[INFO] [stdout] test intervals::cp_solver::tests::case_3_f32::seed_02_1::greater_op_2_Operator__GtEq::less_op_1_Operator__Lt ... ok
[INFO] [stdout] test intervals::cp_solver::tests::case_3_f32::seed_01_0::greater_op_1_Operator__Gt::less_op_2_Operator__LtEq ... ok
[INFO] [stdout] test intervals::cp_solver::tests::case_3_f32::seed_03_2::greater_op_1_Operator__Gt::less_op_2_Operator__LtEq ... ok
[INFO] [stdout] test intervals::cp_solver::tests::case_3_f32::seed_04_3::greater_op_1_Operator__Gt::less_op_1_Operator__Lt ... ok
[INFO] [stdout] test intervals::cp_solver::tests::case_3_f32::seed_04_3::greater_op_2_Operator__GtEq::less_op_2_Operator__LtEq ... ok
[INFO] [stdout] test intervals::cp_solver::tests::case_3_f32::seed_03_2::greater_op_2_Operator__GtEq::less_op_2_Operator__LtEq ... ok
[INFO] [stdout] test intervals::cp_solver::tests::case_3_f32::seed_03_2::greater_op_2_Operator__GtEq::less_op_1_Operator__Lt ... ok
[INFO] [stdout] test intervals::cp_solver::tests::case_3_f32::seed_05_4::greater_op_1_Operator__Gt::less_op_1_Operator__Lt ... ok
[INFO] [stdout] test intervals::cp_solver::tests::case_3_f32::seed_05_4::greater_op_1_Operator__Gt::less_op_2_Operator__LtEq ... ok
[INFO] [stdout] test intervals::cp_solver::tests::case_3_f32::seed_06_12::greater_op_1_Operator__Gt::less_op_2_Operator__LtEq ... ok
[INFO] [stdout] test intervals::cp_solver::tests::case_3_f32::seed_05_4::greater_op_2_Operator__GtEq::less_op_1_Operator__Lt ... ok
[INFO] [stdout] test intervals::cp_solver::tests::case_3_f32::seed_06_12::greater_op_2_Operator__GtEq::less_op_1_Operator__Lt ... ok
[INFO] [stdout] test intervals::cp_solver::tests::case_3_f32::seed_07_32::greater_op_1_Operator__Gt::less_op_1_Operator__Lt ... ok
[INFO] [stdout] test intervals::cp_solver::tests::case_3_f32::seed_06_12::greater_op_2_Operator__GtEq::less_op_2_Operator__LtEq ... ok
[INFO] [stdout] test intervals::cp_solver::tests::case_3_f32::seed_05_4::greater_op_2_Operator__GtEq::less_op_2_Operator__LtEq ... ok
[INFO] [stdout] test intervals::cp_solver::tests::case_3_f32::seed_04_3::greater_op_1_Operator__Gt::less_op_2_Operator__LtEq ... ok
[INFO] [stdout] test intervals::cp_solver::tests::case_3_f32::seed_06_12::greater_op_1_Operator__Gt::less_op_1_Operator__Lt ... ok
[INFO] [stdout] test intervals::cp_solver::tests::case_3_f32::seed_08_314::greater_op_1_Operator__Gt::less_op_1_Operator__Lt ... ok
[INFO] [stdout] test intervals::cp_solver::tests::case_3_f32::seed_07_32::greater_op_2_Operator__GtEq::less_op_2_Operator__LtEq ... ok
[INFO] [stdout] test intervals::cp_solver::tests::case_3_f32::seed_08_314::greater_op_1_Operator__Gt::less_op_2_Operator__LtEq ... ok
[INFO] [stdout] test intervals::cp_solver::tests::case_3_f32::seed_07_32::greater_op_1_Operator__Gt::less_op_2_Operator__LtEq ... ok
[INFO] [stdout] test intervals::cp_solver::tests::case_3_f32::seed_07_32::greater_op_2_Operator__GtEq::less_op_1_Operator__Lt ... ok
[INFO] [stdout] test intervals::cp_solver::tests::case_3_f32::seed_04_3::greater_op_2_Operator__GtEq::less_op_1_Operator__Lt ... ok
[INFO] [stdout] test intervals::cp_solver::tests::case_3_f32::seed_08_314::greater_op_2_Operator__GtEq::less_op_1_Operator__Lt ... ok
[INFO] [stdout] test intervals::cp_solver::tests::case_3_f32::seed_09_3124::greater_op_1_Operator__Gt::less_op_2_Operator__LtEq ... ok
[INFO] [stdout] test intervals::cp_solver::tests::case_3_f32::seed_09_3124::greater_op_2_Operator__GtEq::less_op_1_Operator__Lt ... ok
[INFO] [stdout] test intervals::cp_solver::tests::case_3_f32::seed_08_314::greater_op_2_Operator__GtEq::less_op_2_Operator__LtEq ... ok
[INFO] [stdout] test intervals::cp_solver::tests::case_3_f32::seed_09_3124::greater_op_1_Operator__Gt::less_op_1_Operator__Lt ... ok
[INFO] [stdout] test intervals::cp_solver::tests::case_3_f32::seed_09_3124::greater_op_2_Operator__GtEq::less_op_2_Operator__LtEq ... ok
[INFO] [stdout] test intervals::cp_solver::tests::case_3_f32::seed_10_123::greater_op_1_Operator__Gt::less_op_1_Operator__Lt ... ok
[INFO] [stdout] test intervals::cp_solver::tests::case_3_f32::seed_10_123::greater_op_1_Operator__Gt::less_op_2_Operator__LtEq ... ok
[INFO] [stdout] test intervals::cp_solver::tests::case_3_f32::seed_11_125::greater_op_2_Operator__GtEq::less_op_1_Operator__Lt ... ok
[INFO] [stdout] test intervals::cp_solver::tests::case_3_f32::seed_12_211::greater_op_1_Operator__Gt::less_op_1_Operator__Lt ... ok
[INFO] [stdout] test intervals::cp_solver::tests::case_3_f32::seed_12_211::greater_op_1_Operator__Gt::less_op_2_Operator__LtEq ... ok
[INFO] [stdout] test intervals::cp_solver::tests::case_3_f32::seed_12_211::greater_op_2_Operator__GtEq::less_op_2_Operator__LtEq ... ok
[INFO] [stdout] test intervals::cp_solver::tests::case_3_f32::seed_12_211::greater_op_2_Operator__GtEq::less_op_1_Operator__Lt ... ok
[INFO] [stdout] test intervals::cp_solver::tests::case_3_f32::seed_11_125::greater_op_1_Operator__Gt::less_op_1_Operator__Lt ... ok
[INFO] [stdout] test intervals::cp_solver::tests::case_3_f32::seed_13_215::greater_op_1_Operator__Gt::less_op_1_Operator__Lt ... ok
[INFO] [stdout] test intervals::cp_solver::tests::case_3_f32::seed_10_123::greater_op_2_Operator__GtEq::less_op_1_Operator__Lt ... ok
[INFO] [stdout] test intervals::cp_solver::tests::case_3_f32::seed_10_123::greater_op_2_Operator__GtEq::less_op_2_Operator__LtEq ... ok
[INFO] [stdout] test intervals::cp_solver::tests::case_3_f32::seed_11_125::greater_op_1_Operator__Gt::less_op_2_Operator__LtEq ... ok
[INFO] [stdout] test intervals::cp_solver::tests::case_3_f32::seed_13_215::greater_op_1_Operator__Gt::less_op_2_Operator__LtEq ... ok
[INFO] [stdout] test intervals::cp_solver::tests::case_3_f32::seed_11_125::greater_op_2_Operator__GtEq::less_op_2_Operator__LtEq ... ok
[INFO] [stdout] test intervals::cp_solver::tests::case_3_f32::seed_14_4123::greater_op_1_Operator__Gt::less_op_2_Operator__LtEq ... ok
[INFO] [stdout] test intervals::cp_solver::tests::case_3_f32::seed_13_215::greater_op_2_Operator__GtEq::less_op_1_Operator__Lt ... ok
[INFO] [stdout] test intervals::cp_solver::tests::case_3_f32::seed_13_215::greater_op_2_Operator__GtEq::less_op_2_Operator__LtEq ... ok
[INFO] [stdout] test intervals::cp_solver::tests::case_3_f64::seed_01_0::greater_op_1_Operator__Gt::less_op_2_Operator__LtEq ... ok
[INFO] [stdout] test intervals::cp_solver::tests::case_3_f32::seed_14_4123::greater_op_1_Operator__Gt::less_op_1_Operator__Lt ... ok
[INFO] [stdout] test intervals::cp_solver::tests::case_3_f32::seed_14_4123::greater_op_2_Operator__GtEq::less_op_2_Operator__LtEq ... ok
[INFO] [stdout] test intervals::cp_solver::tests::case_3_f64::seed_01_0::greater_op_2_Operator__GtEq::less_op_1_Operator__Lt ... ok
[INFO] [stdout] test intervals::cp_solver::tests::case_3_f64::seed_01_0::greater_op_1_Operator__Gt::less_op_1_Operator__Lt ... ok
[INFO] [stdout] test intervals::cp_solver::tests::case_3_f32::seed_14_4123::greater_op_2_Operator__GtEq::less_op_1_Operator__Lt ... ok
[INFO] [stdout] test intervals::cp_solver::tests::case_3_f64::seed_01_0::greater_op_2_Operator__GtEq::less_op_2_Operator__LtEq ... ok
[INFO] [stdout] test intervals::cp_solver::tests::case_3_f64::seed_02_1::greater_op_1_Operator__Gt::less_op_1_Operator__Lt ... ok
[INFO] [stdout] test intervals::cp_solver::tests::case_3_f64::seed_02_1::greater_op_2_Operator__GtEq::less_op_2_Operator__LtEq ... ok
[INFO] [stdout] test intervals::cp_solver::tests::case_3_f64::seed_03_2::greater_op_1_Operator__Gt::less_op_1_Operator__Lt ... ok
[INFO] [stdout] test intervals::cp_solver::tests::case_3_f64::seed_02_1::greater_op_1_Operator__Gt::less_op_2_Operator__LtEq ... ok
[INFO] [stdout] test intervals::cp_solver::tests::case_3_f64::seed_03_2::greater_op_2_Operator__GtEq::less_op_2_Operator__LtEq ... ok
[INFO] [stdout] test intervals::cp_solver::tests::case_3_f64::seed_03_2::greater_op_2_Operator__GtEq::less_op_1_Operator__Lt ... ok
[INFO] [stdout] test intervals::cp_solver::tests::case_3_f64::seed_04_3::greater_op_1_Operator__Gt::less_op_1_Operator__Lt ... ok
[INFO] [stdout] test intervals::cp_solver::tests::case_3_f64::seed_04_3::greater_op_1_Operator__Gt::less_op_2_Operator__LtEq ... ok
[INFO] [stdout] test intervals::cp_solver::tests::case_3_f64::seed_03_2::greater_op_1_Operator__Gt::less_op_2_Operator__LtEq ... ok
[INFO] [stdout] test intervals::cp_solver::tests::case_3_f64::seed_04_3::greater_op_2_Operator__GtEq::less_op_2_Operator__LtEq ... ok
[INFO] [stdout] test intervals::cp_solver::tests::case_3_f64::seed_05_4::greater_op_1_Operator__Gt::less_op_1_Operator__Lt ... ok
[INFO] [stdout] test intervals::cp_solver::tests::case_3_f64::seed_05_4::greater_op_2_Operator__GtEq::less_op_1_Operator__Lt ... ok
[INFO] [stdout] test intervals::cp_solver::tests::case_3_f64::seed_04_3::greater_op_2_Operator__GtEq::less_op_1_Operator__Lt ... ok
[INFO] [stdout] test intervals::cp_solver::tests::case_3_f64::seed_02_1::greater_op_2_Operator__GtEq::less_op_1_Operator__Lt ... ok
[INFO] [stdout] test intervals::cp_solver::tests::case_3_f64::seed_06_12::greater_op_1_Operator__Gt::less_op_2_Operator__LtEq ... ok
[INFO] [stdout] test intervals::cp_solver::tests::case_3_f64::seed_06_12::greater_op_2_Operator__GtEq::less_op_1_Operator__Lt ... ok
[INFO] [stdout] test intervals::cp_solver::tests::case_3_f64::seed_05_4::greater_op_1_Operator__Gt::less_op_2_Operator__LtEq ... ok
[INFO] [stdout] test intervals::cp_solver::tests::case_3_f64::seed_06_12::greater_op_1_Operator__Gt::less_op_1_Operator__Lt ... ok
[INFO] [stdout] test intervals::cp_solver::tests::case_3_f64::seed_07_32::greater_op_2_Operator__GtEq::less_op_2_Operator__LtEq ... ok
[INFO] [stdout] test intervals::cp_solver::tests::case_3_f64::seed_08_314::greater_op_1_Operator__Gt::less_op_2_Operator__LtEq ... ok
[INFO] [stdout] test intervals::cp_solver::tests::case_3_f64::seed_08_314::greater_op_1_Operator__Gt::less_op_1_Operator__Lt ... ok
[INFO] [stdout] test intervals::cp_solver::tests::case_3_f64::seed_08_314::greater_op_2_Operator__GtEq::less_op_2_Operator__LtEq ... ok
[INFO] [stdout] test intervals::cp_solver::tests::case_3_f64::seed_07_32::greater_op_1_Operator__Gt::less_op_2_Operator__LtEq ... ok
[INFO] [stdout] test intervals::cp_solver::tests::case_3_f64::seed_09_3124::greater_op_1_Operator__Gt::less_op_1_Operator__Lt ... ok
[INFO] [stdout] test intervals::cp_solver::tests::case_3_f64::seed_05_4::greater_op_2_Operator__GtEq::less_op_2_Operator__LtEq ... ok
[INFO] [stdout] test intervals::cp_solver::tests::case_3_f64::seed_06_12::greater_op_2_Operator__GtEq::less_op_2_Operator__LtEq ... ok
[INFO] [stdout] test intervals::cp_solver::tests::case_3_f64::seed_09_3124::greater_op_2_Operator__GtEq::less_op_2_Operator__LtEq ... ok
[INFO] [stdout] test intervals::cp_solver::tests::case_3_f64::seed_07_32::greater_op_1_Operator__Gt::less_op_1_Operator__Lt ... ok
[INFO] [stdout] test intervals::cp_solver::tests::case_3_f64::seed_09_3124::greater_op_2_Operator__GtEq::less_op_1_Operator__Lt ... ok
[INFO] [stdout] test intervals::cp_solver::tests::case_3_f64::seed_10_123::greater_op_1_Operator__Gt::less_op_1_Operator__Lt ... ok
[INFO] [stdout] test intervals::cp_solver::tests::case_3_f64::seed_07_32::greater_op_2_Operator__GtEq::less_op_1_Operator__Lt ... ok
[INFO] [stdout] test intervals::cp_solver::tests::case_3_f64::seed_08_314::greater_op_2_Operator__GtEq::less_op_1_Operator__Lt ... ok
[INFO] [stdout] test intervals::cp_solver::tests::case_3_f64::seed_09_3124::greater_op_1_Operator__Gt::less_op_2_Operator__LtEq ... ok
[INFO] [stdout] test intervals::cp_solver::tests::case_3_f64::seed_10_123::greater_op_1_Operator__Gt::less_op_2_Operator__LtEq ... ok
[INFO] [stdout] test intervals::cp_solver::tests::case_3_f64::seed_10_123::greater_op_2_Operator__GtEq::less_op_2_Operator__LtEq ... ok
[INFO] [stdout] test intervals::cp_solver::tests::case_3_f64::seed_10_123::greater_op_2_Operator__GtEq::less_op_1_Operator__Lt ... ok
[INFO] [stdout] test intervals::cp_solver::tests::case_3_f64::seed_11_125::greater_op_1_Operator__Gt::less_op_1_Operator__Lt ... ok
[INFO] [stdout] test intervals::cp_solver::tests::case_3_f64::seed_11_125::greater_op_2_Operator__GtEq::less_op_2_Operator__LtEq ... ok
[INFO] [stdout] test intervals::cp_solver::tests::case_3_f64::seed_11_125::greater_op_2_Operator__GtEq::less_op_1_Operator__Lt ... ok
[INFO] [stdout] test intervals::cp_solver::tests::case_3_f64::seed_12_211::greater_op_2_Operator__GtEq::less_op_1_Operator__Lt ... ok
[INFO] [stdout] test intervals::cp_solver::tests::case_3_f64::seed_13_215::greater_op_1_Operator__Gt::less_op_2_Operator__LtEq ... ok
[INFO] [stdout] test intervals::cp_solver::tests::case_3_f64::seed_12_211::greater_op_2_Operator__GtEq::less_op_2_Operator__LtEq ... ok
[INFO] [stdout] test intervals::cp_solver::tests::case_3_f64::seed_12_211::greater_op_1_Operator__Gt::less_op_2_Operator__LtEq ... ok
[INFO] [stdout] test intervals::cp_solver::tests::case_3_f64::seed_13_215::greater_op_1_Operator__Gt::less_op_1_Operator__Lt ... ok
[INFO] [stdout] test intervals::cp_solver::tests::case_3_f64::seed_12_211::greater_op_1_Operator__Gt::less_op_1_Operator__Lt ... ok
[INFO] [stdout] test intervals::cp_solver::tests::case_3_f64::seed_11_125::greater_op_1_Operator__Gt::less_op_2_Operator__LtEq ... ok
[INFO] [stdout] test intervals::cp_solver::tests::case_3_f64::seed_13_215::greater_op_2_Operator__GtEq::less_op_1_Operator__Lt ... ok
[INFO] [stdout] test intervals::cp_solver::tests::case_3_f64::seed_14_4123::greater_op_1_Operator__Gt::less_op_1_Operator__Lt ... ok
[INFO] [stdout] test intervals::cp_solver::tests::case_3_f64::seed_14_4123::greater_op_2_Operator__GtEq::less_op_2_Operator__LtEq ... ok
[INFO] [stdout] test intervals::cp_solver::tests::case_3_f64::seed_14_4123::greater_op_1_Operator__Gt::less_op_2_Operator__LtEq ... ok
[INFO] [stdout] test intervals::cp_solver::tests::case_3_f64::seed_13_215::greater_op_2_Operator__GtEq::less_op_2_Operator__LtEq ... ok
[INFO] [stdout] test intervals::cp_solver::tests::case_3_f64::seed_14_4123::greater_op_2_Operator__GtEq::less_op_1_Operator__Lt ... ok
[INFO] [stdout] test intervals::cp_solver::tests::case_3_i32::seed_01_0::greater_op_2_Operator__GtEq::less_op_1_Operator__Lt ... ok
[INFO] [stdout] test intervals::cp_solver::tests::case_3_i32::seed_02_1::greater_op_2_Operator__GtEq::less_op_1_Operator__Lt ... ok
[INFO] [stdout] test intervals::cp_solver::tests::case_3_i32::seed_03_2::greater_op_1_Operator__Gt::less_op_1_Operator__Lt ... ok
[INFO] [stdout] test intervals::cp_solver::tests::case_3_i32::seed_01_0::greater_op_1_Operator__Gt::less_op_2_Operator__LtEq ... ok
[INFO] [stdout] test intervals::cp_solver::tests::case_3_i32::seed_01_0::greater_op_2_Operator__GtEq::less_op_2_Operator__LtEq ... ok
[INFO] [stdout] test intervals::cp_solver::tests::case_3_i32::seed_03_2::greater_op_2_Operator__GtEq::less_op_1_Operator__Lt ... ok
[INFO] [stdout] test intervals::cp_solver::tests::case_3_i32::seed_02_1::greater_op_1_Operator__Gt::less_op_2_Operator__LtEq ... ok
[INFO] [stdout] test intervals::cp_solver::tests::case_3_i32::seed_01_0::greater_op_1_Operator__Gt::less_op_1_Operator__Lt ... ok
[INFO] [stdout] test intervals::cp_solver::tests::case_3_i32::seed_02_1::greater_op_1_Operator__Gt::less_op_1_Operator__Lt ... ok
[INFO] [stdout] test intervals::cp_solver::tests::case_3_i32::seed_02_1::greater_op_2_Operator__GtEq::less_op_2_Operator__LtEq ... ok
[INFO] [stdout] test intervals::cp_solver::tests::case_3_i32::seed_04_3::greater_op_1_Operator__Gt::less_op_1_Operator__Lt ... ok
[INFO] [stdout] test intervals::cp_solver::tests::case_3_i32::seed_04_3::greater_op_2_Operator__GtEq::less_op_2_Operator__LtEq ... ok
[INFO] [stdout] test intervals::cp_solver::tests::case_3_i32::seed_03_2::greater_op_1_Operator__Gt::less_op_2_Operator__LtEq ... ok
[INFO] [stdout] test intervals::cp_solver::tests::case_3_i32::seed_03_2::greater_op_2_Operator__GtEq::less_op_2_Operator__LtEq ... ok
[INFO] [stdout] test intervals::cp_solver::tests::case_3_i32::seed_05_4::greater_op_2_Operator__GtEq::less_op_1_Operator__Lt ... ok
[INFO] [stdout] test intervals::cp_solver::tests::case_3_i32::seed_06_12::greater_op_1_Operator__Gt::less_op_1_Operator__Lt ... ok
[INFO] [stdout] test intervals::cp_solver::tests::case_3_i32::seed_05_4::greater_op_2_Operator__GtEq::less_op_2_Operator__LtEq ... ok
[INFO] [stdout] test intervals::cp_solver::tests::case_3_i32::seed_05_4::greater_op_1_Operator__Gt::less_op_2_Operator__LtEq ... ok
[INFO] [stdout] test intervals::cp_solver::tests::case_3_i32::seed_05_4::greater_op_1_Operator__Gt::less_op_1_Operator__Lt ... ok
[INFO] [stdout] test intervals::cp_solver::tests::case_3_i32::seed_06_12::greater_op_1_Operator__Gt::less_op_2_Operator__LtEq ... ok
[INFO] [stdout] test intervals::cp_solver::tests::case_3_i32::seed_04_3::greater_op_1_Operator__Gt::less_op_2_Operator__LtEq ... ok
[INFO] [stdout] test intervals::cp_solver::tests::case_3_i32::seed_07_32::greater_op_1_Operator__Gt::less_op_2_Operator__LtEq ... ok
[INFO] [stdout] test intervals::cp_solver::tests::case_3_i32::seed_07_32::greater_op_1_Operator__Gt::less_op_1_Operator__Lt ... ok
[INFO] [stdout] test intervals::cp_solver::tests::case_3_i32::seed_04_3::greater_op_2_Operator__GtEq::less_op_1_Operator__Lt ... ok
[INFO] [stdout] test intervals::cp_solver::tests::case_3_i32::seed_06_12::greater_op_2_Operator__GtEq::less_op_2_Operator__LtEq ... ok
[INFO] [stdout] test intervals::cp_solver::tests::case_3_i32::seed_07_32::greater_op_2_Operator__GtEq::less_op_1_Operator__Lt ... ok
[INFO] [stdout] test intervals::cp_solver::tests::case_3_i32::seed_06_12::greater_op_2_Operator__GtEq::less_op_1_Operator__Lt ... ok
[INFO] [stdout] test intervals::cp_solver::tests::case_3_i32::seed_09_3124::greater_op_1_Operator__Gt::less_op_1_Operator__Lt ... ok
[INFO] [stdout] test intervals::cp_solver::tests::case_3_i32::seed_08_314::greater_op_2_Operator__GtEq::less_op_2_Operator__LtEq ... ok
[INFO] [stdout] test intervals::cp_solver::tests::case_3_i32::seed_09_3124::greater_op_1_Operator__Gt::less_op_2_Operator__LtEq ... ok
[INFO] [stdout] test intervals::cp_solver::tests::case_3_i32::seed_08_314::greater_op_1_Operator__Gt::less_op_1_Operator__Lt ... ok
[INFO] [stdout] test intervals::cp_solver::tests::case_3_i32::seed_07_32::greater_op_2_Operator__GtEq::less_op_2_Operator__LtEq ... ok
[INFO] [stdout] test intervals::cp_solver::tests::case_3_i32::seed_09_3124::greater_op_2_Operator__GtEq::less_op_1_Operator__Lt ... ok
[INFO] [stdout] test intervals::cp_solver::tests::case_3_i32::seed_11_125::greater_op_1_Operator__Gt::less_op_1_Operator__Lt ... ok
[INFO] [stdout] test intervals::cp_solver::tests::case_3_i32::seed_10_123::greater_op_2_Operator__GtEq::less_op_2_Operator__LtEq ... ok
[INFO] [stdout] test intervals::cp_solver::tests::case_3_i32::seed_11_125::greater_op_1_Operator__Gt::less_op_2_Operator__LtEq ... ok
[INFO] [stdout] test intervals::cp_solver::tests::case_3_i32::seed_11_125::greater_op_2_Operator__GtEq::less_op_1_Operator__Lt ... ok
[INFO] [stdout] test intervals::cp_solver::tests::case_3_i32::seed_11_125::greater_op_2_Operator__GtEq::less_op_2_Operator__LtEq ... ok
[INFO] [stdout] test intervals::cp_solver::tests::case_3_i32::seed_10_123::greater_op_1_Operator__Gt::less_op_2_Operator__LtEq ... ok
[INFO] [stdout] test intervals::cp_solver::tests::case_3_i32::seed_12_211::greater_op_1_Operator__Gt::less_op_1_Operator__Lt ... ok
[INFO] [stdout] test intervals::cp_solver::tests::case_3_i32::seed_12_211::greater_op_1_Operator__Gt::less_op_2_Operator__LtEq ... ok
[INFO] [stdout] test intervals::cp_solver::tests::case_3_i32::seed_12_211::greater_op_2_Operator__GtEq::less_op_1_Operator__Lt ... ok
[INFO] [stdout] test intervals::cp_solver::tests::case_3_i32::seed_09_3124::greater_op_2_Operator__GtEq::less_op_2_Operator__LtEq ... ok
[INFO] [stdout] test intervals::cp_solver::tests::case_3_i32::seed_10_123::greater_op_1_Operator__Gt::less_op_1_Operator__Lt ... ok
[INFO] [stdout] test intervals::cp_solver::tests::case_3_i32::seed_13_215::greater_op_2_Operator__GtEq::less_op_2_Operator__LtEq ... ok
[INFO] [stdout] test intervals::cp_solver::tests::case_3_i32::seed_13_215::greater_op_1_Operator__Gt::less_op_1_Operator__Lt ... ok
[INFO] [stdout] test intervals::cp_solver::tests::case_3_i32::seed_14_4123::greater_op_1_Operator__Gt::less_op_2_Operator__LtEq ... ok
[INFO] [stdout] test intervals::cp_solver::tests::case_3_i32::seed_14_4123::greater_op_2_Operator__GtEq::less_op_1_Operator__Lt ... ok
[INFO] [stdout] test intervals::cp_solver::tests::case_3_i32::seed_13_215::greater_op_1_Operator__Gt::less_op_2_Operator__LtEq ... ok
[INFO] [stdout] test intervals::cp_solver::tests::case_3_i32::seed_08_314::greater_op_1_Operator__Gt::less_op_2_Operator__LtEq ... ok
[INFO] [stdout] test intervals::cp_solver::tests::case_3_i32::seed_14_4123::greater_op_1_Operator__Gt::less_op_1_Operator__Lt ... ok
[INFO] [stdout] test intervals::cp_solver::tests::case_3_i64::seed_01_0::greater_op_1_Operator__Gt::less_op_1_Operator__Lt ... ok
[INFO] [stdout] test intervals::cp_solver::tests::case_3_i32::seed_14_4123::greater_op_2_Operator__GtEq::less_op_2_Operator__LtEq ... ok
[INFO] [stdout] test intervals::cp_solver::tests::case_3_i32::seed_12_211::greater_op_2_Operator__GtEq::less_op_2_Operator__LtEq ... ok
[INFO] [stdout] test intervals::cp_solver::tests::case_3_i32::seed_13_215::greater_op_2_Operator__GtEq::less_op_1_Operator__Lt ... ok
[INFO] [stdout] test intervals::cp_solver::tests::case_3_i32::seed_08_314::greater_op_2_Operator__GtEq::less_op_1_Operator__Lt ... ok
[INFO] [stdout] test intervals::cp_solver::tests::case_3_i32::seed_10_123::greater_op_2_Operator__GtEq::less_op_1_Operator__Lt ... ok
[INFO] [stdout] test intervals::cp_solver::tests::case_3_i64::seed_01_0::greater_op_2_Operator__GtEq::less_op_1_Operator__Lt ... ok
[INFO] [stdout] test intervals::cp_solver::tests::case_3_i64::seed_01_0::greater_op_2_Operator__GtEq::less_op_2_Operator__LtEq ... ok
[INFO] [stdout] test intervals::cp_solver::tests::case_3_i64::seed_03_2::greater_op_1_Operator__Gt::less_op_1_Operator__Lt ... ok
[INFO] [stdout] test intervals::cp_solver::tests::case_3_i64::seed_03_2::greater_op_2_Operator__GtEq::less_op_1_Operator__Lt ... ok
[INFO] [stdout] test intervals::cp_solver::tests::case_3_i64::seed_02_1::greater_op_1_Operator__Gt::less_op_1_Operator__Lt ... ok
[INFO] [stdout] test intervals::cp_solver::tests::case_3_i64::seed_01_0::greater_op_1_Operator__Gt::less_op_2_Operator__LtEq ... ok
[INFO] [stdout] test intervals::cp_solver::tests::case_3_i64::seed_03_2::greater_op_2_Operator__GtEq::less_op_2_Operator__LtEq ... ok
[INFO] [stdout] test intervals::cp_solver::tests::case_3_i64::seed_04_3::greater_op_1_Operator__Gt::less_op_1_Operator__Lt ... ok
[INFO] [stdout] test intervals::cp_solver::tests::case_3_i64::seed_02_1::greater_op_2_Operator__GtEq::less_op_1_Operator__Lt ... ok
[INFO] [stdout] test intervals::cp_solver::tests::case_3_i64::seed_02_1::greater_op_2_Operator__GtEq::less_op_2_Operator__LtEq ... ok
[INFO] [stdout] test intervals::cp_solver::tests::case_3_i64::seed_03_2::greater_op_1_Operator__Gt::less_op_2_Operator__LtEq ... ok
[INFO] [stdout] test intervals::cp_solver::tests::case_3_i64::seed_02_1::greater_op_1_Operator__Gt::less_op_2_Operator__LtEq ... ok
[INFO] [stdout] test intervals::cp_solver::tests::case_3_i64::seed_04_3::greater_op_1_Operator__Gt::less_op_2_Operator__LtEq ... ok
[INFO] [stdout] test intervals::cp_solver::tests::case_3_i64::seed_05_4::greater_op_1_Operator__Gt::less_op_2_Operator__LtEq ... ok
[INFO] [stdout] test intervals::cp_solver::tests::case_3_i64::seed_05_4::greater_op_2_Operator__GtEq::less_op_1_Operator__Lt ... ok
[INFO] [stdout] test intervals::cp_solver::tests::case_3_i64::seed_05_4::greater_op_1_Operator__Gt::less_op_1_Operator__Lt ... ok
[INFO] [stdout] test intervals::cp_solver::tests::case_3_i64::seed_05_4::greater_op_2_Operator__GtEq::less_op_2_Operator__LtEq ... ok
[INFO] [stdout] test intervals::cp_solver::tests::case_3_i64::seed_06_12::greater_op_2_Operator__GtEq::less_op_2_Operator__LtEq ... ok
[INFO] [stdout] test intervals::cp_solver::tests::case_3_i64::seed_04_3::greater_op_2_Operator__GtEq::less_op_2_Operator__LtEq ... ok
[INFO] [stdout] test intervals::cp_solver::tests::case_3_i64::seed_07_32::greater_op_1_Operator__Gt::less_op_2_Operator__LtEq ... ok
[INFO] [stdout] test intervals::cp_solver::tests::case_3_i64::seed_06_12::greater_op_2_Operator__GtEq::less_op_1_Operator__Lt ... ok
[INFO] [stdout] test intervals::cp_solver::tests::case_3_i64::seed_07_32::greater_op_2_Operator__GtEq::less_op_1_Operator__Lt ... ok
[INFO] [stdout] test intervals::cp_solver::tests::case_3_i64::seed_04_3::greater_op_2_Operator__GtEq::less_op_1_Operator__Lt ... ok
[INFO] [stdout] test intervals::cp_solver::tests::case_3_i64::seed_06_12::greater_op_1_Operator__Gt::less_op_2_Operator__LtEq ... ok
[INFO] [stdout] test intervals::cp_solver::tests::case_3_i64::seed_07_32::greater_op_1_Operator__Gt::less_op_1_Operator__Lt ... ok
[INFO] [stdout] test intervals::cp_solver::tests::case_3_i64::seed_06_12::greater_op_1_Operator__Gt::less_op_1_Operator__Lt ... ok
[INFO] [stdout] test intervals::cp_solver::tests::case_3_i64::seed_07_32::greater_op_2_Operator__GtEq::less_op_2_Operator__LtEq ... ok
[INFO] [stdout] test intervals::cp_solver::tests::case_3_i64::seed_08_314::greater_op_1_Operator__Gt::less_op_2_Operator__LtEq ... ok
[INFO] [stdout] test intervals::cp_solver::tests::case_3_i64::seed_08_314::greater_op_1_Operator__Gt::less_op_1_Operator__Lt ... ok
[INFO] [stdout] test intervals::cp_solver::tests::case_3_i64::seed_08_314::greater_op_2_Operator__GtEq::less_op_1_Operator__Lt ... ok
[INFO] [stdout] test intervals::cp_solver::tests::case_3_i64::seed_08_314::greater_op_2_Operator__GtEq::less_op_2_Operator__LtEq ... ok
[INFO] [stdout] test intervals::cp_solver::tests::case_3_i64::seed_09_3124::greater_op_1_Operator__Gt::less_op_2_Operator__LtEq ... ok
[INFO] [stdout] test intervals::cp_solver::tests::case_3_i64::seed_09_3124::greater_op_2_Operator__GtEq::less_op_2_Operator__LtEq ... ok
[INFO] [stdout] test intervals::cp_solver::tests::case_3_i64::seed_09_3124::greater_op_2_Operator__GtEq::less_op_1_Operator__Lt ... ok
[INFO] [stdout] test intervals::cp_solver::tests::case_3_i64::seed_09_3124::greater_op_1_Operator__Gt::less_op_1_Operator__Lt ... ok
[INFO] [stdout] test intervals::cp_solver::tests::case_3_i64::seed_11_125::greater_op_1_Operator__Gt::less_op_1_Operator__Lt ... ok
[INFO] [stdout] test intervals::cp_solver::tests::case_3_i64::seed_10_123::greater_op_1_Operator__Gt::less_op_1_Operator__Lt ... ok
[INFO] [stdout] test intervals::cp_solver::tests::case_3_i64::seed_10_123::greater_op_2_Operator__GtEq::less_op_1_Operator__Lt ... ok
[INFO] [stdout] test intervals::cp_solver::tests::case_3_i64::seed_10_123::greater_op_2_Operator__GtEq::less_op_2_Operator__LtEq ... ok
[INFO] [stdout] test intervals::cp_solver::tests::case_3_i64::seed_11_125::greater_op_1_Operator__Gt::less_op_2_Operator__LtEq ... ok
[INFO] [stdout] test intervals::cp_solver::tests::case_3_i64::seed_10_123::greater_op_1_Operator__Gt::less_op_2_Operator__LtEq ... ok
[INFO] [stdout] test intervals::cp_solver::tests::case_3_i64::seed_11_125::greater_op_2_Operator__GtEq::less_op_1_Operator__Lt ... ok
[INFO] [stdout] test intervals::cp_solver::tests::case_3_i64::seed_12_211::greater_op_2_Operator__GtEq::less_op_1_Operator__Lt ... ok
[INFO] [stdout] test intervals::cp_solver::tests::case_3_i64::seed_11_125::greater_op_2_Operator__GtEq::less_op_2_Operator__LtEq ... ok
[INFO] [stdout] test intervals::cp_solver::tests::case_3_i64::seed_12_211::greater_op_1_Operator__Gt::less_op_1_Operator__Lt ... ok
[INFO] [stdout] test intervals::cp_solver::tests::case_3_i64::seed_12_211::greater_op_1_Operator__Gt::less_op_2_Operator__LtEq ... ok
[INFO] [stdout] test intervals::cp_solver::tests::case_3_i64::seed_12_211::greater_op_2_Operator__GtEq::less_op_2_Operator__LtEq ... ok
[INFO] [stdout] test intervals::cp_solver::tests::case_3_i64::seed_13_215::greater_op_1_Operator__Gt::less_op_1_Operator__Lt ... ok
[INFO] [stdout] test intervals::cp_solver::tests::case_3_i64::seed_13_215::greater_op_1_Operator__Gt::less_op_2_Operator__LtEq ... ok
[INFO] [stdout] test intervals::cp_solver::tests::case_3_i64::seed_14_4123::greater_op_1_Operator__Gt::less_op_2_Operator__LtEq ... ok
[INFO] [stdout] test intervals::cp_solver::tests::case_3_i64::seed_14_4123::greater_op_2_Operator__GtEq::less_op_2_Operator__LtEq ... ok
[INFO] [stdout] test intervals::cp_solver::tests::case_4_f32::seed_01_0::greater_op_1_Operator__Gt::less_op_1_Operator__Lt ... ok
[INFO] [stdout] test intervals::cp_solver::tests::case_4_f32::seed_01_0::greater_op_1_Operator__Gt::less_op_2_Operator__LtEq ... ok
[INFO] [stdout] test intervals::cp_solver::tests::case_3_i64::seed_13_215::greater_op_2_Operator__GtEq::less_op_1_Operator__Lt ... ok
[INFO] [stdout] test intervals::cp_solver::tests::case_3_i64::seed_14_4123::greater_op_1_Operator__Gt::less_op_1_Operator__Lt ... ok
[INFO] [stdout] test intervals::cp_solver::tests::case_3_i64::seed_14_4123::greater_op_2_Operator__GtEq::less_op_1_Operator__Lt ... ok
[INFO] [stdout] test intervals::cp_solver::tests::case_3_i64::seed_13_215::greater_op_2_Operator__GtEq::less_op_2_Operator__LtEq ... ok
[INFO] [stdout] test intervals::cp_solver::tests::case_4_f32::seed_02_1::greater_op_1_Operator__Gt::less_op_2_Operator__LtEq ... ok
[INFO] [stdout] test intervals::cp_solver::tests::case_4_f32::seed_01_0::greater_op_2_Operator__GtEq::less_op_1_Operator__Lt ... ok
[INFO] [stdout] test intervals::cp_solver::tests::case_4_f32::seed_02_1::greater_op_2_Operator__GtEq::less_op_1_Operator__Lt ... ok
[INFO] [stdout] test intervals::cp_solver::tests::case_4_f32::seed_02_1::greater_op_1_Operator__Gt::less_op_1_Operator__Lt ... ok
[INFO] [stdout] test intervals::cp_solver::tests::case_4_f32::seed_02_1::greater_op_2_Operator__GtEq::less_op_2_Operator__LtEq ... ok
[INFO] [stdout] test intervals::cp_solver::tests::case_4_f32::seed_01_0::greater_op_2_Operator__GtEq::less_op_2_Operator__LtEq ... ok
[INFO] [stdout] test intervals::cp_solver::tests::case_4_f32::seed_03_2::greater_op_1_Operator__Gt::less_op_1_Operator__Lt ... ok
[INFO] [stdout] test intervals::cp_solver::tests::case_4_f32::seed_03_2::greater_op_1_Operator__Gt::less_op_2_Operator__LtEq ... ok
[INFO] [stdout] test intervals::cp_solver::tests::case_4_f32::seed_03_2::greater_op_2_Operator__GtEq::less_op_2_Operator__LtEq ... ok
[INFO] [stdout] test intervals::cp_solver::tests::case_4_f32::seed_04_3::greater_op_2_Operator__GtEq::less_op_1_Operator__Lt ... ok
[INFO] [stdout] test intervals::cp_solver::tests::case_4_f32::seed_04_3::greater_op_1_Operator__Gt::less_op_1_Operator__Lt ... ok
[INFO] [stdout] test intervals::cp_solver::tests::case_4_f32::seed_03_2::greater_op_2_Operator__GtEq::less_op_1_Operator__Lt ... ok
[INFO] [stdout] test intervals::cp_solver::tests::case_4_f32::seed_05_4::greater_op_2_Operator__GtEq::less_op_2_Operator__LtEq ... ok
[INFO] [stdout] test intervals::cp_solver::tests::case_4_f32::seed_05_4::greater_op_2_Operator__GtEq::less_op_1_Operator__Lt ... ok
[INFO] [stdout] test intervals::cp_solver::tests::case_4_f32::seed_04_3::greater_op_2_Operator__GtEq::less_op_2_Operator__LtEq ... ok
[INFO] [stdout] test intervals::cp_solver::tests::case_4_f32::seed_06_12::greater_op_1_Operator__Gt::less_op_1_Operator__Lt ... ok
[INFO] [stdout] test intervals::cp_solver::tests::case_4_f32::seed_05_4::greater_op_1_Operator__Gt::less_op_1_Operator__Lt ... ok
[INFO] [stdout] test intervals::cp_solver::tests::case_4_f32::seed_06_12::greater_op_1_Operator__Gt::less_op_2_Operator__LtEq ... ok
[INFO] [stdout] test intervals::cp_solver::tests::case_4_f32::seed_06_12::greater_op_2_Operator__GtEq::less_op_2_Operator__LtEq ... ok
[INFO] [stdout] test intervals::cp_solver::tests::case_4_f32::seed_06_12::greater_op_2_Operator__GtEq::less_op_1_Operator__Lt ... ok
[INFO] [stdout] test intervals::cp_solver::tests::case_4_f32::seed_04_3::greater_op_1_Operator__Gt::less_op_2_Operator__LtEq ... ok
[INFO] [stdout] test intervals::cp_solver::tests::case_4_f32::seed_05_4::greater_op_1_Operator__Gt::less_op_2_Operator__LtEq ... ok
[INFO] [stdout] test intervals::cp_solver::tests::case_4_f32::seed_07_32::greater_op_2_Operator__GtEq::less_op_1_Operator__Lt ... ok
[INFO] [stdout] test intervals::cp_solver::tests::case_4_f32::seed_08_314::greater_op_2_Operator__GtEq::less_op_2_Operator__LtEq ... ok
[INFO] [stdout] test intervals::cp_solver::tests::case_4_f32::seed_07_32::greater_op_2_Operator__GtEq::less_op_2_Operator__LtEq ... ok
[INFO] [stdout] test intervals::cp_solver::tests::case_4_f32::seed_08_314::greater_op_2_Operator__GtEq::less_op_1_Operator__Lt ... ok
[INFO] [stdout] test intervals::cp_solver::tests::case_4_f32::seed_09_3124::greater_op_2_Operator__GtEq::less_op_1_Operator__Lt ... ok
[INFO] [stdout] test intervals::cp_solver::tests::case_4_f32::seed_08_314::greater_op_1_Operator__Gt::less_op_2_Operator__LtEq ... ok
[INFO] [stdout] test intervals::cp_solver::tests::case_4_f32::seed_08_314::greater_op_1_Operator__Gt::less_op_1_Operator__Lt ... ok
[INFO] [stdout] test intervals::cp_solver::tests::case_4_f32::seed_09_3124::greater_op_1_Operator__Gt::less_op_1_Operator__Lt ... ok
[INFO] [stdout] test intervals::cp_solver::tests::case_4_f32::seed_10_123::greater_op_1_Operator__Gt::less_op_1_Operator__Lt ... ok
[INFO] [stdout] test intervals::cp_solver::tests::case_4_f32::seed_07_32::greater_op_1_Operator__Gt::less_op_2_Operator__LtEq ... ok
[INFO] [stdout] test intervals::cp_solver::tests::case_4_f32::seed_10_123::greater_op_1_Operator__Gt::less_op_2_Operator__LtEq ... ok
[INFO] [stdout] test intervals::cp_solver::tests::case_4_f32::seed_09_3124::greater_op_2_Operator__GtEq::less_op_2_Operator__LtEq ... ok
[INFO] [stdout] test intervals::cp_solver::tests::case_4_f32::seed_09_3124::greater_op_1_Operator__Gt::less_op_2_Operator__LtEq ... ok
[INFO] [stdout] test intervals::cp_solver::tests::case_4_f32::seed_10_123::greater_op_2_Operator__GtEq::less_op_2_Operator__LtEq ... ok
[INFO] [stdout] test intervals::cp_solver::tests::case_4_f32::seed_10_123::greater_op_2_Operator__GtEq::less_op_1_Operator__Lt ... ok
[INFO] [stdout] test intervals::cp_solver::tests::case_4_f32::seed_07_32::greater_op_1_Operator__Gt::less_op_1_Operator__Lt ... ok
[INFO] [stdout] test intervals::cp_solver::tests::case_4_f32::seed_11_125::greater_op_1_Operator__Gt::less_op_1_Operator__Lt ... ok
[INFO] [stdout] test intervals::cp_solver::tests::case_4_f32::seed_12_211::greater_op_1_Operator__Gt::less_op_2_Operator__LtEq ... ok
[INFO] [stdout] test intervals::cp_solver::tests::case_4_f32::seed_11_125::greater_op_1_Operator__Gt::less_op_2_Operator__LtEq ... ok
[INFO] [stdout] test intervals::cp_solver::tests::case_4_f32::seed_13_215::greater_op_1_Operator__Gt::less_op_1_Operator__Lt ... ok
[INFO] [stdout] test intervals::cp_solver::tests::case_4_f32::seed_12_211::greater_op_2_Operator__GtEq::less_op_2_Operator__LtEq ... ok
[INFO] [stdout] test intervals::cp_solver::tests::case_4_f32::seed_12_211::greater_op_2_Operator__GtEq::less_op_1_Operator__Lt ... ok
[INFO] [stdout] test intervals::cp_solver::tests::case_4_f32::seed_12_211::greater_op_1_Operator__Gt::less_op_1_Operator__Lt ... ok
[INFO] [stdout] test intervals::cp_solver::tests::case_4_f32::seed_11_125::greater_op_2_Operator__GtEq::less_op_2_Operator__LtEq ... ok
[INFO] [stdout] test intervals::cp_solver::tests::case_4_f32::seed_13_215::greater_op_1_Operator__Gt::less_op_2_Operator__LtEq ... ok
[INFO] [stdout] test intervals::cp_solver::tests::case_4_f32::seed_14_4123::greater_op_1_Operator__Gt::less_op_1_Operator__Lt ... ok
[INFO] [stdout] test intervals::cp_solver::tests::case_4_f32::seed_13_215::greater_op_2_Operator__GtEq::less_op_2_Operator__LtEq ... ok
[INFO] [stdout] test intervals::cp_solver::tests::case_4_f32::seed_14_4123::greater_op_2_Operator__GtEq::less_op_1_Operator__Lt ... ok
[INFO] [stdout] test intervals::cp_solver::tests::case_4_f64::seed_01_0::greater_op_1_Operator__Gt::less_op_1_Operator__Lt ... ok
[INFO] [stdout] test intervals::cp_solver::tests::case_4_f32::seed_14_4123::greater_op_1_Operator__Gt::less_op_2_Operator__LtEq ... ok
[INFO] [stdout] test intervals::cp_solver::tests::case_4_f64::seed_01_0::greater_op_1_Operator__Gt::less_op_2_Operator__LtEq ... ok
[INFO] [stdout] test intervals::cp_solver::tests::case_4_f32::seed_11_125::greater_op_2_Operator__GtEq::less_op_1_Operator__Lt ... ok
[INFO] [stdout] test intervals::cp_solver::tests::case_4_f32::seed_13_215::greater_op_2_Operator__GtEq::less_op_1_Operator__Lt ... ok
[INFO] [stdout] test intervals::cp_solver::tests::case_4_f64::seed_01_0::greater_op_2_Operator__GtEq::less_op_2_Operator__LtEq ... ok
[INFO] [stdout] test intervals::cp_solver::tests::case_4_f64::seed_02_1::greater_op_1_Operator__Gt::less_op_1_Operator__Lt ... ok
[INFO] [stdout] test intervals::cp_solver::tests::case_4_f64::seed_01_0::greater_op_2_Operator__GtEq::less_op_1_Operator__Lt ... ok
[INFO] [stdout] test intervals::cp_solver::tests::case_4_f64::seed_02_1::greater_op_2_Operator__GtEq::less_op_2_Operator__LtEq ... ok
[INFO] [stdout] test intervals::cp_solver::tests::case_4_f32::seed_14_4123::greater_op_2_Operator__GtEq::less_op_2_Operator__LtEq ... ok
[INFO] [stdout] test intervals::cp_solver::tests::case_4_f64::seed_03_2::greater_op_1_Operator__Gt::less_op_2_Operator__LtEq ... ok
[INFO] [stdout] test intervals::cp_solver::tests::case_4_f64::seed_02_1::greater_op_1_Operator__Gt::less_op_2_Operator__LtEq ... ok
[INFO] [stdout] test intervals::cp_solver::tests::case_4_f64::seed_03_2::greater_op_1_Operator__Gt::less_op_1_Operator__Lt ... ok
[INFO] [stdout] test intervals::cp_solver::tests::case_4_f64::seed_02_1::greater_op_2_Operator__GtEq::less_op_1_Operator__Lt ... ok
[INFO] [stdout] test intervals::cp_solver::tests::case_4_f64::seed_04_3::greater_op_1_Operator__Gt::less_op_2_Operator__LtEq ... ok
[INFO] [stdout] test intervals::cp_solver::tests::case_4_f64::seed_05_4::greater_op_1_Operator__Gt::less_op_1_Operator__Lt ... ok
[INFO] [stdout] test intervals::cp_solver::tests::case_4_f64::seed_03_2::greater_op_2_Operator__GtEq::less_op_2_Operator__LtEq ... ok
[INFO] [stdout] test intervals::cp_solver::tests::case_4_f64::seed_04_3::greater_op_2_Operator__GtEq::less_op_1_Operator__Lt ... ok
[INFO] [stdout] test intervals::cp_solver::tests::case_4_f64::seed_04_3::greater_op_1_Operator__Gt::less_op_1_Operator__Lt ... ok
[INFO] [stdout] test intervals::cp_solver::tests::case_4_f64::seed_05_4::greater_op_2_Operator__GtEq::less_op_1_Operator__Lt ... ok
[INFO] [stdout] test intervals::cp_solver::tests::case_4_f64::seed_06_12::greater_op_1_Operator__Gt::less_op_1_Operator__Lt ... ok
[INFO] [stdout] test intervals::cp_solver::tests::case_4_f64::seed_05_4::greater_op_2_Operator__GtEq::less_op_2_Operator__LtEq ... ok
[INFO] [stdout] test intervals::cp_solver::tests::case_4_f64::seed_05_4::greater_op_1_Operator__Gt::less_op_2_Operator__LtEq ... ok
[INFO] [stdout] test intervals::cp_solver::tests::case_4_f64::seed_03_2::greater_op_2_Operator__GtEq::less_op_1_Operator__Lt ... ok
[INFO] [stdout] test intervals::cp_solver::tests::case_4_f64::seed_04_3::greater_op_2_Operator__GtEq::less_op_2_Operator__LtEq ... ok
[INFO] [stdout] test intervals::cp_solver::tests::case_4_f64::seed_06_12::greater_op_1_Operator__Gt::less_op_2_Operator__LtEq ... ok
[INFO] [stdout] test intervals::cp_solver::tests::case_4_f64::seed_07_32::greater_op_1_Operator__Gt::less_op_2_Operator__LtEq ... ok
[INFO] [stdout] test intervals::cp_solver::tests::case_4_f64::seed_06_12::greater_op_2_Operator__GtEq::less_op_2_Operator__LtEq ... ok
[INFO] [stdout] test intervals::cp_solver::tests::case_4_f64::seed_07_32::greater_op_2_Operator__GtEq::less_op_2_Operator__LtEq ... ok
[INFO] [stdout] test intervals::cp_solver::tests::case_4_f64::seed_08_314::greater_op_1_Operator__Gt::less_op_1_Operator__Lt ... ok
[INFO] [stdout] test intervals::cp_solver::tests::case_4_f64::seed_08_314::greater_op_1_Operator__Gt::less_op_2_Operator__LtEq ... ok
[INFO] [stdout] test intervals::cp_solver::tests::case_4_f64::seed_07_32::greater_op_1_Operator__Gt::less_op_1_Operator__Lt ... ok
[INFO] [stdout] test intervals::cp_solver::tests::case_4_f64::seed_06_12::greater_op_2_Operator__GtEq::less_op_1_Operator__Lt ... ok
[INFO] [stdout] test intervals::cp_solver::tests::case_4_f64::seed_09_3124::greater_op_1_Operator__Gt::less_op_2_Operator__LtEq ... ok
[INFO] [stdout] test intervals::cp_solver::tests::case_4_f64::seed_09_3124::greater_op_1_Operator__Gt::less_op_1_Operator__Lt ... ok
[INFO] [stdout] test intervals::cp_solver::tests::case_4_f64::seed_09_3124::greater_op_2_Operator__GtEq::less_op_1_Operator__Lt ... ok
[INFO] [stdout] test intervals::cp_solver::tests::case_4_f64::seed_10_123::greater_op_1_Operator__Gt::less_op_2_Operator__LtEq ... ok
[INFO] [stdout] test intervals::cp_solver::tests::case_4_f64::seed_10_123::greater_op_2_Operator__GtEq::less_op_1_Operator__Lt ... ok
[INFO] [stdout] test intervals::cp_solver::tests::case_4_f64::seed_09_3124::greater_op_2_Operator__GtEq::less_op_2_Operator__LtEq ... ok
[INFO] [stdout] test intervals::cp_solver::tests::case_4_f64::seed_10_123::greater_op_1_Operator__Gt::less_op_1_Operator__Lt ... ok
[INFO] [stdout] test intervals::cp_solver::tests::case_4_f64::seed_07_32::greater_op_2_Operator__GtEq::less_op_1_Operator__Lt ... ok
[INFO] [stdout] test intervals::cp_solver::tests::case_4_f64::seed_08_314::greater_op_2_Operator__GtEq::less_op_1_Operator__Lt ... ok
[INFO] [stdout] test intervals::cp_solver::tests::case_4_f64::seed_08_314::greater_op_2_Operator__GtEq::less_op_2_Operator__LtEq ... ok
[INFO] [stdout] test intervals::cp_solver::tests::case_4_f64::seed_11_125::greater_op_1_Operator__Gt::less_op_2_Operator__LtEq ... ok
[INFO] [stdout] test intervals::cp_solver::tests::case_4_f64::seed_11_125::greater_op_1_Operator__Gt::less_op_1_Operator__Lt ... ok
[INFO] [stdout] test intervals::cp_solver::tests::case_4_f64::seed_12_211::greater_op_2_Operator__GtEq::less_op_1_Operator__Lt ... ok
[INFO] [stdout] test intervals::cp_solver::tests::case_4_f64::seed_11_125::greater_op_2_Operator__GtEq::less_op_2_Operator__LtEq ... ok
[INFO] [stdout] test intervals::cp_solver::tests::case_4_f64::seed_12_211::greater_op_1_Operator__Gt::less_op_1_Operator__Lt ... ok
[INFO] [stdout] test intervals::cp_solver::tests::case_4_f64::seed_12_211::greater_op_2_Operator__GtEq::less_op_2_Operator__LtEq ... ok
[INFO] [stdout] test intervals::cp_solver::tests::case_4_f64::seed_12_211::greater_op_1_Operator__Gt::less_op_2_Operator__LtEq ... ok
[INFO] [stdout] test intervals::cp_solver::tests::case_4_f64::seed_13_215::greater_op_1_Operator__Gt::less_op_2_Operator__LtEq ... ok
[INFO] [stdout] test intervals::cp_solver::tests::case_4_f64::seed_13_215::greater_op_1_Operator__Gt::less_op_1_Operator__Lt ... ok
[INFO] [stdout] test intervals::cp_solver::tests::case_4_f64::seed_13_215::greater_op_2_Operator__GtEq::less_op_2_Operator__LtEq ... ok
[INFO] [stdout] test intervals::cp_solver::tests::case_4_f64::seed_13_215::greater_op_2_Operator__GtEq::less_op_1_Operator__Lt ... ok
[INFO] [stdout] test intervals::cp_solver::tests::case_4_f64::seed_11_125::greater_op_2_Operator__GtEq::less_op_1_Operator__Lt ... ok
[INFO] [stdout] test intervals::cp_solver::tests::case_4_f64::seed_10_123::greater_op_2_Operator__GtEq::less_op_2_Operator__LtEq ... ok
[INFO] [stdout] test intervals::cp_solver::tests::case_4_i32::seed_01_0::greater_op_2_Operator__GtEq::less_op_2_Operator__LtEq ... ok
[INFO] [stdout] test intervals::cp_solver::tests::case_4_i32::seed_02_1::greater_op_1_Operator__Gt::less_op_1_Operator__Lt ... ok
[INFO] [stdout] test intervals::cp_solver::tests::case_4_i32::seed_02_1::greater_op_1_Operator__Gt::less_op_2_Operator__LtEq ... ok
[INFO] [stdout] test intervals::cp_solver::tests::case_4_i32::seed_02_1::greater_op_2_Operator__GtEq::less_op_1_Operator__Lt ... ok
[INFO] [stdout] test intervals::cp_solver::tests::case_4_i32::seed_02_1::greater_op_2_Operator__GtEq::less_op_2_Operator__LtEq ... ok
[INFO] [stdout] test intervals::cp_solver::tests::case_4_i32::seed_03_2::greater_op_1_Operator__Gt::less_op_1_Operator__Lt ... ok
[INFO] [stdout] test intervals::cp_solver::tests::case_4_i32::seed_03_2::greater_op_1_Operator__Gt::less_op_2_Operator__LtEq ... ok
[INFO] [stdout] test intervals::cp_solver::tests::case_4_f64::seed_14_4123::greater_op_1_Operator__Gt::less_op_2_Operator__LtEq ... ok
[INFO] [stdout] test intervals::cp_solver::tests::case_4_i32::seed_03_2::greater_op_2_Operator__GtEq::less_op_1_Operator__Lt ... ok
[INFO] [stdout] test intervals::cp_solver::tests::case_4_f64::seed_14_4123::greater_op_2_Operator__GtEq::less_op_1_Operator__Lt ... ok
[INFO] [stdout] test intervals::cp_solver::tests::case_4_i32::seed_04_3::greater_op_1_Operator__Gt::less_op_1_Operator__Lt ... ok
[INFO] [stdout] test intervals::cp_solver::tests::case_4_f64::seed_14_4123::greater_op_2_Operator__GtEq::less_op_2_Operator__LtEq ... ok
[INFO] [stdout] test intervals::cp_solver::tests::case_4_i32::seed_01_0::greater_op_1_Operator__Gt::less_op_1_Operator__Lt ... ok
[INFO] [stdout] test intervals::cp_solver::tests::case_4_i32::seed_03_2::greater_op_2_Operator__GtEq::less_op_2_Operator__LtEq ... ok
[INFO] [stdout] test intervals::cp_solver::tests::case_4_i32::seed_04_3::greater_op_2_Operator__GtEq::less_op_1_Operator__Lt ... ok
[INFO] [stdout] test intervals::cp_solver::tests::case_4_i32::seed_01_0::greater_op_1_Operator__Gt::less_op_2_Operator__LtEq ... ok
[INFO] [stdout] test intervals::cp_solver::tests::case_4_f64::seed_14_4123::greater_op_1_Operator__Gt::less_op_1_Operator__Lt ... ok
[INFO] [stdout] test intervals::cp_solver::tests::case_4_i32::seed_05_4::greater_op_1_Operator__Gt::less_op_1_Operator__Lt ... ok
[INFO] [stdout] test intervals::cp_solver::tests::case_4_i32::seed_06_12::greater_op_1_Operator__Gt::less_op_1_Operator__Lt ... ok
[INFO] [stdout] test intervals::cp_solver::tests::case_4_i32::seed_05_4::greater_op_1_Operator__Gt::less_op_2_Operator__LtEq ... ok
[INFO] [stdout] test intervals::cp_solver::tests::case_4_i32::seed_05_4::greater_op_2_Operator__GtEq::less_op_2_Operator__LtEq ... ok
[INFO] [stdout] test intervals::cp_solver::tests::case_4_i32::seed_04_3::greater_op_2_Operator__GtEq::less_op_2_Operator__LtEq ... ok
[INFO] [stdout] test intervals::cp_solver::tests::case_4_i32::seed_05_4::greater_op_2_Operator__GtEq::less_op_1_Operator__Lt ... ok
[INFO] [stdout] test intervals::cp_solver::tests::case_4_i32::seed_01_0::greater_op_2_Operator__GtEq::less_op_1_Operator__Lt ... ok
[INFO] [stdout] test intervals::cp_solver::tests::case_4_i32::seed_04_3::greater_op_1_Operator__Gt::less_op_2_Operator__LtEq ... ok
[INFO] [stdout] test intervals::cp_solver::tests::case_4_i32::seed_06_12::greater_op_1_Operator__Gt::less_op_2_Operator__LtEq ... ok
[INFO] [stdout] test intervals::cp_solver::tests::case_4_i32::seed_07_32::greater_op_2_Operator__GtEq::less_op_1_Operator__Lt ... ok
[INFO] [stdout] test intervals::cp_solver::tests::case_4_i32::seed_06_12::greater_op_2_Operator__GtEq::less_op_1_Operator__Lt ... ok
[INFO] [stdout] test intervals::cp_solver::tests::case_4_i32::seed_07_32::greater_op_1_Operator__Gt::less_op_2_Operator__LtEq ... ok
[INFO] [stdout] test intervals::cp_solver::tests::case_4_i32::seed_07_32::greater_op_1_Operator__Gt::less_op_1_Operator__Lt ... ok
[INFO] [stdout] test intervals::cp_solver::tests::case_4_i32::seed_07_32::greater_op_2_Operator__GtEq::less_op_2_Operator__LtEq ... ok
[INFO] [stdout] test intervals::cp_solver::tests::case_4_i32::seed_06_12::greater_op_2_Operator__GtEq::less_op_2_Operator__LtEq ... ok
[INFO] [stdout] test intervals::cp_solver::tests::case_4_i32::seed_08_314::greater_op_1_Operator__Gt::less_op_2_Operator__LtEq ... ok
[INFO] [stdout] test intervals::cp_solver::tests::case_4_i32::seed_08_314::greater_op_1_Operator__Gt::less_op_1_Operator__Lt ... ok
[INFO] [stdout] test intervals::cp_solver::tests::case_4_i32::seed_09_3124::greater_op_1_Operator__Gt::less_op_1_Operator__Lt ... ok
[INFO] [stdout] test intervals::cp_solver::tests::case_4_i32::seed_08_314::greater_op_2_Operator__GtEq::less_op_1_Operator__Lt ... ok
[INFO] [stdout] test intervals::cp_solver::tests::case_4_i32::seed_09_3124::greater_op_1_Operator__Gt::less_op_2_Operator__LtEq ... ok
[INFO] [stdout] test intervals::cp_solver::tests::case_4_i32::seed_08_314::greater_op_2_Operator__GtEq::less_op_2_Operator__LtEq ... ok
[INFO] [stdout] test intervals::cp_solver::tests::case_4_i32::seed_09_3124::greater_op_2_Operator__GtEq::less_op_1_Operator__Lt ... ok
[INFO] [stdout] test intervals::cp_solver::tests::case_4_i32::seed_09_3124::greater_op_2_Operator__GtEq::less_op_2_Operator__LtEq ... ok
[INFO] [stdout] test intervals::cp_solver::tests::case_4_i32::seed_10_123::greater_op_1_Operator__Gt::less_op_1_Operator__Lt ... ok
[INFO] [stdout] test intervals::cp_solver::tests::case_4_i32::seed_11_125::greater_op_1_Operator__Gt::less_op_1_Operator__Lt ... ok
[INFO] [stdout] test intervals::cp_solver::tests::case_4_i32::seed_11_125::greater_op_2_Operator__GtEq::less_op_2_Operator__LtEq ... ok
[INFO] [stdout] test intervals::cp_solver::tests::case_4_i32::seed_10_123::greater_op_1_Operator__Gt::less_op_2_Operator__LtEq ... ok
[INFO] [stdout] test intervals::cp_solver::tests::case_4_i32::seed_12_211::greater_op_1_Operator__Gt::less_op_1_Operator__Lt ... ok
[INFO] [stdout] test intervals::cp_solver::tests::case_4_i32::seed_12_211::greater_op_1_Operator__Gt::less_op_2_Operator__LtEq ... ok
[INFO] [stdout] test intervals::cp_solver::tests::case_4_i32::seed_10_123::greater_op_2_Operator__GtEq::less_op_1_Operator__Lt ... ok
[INFO] [stdout] test intervals::cp_solver::tests::case_4_i32::seed_12_211::greater_op_2_Operator__GtEq::less_op_2_Operator__LtEq ... ok
[INFO] [stdout] test intervals::cp_solver::tests::case_4_i32::seed_10_123::greater_op_2_Operator__GtEq::less_op_2_Operator__LtEq ... ok
[INFO] [stdout] test intervals::cp_solver::tests::case_4_i32::seed_12_211::greater_op_2_Operator__GtEq::less_op_1_Operator__Lt ... ok
[INFO] [stdout] test intervals::cp_solver::tests::case_4_i32::seed_14_4123::greater_op_1_Operator__Gt::less_op_1_Operator__Lt ... ok
[INFO] [stdout] test intervals::cp_solver::tests::case_4_i32::seed_11_125::greater_op_2_Operator__GtEq::less_op_1_Operator__Lt ... ok
[INFO] [stdout] test intervals::cp_solver::tests::case_4_i32::seed_13_215::greater_op_2_Operator__GtEq::less_op_2_Operator__LtEq ... ok
[INFO] [stdout] test intervals::cp_solver::tests::case_4_i32::seed_13_215::greater_op_1_Operator__Gt::less_op_1_Operator__Lt ... ok
[INFO] [stdout] test intervals::cp_solver::tests::case_4_i32::seed_13_215::greater_op_1_Operator__Gt::less_op_2_Operator__LtEq ... ok
[INFO] [stdout] test intervals::cp_solver::tests::case_4_i32::seed_11_125::greater_op_1_Operator__Gt::less_op_2_Operator__LtEq ... ok
[INFO] [stdout] test intervals::cp_solver::tests::case_4_i32::seed_14_4123::greater_op_1_Operator__Gt::less_op_2_Operator__LtEq ... ok
[INFO] [stdout] test intervals::cp_solver::tests::case_4_i32::seed_13_215::greater_op_2_Operator__GtEq::less_op_1_Operator__Lt ... ok
[INFO] [stdout] test intervals::cp_solver::tests::case_4_i64::seed_02_1::greater_op_1_Operator__Gt::less_op_2_Operator__LtEq ... ok
[INFO] [stdout] test intervals::cp_solver::tests::case_4_i32::seed_14_4123::greater_op_2_Operator__GtEq::less_op_2_Operator__LtEq ... ok
[INFO] [stdout] test intervals::cp_solver::tests::case_4_i64::seed_02_1::greater_op_2_Operator__GtEq::less_op_1_Operator__Lt ... ok
[INFO] [stdout] test intervals::cp_solver::tests::case_4_i64::seed_02_1::greater_op_2_Operator__GtEq::less_op_2_Operator__LtEq ... ok
[INFO] [stdout] test intervals::cp_solver::tests::case_4_i64::seed_03_2::greater_op_1_Operator__Gt::less_op_1_Operator__Lt ... ok
[INFO] [stdout] test intervals::cp_solver::tests::case_4_i64::seed_03_2::greater_op_1_Operator__Gt::less_op_2_Operator__LtEq ... ok
[INFO] [stdout] test intervals::cp_solver::tests::case_4_i64::seed_03_2::greater_op_2_Operator__GtEq::less_op_1_Operator__Lt ... ok
[INFO] [stdout] test intervals::cp_solver::tests::case_4_i64::seed_01_0::greater_op_1_Operator__Gt::less_op_1_Operator__Lt ... ok
[INFO] [stdout] test intervals::cp_solver::tests::case_4_i32::seed_14_4123::greater_op_2_Operator__GtEq::less_op_1_Operator__Lt ... ok
[INFO] [stdout] test intervals::cp_solver::tests::case_4_i64::seed_01_0::greater_op_1_Operator__Gt::less_op_2_Operator__LtEq ... ok
[INFO] [stdout] test intervals::cp_solver::tests::case_4_i64::seed_04_3::greater_op_2_Operator__GtEq::less_op_2_Operator__LtEq ... ok
[INFO] [stdout] test intervals::cp_solver::tests::case_4_i64::seed_05_4::greater_op_1_Operator__Gt::less_op_1_Operator__Lt ... ok
[INFO] [stdout] test intervals::cp_solver::tests::case_4_i64::seed_01_0::greater_op_2_Operator__GtEq::less_op_2_Operator__LtEq ... ok
[INFO] [stdout] test intervals::cp_solver::tests::case_4_i64::seed_05_4::greater_op_1_Operator__Gt::less_op_2_Operator__LtEq ... ok
[INFO] [stdout] test intervals::cp_solver::tests::case_4_i64::seed_05_4::greater_op_2_Operator__GtEq::less_op_1_Operator__Lt ... ok
[INFO] [stdout] test intervals::cp_solver::tests::case_4_i64::seed_01_0::greater_op_2_Operator__GtEq::less_op_1_Operator__Lt ... ok
[INFO] [stdout] test intervals::cp_solver::tests::case_4_i64::seed_02_1::greater_op_1_Operator__Gt::less_op_1_Operator__Lt ... ok
[INFO] [stdout] test intervals::cp_solver::tests::case_4_i64::seed_04_3::greater_op_2_Operator__GtEq::less_op_1_Operator__Lt ... ok
[INFO] [stdout] test intervals::cp_solver::tests::case_4_i64::seed_04_3::greater_op_1_Operator__Gt::less_op_2_Operator__LtEq ... ok
[INFO] [stdout] test intervals::cp_solver::tests::case_4_i64::seed_03_2::greater_op_2_Operator__GtEq::less_op_2_Operator__LtEq ... ok
[INFO] [stdout] test intervals::cp_solver::tests::case_4_i64::seed_06_12::greater_op_1_Operator__Gt::less_op_1_Operator__Lt ... ok
[INFO] [stdout] test intervals::cp_solver::tests::case_4_i64::seed_07_32::greater_op_1_Operator__Gt::less_op_1_Operator__Lt ... ok
[INFO] [stdout] test intervals::cp_solver::tests::case_4_i64::seed_06_12::greater_op_2_Operator__GtEq::less_op_1_Operator__Lt ... ok
[INFO] [stdout] test intervals::cp_solver::tests::case_4_i64::seed_06_12::greater_op_1_Operator__Gt::less_op_2_Operator__LtEq ... ok
[INFO] [stdout] test intervals::cp_solver::tests::case_4_i64::seed_05_4::greater_op_2_Operator__GtEq::less_op_2_Operator__LtEq ... ok
[INFO] [stdout] test intervals::cp_solver::tests::case_4_i64::seed_07_32::greater_op_1_Operator__Gt::less_op_2_Operator__LtEq ... ok
[INFO] [stdout] test intervals::cp_solver::tests::case_4_i64::seed_07_32::greater_op_2_Operator__GtEq::less_op_1_Operator__Lt ... ok
[INFO] [stdout] test intervals::cp_solver::tests::case_4_i64::seed_06_12::greater_op_2_Operator__GtEq::less_op_2_Operator__LtEq ... ok
[INFO] [stdout] test intervals::cp_solver::tests::case_4_i64::seed_07_32::greater_op_2_Operator__GtEq::less_op_2_Operator__LtEq ... ok
[INFO] [stdout] test intervals::cp_solver::tests::case_4_i64::seed_09_3124::greater_op_1_Operator__Gt::less_op_2_Operator__LtEq ... ok
[INFO] [stdout] test intervals::cp_solver::tests::case_4_i64::seed_08_314::greater_op_2_Operator__GtEq::less_op_2_Operator__LtEq ... ok
[INFO] [stdout] test intervals::cp_solver::tests::case_4_i64::seed_09_3124::greater_op_2_Operator__GtEq::less_op_2_Operator__LtEq ... ok
[INFO] [stdout] test intervals::cp_solver::tests::case_4_i64::seed_10_123::greater_op_1_Operator__Gt::less_op_2_Operator__LtEq ... ok
[INFO] [stdout] test intervals::cp_solver::tests::case_4_i64::seed_10_123::greater_op_2_Operator__GtEq::less_op_1_Operator__Lt ... ok
[INFO] [stdout] test intervals::cp_solver::tests::case_4_i64::seed_10_123::greater_op_2_Operator__GtEq::less_op_2_Operator__LtEq ... ok
[INFO] [stdout] test intervals::cp_solver::tests::case_4_i64::seed_11_125::greater_op_1_Operator__Gt::less_op_1_Operator__Lt ... ok
[INFO] [stdout] test intervals::cp_solver::tests::case_4_i64::seed_11_125::greater_op_1_Operator__Gt::less_op_2_Operator__LtEq ... ok
[INFO] [stdout] test intervals::cp_solver::tests::case_4_i64::seed_04_3::greater_op_1_Operator__Gt::less_op_1_Operator__Lt ... ok
[INFO] [stdout] test intervals::cp_solver::tests::case_4_i64::seed_08_314::greater_op_2_Operator__GtEq::less_op_1_Operator__Lt ... ok
[INFO] [stdout] test intervals::cp_solver::tests::case_4_i64::seed_10_123::greater_op_1_Operator__Gt::less_op_1_Operator__Lt ... ok
[INFO] [stdout] test intervals::cp_solver::tests::case_4_i64::seed_09_3124::greater_op_1_Operator__Gt::less_op_1_Operator__Lt ... ok
[INFO] [stdout] test intervals::cp_solver::tests::case_4_i64::seed_09_3124::greater_op_2_Operator__GtEq::less_op_1_Operator__Lt ... ok
[INFO] [stdout] test intervals::cp_solver::tests::case_4_i64::seed_12_211::greater_op_1_Operator__Gt::less_op_2_Operator__LtEq ... ok
[INFO] [stdout] test intervals::cp_solver::tests::case_4_i64::seed_12_211::greater_op_2_Operator__GtEq::less_op_2_Operator__LtEq ... ok
[INFO] [stdout] test intervals::cp_solver::tests::case_4_i64::seed_08_314::greater_op_1_Operator__Gt::less_op_2_Operator__LtEq ... ok
[INFO] [stdout] test intervals::cp_solver::tests::case_4_i64::seed_13_215::greater_op_1_Operator__Gt::less_op_1_Operator__Lt ... ok
[INFO] [stdout] test intervals::cp_solver::tests::case_4_i64::seed_12_211::greater_op_1_Operator__Gt::less_op_1_Operator__Lt ... ok
[INFO] [stdout] test intervals::cp_solver::tests::case_4_i64::seed_12_211::greater_op_2_Operator__GtEq::less_op_1_Operator__Lt ... ok
[INFO] [stdout] test intervals::cp_solver::tests::case_4_i64::seed_11_125::greater_op_2_Operator__GtEq::less_op_1_Operator__Lt ... ok
[INFO] [stdout] test intervals::cp_solver::tests::case_4_i64::seed_08_314::greater_op_1_Operator__Gt::less_op_1_Operator__Lt ... ok
[INFO] [stdout] test intervals::cp_solver::tests::case_4_i64::seed_14_4123::greater_op_1_Operator__Gt::less_op_1_Operator__Lt ... ok
[INFO] [stdout] test intervals::cp_solver::tests::case_4_i64::seed_11_125::greater_op_2_Operator__GtEq::less_op_2_Operator__LtEq ... ok
[INFO] [stdout] test intervals::cp_solver::tests::case_4_i64::seed_13_215::greater_op_2_Operator__GtEq::less_op_2_Operator__LtEq ... ok
[INFO] [stdout] test intervals::cp_solver::tests::case_4_i64::seed_14_4123::greater_op_1_Operator__Gt::less_op_2_Operator__LtEq ... ok
[INFO] [stdout] test intervals::cp_solver::tests::case_4_i64::seed_14_4123::greater_op_2_Operator__GtEq::less_op_1_Operator__Lt ... ok
[INFO] [stdout] test intervals::cp_solver::tests::case_4_i64::seed_14_4123::greater_op_2_Operator__GtEq::less_op_2_Operator__LtEq ... ok
[INFO] [stdout] test intervals::cp_solver::tests::case_5_f32::seed_01_0::greater_op_1_Operator__Gt::less_op_1_Operator__Lt ... ok
[INFO] [stdout] test intervals::cp_solver::tests::case_4_i64::seed_13_215::greater_op_1_Operator__Gt::less_op_2_Operator__LtEq ... ok
[INFO] [stdout] test intervals::cp_solver::tests::case_5_f32::seed_02_1::greater_op_1_Operator__Gt::less_op_1_Operator__Lt ... ok
[INFO] [stdout] test intervals::cp_solver::tests::case_5_f32::seed_01_0::greater_op_2_Operator__GtEq::less_op_2_Operator__LtEq ... ok
[INFO] [stdout] test intervals::cp_solver::tests::case_5_f32::seed_02_1::greater_op_2_Operator__GtEq::less_op_1_Operator__Lt ... ok
[INFO] [stdout] test intervals::cp_solver::tests::case_5_f32::seed_01_0::greater_op_1_Operator__Gt::less_op_2_Operator__LtEq ... ok
[INFO] [stdout] test intervals::cp_solver::tests::case_5_f32::seed_03_2::greater_op_1_Operator__Gt::less_op_1_Operator__Lt ... ok
[INFO] [stdout] test intervals::cp_solver::tests::case_5_f32::seed_01_0::greater_op_2_Operator__GtEq::less_op_1_Operator__Lt ... ok
[INFO] [stdout] test intervals::cp_solver::tests::case_5_f32::seed_03_2::greater_op_1_Operator__Gt::less_op_2_Operator__LtEq ... ok
[INFO] [stdout] test intervals::cp_solver::tests::case_5_f32::seed_02_1::greater_op_2_Operator__GtEq::less_op_2_Operator__LtEq ... ok
[INFO] [stdout] test intervals::cp_solver::tests::case_5_f32::seed_04_3::greater_op_1_Operator__Gt::less_op_1_Operator__Lt ... ok
[INFO] [stdout] test intervals::cp_solver::tests::case_5_f32::seed_02_1::greater_op_1_Operator__Gt::less_op_2_Operator__LtEq ... ok
[INFO] [stdout] test intervals::cp_solver::tests::case_5_f32::seed_04_3::greater_op_1_Operator__Gt::less_op_2_Operator__LtEq ... ok
[INFO] [stdout] test intervals::cp_solver::tests::case_5_f32::seed_05_4::greater_op_1_Operator__Gt::less_op_2_Operator__LtEq ... ok
[INFO] [stdout] test intervals::cp_solver::tests::case_5_f32::seed_03_2::greater_op_2_Operator__GtEq::less_op_1_Operator__Lt ... ok
[INFO] [stdout] test intervals::cp_solver::tests::case_4_i64::seed_13_215::greater_op_2_Operator__GtEq::less_op_1_Operator__Lt ... ok
[INFO] [stdout] test intervals::cp_solver::tests::case_5_f32::seed_05_4::greater_op_1_Operator__Gt::less_op_1_Operator__Lt ... ok
[INFO] [stdout] test intervals::cp_solver::tests::case_5_f32::seed_03_2::greater_op_2_Operator__GtEq::less_op_2_Operator__LtEq ... ok
[INFO] [stdout] test intervals::cp_solver::tests::case_5_f32::seed_04_3::greater_op_2_Operator__GtEq::less_op_2_Operator__LtEq ... ok
[INFO] [stdout] test intervals::cp_solver::tests::case_5_f32::seed_04_3::greater_op_2_Operator__GtEq::less_op_1_Operator__Lt ... ok
[INFO] [stdout] test intervals::cp_solver::tests::case_5_f32::seed_06_12::greater_op_1_Operator__Gt::less_op_1_Operator__Lt ... ok
[INFO] [stdout] test intervals::cp_solver::tests::case_5_f32::seed_06_12::greater_op_1_Operator__Gt::less_op_2_Operator__LtEq ... ok
[INFO] [stdout] test intervals::cp_solver::tests::case_5_f32::seed_05_4::greater_op_2_Operator__GtEq::less_op_1_Operator__Lt ... ok
[INFO] [stdout] test intervals::cp_solver::tests::case_5_f32::seed_06_12::greater_op_2_Operator__GtEq::less_op_2_Operator__LtEq ... ok
[INFO] [stdout] test intervals::cp_solver::tests::case_5_f32::seed_06_12::greater_op_2_Operator__GtEq::less_op_1_Operator__Lt ... ok
[INFO] [stdout] test intervals::cp_solver::tests::case_5_f32::seed_07_32::greater_op_1_Operator__Gt::less_op_1_Operator__Lt ... ok
[INFO] [stdout] test intervals::cp_solver::tests::case_5_f32::seed_08_314::greater_op_1_Operator__Gt::less_op_2_Operator__LtEq ... ok
[INFO] [stdout] test intervals::cp_solver::tests::case_5_f32::seed_07_32::greater_op_2_Operator__GtEq::less_op_1_Operator__Lt ... ok
[INFO] [stdout] test intervals::cp_solver::tests::case_5_f32::seed_09_3124::greater_op_1_Operator__Gt::less_op_1_Operator__Lt ... ok
[INFO] [stdout] test intervals::cp_solver::tests::case_5_f32::seed_08_314::greater_op_2_Operator__GtEq::less_op_1_Operator__Lt ... ok
[INFO] [stdout] test intervals::cp_solver::tests::case_5_f32::seed_05_4::greater_op_2_Operator__GtEq::less_op_2_Operator__LtEq ... ok
[INFO] [stdout] test intervals::cp_solver::tests::case_5_f32::seed_07_32::greater_op_2_Operator__GtEq::less_op_2_Operator__LtEq ... ok
[INFO] [stdout] test intervals::cp_solver::tests::case_5_f32::seed_07_32::greater_op_1_Operator__Gt::less_op_2_Operator__LtEq ... ok
[INFO] [stdout] test intervals::cp_solver::tests::case_5_f32::seed_09_3124::greater_op_1_Operator__Gt::less_op_2_Operator__LtEq ... ok
[INFO] [stdout] test intervals::cp_solver::tests::case_5_f32::seed_09_3124::greater_op_2_Operator__GtEq::less_op_1_Operator__Lt ... ok
[INFO] [stdout] test intervals::cp_solver::tests::case_5_f32::seed_10_123::greater_op_1_Operator__Gt::less_op_1_Operator__Lt ... ok
[INFO] [stdout] test intervals::cp_solver::tests::case_5_f32::seed_10_123::greater_op_1_Operator__Gt::less_op_2_Operator__LtEq ... ok
[INFO] [stdout] test intervals::cp_solver::tests::case_5_f32::seed_09_3124::greater_op_2_Operator__GtEq::less_op_2_Operator__LtEq ... ok
[INFO] [stdout] test intervals::cp_solver::tests::case_5_f32::seed_10_123::greater_op_2_Operator__GtEq::less_op_1_Operator__Lt ... ok
[INFO] [stdout] test intervals::cp_solver::tests::case_5_f32::seed_08_314::greater_op_1_Operator__Gt::less_op_1_Operator__Lt ... ok
[INFO] [stdout] test intervals::cp_solver::tests::case_5_f32::seed_08_314::greater_op_2_Operator__GtEq::less_op_2_Operator__LtEq ... ok
[INFO] [stdout] test intervals::cp_solver::tests::case_5_f32::seed_11_125::greater_op_1_Operator__Gt::less_op_2_Operator__LtEq ... ok
[INFO] [stdout] test intervals::cp_solver::tests::case_5_f32::seed_12_211::greater_op_1_Operator__Gt::less_op_1_Operator__Lt ... ok
[INFO] [stdout] test intervals::cp_solver::tests::case_5_f32::seed_11_125::greater_op_2_Operator__GtEq::less_op_2_Operator__LtEq ... ok
[INFO] [stdout] test intervals::cp_solver::tests::case_5_f32::seed_10_123::greater_op_2_Operator__GtEq::less_op_2_Operator__LtEq ... ok
[INFO] [stdout] test intervals::cp_solver::tests::case_5_f32::seed_11_125::greater_op_1_Operator__Gt::less_op_1_Operator__Lt ... ok
[INFO] [stdout] test intervals::cp_solver::tests::case_5_f32::seed_13_215::greater_op_1_Operator__Gt::less_op_1_Operator__Lt ... ok
[INFO] [stdout] test intervals::cp_solver::tests::case_5_f32::seed_11_125::greater_op_2_Operator__GtEq::less_op_1_Operator__Lt ... ok
[INFO] [stdout] test intervals::cp_solver::tests::case_5_f32::seed_12_211::greater_op_2_Operator__GtEq::less_op_1_Operator__Lt ... ok
[INFO] [stdout] test intervals::cp_solver::tests::case_5_f32::seed_13_215::greater_op_1_Operator__Gt::less_op_2_Operator__LtEq ... ok
[INFO] [stdout] test intervals::cp_solver::tests::case_5_f32::seed_13_215::greater_op_2_Operator__GtEq::less_op_2_Operator__LtEq ... ok
[INFO] [stdout] test intervals::cp_solver::tests::case_5_f32::seed_13_215::greater_op_2_Operator__GtEq::less_op_1_Operator__Lt ... ok
[INFO] [stdout] test intervals::cp_solver::tests::case_5_f32::seed_12_211::greater_op_1_Operator__Gt::less_op_2_Operator__LtEq ... ok
[INFO] [stdout] test intervals::cp_solver::tests::case_5_f32::seed_14_4123::greater_op_1_Operator__Gt::less_op_1_Operator__Lt ... ok
[INFO] [stdout] test intervals::cp_solver::tests::case_5_f32::seed_14_4123::greater_op_1_Operator__Gt::less_op_2_Operator__LtEq ... ok
[INFO] [stdout] test intervals::cp_solver::tests::case_5_f32::seed_12_211::greater_op_2_Operator__GtEq::less_op_2_Operator__LtEq ... ok
[INFO] [stdout] test intervals::cp_solver::tests::case_5_f32::seed_14_4123::greater_op_2_Operator__GtEq::less_op_2_Operator__LtEq ... ok
[INFO] [stdout] test intervals::cp_solver::tests::case_5_f64::seed_01_0::greater_op_1_Operator__Gt::less_op_1_Operator__Lt ... ok
[INFO] [stdout] test intervals::cp_solver::tests::case_5_f64::seed_02_1::greater_op_2_Operator__GtEq::less_op_1_Operator__Lt ... ok
[INFO] [stdout] test intervals::cp_solver::tests::case_5_f64::seed_01_0::greater_op_1_Operator__Gt::less_op_2_Operator__LtEq ... ok
[INFO] [stdout] test intervals::cp_solver::tests::case_5_f64::seed_01_0::greater_op_2_Operator__GtEq::less_op_1_Operator__Lt ... ok
[INFO] [stdout] test intervals::cp_solver::tests::case_5_f64::seed_02_1::greater_op_1_Operator__Gt::less_op_2_Operator__LtEq ... ok
[INFO] [stdout] test intervals::cp_solver::tests::case_5_f32::seed_14_4123::greater_op_2_Operator__GtEq::less_op_1_Operator__Lt ... ok
[INFO] [stdout] test intervals::cp_solver::tests::case_5_f64::seed_01_0::greater_op_2_Operator__GtEq::less_op_2_Operator__LtEq ... ok
[INFO] [stdout] test intervals::cp_solver::tests::case_5_f64::seed_03_2::greater_op_1_Operator__Gt::less_op_1_Operator__Lt ... ok
[INFO] [stdout] test intervals::cp_solver::tests::case_5_f64::seed_02_1::greater_op_2_Operator__GtEq::less_op_2_Operator__LtEq ... ok
[INFO] [stdout] test intervals::cp_solver::tests::case_5_f64::seed_03_2::greater_op_2_Operator__GtEq::less_op_2_Operator__LtEq ... ok
[INFO] [stdout] test intervals::cp_solver::tests::case_5_f64::seed_04_3::greater_op_1_Operator__Gt::less_op_1_Operator__Lt ... ok
[INFO] [stdout] test intervals::cp_solver::tests::case_5_f64::seed_04_3::greater_op_1_Operator__Gt::less_op_2_Operator__LtEq ... ok
[INFO] [stdout] test intervals::cp_solver::tests::case_5_f64::seed_04_3::greater_op_2_Operator__GtEq::less_op_1_Operator__Lt ... ok
[INFO] [stdout] test intervals::cp_solver::tests::case_5_f64::seed_05_4::greater_op_2_Operator__GtEq::less_op_1_Operator__Lt ... ok
[INFO] [stdout] test intervals::cp_solver::tests::case_5_f64::seed_05_4::greater_op_2_Operator__GtEq::less_op_2_Operator__LtEq ... ok
[INFO] [stdout] test intervals::cp_solver::tests::case_5_f64::seed_06_12::greater_op_1_Operator__Gt::less_op_1_Operator__Lt ... ok
[INFO] [stdout] test intervals::cp_solver::tests::case_5_f64::seed_06_12::greater_op_1_Operator__Gt::less_op_2_Operator__LtEq ... ok
[INFO] [stdout] test intervals::cp_solver::tests::case_5_f64::seed_06_12::greater_op_2_Operator__GtEq::less_op_1_Operator__Lt ... ok
[INFO] [stdout] test intervals::cp_solver::tests::case_5_f64::seed_07_32::greater_op_1_Operator__Gt::less_op_1_Operator__Lt ... ok
[INFO] [stdout] test intervals::cp_solver::tests::case_5_f64::seed_06_12::greater_op_2_Operator__GtEq::less_op_2_Operator__LtEq ... ok
[INFO] [stdout] test intervals::cp_solver::tests::case_5_f64::seed_07_32::greater_op_1_Operator__Gt::less_op_2_Operator__LtEq ... ok
[INFO] [stdout] test intervals::cp_solver::tests::case_5_f64::seed_07_32::greater_op_2_Operator__GtEq::less_op_1_Operator__Lt ... ok
[INFO] [stdout] test intervals::cp_solver::tests::case_5_f64::seed_08_314::greater_op_1_Operator__Gt::less_op_1_Operator__Lt ... ok
[INFO] [stdout] test intervals::cp_solver::tests::case_5_f64::seed_03_2::greater_op_1_Operator__Gt::less_op_2_Operator__LtEq ... ok
[INFO] [stdout] test intervals::cp_solver::tests::case_5_f64::seed_05_4::greater_op_1_Operator__Gt::less_op_1_Operator__Lt ... ok
[INFO] [stdout] test intervals::cp_solver::tests::case_5_f64::seed_04_3::greater_op_2_Operator__GtEq::less_op_2_Operator__LtEq ... ok
[INFO] [stdout] test intervals::cp_solver::tests::case_5_f64::seed_05_4::greater_op_1_Operator__Gt::less_op_2_Operator__LtEq ... ok
[INFO] [stdout] test intervals::cp_solver::tests::case_5_f64::seed_09_3124::greater_op_1_Operator__Gt::less_op_1_Operator__Lt ... ok
[INFO] [stdout] test intervals::cp_solver::tests::case_5_f64::seed_07_32::greater_op_2_Operator__GtEq::less_op_2_Operator__LtEq ... ok
[INFO] [stdout] test intervals::cp_solver::tests::case_5_f64::seed_08_314::greater_op_1_Operator__Gt::less_op_2_Operator__LtEq ... ok
[INFO] [stdout] test intervals::cp_solver::tests::case_5_f64::seed_08_314::greater_op_2_Operator__GtEq::less_op_2_Operator__LtEq ... ok
[INFO] [stdout] test intervals::cp_solver::tests::case_5_f64::seed_10_123::greater_op_1_Operator__Gt::less_op_1_Operator__Lt ... ok
[INFO] [stdout] test intervals::cp_solver::tests::case_5_f64::seed_09_3124::greater_op_2_Operator__GtEq::less_op_2_Operator__LtEq ... ok
[INFO] [stdout] test intervals::cp_solver::tests::case_5_f64::seed_10_123::greater_op_2_Operator__GtEq::less_op_1_Operator__Lt ... ok
[INFO] [stdout] test intervals::cp_solver::tests::case_5_f64::seed_10_123::greater_op_1_Operator__Gt::less_op_2_Operator__LtEq ... ok
[INFO] [stdout] test intervals::cp_solver::tests::case_5_f64::seed_08_314::greater_op_2_Operator__GtEq::less_op_1_Operator__Lt ... ok
[INFO] [stdout] test intervals::cp_solver::tests::case_5_f64::seed_09_3124::greater_op_2_Operator__GtEq::less_op_1_Operator__Lt ... ok
[INFO] [stdout] test intervals::cp_solver::tests::case_5_f64::seed_10_123::greater_op_2_Operator__GtEq::less_op_2_Operator__LtEq ... ok
[INFO] [stdout] test intervals::cp_solver::tests::case_5_f64::seed_02_1::greater_op_1_Operator__Gt::less_op_1_Operator__Lt ... ok
[INFO] [stdout] test intervals::cp_solver::tests::case_5_f64::seed_09_3124::greater_op_1_Operator__Gt::less_op_2_Operator__LtEq ... ok
[INFO] [stdout] test intervals::cp_solver::tests::case_5_f64::seed_03_2::greater_op_2_Operator__GtEq::less_op_1_Operator__Lt ... ok
[INFO] [stdout] test intervals::cp_solver::tests::case_5_f64::seed_11_125::greater_op_1_Operator__Gt::less_op_1_Operator__Lt ... ok
[INFO] [stdout] test intervals::cp_solver::tests::case_5_f64::seed_13_215::greater_op_1_Operator__Gt::less_op_1_Operator__Lt ... ok
[INFO] [stdout] test intervals::cp_solver::tests::case_5_f64::seed_11_125::greater_op_2_Operator__GtEq::less_op_2_Operator__LtEq ... ok
[INFO] [stdout] test intervals::cp_solver::tests::case_5_f64::seed_13_215::greater_op_1_Operator__Gt::less_op_2_Operator__LtEq ... ok
[INFO] [stdout] test intervals::cp_solver::tests::case_5_f64::seed_12_211::greater_op_2_Operator__GtEq::less_op_1_Operator__Lt ... ok
[INFO] [stdout] test intervals::cp_solver::tests::case_5_f64::seed_13_215::greater_op_2_Operator__GtEq::less_op_1_Operator__Lt ... ok
[INFO] [stdout] test intervals::cp_solver::tests::case_5_f64::seed_13_215::greater_op_2_Operator__GtEq::less_op_2_Operator__LtEq ... ok
[INFO] [stdout] test intervals::cp_solver::tests::case_5_f64::seed_14_4123::greater_op_1_Operator__Gt::less_op_1_Operator__Lt ... ok
[INFO] [stdout] test intervals::cp_solver::tests::case_5_f64::seed_12_211::greater_op_2_Operator__GtEq::less_op_2_Operator__LtEq ... ok
[INFO] [stdout] test intervals::cp_solver::tests::case_5_f64::seed_11_125::greater_op_1_Operator__Gt::less_op_2_Operator__LtEq ... ok
[INFO] [stdout] test intervals::cp_solver::tests::case_5_f64::seed_12_211::greater_op_1_Operator__Gt::less_op_1_Operator__Lt ... ok
[INFO] [stdout] test intervals::cp_solver::tests::case_5_f64::seed_14_4123::greater_op_1_Operator__Gt::less_op_2_Operator__LtEq ... ok
[INFO] [stdout] test intervals::cp_solver::tests::case_5_f64::seed_14_4123::greater_op_2_Operator__GtEq::less_op_1_Operator__Lt ... ok
[INFO] [stdout] test intervals::cp_solver::tests::case_5_f64::seed_12_211::greater_op_1_Operator__Gt::less_op_2_Operator__LtEq ... ok
[INFO] [stdout] test intervals::cp_solver::tests::case_5_i32::seed_01_0::greater_op_1_Operator__Gt::less_op_1_Operator__Lt ... ok
[INFO] [stdout] test intervals::cp_solver::tests::case_5_f64::seed_11_125::greater_op_2_Operator__GtEq::less_op_1_Operator__Lt ... ok
[INFO] [stdout] test intervals::cp_solver::tests::case_5_i32::seed_02_1::greater_op_1_Operator__Gt::less_op_2_Operator__LtEq ... ok
[INFO] [stdout] test intervals::cp_solver::tests::case_5_i32::seed_02_1::greater_op_2_Operator__GtEq::less_op_2_Operator__LtEq ... ok
[INFO] [stdout] test intervals::cp_solver::tests::case_5_i32::seed_02_1::greater_op_1_Operator__Gt::less_op_1_Operator__Lt ... ok
[INFO] [stdout] test intervals::cp_solver::tests::case_5_i32::seed_03_2::greater_op_1_Operator__Gt::less_op_1_Operator__Lt ... ok
[INFO] [stdout] test intervals::cp_solver::tests::case_5_i32::seed_02_1::greater_op_2_Operator__GtEq::less_op_1_Operator__Lt ... ok
[INFO] [stdout] test intervals::cp_solver::tests::case_5_i32::seed_03_2::greater_op_2_Operator__GtEq::less_op_1_Operator__Lt ... ok
[INFO] [stdout] test intervals::cp_solver::tests::case_5_i32::seed_03_2::greater_op_1_Operator__Gt::less_op_2_Operator__LtEq ... ok
[INFO] [stdout] test intervals::cp_solver::tests::case_5_f64::seed_14_4123::greater_op_2_Operator__GtEq::less_op_2_Operator__LtEq ... ok
[INFO] [stdout] test intervals::cp_solver::tests::case_5_i32::seed_01_0::greater_op_2_Operator__GtEq::less_op_2_Operator__LtEq ... ok
[INFO] [stdout] test intervals::cp_solver::tests::case_5_i32::seed_04_3::greater_op_1_Operator__Gt::less_op_1_Operator__Lt ... ok
[INFO] [stdout] test intervals::cp_solver::tests::case_5_i32::seed_01_0::greater_op_1_Operator__Gt::less_op_2_Operator__LtEq ... ok
[INFO] [stdout] test intervals::cp_solver::tests::case_5_i32::seed_01_0::greater_op_2_Operator__GtEq::less_op_1_Operator__Lt ... ok
[INFO] [stdout] test intervals::cp_solver::tests::case_5_i32::seed_04_3::greater_op_1_Operator__Gt::less_op_2_Operator__LtEq ... ok
[INFO] [stdout] test intervals::cp_solver::tests::case_5_i32::seed_05_4::greater_op_1_Operator__Gt::less_op_1_Operator__Lt ... ok
[INFO] [stdout] test intervals::cp_solver::tests::case_5_i32::seed_04_3::greater_op_2_Operator__GtEq::less_op_1_Operator__Lt ... ok
[INFO] [stdout] test intervals::cp_solver::tests::case_5_i32::seed_04_3::greater_op_2_Operator__GtEq::less_op_2_Operator__LtEq ... ok
[INFO] [stdout] test intervals::cp_solver::tests::case_5_i32::seed_03_2::greater_op_2_Operator__GtEq::less_op_2_Operator__LtEq ... ok
[INFO] [stdout] test intervals::cp_solver::tests::case_5_i32::seed_05_4::greater_op_2_Operator__GtEq::less_op_1_Operator__Lt ... ok
[INFO] [stdout] test intervals::cp_solver::tests::case_5_i32::seed_05_4::greater_op_1_Operator__Gt::less_op_2_Operator__LtEq ... ok
[INFO] [stdout] test intervals::cp_solver::tests::case_5_i32::seed_06_12::greater_op_2_Operator__GtEq::less_op_1_Operator__Lt ... ok
[INFO] [stdout] test intervals::cp_solver::tests::case_5_i32::seed_05_4::greater_op_2_Operator__GtEq::less_op_2_Operator__LtEq ... ok
[INFO] [stdout] test intervals::cp_solver::tests::case_5_i32::seed_06_12::greater_op_1_Operator__Gt::less_op_1_Operator__Lt ... ok
[INFO] [stdout] test intervals::cp_solver::tests::case_5_i32::seed_07_32::greater_op_1_Operator__Gt::less_op_2_Operator__LtEq ... ok
[INFO] [stdout] test intervals::cp_solver::tests::case_5_i32::seed_06_12::greater_op_2_Operator__GtEq::less_op_2_Operator__LtEq ... ok
[INFO] [stdout] test intervals::cp_solver::tests::case_5_i32::seed_06_12::greater_op_1_Operator__Gt::less_op_2_Operator__LtEq ... ok
[INFO] [stdout] test intervals::cp_solver::tests::case_5_i32::seed_07_32::greater_op_2_Operator__GtEq::less_op_1_Operator__Lt ... ok
[INFO] [stdout] test intervals::cp_solver::tests::case_5_i32::seed_07_32::greater_op_1_Operator__Gt::less_op_1_Operator__Lt ... ok
[INFO] [stdout] test intervals::cp_solver::tests::case_5_i32::seed_08_314::greater_op_1_Operator__Gt::less_op_1_Operator__Lt ... ok
[INFO] [stdout] test intervals::cp_solver::tests::case_5_i32::seed_08_314::greater_op_1_Operator__Gt::less_op_2_Operator__LtEq ... ok
[INFO] [stdout] test intervals::cp_solver::tests::case_5_i32::seed_08_314::greater_op_2_Operator__GtEq::less_op_1_Operator__Lt ... ok
[INFO] [stdout] test intervals::cp_solver::tests::case_5_i32::seed_09_3124::greater_op_2_Operator__GtEq::less_op_2_Operator__LtEq ... ok
[INFO] [stdout] test intervals::cp_solver::tests::case_5_i32::seed_10_123::greater_op_1_Operator__Gt::less_op_1_Operator__Lt ... ok
[INFO] [stdout] test intervals::cp_solver::tests::case_5_i32::seed_08_314::greater_op_2_Operator__GtEq::less_op_2_Operator__LtEq ... ok
[INFO] [stdout] test intervals::cp_solver::tests::case_5_i32::seed_09_3124::greater_op_1_Operator__Gt::less_op_2_Operator__LtEq ... ok
[INFO] [stdout] test intervals::cp_solver::tests::case_5_i32::seed_10_123::greater_op_2_Operator__GtEq::less_op_2_Operator__LtEq ... ok
[INFO] [stdout] test intervals::cp_solver::tests::case_5_i32::seed_10_123::greater_op_2_Operator__GtEq::less_op_1_Operator__Lt ... ok
[INFO] [stdout] test intervals::cp_solver::tests::case_5_i32::seed_07_32::greater_op_2_Operator__GtEq::less_op_2_Operator__LtEq ... ok
[INFO] [stdout] test intervals::cp_solver::tests::case_5_i32::seed_09_3124::greater_op_2_Operator__GtEq::less_op_1_Operator__Lt ... ok
[INFO] [stdout] test intervals::cp_solver::tests::case_5_i32::seed_11_125::greater_op_2_Operator__GtEq::less_op_1_Operator__Lt ... ok
[INFO] [stdout] test intervals::cp_solver::tests::case_5_i32::seed_10_123::greater_op_1_Operator__Gt::less_op_2_Operator__LtEq ... ok
[INFO] [stdout] test intervals::cp_solver::tests::case_5_i32::seed_11_125::greater_op_1_Operator__Gt::less_op_1_Operator__Lt ... ok
[INFO] [stdout] test intervals::cp_solver::tests::case_5_i32::seed_09_3124::greater_op_1_Operator__Gt::less_op_1_Operator__Lt ... ok
[INFO] [stdout] test intervals::cp_solver::tests::case_5_i32::seed_11_125::greater_op_1_Operator__Gt::less_op_2_Operator__LtEq ... ok
[INFO] [stdout] test intervals::cp_solver::tests::case_5_i32::seed_12_211::greater_op_1_Operator__Gt::less_op_1_Operator__Lt ... ok
[INFO] [stdout] test intervals::cp_solver::tests::case_5_i32::seed_12_211::greater_op_2_Operator__GtEq::less_op_2_Operator__LtEq ... ok
[INFO] [stdout] test intervals::cp_solver::tests::case_5_i32::seed_13_215::greater_op_1_Operator__Gt::less_op_2_Operator__LtEq ... ok
[INFO] [stdout] test intervals::cp_solver::tests::case_5_i32::seed_14_4123::greater_op_1_Operator__Gt::less_op_2_Operator__LtEq ... ok
[INFO] [stdout] test intervals::cp_solver::tests::case_5_i32::seed_14_4123::greater_op_2_Operator__GtEq::less_op_1_Operator__Lt ... ok
[INFO] [stdout] test intervals::cp_solver::tests::case_5_i32::seed_14_4123::greater_op_2_Operator__GtEq::less_op_2_Operator__LtEq ... ok
[INFO] [stdout] test intervals::cp_solver::tests::case_5_i64::seed_01_0::greater_op_1_Operator__Gt::less_op_1_Operator__Lt ... ok
[INFO] [stdout] test intervals::cp_solver::tests::case_5_i64::seed_01_0::greater_op_1_Operator__Gt::less_op_2_Operator__LtEq ... ok
[INFO] [stdout] test intervals::cp_solver::tests::case_5_i64::seed_01_0::greater_op_2_Operator__GtEq::less_op_1_Operator__Lt ... ok
[INFO] [stdout] test intervals::cp_solver::tests::case_5_i64::seed_01_0::greater_op_2_Operator__GtEq::less_op_2_Operator__LtEq ... ok
[INFO] [stdout] test intervals::cp_solver::tests::case_5_i64::seed_02_1::greater_op_1_Operator__Gt::less_op_1_Operator__Lt ... ok
[INFO] [stdout] test intervals::cp_solver::tests::case_5_i64::seed_02_1::greater_op_1_Operator__Gt::less_op_2_Operator__LtEq ... ok
[INFO] [stdout] test intervals::cp_solver::tests::case_5_i64::seed_02_1::greater_op_2_Operator__GtEq::less_op_1_Operator__Lt ... ok
[INFO] [stdout] test intervals::cp_solver::tests::case_5_i64::seed_02_1::greater_op_2_Operator__GtEq::less_op_2_Operator__LtEq ... ok
[INFO] [stdout] test intervals::cp_solver::tests::case_5_i64::seed_03_2::greater_op_1_Operator__Gt::less_op_1_Operator__Lt ... ok
[INFO] [stdout] test intervals::cp_solver::tests::case_5_i32::seed_13_215::greater_op_2_Operator__GtEq::less_op_1_Operator__Lt ... ok
[INFO] [stdout] test intervals::cp_solver::tests::case_5_i64::seed_03_2::greater_op_1_Operator__Gt::less_op_2_Operator__LtEq ... ok
[INFO] [stdout] test intervals::cp_solver::tests::case_5_i32::seed_14_4123::greater_op_1_Operator__Gt::less_op_1_Operator__Lt ... ok
[INFO] [stdout] test intervals::cp_solver::tests::case_5_i64::seed_03_2::greater_op_2_Operator__GtEq::less_op_1_Operator__Lt ... ok
[INFO] [stdout] test intervals::cp_solver::tests::case_5_i32::seed_13_215::greater_op_2_Operator__GtEq::less_op_2_Operator__LtEq ... ok
[INFO] [stdout] test intervals::cp_solver::tests::case_5_i64::seed_04_3::greater_op_1_Operator__Gt::less_op_2_Operator__LtEq ... ok
[INFO] [stdout] test intervals::cp_solver::tests::case_5_i32::seed_11_125::greater_op_2_Operator__GtEq::less_op_2_Operator__LtEq ... ok
[INFO] [stdout] test intervals::cp_solver::tests::case_5_i32::seed_12_211::greater_op_1_Operator__Gt::less_op_2_Operator__LtEq ... ok
[INFO] [stdout] test intervals::cp_solver::tests::case_5_i32::seed_13_215::greater_op_1_Operator__Gt::less_op_1_Operator__Lt ... ok
[INFO] [stdout] test intervals::cp_solver::tests::case_5_i64::seed_04_3::greater_op_2_Operator__GtEq::less_op_1_Operator__Lt ... ok
[INFO] [stdout] test intervals::cp_solver::tests::case_5_i64::seed_04_3::greater_op_1_Operator__Gt::less_op_1_Operator__Lt ... ok
[INFO] [stdout] test intervals::cp_solver::tests::case_5_i32::seed_12_211::greater_op_2_Operator__GtEq::less_op_1_Operator__Lt ... ok
[INFO] [stdout] test intervals::cp_solver::tests::case_5_i64::seed_05_4::greater_op_1_Operator__Gt::less_op_1_Operator__Lt ... ok
[INFO] [stdout] test intervals::cp_solver::tests::case_5_i64::seed_04_3::greater_op_2_Operator__GtEq::less_op_2_Operator__LtEq ... ok
[INFO] [stdout] test intervals::cp_solver::tests::case_5_i64::seed_03_2::greater_op_2_Operator__GtEq::less_op_2_Operator__LtEq ... ok
[INFO] [stdout] test intervals::cp_solver::tests::case_5_i64::seed_06_12::greater_op_1_Operator__Gt::less_op_2_Operator__LtEq ... ok
[INFO] [stdout] test intervals::cp_solver::tests::case_5_i64::seed_06_12::greater_op_1_Operator__Gt::less_op_1_Operator__Lt ... ok
[INFO] [stdout] test intervals::cp_solver::tests::case_5_i64::seed_05_4::greater_op_1_Operator__Gt::less_op_2_Operator__LtEq ... ok
[INFO] [stdout] test intervals::cp_solver::tests::case_5_i64::seed_05_4::greater_op_2_Operator__GtEq::less_op_1_Operator__Lt ... ok
[INFO] [stdout] test intervals::cp_solver::tests::case_5_i64::seed_07_32::greater_op_1_Operator__Gt::less_op_2_Operator__LtEq ... ok
[INFO] [stdout] test intervals::cp_solver::tests::case_5_i64::seed_07_32::greater_op_2_Operator__GtEq::less_op_1_Operator__Lt ... ok
[INFO] [stdout] test intervals::cp_solver::tests::case_5_i64::seed_06_12::greater_op_2_Operator__GtEq::less_op_2_Operator__LtEq ... ok
[INFO] [stdout] test intervals::cp_solver::tests::case_5_i64::seed_08_314::greater_op_1_Operator__Gt::less_op_2_Operator__LtEq ... ok
[INFO] [stdout] test intervals::cp_solver::tests::case_5_i64::seed_08_314::greater_op_2_Operator__GtEq::less_op_2_Operator__LtEq ... ok
[INFO] [stdout] test intervals::cp_solver::tests::case_5_i64::seed_08_314::greater_op_2_Operator__GtEq::less_op_1_Operator__Lt ... ok
[INFO] [stdout] test intervals::cp_solver::tests::case_5_i64::seed_05_4::greater_op_2_Operator__GtEq::less_op_2_Operator__LtEq ... ok
[INFO] [stdout] test intervals::cp_solver::tests::case_5_i64::seed_07_32::greater_op_1_Operator__Gt::less_op_1_Operator__Lt ... ok
[INFO] [stdout] test intervals::cp_solver::tests::case_5_i64::seed_08_314::greater_op_1_Operator__Gt::less_op_1_Operator__Lt ... ok
[INFO] [stdout] test intervals::cp_solver::tests::case_5_i64::seed_10_123::greater_op_1_Operator__Gt::less_op_1_Operator__Lt ... ok
[INFO] [stdout] test intervals::cp_solver::tests::case_5_i64::seed_07_32::greater_op_2_Operator__GtEq::less_op_2_Operator__LtEq ... ok
[INFO] [stdout] test intervals::cp_solver::tests::case_5_i64::seed_10_123::greater_op_1_Operator__Gt::less_op_2_Operator__LtEq ... ok
[INFO] [stdout] test intervals::cp_solver::tests::case_5_i64::seed_11_125::greater_op_1_Operator__Gt::less_op_1_Operator__Lt ... ok
[INFO] [stdout] test intervals::cp_solver::tests::case_5_i64::seed_09_3124::greater_op_1_Operator__Gt::less_op_2_Operator__LtEq ... ok
[INFO] [stdout] test intervals::cp_solver::tests::case_5_i64::seed_10_123::greater_op_2_Operator__GtEq::less_op_1_Operator__Lt ... ok
[INFO] [stdout] test intervals::cp_solver::tests::case_5_i64::seed_09_3124::greater_op_2_Operator__GtEq::less_op_2_Operator__LtEq ... ok
[INFO] [stdout] test intervals::cp_solver::tests::case_5_i64::seed_09_3124::greater_op_2_Operator__GtEq::less_op_1_Operator__Lt ... ok
[INFO] [stdout] test intervals::cp_solver::tests::case_5_i64::seed_11_125::greater_op_2_Operator__GtEq::less_op_1_Operator__Lt ... ok
[INFO] [stdout] test intervals::cp_solver::tests::case_5_i64::seed_10_123::greater_op_2_Operator__GtEq::less_op_2_Operator__LtEq ... ok
[INFO] [stdout] test intervals::cp_solver::tests::case_5_i64::seed_11_125::greater_op_1_Operator__Gt::less_op_2_Operator__LtEq ... ok
[INFO] [stdout] test intervals::cp_solver::tests::case_5_i64::seed_06_12::greater_op_2_Operator__GtEq::less_op_1_Operator__Lt ... ok
[INFO] [stdout] test intervals::cp_solver::tests::case_5_i64::seed_09_3124::greater_op_1_Operator__Gt::less_op_1_Operator__Lt ... ok
[INFO] [stdout] test intervals::cp_solver::tests::case_5_i64::seed_12_211::greater_op_2_Operator__GtEq::less_op_1_Operator__Lt ... ok
[INFO] [stdout] test intervals::cp_solver::tests::case_5_i64::seed_11_125::greater_op_2_Operator__GtEq::less_op_2_Operator__LtEq ... ok
[INFO] [stdout] test intervals::cp_solver::tests::case_5_i64::seed_12_211::greater_op_2_Operator__GtEq::less_op_2_Operator__LtEq ... ok
[INFO] [stdout] test intervals::cp_solver::tests::case_5_i64::seed_13_215::greater_op_1_Operator__Gt::less_op_1_Operator__Lt ... ok
[INFO] [stdout] test intervals::cp_solver::tests::case_5_i64::seed_12_211::greater_op_1_Operator__Gt::less_op_1_Operator__Lt ... ok
[INFO] [stdout] test intervals::cp_solver::tests::case_5_i64::seed_13_215::greater_op_1_Operator__Gt::less_op_2_Operator__LtEq ... ok
[INFO] [stdout] test intervals::cp_solver::tests::case_5_i64::seed_13_215::greater_op_2_Operator__GtEq::less_op_1_Operator__Lt ... ok
[INFO] [stdout] test intervals::cp_solver::tests::case_5_i64::seed_14_4123::greater_op_1_Operator__Gt::less_op_2_Operator__LtEq ... ok
[INFO] [stdout] test intervals::cp_solver::tests::case_5_i64::seed_13_215::greater_op_2_Operator__GtEq::less_op_2_Operator__LtEq ... ok
[INFO] [stdout] test intervals::cp_solver::tests::case_5_i64::seed_12_211::greater_op_1_Operator__Gt::less_op_2_Operator__LtEq ... ok
[INFO] [stdout] test intervals::cp_solver::tests::case_5_i64::seed_14_4123::greater_op_2_Operator__GtEq::less_op_1_Operator__Lt ... ok
[INFO] [stdout] test intervals::cp_solver::tests::case_5_i64::seed_14_4123::greater_op_1_Operator__Gt::less_op_1_Operator__Lt ... ok
[INFO] [stdout] test intervals::cp_solver::tests::test_gather_node_indices_cannot_provide ... ok
[INFO] [stdout] test intervals::cp_solver::tests::test_gather_node_indices_remove ... ok
[INFO] [stdout] test intervals::cp_solver::tests::test_gather_node_indices_dont_remove ... ok
[INFO] [stdout] test intervals::cp_solver::tests::case_5_i64::seed_14_4123::greater_op_2_Operator__GtEq::less_op_2_Operator__LtEq ... ok
[INFO] [stdout] test intervals::cp_solver::tests::test_gather_node_indices_remove_one ... ok
[INFO] [stdout] test intervals::interval_aritmetic::tests::gt_eq_test_various_bounds ... ok
[INFO] [stdout] test intervals::cp_solver::tests::testing_not_possible ... ok
[INFO] [stdout] test intervals::interval_aritmetic::tests::intersect_test ... ok
[INFO] [stdout] test intervals::interval_aritmetic::tests::add_test_various_bounds ... ok
[INFO] [stdout] test intervals::interval_aritmetic::tests::add_test ... ok
[INFO] [stdout] test intervals::interval_aritmetic::tests::gt_test ... ok
[INFO] [stdout] test intervals::interval_aritmetic::tests::and_test ... ok
[INFO] [stdout] test intervals::interval_aritmetic::tests::gt_test_various_bounds ... ok
[INFO] [stdout] test intervals::interval_aritmetic::tests::intersect_test_various_bounds ... ok
[INFO] [stdout] test intervals::interval_aritmetic::tests::lt_test ... ok
[INFO] [stdout] test intervals::interval_aritmetic::tests::lt_eq_test_various_bounds ... ok
[INFO] [stdout] test intervals::interval_aritmetic::tests::lt_test_various_bounds ... ok
[INFO] [stdout] test intervals::interval_aritmetic::tests::non_standard_interval_constructs ... ok
[INFO] [stdout] test intervals::interval_aritmetic::tests::sub_test_various_bounds ... ok
[INFO] [stdout] test intervals::interval_aritmetic::tests::test_add_intervals_lower_affected_f32 ... ok
[INFO] [stdout] test intervals::interval_aritmetic::tests::sub_test ... ok
[INFO] [stdout] test intervals::rounding::tests::test_next_down_nan ... ok
[INFO] [stdout] test intervals::rounding::tests::test_next_down_nan_f32 ... ok
[INFO] [stdout] test intervals::rounding::tests::test_next_down_neg_infinity_f32 ... ok
[INFO] [stdout] test intervals::rounding::tests::test_next_down_neg_infinity ... ok
[INFO] [stdout] test intervals::rounding::tests::test_next_down_small_negative ... ok
[INFO] [stdout] test intervals::rounding::tests::test_next_down_small_negative_f32 ... ok
[INFO] [stdout] test intervals::rounding::tests::test_next_down_small_positive ... ok
[INFO] [stdout] test intervals::rounding::tests::test_next_up_nan ... ok
[INFO] [stdout] test intervals::rounding::tests::test_next_down_small_positive_f32 ... ok
[INFO] [stdout] test intervals::rounding::tests::test_next_up_nan_f32 ... ok
[INFO] [stdout] test intervals::rounding::tests::test_next_up_pos_infinity ... ok
[INFO] [stdout] test intervals::rounding::tests::test_next_up_pos_infinity_f32 ... ok
[INFO] [stdout] test intervals::rounding::tests::test_next_up_small_negative ... ok
[INFO] [stdout] test intervals::rounding::tests::test_next_up_small_positive ... ok
[INFO] [stdout] test intervals::rounding::tests::test_next_up_small_negative_f32 ... ok
[INFO] [stdout] test intervals::rounding::tests::test_next_up_small_positive_f32 ... ok
[INFO] [stdout] test math_expressions::tests::test_atan2_f64 ... ok
[INFO] [stdout] test math_expressions::tests::test_log_f32 ... ok
[INFO] [stdout] test math_expressions::tests::test_log_f64 ... ok
[INFO] [stdout] test math_expressions::tests::test_power_i64 ... ok
[INFO] [stdout] test intervals::rounding::tests::test_next_down ... ok
[INFO] [stdout] test math_expressions::tests::test_round_f32_one_input ... ok
[INFO] [stdout] test math_expressions::tests::test_round_f64 ... ok
[INFO] [stdout] test math_expressions::tests::test_atan2_f32 ... ok
[INFO] [stdout] test math_expressions::tests::test_round_f64_one_input ... ok
[INFO] [stdout] test math_expressions::tests::test_random_expression ... ok
[INFO] [stdout] test math_expressions::tests::test_power_f64 ... ok
[INFO] [stdout] test physical_expr::tests::reduce_boundaries ... ok
[INFO] [stdout] test physical_expr::tests::scatter_int ... ok
[INFO] [stdout] test physical_expr::tests::scatter_boolean ... ok
[INFO] [stdout] test math_expressions::tests::test_round_f32 ... ok
[INFO] [stdout] test physical_expr::tests::scatter_int_end_with_false ... ok
[INFO] [stdout] test regex_expressions::tests::test_case_insensitive_regexp_match ... ok
[INFO] [stdout] test regex_expressions::tests::test_static_pattern_regexp_replace_early_abort_flags ... ok
[INFO] [stdout] test regex_expressions::tests::test_static_pattern_regexp_replace ... ok
[INFO] [stdout] test physical_expr::tests::scatter_with_null_mask ... ok
[INFO] [stdout] test regex_expressions::tests::test_static_pattern_regexp_replace_pattern_error ... ok
[INFO] [stdout] test regex_expressions::tests::test_static_pattern_regexp_replace_with_flags ... ok
[INFO] [stdout] test regex_expressions::tests::test_static_pattern_regexp_replace_with_null_buffers ... ok
[INFO] [stdout] test regex_expressions::tests::test_case_sensitive_regexp_match ... ok
[INFO] [stdout] test regex_expressions::tests::test_static_pattern_regexp_replace_early_abort ... ok
[INFO] [stdout] test regex_expressions::tests::test_regexp_can_specialize_all_cases ... ok
[INFO] [stdout] test regex_expressions::tests::test_static_pattern_regexp_replace_early_abort_when_empty ... ok
[INFO] [stdout] test string_expressions::tests::to_hex_zero ... ok
[INFO] [stdout] test string_expressions::tests::to_hex_negative_number ... ok
[INFO] [stdout] test utils::tests::test_convert_to_expr ... ok
[INFO] [stdout] test utils::tests::test_get_indices_of_matching_exprs ... ok
[INFO] [stdout] test utils::tests::test_ordering_satisfy ... ok
[INFO] [stdout] test var_provider::test::test_is_system_variables ... ok
[INFO] [stdout] test window::cume_dist::tests::test_cume_dist ... ok
[INFO] [stdout] test regex_expressions::tests::test_unsupported_global_flag_regexp_match ... ok
[INFO] [stdout] test string_expressions::tests::to_hex_positive_number ... ok
[INFO] [stdout] test regex_expressions::tests::test_static_pattern_regexp_replace_with_sliced_null_buffer ... ok
[INFO] [stdout] test utils::tests::test_build_dag ... ok
[INFO] [stdout] test window::lead_lag::tests::lead_lag_window_shift ... ok
[INFO] [stdout] test utils::tests::expr_list_eq_test ... ok
[INFO] [stdout] test utils::tests::sort_expr_list_eq_strict_order_test ... ok
[INFO] [stdout] test type_coercion::tests::test_coerce ... ok
[INFO] [stdout] test window::nth_value::tests::nth_value_1 ... ok
[INFO] [stdout] test window::nth_value::tests::last_value ... ok
[INFO] [stdout] test window::nth_value::tests::first_value ... ok
[INFO] [stdout] test window::rank::tests::test_dense_rank ... ok
[INFO] [stdout] test window::rank::tests::test_percent_rank ... ok
[INFO] [stdout] test window::row_number::tests::row_number_all_null ... ok
[INFO] [stdout] test window::nth_value::tests::nth_value_2 ... ok
[INFO] [stdout] test window::row_number::tests::row_number_all_values ... ok
[INFO] [stdout] test window::window_frame_state::tests::test_window_frame_group_boundaries ... ok
[INFO] [stdout] test window::window_frame_state::tests::test_window_frame_group_boundaries_both_preceding ... ok
[INFO] [stdout] test window::window_frame_state::tests::test_window_frame_group_boundaries_both_following ... ok
[INFO] [stdout] test window::rank::tests::test_rank ... ok
[INFO] [stdout] 
[INFO] [stdout] test result: ok. 1562 passed; 0 failed; 1 ignored; 0 measured; 0 filtered out; finished in 3.08s
[INFO] [stdout] 
[INFO] [stderr]    Doc-tests datafusion_physical_expr
[INFO] [stdout] 
[INFO] [stdout] running 5 tests
[INFO] [stdout] test src/intervals/cp_solver.rs - intervals::cp_solver::ExprIntervalGraph::evaluate_bounds (line 433) ... FAILED
[INFO] [stdout] test src/intervals/rounding.rs - intervals::rounding::next_up (line 164) ... FAILED
[INFO] [stdout] test src/aggregate/moving_min_max.rs - aggregate::moving_min_max::MovingMax (line 151) ... ok
[INFO] [stdout] test src/aggregate/moving_min_max.rs - aggregate::moving_min_max::MovingMin (line 36) ... ok
[INFO] [stdout] test src/intervals/rounding.rs - intervals::rounding::next_down (line 198) ... ok
[INFO] [stdout] 
[INFO] [stdout] failures:
[INFO] [stdout] 
[INFO] [stdout] ---- src/intervals/cp_solver.rs - intervals::cp_solver::ExprIntervalGraph::evaluate_bounds (line 433) stdout ----
[INFO] [stdout] error: linking with `cc` failed: exit status: 1
[INFO] [stdout]   |
[INFO] [stdout]   = note: LC_ALL="C" PATH="/opt/rustwide/rustup-home/toolchains/1.69.0-x86_64-unknown-linux-gnu/lib/rustlib/x86_64-unknown-linux-gnu/bin:/opt/rustwide/cargo-home/bin:/usr/local/sbin:/usr/local/bin:/usr/sbin:/usr/bin:/sbin:/bin" VSLANG="1033" "cc" "-m64" "/tmp/rustcXCFFQo/symbols.o" "/tmp/rustdoctestmfGTPh/rust_out.rust_out.5bfee551-cgu.0.rcgu.o" "/tmp/rustdoctestmfGTPh/rust_out.j00p4ncf7xg64kg.rcgu.o" "-Wl,--as-needed" "-L" "/opt/rustwide/target/debug/deps" "-L" "/opt/rustwide/target/debug/deps" "-L" "/opt/rustwide/target/debug/build/blake3-a0622c87f87ed670/out" "-L" "/opt/rustwide/rustup-home/toolchains/1.69.0-x86_64-unknown-linux-gnu/lib/rustlib/x86_64-unknown-linux-gnu/lib" "-Wl,-Bstatic" "/opt/rustwide/target/debug/deps/libdatafusion_physical_expr-2de5c0a80d864081.rlib" "/opt/rustwide/target/debug/deps/libunicode_segmentation-42aca4b07d8c0682.rlib" "/opt/rustwide/target/debug/deps/libuuid-af5d9ef14bef13ff.rlib" "/opt/rustwide/target/debug/deps/librand-9a34e85b2ad0770a.rlib" "/opt/rustwide/target/debug/deps/librand_chacha-1011df681e4d15da.rlib" "/opt/rustwide/target/debug/deps/libppv_lite86-c3ad053967cc551c.rlib" "/opt/rustwide/target/debug/deps/librand_core-e5a8f0f991f76bbb.rlib" "/opt/rustwide/target/debug/deps/libpetgraph-bf0d155568bfd7aa.rlib" "/opt/rustwide/target/debug/deps/libfixedbitset-077d9e42317371d2.rlib" "/opt/rustwide/target/debug/deps/libitertools-ea912201e9c13d48.rlib" "/opt/rustwide/target/debug/deps/libeither-cac85af8160ee6c4.rlib" "/opt/rustwide/target/debug/deps/libsha2-2d7565e389c0d2ad.rlib" "/opt/rustwide/target/debug/deps/libcpufeatures-e143b41ca3b14af5.rlib" "/opt/rustwide/target/debug/deps/libmd5-1557395423751e12.rlib" "/opt/rustwide/target/debug/deps/libblake3-b7fb888428377a97.rlib" "/opt/rustwide/target/debug/deps/libconstant_time_eq-ce65d812283498fe.rlib" "/opt/rustwide/target/debug/deps/libarrayvec-eaab725bd11a1a74.rlib" "/opt/rustwide/target/debug/deps/libarrayref-f94ceed2723be8cd.rlib" "/opt/rustwide/target/debug/deps/libblake2-934df969af748b42.rlib" "/opt/rustwide/target/debug/deps/libdigest-d1b34c81666b000c.rlib" "/opt/rustwide/target/debug/deps/libsubtle-6b55a6c902c8a3c0.rlib" "/opt/rustwide/target/debug/deps/libblock_buffer-0933e09cece281a1.rlib" "/opt/rustwide/target/debug/deps/libcrypto_common-5a97f1b230e1e099.rlib" "/opt/rustwide/target/debug/deps/libgeneric_array-f03e3e3fb3ca464f.rlib" "/opt/rustwide/target/debug/deps/libtypenum-d40a559dcc4c7492.rlib" "/opt/rustwide/target/debug/deps/libdatafusion_row-ff195a1143908733.rlib" "/opt/rustwide/target/debug/deps/libdatafusion_expr-667531ae101e7404.rlib" "/opt/rustwide/target/debug/deps/libdatafusion_common-be3cee54eb8316c9.rlib" "/opt/rustwide/target/debug/deps/libnum_cpus-955db27608b22469.rlib" "/opt/rustwide/target/debug/deps/libsqlparser-1112e58165b344c4.rlib" "/opt/rustwide/target/debug/deps/liblog-b7002f1ab15c8d8b.rlib" "/opt/rustwide/target/debug/deps/libarrow-e7fab1e8d83eec4e.rlib" "/opt/rustwide/target/debug/deps/libarrow_row-edc29bd7b4872b21.rlib" "/opt/rustwide/target/debug/deps/libarrow_json-46eeeda5d381ae3b.rlib" "/opt/rustwide/target/debug/deps/libserde_json-58ed1af672df810f.rlib" "/opt/rustwide/target/debug/deps/libindexmap-4a7e2da62b4b6cd1.rlib" "/opt/rustwide/target/debug/deps/libhashbrown-f669da50cece7aa5.rlib" "/opt/rustwide/target/debug/deps/libarrow_ipc-4e7dd3d77ea62e08.rlib" "/opt/rustwide/target/debug/deps/libflatbuffers-e2ddf5329dfeecfd.rlib" "/opt/rustwide/target/debug/deps/libbitflags-82cc2d155c6eb112.rlib" "/opt/rustwide/target/debug/deps/libarrow_csv-268659d820b7808b.rlib" "/opt/rustwide/target/debug/deps/libcsv-fc1ecd7e9d534acf.rlib" "/opt/rustwide/target/debug/deps/libryu-87a43729435ac998.rlib" "/opt/rustwide/target/debug/deps/libitoa-12e0c769e046c1b6.rlib" "/opt/rustwide/target/debug/deps/libserde-d8683a91af0b65c2.rlib" "/opt/rustwide/target/debug/deps/liblazy_static-a15e1ed0a3c31761.rlib" "/opt/rustwide/target/debug/deps/libcsv_core-82e617aafe0b4765.rlib" "/opt/rustwide/target/debug/deps/libarrow_string-7e10173dbf7eb10a.rlib" "/opt/rustwide/target/debug/deps/libregex_syntax-ce2539af4700a45c.rlib" "/opt/rustwide/target/debug/deps/libregex-62f85974b4cf0dcb.rlib" "/opt/rustwide/target/debug/deps/libaho_corasick-6fc38c3e1c0e1b2d.rlib" "/opt/rustwide/target/debug/deps/libmemchr-b18e4aa3c7a38625.rlib" "/opt/rustwide/target/debug/deps/libregex_syntax-6ee924d67e38f866.rlib" "/opt/rustwide/target/debug/deps/libarrow_cast-ecb306fded37594f.rlib" "/opt/rustwide/target/debug/deps/libcomfy_table-96ed5d7a70554edd.rlib" "/opt/rustwide/target/debug/deps/libstrum-4ab7e872246dd789.rlib" "/opt/rustwide/target/debug/deps/libunicode_width-f75bb0008a5efcfa.rlib" "/opt/rustwide/target/debug/deps/liblexical_core-a85ffb68af845d79.rlib" "/opt/rustwide/target/debug/deps/liblexical_write_float-f739ab4c7f71fae8.rlib" "/opt/rustwide/target/debug/deps/liblexical_write_integer-d39e07d254dda6b6.rlib" "/opt/rustwide/target/debug/deps/liblexical_parse_float-5905939dbff25653.rlib" "/opt/rustwide/target/debug/deps/liblexical_parse_integer-60b087c384b7f8a8.rlib" "/opt/rustwide/target/debug/deps/liblexical_util-f6f7bfead9dde79e.rlib" "/opt/rustwide/target/debug/deps/libstatic_assertions-9a9c2cb46fa7a0a6.rlib" "/opt/rustwide/target/debug/deps/libarrow_arith-4d97fe5dfaf4cc1a.rlib" "/opt/rustwide/target/debug/deps/libarrow_ord-2fd884c2fbb983fc.rlib" "/opt/rustwide/target/debug/deps/libarrow_select-9e5e46a5bd76e06b.rlib" "/opt/rustwide/target/debug/deps/libarrow_array-daba5e718b0244d4.rlib" "/opt/rustwide/target/debug/deps/libchrono_tz-3b8f394ce863a2f5.rlib" "/opt/rustwide/target/debug/deps/libphf-d9ac740b252e58d0.rlib" "/opt/rustwide/target/debug/deps/libphf_shared-f4167ebb21206ce1.rlib" "/opt/rustwide/target/debug/deps/libsiphasher-f3df3dc158889f16.rlib" "/opt/rustwide/target/debug/deps/libhashbrown-cc92a884bf697c15.rlib" "/opt/rustwide/target/debug/deps/libahash-5b380ab5050489ec.rlib" "/opt/rustwide/target/debug/deps/libgetrandom-5d46253a319b81ee.rlib" "/opt/rustwide/target/debug/deps/libonce_cell-f612d2e59a7f3606.rlib" "/opt/rustwide/target/debug/deps/libcfg_if-e5e118dd7d121aaa.rlib" "/opt/rustwide/target/debug/deps/libchrono-c0d125a5013f20da.rlib" "/opt/rustwide/target/debug/deps/libiana_time_zone-bf2c4c30343f4ef7.rlib" "/opt/rustwide/target/debug/deps/libarrow_data-dcf884a9e3744ff1.rlib" "/opt/rustwide/target/debug/deps/libarrow_schema-475b61e3f9e5705a.rlib" "/opt/rustwide/target/debug/deps/libarrow_buffer-10abf16ac39bd0ea.rlib" "/opt/rustwide/target/debug/deps/libhalf-4bb3454e7f3b83de.rlib" "/opt/rustwide/target/debug/deps/libnum-b23f0692fcbc282b.rlib" "/opt/rustwide/target/debug/deps/libnum_iter-76c0ac40b1946c3a.rlib" "/opt/rustwide/target/debug/deps/libnum_rational-9524fc5c0c10e722.rlib" "/opt/rustwide/target/debug/deps/libnum_complex-85a721f84d48356b.rlib" "/opt/rustwide/target/debug/deps/libnum_bigint-10204e73a5dba426.rlib" "/opt/rustwide/target/debug/deps/libnum_integer-b8f9d67090e03623.rlib" "/opt/rustwide/target/debug/deps/libnum_traits-35f169fb16968fa0.rlib" "/opt/rustwide/target/debug/deps/liblibc-b7b14a0fe316ec96.rlib" "/opt/rustwide/rustup-home/toolchains/1.69.0-x86_64-unknown-linux-gnu/lib/rustlib/x86_64-unknown-linux-gnu/lib/libstd-89bc084783fdc439.rlib" "/opt/rustwide/rustup-home/toolchains/1.69.0-x86_64-unknown-linux-gnu/lib/rustlib/x86_64-unknown-linux-gnu/lib/libpanic_unwind-8bee4b287d4367c1.rlib" "/opt/rustwide/rustup-home/toolchains/1.69.0-x86_64-unknown-linux-gnu/lib/rustlib/x86_64-unknown-linux-gnu/lib/libobject-d61707aed80694c0.rlib" "/opt/rustwide/rustup-home/toolchains/1.69.0-x86_64-unknown-linux-gnu/lib/rustlib/x86_64-unknown-linux-gnu/lib/libmemchr-d85366256f22345b.rlib" "/opt/rustwide/rustup-home/toolchains/1.69.0-x86_64-unknown-linux-gnu/lib/rustlib/x86_64-unknown-linux-gnu/lib/libaddr2line-96069b86b8a8cae9.rlib" "/opt/rustwide/rustup-home/toolchains/1.69.0-x86_64-unknown-linux-gnu/lib/rustlib/x86_64-unknown-linux-gnu/lib/libgimli-d19d53abf68dfa6c.rlib" "/opt/rustwide/rustup-home/toolchains/1.69.0-x86_64-unknown-linux-gnu/lib/rustlib/x86_64-unknown-linux-gnu/lib/librustc_demangle-787cbccd19d64ac6.rlib" "/opt/rustwide/rustup-home/toolchains/1.69.0-x86_64-unknown-linux-gnu/lib/rustlib/x86_64-unknown-linux-gnu/lib/libstd_detect-b3837a36b830e0d0.rlib" "/opt/rustwide/rustup-home/toolchains/1.69.0-x86_64-unknown-linux-gnu/lib/rustlib/x86_64-unknown-linux-gnu/lib/libhashbrown-e3deb0e7e3f04966.rlib" "/opt/rustwide/rustup-home/toolchains/1.69.0-x86_64-unknown-linux-gnu/lib/rustlib/x86_64-unknown-linux-gnu/lib/libminiz_oxide-dabbb79c9815def4.rlib" "/opt/rustwide/rustup-home/toolchains/1.69.0-x86_64-unknown-linux-gnu/lib/rustlib/x86_64-unknown-linux-gnu/lib/libadler-305b01f34c9409f2.rlib" "/opt/rustwide/rustup-home/toolchains/1.69.0-x86_64-unknown-linux-gnu/lib/rustlib/x86_64-unknown-linux-gnu/lib/librustc_std_workspace_alloc-f833521df6074e73.rlib" "/opt/rustwide/rustup-home/toolchains/1.69.0-x86_64-unknown-linux-gnu/lib/rustlib/x86_64-unknown-linux-gnu/lib/libunwind-9ac333113350d171.rlib" "/opt/rustwide/rustup-home/toolchains/1.69.0-x86_64-unknown-linux-gnu/lib/rustlib/x86_64-unknown-linux-gnu/lib/libcfg_if-1c126114322d0eee.rlib" "/opt/rustwide/rustup-home/toolchains/1.69.0-x86_64-unknown-linux-gnu/lib/rustlib/x86_64-unknown-linux-gnu/lib/liblibc-bad9164fdeeecf92.rlib" "/opt/rustwide/rustup-home/toolchains/1.69.0-x86_64-unknown-linux-gnu/lib/rustlib/x86_64-unknown-linux-gnu/lib/liballoc-f9374b1e480fa681.rlib" "/opt/rustwide/rustup-home/toolchains/1.69.0-x86_64-unknown-linux-gnu/lib/rustlib/x86_64-unknown-linux-gnu/lib/librustc_std_workspace_core-207f06e41d9603af.rlib" "/opt/rustwide/rustup-home/toolchains/1.69.0-x86_64-unknown-linux-gnu/lib/rustlib/x86_64-unknown-linux-gnu/lib/libcore-7e2768e66e984e85.rlib" "/opt/rustwide/rustup-home/toolchains/1.69.0-x86_64-unknown-linux-gnu/lib/rustlib/x86_64-unknown-linux-gnu/lib/libcompiler_builtins-957b4aff41f8cd46.rlib" "-Wl,-Bdynamic" "-lgcc_s" "-lutil" "-lrt" "-lpthread" "-lm" "-ldl" "-lc" "-Wl,--eh-frame-hdr" "-Wl,-z,noexecstack" "-L" "/opt/rustwide/rustup-home/toolchains/1.69.0-x86_64-unknown-linux-gnu/lib/rustlib/x86_64-unknown-linux-gnu/lib" "-o" "/tmp/rustdoctestmfGTPh/rust_out" "-Wl,--gc-sections" "-pie" "-Wl,-z,relro,-z,now" "-nodefaultlibs"
[INFO] [stdout]   = note: collect2: fatal error: ld terminated with signal 9 [Killed]
[INFO] [stdout]           compilation terminated.
[INFO] [stdout]           
[INFO] [stdout] 
[INFO] [stdout] error: aborting due to previous error
[INFO] [stdout] 
[INFO] [stdout] Couldn't compile the test.
[INFO] [stdout] ---- src/intervals/rounding.rs - intervals::rounding::next_up (line 164) stdout ----
[INFO] [stdout] error: linking with `cc` failed: exit status: 1
[INFO] [stdout]   |
[INFO] [stdout]   = note: LC_ALL="C" PATH="/opt/rustwide/rustup-home/toolchains/1.69.0-x86_64-unknown-linux-gnu/lib/rustlib/x86_64-unknown-linux-gnu/bin:/opt/rustwide/cargo-home/bin:/usr/local/sbin:/usr/local/bin:/usr/sbin:/usr/bin:/sbin:/bin" VSLANG="1033" "cc" "-m64" "/tmp/rustcbaLNuf/symbols.o" "/tmp/rustdoctest1E9M6g/rust_out.rust_out.5bfee551-cgu.0.rcgu.o" "/tmp/rustdoctest1E9M6g/rust_out.j00p4ncf7xg64kg.rcgu.o" "-Wl,--as-needed" "-L" "/opt/rustwide/target/debug/deps" "-L" "/opt/rustwide/target/debug/deps" "-L" "/opt/rustwide/target/debug/build/blake3-a0622c87f87ed670/out" "-L" "/opt/rustwide/rustup-home/toolchains/1.69.0-x86_64-unknown-linux-gnu/lib/rustlib/x86_64-unknown-linux-gnu/lib" "-Wl,-Bstatic" "/opt/rustwide/target/debug/deps/libdatafusion_physical_expr-2de5c0a80d864081.rlib" "/opt/rustwide/target/debug/deps/libunicode_segmentation-42aca4b07d8c0682.rlib" "/opt/rustwide/target/debug/deps/libuuid-af5d9ef14bef13ff.rlib" "/opt/rustwide/target/debug/deps/librand-9a34e85b2ad0770a.rlib" "/opt/rustwide/target/debug/deps/librand_chacha-1011df681e4d15da.rlib" "/opt/rustwide/target/debug/deps/libppv_lite86-c3ad053967cc551c.rlib" "/opt/rustwide/target/debug/deps/librand_core-e5a8f0f991f76bbb.rlib" "/opt/rustwide/target/debug/deps/libpetgraph-bf0d155568bfd7aa.rlib" "/opt/rustwide/target/debug/deps/libfixedbitset-077d9e42317371d2.rlib" "/opt/rustwide/target/debug/deps/libitertools-ea912201e9c13d48.rlib" "/opt/rustwide/target/debug/deps/libeither-cac85af8160ee6c4.rlib" "/opt/rustwide/target/debug/deps/libsha2-2d7565e389c0d2ad.rlib" "/opt/rustwide/target/debug/deps/libcpufeatures-e143b41ca3b14af5.rlib" "/opt/rustwide/target/debug/deps/libmd5-1557395423751e12.rlib" "/opt/rustwide/target/debug/deps/libblake3-b7fb888428377a97.rlib" "/opt/rustwide/target/debug/deps/libconstant_time_eq-ce65d812283498fe.rlib" "/opt/rustwide/target/debug/deps/libarrayvec-eaab725bd11a1a74.rlib" "/opt/rustwide/target/debug/deps/libarrayref-f94ceed2723be8cd.rlib" "/opt/rustwide/target/debug/deps/libblake2-934df969af748b42.rlib" "/opt/rustwide/target/debug/deps/libdigest-d1b34c81666b000c.rlib" "/opt/rustwide/target/debug/deps/libsubtle-6b55a6c902c8a3c0.rlib" "/opt/rustwide/target/debug/deps/libblock_buffer-0933e09cece281a1.rlib" "/opt/rustwide/target/debug/deps/libcrypto_common-5a97f1b230e1e099.rlib" "/opt/rustwide/target/debug/deps/libgeneric_array-f03e3e3fb3ca464f.rlib" "/opt/rustwide/target/debug/deps/libtypenum-d40a559dcc4c7492.rlib" "/opt/rustwide/target/debug/deps/libdatafusion_row-ff195a1143908733.rlib" "/opt/rustwide/target/debug/deps/libdatafusion_expr-667531ae101e7404.rlib" "/opt/rustwide/target/debug/deps/libdatafusion_common-be3cee54eb8316c9.rlib" "/opt/rustwide/target/debug/deps/libnum_cpus-955db27608b22469.rlib" "/opt/rustwide/target/debug/deps/libsqlparser-1112e58165b344c4.rlib" "/opt/rustwide/target/debug/deps/liblog-b7002f1ab15c8d8b.rlib" "/opt/rustwide/target/debug/deps/libarrow-e7fab1e8d83eec4e.rlib" "/opt/rustwide/target/debug/deps/libarrow_row-edc29bd7b4872b21.rlib" "/opt/rustwide/target/debug/deps/libarrow_json-46eeeda5d381ae3b.rlib" "/opt/rustwide/target/debug/deps/libserde_json-58ed1af672df810f.rlib" "/opt/rustwide/target/debug/deps/libindexmap-4a7e2da62b4b6cd1.rlib" "/opt/rustwide/target/debug/deps/libhashbrown-f669da50cece7aa5.rlib" "/opt/rustwide/target/debug/deps/libarrow_ipc-4e7dd3d77ea62e08.rlib" "/opt/rustwide/target/debug/deps/libflatbuffers-e2ddf5329dfeecfd.rlib" "/opt/rustwide/target/debug/deps/libbitflags-82cc2d155c6eb112.rlib" "/opt/rustwide/target/debug/deps/libarrow_csv-268659d820b7808b.rlib" "/opt/rustwide/target/debug/deps/libcsv-fc1ecd7e9d534acf.rlib" "/opt/rustwide/target/debug/deps/libryu-87a43729435ac998.rlib" "/opt/rustwide/target/debug/deps/libitoa-12e0c769e046c1b6.rlib" "/opt/rustwide/target/debug/deps/libserde-d8683a91af0b65c2.rlib" "/opt/rustwide/target/debug/deps/liblazy_static-a15e1ed0a3c31761.rlib" "/opt/rustwide/target/debug/deps/libcsv_core-82e617aafe0b4765.rlib" "/opt/rustwide/target/debug/deps/libarrow_string-7e10173dbf7eb10a.rlib" "/opt/rustwide/target/debug/deps/libregex_syntax-ce2539af4700a45c.rlib" "/opt/rustwide/target/debug/deps/libregex-62f85974b4cf0dcb.rlib" "/opt/rustwide/target/debug/deps/libaho_corasick-6fc38c3e1c0e1b2d.rlib" "/opt/rustwide/target/debug/deps/libmemchr-b18e4aa3c7a38625.rlib" "/opt/rustwide/target/debug/deps/libregex_syntax-6ee924d67e38f866.rlib" "/opt/rustwide/target/debug/deps/libarrow_cast-ecb306fded37594f.rlib" "/opt/rustwide/target/debug/deps/libcomfy_table-96ed5d7a70554edd.rlib" "/opt/rustwide/target/debug/deps/libstrum-4ab7e872246dd789.rlib" "/opt/rustwide/target/debug/deps/libunicode_width-f75bb0008a5efcfa.rlib" "/opt/rustwide/target/debug/deps/liblexical_core-a85ffb68af845d79.rlib" "/opt/rustwide/target/debug/deps/liblexical_write_float-f739ab4c7f71fae8.rlib" "/opt/rustwide/target/debug/deps/liblexical_write_integer-d39e07d254dda6b6.rlib" "/opt/rustwide/target/debug/deps/liblexical_parse_float-5905939dbff25653.rlib" "/opt/rustwide/target/debug/deps/liblexical_parse_integer-60b087c384b7f8a8.rlib" "/opt/rustwide/target/debug/deps/liblexical_util-f6f7bfead9dde79e.rlib" "/opt/rustwide/target/debug/deps/libstatic_assertions-9a9c2cb46fa7a0a6.rlib" "/opt/rustwide/target/debug/deps/libarrow_arith-4d97fe5dfaf4cc1a.rlib" "/opt/rustwide/target/debug/deps/libarrow_ord-2fd884c2fbb983fc.rlib" "/opt/rustwide/target/debug/deps/libarrow_select-9e5e46a5bd76e06b.rlib" "/opt/rustwide/target/debug/deps/libarrow_array-daba5e718b0244d4.rlib" "/opt/rustwide/target/debug/deps/libchrono_tz-3b8f394ce863a2f5.rlib" "/opt/rustwide/target/debug/deps/libphf-d9ac740b252e58d0.rlib" "/opt/rustwide/target/debug/deps/libphf_shared-f4167ebb21206ce1.rlib" "/opt/rustwide/target/debug/deps/libsiphasher-f3df3dc158889f16.rlib" "/opt/rustwide/target/debug/deps/libhashbrown-cc92a884bf697c15.rlib" "/opt/rustwide/target/debug/deps/libahash-5b380ab5050489ec.rlib" "/opt/rustwide/target/debug/deps/libgetrandom-5d46253a319b81ee.rlib" "/opt/rustwide/target/debug/deps/libonce_cell-f612d2e59a7f3606.rlib" "/opt/rustwide/target/debug/deps/libcfg_if-e5e118dd7d121aaa.rlib" "/opt/rustwide/target/debug/deps/libchrono-c0d125a5013f20da.rlib" "/opt/rustwide/target/debug/deps/libiana_time_zone-bf2c4c30343f4ef7.rlib" "/opt/rustwide/target/debug/deps/libarrow_data-dcf884a9e3744ff1.rlib" "/opt/rustwide/target/debug/deps/libarrow_schema-475b61e3f9e5705a.rlib" "/opt/rustwide/target/debug/deps/libarrow_buffer-10abf16ac39bd0ea.rlib" "/opt/rustwide/target/debug/deps/libhalf-4bb3454e7f3b83de.rlib" "/opt/rustwide/target/debug/deps/libnum-b23f0692fcbc282b.rlib" "/opt/rustwide/target/debug/deps/libnum_iter-76c0ac40b1946c3a.rlib" "/opt/rustwide/target/debug/deps/libnum_rational-9524fc5c0c10e722.rlib" "/opt/rustwide/target/debug/deps/libnum_complex-85a721f84d48356b.rlib" "/opt/rustwide/target/debug/deps/libnum_bigint-10204e73a5dba426.rlib" "/opt/rustwide/target/debug/deps/libnum_integer-b8f9d67090e03623.rlib" "/opt/rustwide/target/debug/deps/libnum_traits-35f169fb16968fa0.rlib" "/opt/rustwide/target/debug/deps/liblibc-b7b14a0fe316ec96.rlib" "/opt/rustwide/rustup-home/toolchains/1.69.0-x86_64-unknown-linux-gnu/lib/rustlib/x86_64-unknown-linux-gnu/lib/libstd-89bc084783fdc439.rlib" "/opt/rustwide/rustup-home/toolchains/1.69.0-x86_64-unknown-linux-gnu/lib/rustlib/x86_64-unknown-linux-gnu/lib/libpanic_unwind-8bee4b287d4367c1.rlib" "/opt/rustwide/rustup-home/toolchains/1.69.0-x86_64-unknown-linux-gnu/lib/rustlib/x86_64-unknown-linux-gnu/lib/libobject-d61707aed80694c0.rlib" "/opt/rustwide/rustup-home/toolchains/1.69.0-x86_64-unknown-linux-gnu/lib/rustlib/x86_64-unknown-linux-gnu/lib/libmemchr-d85366256f22345b.rlib" "/opt/rustwide/rustup-home/toolchains/1.69.0-x86_64-unknown-linux-gnu/lib/rustlib/x86_64-unknown-linux-gnu/lib/libaddr2line-96069b86b8a8cae9.rlib" "/opt/rustwide/rustup-home/toolchains/1.69.0-x86_64-unknown-linux-gnu/lib/rustlib/x86_64-unknown-linux-gnu/lib/libgimli-d19d53abf68dfa6c.rlib" "/opt/rustwide/rustup-home/toolchains/1.69.0-x86_64-unknown-linux-gnu/lib/rustlib/x86_64-unknown-linux-gnu/lib/librustc_demangle-787cbccd19d64ac6.rlib" "/opt/rustwide/rustup-home/toolchains/1.69.0-x86_64-unknown-linux-gnu/lib/rustlib/x86_64-unknown-linux-gnu/lib/libstd_detect-b3837a36b830e0d0.rlib" "/opt/rustwide/rustup-home/toolchains/1.69.0-x86_64-unknown-linux-gnu/lib/rustlib/x86_64-unknown-linux-gnu/lib/libhashbrown-e3deb0e7e3f04966.rlib" "/opt/rustwide/rustup-home/toolchains/1.69.0-x86_64-unknown-linux-gnu/lib/rustlib/x86_64-unknown-linux-gnu/lib/libminiz_oxide-dabbb79c9815def4.rlib" "/opt/rustwide/rustup-home/toolchains/1.69.0-x86_64-unknown-linux-gnu/lib/rustlib/x86_64-unknown-linux-gnu/lib/libadler-305b01f34c9409f2.rlib" "/opt/rustwide/rustup-home/toolchains/1.69.0-x86_64-unknown-linux-gnu/lib/rustlib/x86_64-unknown-linux-gnu/lib/librustc_std_workspace_alloc-f833521df6074e73.rlib" "/opt/rustwide/rustup-home/toolchains/1.69.0-x86_64-unknown-linux-gnu/lib/rustlib/x86_64-unknown-linux-gnu/lib/libunwind-9ac333113350d171.rlib" "/opt/rustwide/rustup-home/toolchains/1.69.0-x86_64-unknown-linux-gnu/lib/rustlib/x86_64-unknown-linux-gnu/lib/libcfg_if-1c126114322d0eee.rlib" "/opt/rustwide/rustup-home/toolchains/1.69.0-x86_64-unknown-linux-gnu/lib/rustlib/x86_64-unknown-linux-gnu/lib/liblibc-bad9164fdeeecf92.rlib" "/opt/rustwide/rustup-home/toolchains/1.69.0-x86_64-unknown-linux-gnu/lib/rustlib/x86_64-unknown-linux-gnu/lib/liballoc-f9374b1e480fa681.rlib" "/opt/rustwide/rustup-home/toolchains/1.69.0-x86_64-unknown-linux-gnu/lib/rustlib/x86_64-unknown-linux-gnu/lib/librustc_std_workspace_core-207f06e41d9603af.rlib" "/opt/rustwide/rustup-home/toolchains/1.69.0-x86_64-unknown-linux-gnu/lib/rustlib/x86_64-unknown-linux-gnu/lib/libcore-7e2768e66e984e85.rlib" "/opt/rustwide/rustup-home/toolchains/1.69.0-x86_64-unknown-linux-gnu/lib/rustlib/x86_64-unknown-linux-gnu/lib/libcompiler_builtins-957b4aff41f8cd46.rlib" "-Wl,-Bdynamic" "-lgcc_s" "-lutil" "-lrt" "-lpthread" "-lm" "-ldl" "-lc" "-Wl,--eh-frame-hdr" "-Wl,-z,noexecstack" "-L" "/opt/rustwide/rustup-home/toolchains/1.69.0-x86_64-unknown-linux-gnu/lib/rustlib/x86_64-unknown-linux-gnu/lib" "-o" "/tmp/rustdoctest1E9M6g/rust_out" "-Wl,--gc-sections" "-pie" "-Wl,-z,relro,-z,now" "-nodefaultlibs"
[INFO] [stdout]   = note: collect2: fatal error: ld terminated with signal 9 [Killed]
[INFO] [stdout]           compilation terminated.
[INFO] [stdout]           
[INFO] [stdout] 
[INFO] [stdout] error: aborting due to previous error
[INFO] [stdout] 
[INFO] [stdout] Couldn't compile the test.
[INFO] [stdout] 
[INFO] [stdout] failures:
[INFO] [stdout]     src/intervals/cp_solver.rs - intervals::cp_solver::ExprIntervalGraph::evaluate_bounds (line 433)
[INFO] [stdout]     src/intervals/rounding.rs - intervals::rounding::next_up (line 164)
[INFO] [stdout] 
[INFO] [stdout] test result: FAILED. 3 passed; 2 failed; 0 ignored; 0 measured; 0 filtered out; finished in 11.20s
[INFO] [stdout] 
[INFO] [stderr] error: doctest failed, to rerun pass `--doc`
[INFO] running `Command { std: "docker" "inspect" "3cb13d72ca078d4fd9acf38ab45554ab20740ae27d5a487daaae29f0b9b1b357", kill_on_drop: false }`
[INFO] running `Command { std: "docker" "rm" "-f" "3cb13d72ca078d4fd9acf38ab45554ab20740ae27d5a487daaae29f0b9b1b357", kill_on_drop: false }`
[INFO] [stdout] 3cb13d72ca078d4fd9acf38ab45554ab20740ae27d5a487daaae29f0b9b1b357
