[INFO] fetching crate dashu-float 0.3.2...
[INFO] testing dashu-float-0.3.2 against 1.69.0 for beta-1.70-1
[INFO] extracting crate dashu-float 0.3.2 into /workspace/builds/worker-3-tc1/source
[INFO] validating manifest of crates.io crate dashu-float 0.3.2 on toolchain 1.69.0
[INFO] running `Command { std: CARGO_HOME="/workspace/cargo-home" RUSTUP_HOME="/workspace/rustup-home" "/workspace/cargo-home/bin/cargo" "+1.69.0" "metadata" "--manifest-path" "Cargo.toml" "--no-deps", kill_on_drop: false }`
[INFO] started tweaking crates.io crate dashu-float 0.3.2
[INFO] removed 0 missing tests
[INFO] finished tweaking crates.io crate dashu-float 0.3.2
[INFO] tweaked toml for crates.io crate dashu-float 0.3.2 written to /workspace/builds/worker-3-tc1/source/Cargo.toml
[INFO] running `Command { std: CARGO_HOME="/workspace/cargo-home" RUSTUP_HOME="/workspace/rustup-home" __CARGO_TEST_CHANNEL_OVERRIDE_DO_NOT_USE_THIS="nightly" "/workspace/cargo-home/bin/cargo" "+1.69.0" "generate-lockfile" "--manifest-path" "Cargo.toml" "-Zno-index-update", kill_on_drop: false }`
[INFO] running `Command { std: CARGO_HOME="/workspace/cargo-home" RUSTUP_HOME="/workspace/rustup-home" "/workspace/cargo-home/bin/cargo" "+1.69.0" "fetch" "--manifest-path" "Cargo.toml", kill_on_drop: false }`
[INFO] [stderr]  Downloading crates ...
[INFO] [stderr]   Downloaded tokio-postgres v0.7.8
[INFO] [stderr]   Downloaded atomic-polyfill v0.1.11
[INFO] [stderr]   Downloaded heapless v0.7.16
[INFO] [stderr]   Downloaded postcard v1.0.4
[INFO] [stderr]   Downloaded postgres v0.19.5
[INFO] [stderr]   Downloaded diesel_derives v2.0.2
[INFO] [stderr]   Downloaded diesel v1.4.8
[INFO] [stderr]   Downloaded diesel_derives v1.4.1
[INFO] [stderr]   Downloaded stringprep v0.1.2
[INFO] [stderr]   Downloaded diesel v2.0.4
[INFO] [stderr]   Downloaded md-5 v0.10.5
[INFO] [stderr]   Downloaded postgres-protocol v0.6.5
[INFO] [stderr]   Downloaded postgres-types v0.2.5
[INFO] [stderr]   Downloaded serde_test v1.0.160
[INFO] [stderr]   Downloaded pq-sys v0.4.8
[INFO] [stderr]   Downloaded dashu-base v0.3.1
[INFO] [stderr]   Downloaded dashu-int v0.3.1
[INFO] running `Command { std: "docker" "create" "-v" "/var/lib/crater-agent-workspace/builds/worker-3-tc1/target:/opt/rustwide/target:rw,Z" "-v" "/var/lib/crater-agent-workspace/builds/worker-3-tc1/source:/opt/rustwide/workdir:ro,Z" "-v" "/var/lib/crater-agent-workspace/cargo-home:/opt/rustwide/cargo-home:ro,Z" "-v" "/var/lib/crater-agent-workspace/rustup-home:/opt/rustwide/rustup-home:ro,Z" "-e" "SOURCE_DIR=/opt/rustwide/workdir" "-e" "CARGO_TARGET_DIR=/opt/rustwide/target" "-e" "CARGO_HOME=/opt/rustwide/cargo-home" "-e" "RUSTUP_HOME=/opt/rustwide/rustup-home" "-w" "/opt/rustwide/workdir" "-m" "1610612736" "--user" "0:0" "--network" "none" "ghcr.io/rust-lang/crates-build-env/linux@sha256:5ff2268d62e97bff2cde7d5815dd6ed5b47097566f13b8d0ca110b04b60e07ed" "/opt/rustwide/cargo-home/bin/cargo" "+1.69.0" "metadata" "--no-deps" "--format-version=1", kill_on_drop: false }`
[INFO] [stdout] f2c4dbaa5560b0336542f621d879dbfdb2ff74c8aa4a2ed5f216f4371fc2ff94
[INFO] running `Command { std: "docker" "start" "-a" "f2c4dbaa5560b0336542f621d879dbfdb2ff74c8aa4a2ed5f216f4371fc2ff94", kill_on_drop: false }`
[INFO] running `Command { std: "docker" "inspect" "f2c4dbaa5560b0336542f621d879dbfdb2ff74c8aa4a2ed5f216f4371fc2ff94", kill_on_drop: false }`
[INFO] running `Command { std: "docker" "rm" "-f" "f2c4dbaa5560b0336542f621d879dbfdb2ff74c8aa4a2ed5f216f4371fc2ff94", kill_on_drop: false }`
[INFO] [stdout] f2c4dbaa5560b0336542f621d879dbfdb2ff74c8aa4a2ed5f216f4371fc2ff94
[INFO] running `Command { std: "docker" "create" "-v" "/var/lib/crater-agent-workspace/builds/worker-3-tc1/target:/opt/rustwide/target:rw,Z" "-v" "/var/lib/crater-agent-workspace/builds/worker-3-tc1/source:/opt/rustwide/workdir:ro,Z" "-v" "/var/lib/crater-agent-workspace/cargo-home:/opt/rustwide/cargo-home:ro,Z" "-v" "/var/lib/crater-agent-workspace/rustup-home:/opt/rustwide/rustup-home:ro,Z" "-e" "SOURCE_DIR=/opt/rustwide/workdir" "-e" "CARGO_TARGET_DIR=/opt/rustwide/target" "-e" "CARGO_INCREMENTAL=0" "-e" "RUST_BACKTRACE=full" "-e" "RUSTFLAGS=--cap-lints=warn" "-e" "RUSTDOCFLAGS=--cap-lints=warn" "-e" "CARGO_HOME=/opt/rustwide/cargo-home" "-e" "RUSTUP_HOME=/opt/rustwide/rustup-home" "-w" "/opt/rustwide/workdir" "-m" "1610612736" "--user" "0:0" "--network" "none" "ghcr.io/rust-lang/crates-build-env/linux@sha256:5ff2268d62e97bff2cde7d5815dd6ed5b47097566f13b8d0ca110b04b60e07ed" "/opt/rustwide/cargo-home/bin/cargo" "+1.69.0" "build" "--frozen" "--message-format=json", kill_on_drop: false }`
[INFO] [stdout] ea0742cf8f52c3946e75436801e599111b8fb0dd912a9740d2541a1f76048ce7
[INFO] running `Command { std: "docker" "start" "-a" "ea0742cf8f52c3946e75436801e599111b8fb0dd912a9740d2541a1f76048ce7", kill_on_drop: false }`
[INFO] [stderr]    Compiling rand_core v0.6.4
[INFO] [stderr]    Compiling static_assertions v1.1.0
[INFO] [stderr]    Compiling dashu-base v0.3.1
[INFO] [stderr]    Compiling rand v0.8.5
[INFO] [stderr]    Compiling dashu-int v0.3.1
[INFO] [stderr]    Compiling dashu-float v0.3.2 (/opt/rustwide/workdir)
[INFO] [stderr]     Finished dev [unoptimized + debuginfo] target(s) in 5.02s
[INFO] running `Command { std: "docker" "inspect" "ea0742cf8f52c3946e75436801e599111b8fb0dd912a9740d2541a1f76048ce7", kill_on_drop: false }`
[INFO] running `Command { std: "docker" "rm" "-f" "ea0742cf8f52c3946e75436801e599111b8fb0dd912a9740d2541a1f76048ce7", kill_on_drop: false }`
[INFO] [stdout] ea0742cf8f52c3946e75436801e599111b8fb0dd912a9740d2541a1f76048ce7
[INFO] running `Command { std: "docker" "create" "-v" "/var/lib/crater-agent-workspace/builds/worker-3-tc1/target:/opt/rustwide/target:rw,Z" "-v" "/var/lib/crater-agent-workspace/builds/worker-3-tc1/source:/opt/rustwide/workdir:ro,Z" "-v" "/var/lib/crater-agent-workspace/cargo-home:/opt/rustwide/cargo-home:ro,Z" "-v" "/var/lib/crater-agent-workspace/rustup-home:/opt/rustwide/rustup-home:ro,Z" "-e" "SOURCE_DIR=/opt/rustwide/workdir" "-e" "CARGO_TARGET_DIR=/opt/rustwide/target" "-e" "CARGO_INCREMENTAL=0" "-e" "RUST_BACKTRACE=full" "-e" "RUSTFLAGS=--cap-lints=warn" "-e" "RUSTDOCFLAGS=--cap-lints=warn" "-e" "CARGO_HOME=/opt/rustwide/cargo-home" "-e" "RUSTUP_HOME=/opt/rustwide/rustup-home" "-w" "/opt/rustwide/workdir" "-m" "1610612736" "--user" "0:0" "--network" "none" "ghcr.io/rust-lang/crates-build-env/linux@sha256:5ff2268d62e97bff2cde7d5815dd6ed5b47097566f13b8d0ca110b04b60e07ed" "/opt/rustwide/cargo-home/bin/cargo" "+1.69.0" "test" "--frozen" "--no-run" "--message-format=json", kill_on_drop: false }`
[INFO] [stdout] df570459c39c28a9ae66d9f64f10f098de968c492bb50389b0c0d00eedda0f5f
[INFO] running `Command { std: "docker" "start" "-a" "df570459c39c28a9ae66d9f64f10f098de968c492bb50389b0c0d00eedda0f5f", kill_on_drop: false }`
[INFO] [stderr]    Compiling subtle v2.4.1
[INFO] [stderr]    Compiling tokio v1.28.0
[INFO] [stderr]    Compiling getrandom v0.2.9
[INFO] [stderr]    Compiling unicode-bidi v0.3.13
[INFO] [stderr]    Compiling socket2 v0.4.9
[INFO] [stderr]    Compiling mio v0.8.6
[INFO] [stderr]    Compiling syn v2.0.15
[INFO] [stderr]    Compiling base64 v0.21.0
[INFO] [stderr]    Compiling futures-util v0.3.28
[INFO] [stderr]    Compiling fallible-iterator v0.2.0
[INFO] [stderr]    Compiling parking_lot_core v0.9.7
[INFO] [stderr]    Compiling phf_shared v0.11.1
[INFO] [stderr]    Compiling heapless v0.7.16
[INFO] [stderr]    Compiling socket2 v0.5.2
[INFO] [stderr]    Compiling hash32 v0.2.1
[INFO] [stderr]    Compiling serde_test v1.0.160
[INFO] [stderr]    Compiling digest v0.10.6
[INFO] [stderr]    Compiling phf v0.11.1
[INFO] [stderr]    Compiling rand_core v0.6.4
[INFO] [stderr]    Compiling parking_lot v0.12.1
[INFO] [stderr]    Compiling stable_deref_trait v1.2.0
[INFO] [stderr]    Compiling stringprep v0.1.2
[INFO] [stderr]    Compiling serde_json v1.0.96
[INFO] [stderr]    Compiling cobs v0.2.3
[INFO] [stderr]    Compiling rand_chacha v0.3.1
[INFO] [stderr]    Compiling md-5 v0.10.5
[INFO] [stderr]    Compiling sha2 v0.10.6
[INFO] [stderr]    Compiling hmac v0.12.1
[INFO] [stderr]    Compiling rand v0.8.5
[INFO] [stderr]    Compiling postgres-protocol v0.6.5
[INFO] [stderr]    Compiling dashu-int v0.3.1
[INFO] [stderr]    Compiling postgres-types v0.2.5
[INFO] [stderr]    Compiling dashu-float v0.3.2 (/opt/rustwide/workdir)
[INFO] [stderr]    Compiling serde_derive v1.0.160
[INFO] [stderr]    Compiling futures-macro v0.3.28
[INFO] [stderr]    Compiling async-trait v0.1.68
[INFO] [stderr]    Compiling tokio-util v0.7.8
[INFO] [stderr]    Compiling serde v1.0.160
[INFO] [stderr]    Compiling tokio-postgres v0.7.8
[INFO] [stderr]    Compiling postgres v0.19.5
[INFO] [stderr]    Compiling postcard v1.0.4
[INFO] [stdout] error[E0282]: type annotations needed
[INFO] [stdout]    --> src/utils.rs:195:28
[INFO] [stdout]     |
[INFO] [stdout] 195 |         assert_eq!(lo, rlo.into());
[INFO] [stdout]     |                            ^^^^
[INFO] [stdout]     |
[INFO] [stdout] help: try using a fully qualified path to specify the expected types
[INFO] [stdout]     |
[INFO] [stdout] 195 |         assert_eq!(lo, <UBig as Into<T>>::into(rlo));
[INFO] [stdout]     |                        ++++++++++++++++++++++++   ~
[INFO] [stdout] 
[INFO] [stdout] 
[INFO] [stdout] error[E0283]: type annotations needed
[INFO] [stdout]    --> src/utils.rs:195:28
[INFO] [stdout]     |
[INFO] [stdout] 195 |         assert_eq!(lo, rlo.into());
[INFO] [stdout]     |         -------------------^^^^--- type must be known at this point
[INFO] [stdout]     |
[INFO] [stdout]     = note: multiple `impl`s satisfying `dashu_int::IBig: PartialEq<_>` found in the `dashu_int` crate:
[INFO] [stdout]             - impl PartialEq for dashu_int::IBig;
[INFO] [stdout]             - impl PartialEq<UBig> for dashu_int::IBig;
[INFO] [stdout] help: try using a fully qualified path to specify the expected types
[INFO] [stdout]     |
[INFO] [stdout] 195 |         assert_eq!(lo, <UBig as Into<T>>::into(rlo));
[INFO] [stdout]     |                        ++++++++++++++++++++++++   ~
[INFO] [stdout] 
[INFO] [stdout] 
[INFO] [stdout] error[E0283]: type annotations needed
[INFO] [stdout]    --> src/utils.rs:196:28
[INFO] [stdout]     |
[INFO] [stdout] 196 |         assert_eq!(hi, rhi.into());
[INFO] [stdout]     |         -------------------^^^^--- type must be known at this point
[INFO] [stdout]     |
[INFO] [stdout]     = note: multiple `impl`s satisfying `dashu_int::IBig: PartialEq<_>` found in the `dashu_int` crate:
[INFO] [stdout]             - impl PartialEq for dashu_int::IBig;
[INFO] [stdout]             - impl PartialEq<UBig> for dashu_int::IBig;
[INFO] [stdout] help: try using a fully qualified path to specify the expected types
[INFO] [stdout]     |
[INFO] [stdout] 196 |         assert_eq!(hi, <UBig as Into<T>>::into(rhi));
[INFO] [stdout]     |                        ++++++++++++++++++++++++   ~
[INFO] [stdout] 
[INFO] [stdout] 
[INFO] [stdout] error[E0283]: type annotations needed
[INFO] [stdout]    --> src/utils.rs:200:28
[INFO] [stdout]     |
[INFO] [stdout] 200 |         assert_eq!(lo, rlo.into());
[INFO] [stdout]     |         -------------------^^^^--- type must be known at this point
[INFO] [stdout]     |
[INFO] [stdout]     = note: multiple `impl`s satisfying `dashu_int::IBig: PartialEq<_>` found in the `dashu_int` crate:
[INFO] [stdout]             - impl PartialEq for dashu_int::IBig;
[INFO] [stdout]             - impl PartialEq<UBig> for dashu_int::IBig;
[INFO] [stdout] help: try using a fully qualified path to specify the expected types
[INFO] [stdout]     |
[INFO] [stdout] 200 |         assert_eq!(lo, <UBig as Into<T>>::into(rlo));
[INFO] [stdout]     |                        ++++++++++++++++++++++++   ~
[INFO] [stdout] 
[INFO] [stdout] 
[INFO] [stdout] error[E0283]: type annotations needed
[INFO] [stdout]    --> src/utils.rs:201:28
[INFO] [stdout]     |
[INFO] [stdout] 201 |         assert_eq!(hi, rhi.into());
[INFO] [stdout]     |         -------------------^^^^--- type must be known at this point
[INFO] [stdout]     |
[INFO] [stdout]     = note: multiple `impl`s satisfying `dashu_int::IBig: PartialEq<_>` found in the `dashu_int` crate:
[INFO] [stdout]             - impl PartialEq for dashu_int::IBig;
[INFO] [stdout]             - impl PartialEq<UBig> for dashu_int::IBig;
[INFO] [stdout] help: try using a fully qualified path to specify the expected types
[INFO] [stdout]     |
[INFO] [stdout] 201 |         assert_eq!(hi, <UBig as Into<T>>::into(rhi));
[INFO] [stdout]     |                        ++++++++++++++++++++++++   ~
[INFO] [stdout] 
[INFO] [stdout] 
[INFO] [stdout] error[E0283]: type annotations needed
[INFO] [stdout]    --> src/utils.rs:206:29
[INFO] [stdout]     |
[INFO] [stdout] 206 |         assert_eq!(-lo, rlo.into());
[INFO] [stdout]     |         --------------------^^^^--- type must be known at this point
[INFO] [stdout]     |
[INFO] [stdout]     = note: multiple `impl`s satisfying `dashu_int::IBig: PartialEq<_>` found in the `dashu_int` crate:
[INFO] [stdout]             - impl PartialEq for dashu_int::IBig;
[INFO] [stdout]             - impl PartialEq<UBig> for dashu_int::IBig;
[INFO] [stdout] help: try using a fully qualified path to specify the expected types
[INFO] [stdout]     |
[INFO] [stdout] 206 |         assert_eq!(-lo, <UBig as Into<T>>::into(rlo));
[INFO] [stdout]     |                         ++++++++++++++++++++++++   ~
[INFO] [stdout] 
[INFO] [stdout] 
[INFO] [stdout] error[E0283]: type annotations needed
[INFO] [stdout]    --> src/utils.rs:207:29
[INFO] [stdout]     |
[INFO] [stdout] 207 |         assert_eq!(-hi, rhi.into());
[INFO] [stdout]     |         --------------------^^^^--- type must be known at this point
[INFO] [stdout]     |
[INFO] [stdout]     = note: multiple `impl`s satisfying `dashu_int::IBig: PartialEq<_>` found in the `dashu_int` crate:
[INFO] [stdout]             - impl PartialEq for dashu_int::IBig;
[INFO] [stdout]             - impl PartialEq<UBig> for dashu_int::IBig;
[INFO] [stdout] help: try using a fully qualified path to specify the expected types
[INFO] [stdout]     |
[INFO] [stdout] 207 |         assert_eq!(-hi, <UBig as Into<T>>::into(rhi));
[INFO] [stdout]     |                         ++++++++++++++++++++++++   ~
[INFO] [stdout] 
[INFO] [stdout] 
[INFO] [stdout] error[E0283]: type annotations needed
[INFO] [stdout]    --> src/utils.rs:211:29
[INFO] [stdout]     |
[INFO] [stdout] 211 |         assert_eq!(-lo, rlo.into());
[INFO] [stdout]     |         --------------------^^^^--- type must be known at this point
[INFO] [stdout]     |
[INFO] [stdout]     = note: multiple `impl`s satisfying `dashu_int::IBig: PartialEq<_>` found in the `dashu_int` crate:
[INFO] [stdout]             - impl PartialEq for dashu_int::IBig;
[INFO] [stdout]             - impl PartialEq<UBig> for dashu_int::IBig;
[INFO] [stdout] help: try using a fully qualified path to specify the expected types
[INFO] [stdout]     |
[INFO] [stdout] 211 |         assert_eq!(-lo, <UBig as Into<T>>::into(rlo));
[INFO] [stdout]     |                         ++++++++++++++++++++++++   ~
[INFO] [stdout] 
[INFO] [stdout] 
[INFO] [stdout] error[E0283]: type annotations needed
[INFO] [stdout]    --> src/utils.rs:212:29
[INFO] [stdout]     |
[INFO] [stdout] 212 |         assert_eq!(-hi, rhi.into());
[INFO] [stdout]     |         --------------------^^^^--- type must be known at this point
[INFO] [stdout]     |
[INFO] [stdout]     = note: multiple `impl`s satisfying `dashu_int::IBig: PartialEq<_>` found in the `dashu_int` crate:
[INFO] [stdout]             - impl PartialEq for dashu_int::IBig;
[INFO] [stdout]             - impl PartialEq<UBig> for dashu_int::IBig;
[INFO] [stdout] help: try using a fully qualified path to specify the expected types
[INFO] [stdout]     |
[INFO] [stdout] 212 |         assert_eq!(-hi, <UBig as Into<T>>::into(rhi));
[INFO] [stdout]     |                         ++++++++++++++++++++++++   ~
[INFO] [stdout] 
[INFO] [stdout] 
[INFO] [stdout] error: aborting due to 9 previous errors
[INFO] [stdout] 
[INFO] [stdout] 
[INFO] [stdout] Some errors have detailed explanations: E0282, E0283.
[INFO] [stdout] 
[INFO] [stdout] For more information about an error, try `rustc --explain E0282`.
[INFO] [stdout] 
[INFO] [stderr] error: could not compile `dashu-float` due to 10 previous errors
[INFO] [stderr] warning: build failed, waiting for other jobs to finish...
[INFO] running `Command { std: "docker" "inspect" "df570459c39c28a9ae66d9f64f10f098de968c492bb50389b0c0d00eedda0f5f", kill_on_drop: false }`
[INFO] running `Command { std: "docker" "rm" "-f" "df570459c39c28a9ae66d9f64f10f098de968c492bb50389b0c0d00eedda0f5f", kill_on_drop: false }`
[INFO] [stdout] df570459c39c28a9ae66d9f64f10f098de968c492bb50389b0c0d00eedda0f5f
