[INFO] fetching crate daml-grpc 0.2.2...
[INFO] testing daml-grpc-0.2.2 against 1.69.0 for beta-1.70-1
[INFO] extracting crate daml-grpc 0.2.2 into /workspace/builds/worker-5-tc1/source
[INFO] validating manifest of crates.io crate daml-grpc 0.2.2 on toolchain 1.69.0
[INFO] running `Command { std: CARGO_HOME="/workspace/cargo-home" RUSTUP_HOME="/workspace/rustup-home" "/workspace/cargo-home/bin/cargo" "+1.69.0" "metadata" "--manifest-path" "Cargo.toml" "--no-deps", kill_on_drop: false }`
[INFO] started tweaking crates.io crate daml-grpc 0.2.2
[INFO] finished tweaking crates.io crate daml-grpc 0.2.2
[INFO] tweaked toml for crates.io crate daml-grpc 0.2.2 written to /workspace/builds/worker-5-tc1/source/Cargo.toml
[INFO] running `Command { std: CARGO_HOME="/workspace/cargo-home" RUSTUP_HOME="/workspace/rustup-home" __CARGO_TEST_CHANNEL_OVERRIDE_DO_NOT_USE_THIS="nightly" "/workspace/cargo-home/bin/cargo" "+1.69.0" "generate-lockfile" "--manifest-path" "Cargo.toml" "-Zno-index-update", kill_on_drop: false }`
[INFO] [stderr]     Blocking waiting for file lock on package cache
[INFO] running `Command { std: CARGO_HOME="/workspace/cargo-home" RUSTUP_HOME="/workspace/rustup-home" "/workspace/cargo-home/bin/cargo" "+1.69.0" "fetch" "--manifest-path" "Cargo.toml", kill_on_drop: false }`
[INFO] [stderr]     Blocking waiting for file lock on package cache
[INFO] [stderr]  Downloading crates ...
[INFO] [stderr]   Downloaded tonic-build v0.6.2
[INFO] [stderr]   Downloaded tonic v0.6.2
[INFO] [stderr]   Downloaded tokio-io-timeout v1.2.0
[INFO] [stderr]   Downloaded hyper-timeout v0.4.1
[INFO] [stderr]   Downloaded rustls-native-certs v0.5.0
[INFO] running `Command { std: "docker" "create" "-v" "/var/lib/crater-agent-workspace/builds/worker-5-tc1/target:/opt/rustwide/target:rw,Z" "-v" "/var/lib/crater-agent-workspace/builds/worker-5-tc1/source:/opt/rustwide/workdir:ro,Z" "-v" "/var/lib/crater-agent-workspace/cargo-home:/opt/rustwide/cargo-home:ro,Z" "-v" "/var/lib/crater-agent-workspace/rustup-home:/opt/rustwide/rustup-home:ro,Z" "-e" "SOURCE_DIR=/opt/rustwide/workdir" "-e" "CARGO_TARGET_DIR=/opt/rustwide/target" "-e" "CARGO_HOME=/opt/rustwide/cargo-home" "-e" "RUSTUP_HOME=/opt/rustwide/rustup-home" "-w" "/opt/rustwide/workdir" "-m" "1610612736" "--user" "0:0" "--network" "none" "ghcr.io/rust-lang/crates-build-env/linux@sha256:5ff2268d62e97bff2cde7d5815dd6ed5b47097566f13b8d0ca110b04b60e07ed" "/opt/rustwide/cargo-home/bin/cargo" "+1.69.0" "metadata" "--no-deps" "--format-version=1", kill_on_drop: false }`
[INFO] [stdout] 38980c2001d67265e626da7004dd1ee5f3ee438ce8f1df02844c1cf5a24dc4e6
[INFO] running `Command { std: "docker" "start" "-a" "38980c2001d67265e626da7004dd1ee5f3ee438ce8f1df02844c1cf5a24dc4e6", kill_on_drop: false }`
[INFO] running `Command { std: "docker" "inspect" "38980c2001d67265e626da7004dd1ee5f3ee438ce8f1df02844c1cf5a24dc4e6", kill_on_drop: false }`
[INFO] running `Command { std: "docker" "rm" "-f" "38980c2001d67265e626da7004dd1ee5f3ee438ce8f1df02844c1cf5a24dc4e6", kill_on_drop: false }`
[INFO] [stdout] 38980c2001d67265e626da7004dd1ee5f3ee438ce8f1df02844c1cf5a24dc4e6
[INFO] running `Command { std: "docker" "create" "-v" "/var/lib/crater-agent-workspace/builds/worker-5-tc1/target:/opt/rustwide/target:rw,Z" "-v" "/var/lib/crater-agent-workspace/builds/worker-5-tc1/source:/opt/rustwide/workdir:ro,Z" "-v" "/var/lib/crater-agent-workspace/cargo-home:/opt/rustwide/cargo-home:ro,Z" "-v" "/var/lib/crater-agent-workspace/rustup-home:/opt/rustwide/rustup-home:ro,Z" "-e" "SOURCE_DIR=/opt/rustwide/workdir" "-e" "CARGO_TARGET_DIR=/opt/rustwide/target" "-e" "CARGO_INCREMENTAL=0" "-e" "RUST_BACKTRACE=full" "-e" "RUSTFLAGS=--cap-lints=warn" "-e" "RUSTDOCFLAGS=--cap-lints=warn" "-e" "CARGO_HOME=/opt/rustwide/cargo-home" "-e" "RUSTUP_HOME=/opt/rustwide/rustup-home" "-w" "/opt/rustwide/workdir" "-m" "1610612736" "--user" "0:0" "--network" "none" "ghcr.io/rust-lang/crates-build-env/linux@sha256:5ff2268d62e97bff2cde7d5815dd6ed5b47097566f13b8d0ca110b04b60e07ed" "/opt/rustwide/cargo-home/bin/cargo" "+1.69.0" "build" "--frozen" "--message-format=json", kill_on_drop: false }`
[INFO] [stdout] 32d7778729de3076394268fce36e5cc85768087cd4e3f9d81d0385a8c35c29e1
[INFO] running `Command { std: "docker" "start" "-a" "32d7778729de3076394268fce36e5cc85768087cd4e3f9d81d0385a8c35c29e1", kill_on_drop: false }`
[INFO] [stderr]    Compiling proc-macro2 v1.0.56
[INFO] [stderr]    Compiling autocfg v1.1.0
[INFO] [stderr]    Compiling quote v1.0.26
[INFO] [stderr]    Compiling unicode-ident v1.0.8
[INFO] [stderr]    Compiling cfg-if v1.0.0
[INFO] [stderr]    Compiling libc v0.2.142
[INFO] [stderr]    Compiling log v0.4.17
[INFO] [stderr]    Compiling pin-project-lite v0.2.9
[INFO] [stderr]    Compiling memchr v2.5.0
[INFO] [stderr]    Compiling syn v1.0.109
[INFO] [stderr]    Compiling futures-core v0.3.28
[INFO] [stderr]    Compiling bytes v1.4.0
[INFO] [stderr]    Compiling once_cell v1.17.1
[INFO] [stderr]    Compiling either v1.8.1
[INFO] [stderr]    Compiling anyhow v1.0.71
[INFO] [stderr]    Compiling futures-sink v0.3.28
[INFO] [stderr]    Compiling hashbrown v0.12.3
[INFO] [stderr]    Compiling futures-channel v0.3.28
[INFO] [stderr]    Compiling futures-task v0.3.28
[INFO] [stderr]    Compiling itertools v0.10.5
[INFO] [stderr]    Compiling cc v1.0.79
[INFO] [stderr]    Compiling tokio v1.28.0
[INFO] [stderr]    Compiling indexmap v1.9.3
[INFO] [stderr]    Compiling slab v0.4.8
[INFO] [stderr]    Compiling futures-util v0.3.28
[INFO] [stderr]    Compiling tracing-core v0.1.30
[INFO] [stderr]    Compiling pin-utils v0.1.0
[INFO] [stderr]    Compiling io-lifetimes v1.0.10
[INFO] [stderr]    Compiling futures-io v0.3.28
[INFO] [stderr]    Compiling rustix v0.37.18
[INFO] [stderr]    Compiling spin v0.5.2
[INFO] [stderr]    Compiling untrusted v0.7.1
[INFO] [stderr]    Compiling num-traits v0.2.15
[INFO] [stderr]    Compiling itoa v1.0.6
[INFO] [stderr]    Compiling linux-raw-sys v0.3.6
[INFO] [stderr]    Compiling fnv v1.0.7
[INFO] [stderr]    Compiling bitflags v1.3.2
[INFO] [stderr]    Compiling aho-corasick v1.0.1
[INFO] [stderr]    Compiling http v0.2.9
[INFO] [stderr]    Compiling num-integer v0.1.45
[INFO] [stderr]    Compiling syn v2.0.15
[INFO] [stderr]    Compiling socket2 v0.4.9
[INFO] [stderr]    Compiling mio v0.8.6
[INFO] [stderr]    Compiling getrandom v0.2.9
[INFO] [stderr]    Compiling unicode-segmentation v1.10.1
[INFO] [stderr]    Compiling ring v0.16.20
[INFO] [stderr]    Compiling httparse v1.8.0
[INFO] [stderr]    Compiling fastrand v1.9.0
[INFO] [stderr]    Compiling regex-syntax v0.7.1
[INFO] [stderr]    Compiling fixedbitset v0.4.2
[INFO] [stderr]    Compiling petgraph v0.6.3
[INFO] [stderr]    Compiling rand_core v0.6.4
[INFO] [stderr]    Compiling heck v0.3.3
[INFO] [stderr]    Compiling ppv-lite86 v0.2.17
[INFO] [stderr]    Compiling try-lock v0.2.4
[INFO] [stderr]    Compiling multimap v0.8.3
[INFO] [stderr]    Compiling base64 v0.13.1
[INFO] [stderr]    Compiling lazy_static v1.4.0
[INFO] [stderr]    Compiling which v4.4.0
[INFO] [stderr]    Compiling tower-service v0.3.2
[INFO] [stderr]    Compiling http-body v0.4.5
[INFO] [stderr]    Compiling want v0.3.0
[INFO] [stderr]    Compiling rand_chacha v0.3.1
[INFO] [stderr]    Compiling num-bigint v0.4.3
[INFO] [stderr]    Compiling prost-build v0.9.0
[INFO] [stderr]    Compiling httpdate v1.0.2
[INFO] [stderr]    Compiling async-trait v0.1.68
[INFO] [stderr]    Compiling openssl-probe v0.1.5
[INFO] [stderr]    Compiling rand v0.8.5
[INFO] [stderr]    Compiling tower-layer v0.3.2
[INFO] [stderr]    Compiling time v0.1.45
[INFO] [stderr]    Compiling iana-time-zone v0.1.56
[INFO] [stderr]    Compiling percent-encoding v2.2.0
[INFO] [stderr]    Compiling uuid v0.8.2
[INFO] [stderr]    Compiling chrono v0.4.24
[INFO] [stderr]    Compiling regex v1.8.1
[INFO] [stderr]    Compiling tempfile v3.5.0
[INFO] [stderr]    Compiling bigdecimal v0.3.0
[INFO] [stderr]    Compiling sct v0.6.1
[INFO] [stderr]    Compiling webpki v0.21.4
[INFO] [stderr]    Compiling rustls v0.19.1
[INFO] [stderr]    Compiling tokio-macros v2.1.0
[INFO] [stderr]    Compiling futures-macro v0.3.28
[INFO] [stderr]    Compiling tracing-attributes v0.1.24
[INFO] [stderr]    Compiling async-stream-impl v0.3.5
[INFO] [stderr]    Compiling prost-derive v0.9.0
[INFO] [stderr]    Compiling pin-project-internal v1.0.12
[INFO] [stderr]    Compiling async-stream v0.3.5
[INFO] [stderr]    Compiling rustls-native-certs v0.5.0
[INFO] [stderr]    Compiling tracing v0.1.37
[INFO] [stderr]    Compiling pin-project v1.0.12
[INFO] [stderr]    Compiling tracing-futures v0.2.5
[INFO] [stderr]    Compiling prost v0.9.0
[INFO] [stderr]    Compiling prost-types v0.9.0
[INFO] [stderr]    Compiling tonic-build v0.6.2
[INFO] [stderr]    Compiling futures-executor v0.3.28
[INFO] [stderr]    Compiling futures v0.3.28
[INFO] [stderr]    Compiling tokio-util v0.7.8
[INFO] [stderr]    Compiling tokio-io-timeout v1.2.0
[INFO] [stderr]    Compiling tokio-util v0.6.10
[INFO] [stderr]    Compiling tokio-rustls v0.22.0
[INFO] [stderr]    Compiling tokio-stream v0.1.14
[INFO] [stderr]    Compiling daml-grpc v0.2.2 (/opt/rustwide/workdir)
[INFO] [stderr]    Compiling h2 v0.3.18
[INFO] [stderr]    Compiling tower v0.4.13
[INFO] [stderr]    Compiling hyper v0.14.26
[INFO] [stderr]    Compiling hyper-timeout v0.4.1
[INFO] [stderr]    Compiling tonic v0.6.2
[INFO] [stdout] warning: use of deprecated struct `chrono::Date`: Use `NaiveDate` or `DateTime<Tz>` instead
[INFO] [stdout]  --> src/primitive_types.rs:4:14
[INFO] [stdout]   |
[INFO] [stdout] 4 | use chrono::{Date, DateTime, Utc};
[INFO] [stdout]   |              ^^^^
[INFO] [stdout]   |
[INFO] [stdout]   = note: `#[warn(deprecated)]` on by default
[INFO] [stdout] 
[INFO] [stdout] 
[INFO] [stdout] warning: use of deprecated struct `chrono::Date`: Use `NaiveDate` or `DateTime<Tz>` instead
[INFO] [stdout]   --> src/primitive_types.rs:37:21
[INFO] [stdout]    |
[INFO] [stdout] 37 | pub type DamlDate = Date<Utc>;
[INFO] [stdout]    |                     ^^^^
[INFO] [stdout] 
[INFO] [stdout] 
[INFO] [stdout] warning: use of deprecated struct `chrono::Date`: Use `NaiveDate` or `DateTime<Tz>` instead
[INFO] [stdout]  --> src/util.rs:5:14
[INFO] [stdout]   |
[INFO] [stdout] 5 | use chrono::{Date, Timelike};
[INFO] [stdout]   |              ^^^^
[INFO] [stdout] 
[INFO] [stdout] 
[INFO] [stdout] warning: use of deprecated struct `chrono::Date`: Use `NaiveDate` or `DateTime<Tz>` instead
[INFO] [stdout]   --> src/util.rs:34:48
[INFO] [stdout]    |
[INFO] [stdout] 34 | pub fn date_from_days(days: i32) -> DamlResult<Date<Utc>> {
[INFO] [stdout]    |                                                ^^^^
[INFO] [stdout] 
[INFO] [stdout] 
[INFO] [stdout] warning: use of deprecated struct `chrono::Date`: Use `NaiveDate` or `DateTime<Tz>` instead
[INFO] [stdout]   --> src/util.rs:55:29
[INFO] [stdout]    |
[INFO] [stdout] 55 | pub fn days_from_date(date: Date<Utc>) -> i32 {
[INFO] [stdout]    |                             ^^^^
[INFO] [stdout] 
[INFO] [stdout] 
[INFO] [stdout] warning: use of deprecated associated function `chrono::NaiveDateTime::from_timestamp`: use `from_timestamp_opt()` instead
[INFO] [stdout]   --> src/util.rs:11:41
[INFO] [stdout]    |
[INFO] [stdout] 11 |     let naive_datetime = NaiveDateTime::from_timestamp(timestamp.seconds, timestamp.nanos as u32);
[INFO] [stdout]    |                                         ^^^^^^^^^^^^^^
[INFO] [stdout] 
[INFO] [stdout] 
[INFO] [stdout] warning: use of deprecated method `chrono::DateTime::<Tz>::date`: Use `date_naive()` instead
[INFO] [stdout]   --> src/util.rs:41:6
[INFO] [stdout]    |
[INFO] [stdout] 41 |     .date())
[INFO] [stdout]    |      ^^^^
[INFO] [stdout] 
[INFO] [stdout] 
[INFO] [stdout] warning: use of deprecated method `chrono::DateTime::<Tz>::date`: Use `date_naive()` instead
[INFO] [stdout]   --> src/util.rs:56:99
[INFO] [stdout]    |
[INFO] [stdout] 56 |     let duration: chrono::Duration = date.signed_duration_since(DateTime::<Utc>::from(UNIX_EPOCH).date());
[INFO] [stdout]    |                                                                                                   ^^^^
[INFO] [stdout] 
[INFO] [stdout] 
[INFO] [stdout] warning: 8 warnings emitted
[INFO] [stdout] 
[INFO] [stdout] 
[INFO] [stderr]     Finished dev [unoptimized + debuginfo] target(s) in 42.21s
[INFO] running `Command { std: "docker" "inspect" "32d7778729de3076394268fce36e5cc85768087cd4e3f9d81d0385a8c35c29e1", kill_on_drop: false }`
[INFO] running `Command { std: "docker" "rm" "-f" "32d7778729de3076394268fce36e5cc85768087cd4e3f9d81d0385a8c35c29e1", kill_on_drop: false }`
[INFO] [stdout] 32d7778729de3076394268fce36e5cc85768087cd4e3f9d81d0385a8c35c29e1
[INFO] running `Command { std: "docker" "create" "-v" "/var/lib/crater-agent-workspace/builds/worker-5-tc1/target:/opt/rustwide/target:rw,Z" "-v" "/var/lib/crater-agent-workspace/builds/worker-5-tc1/source:/opt/rustwide/workdir:ro,Z" "-v" "/var/lib/crater-agent-workspace/cargo-home:/opt/rustwide/cargo-home:ro,Z" "-v" "/var/lib/crater-agent-workspace/rustup-home:/opt/rustwide/rustup-home:ro,Z" "-e" "SOURCE_DIR=/opt/rustwide/workdir" "-e" "CARGO_TARGET_DIR=/opt/rustwide/target" "-e" "CARGO_INCREMENTAL=0" "-e" "RUST_BACKTRACE=full" "-e" "RUSTFLAGS=--cap-lints=warn" "-e" "RUSTDOCFLAGS=--cap-lints=warn" "-e" "CARGO_HOME=/opt/rustwide/cargo-home" "-e" "RUSTUP_HOME=/opt/rustwide/rustup-home" "-w" "/opt/rustwide/workdir" "-m" "1610612736" "--user" "0:0" "--network" "none" "ghcr.io/rust-lang/crates-build-env/linux@sha256:5ff2268d62e97bff2cde7d5815dd6ed5b47097566f13b8d0ca110b04b60e07ed" "/opt/rustwide/cargo-home/bin/cargo" "+1.69.0" "test" "--frozen" "--no-run" "--message-format=json", kill_on_drop: false }`
[INFO] [stdout] 6cf14e099d48dc4e455dcc793d61d82419dc6ac3333bde7c969dc8642fcfdb32
[INFO] running `Command { std: "docker" "start" "-a" "6cf14e099d48dc4e455dcc793d61d82419dc6ac3333bde7c969dc8642fcfdb32", kill_on_drop: false }`
[INFO] [stderr]    Compiling log v0.4.17
[INFO] [stderr]    Compiling anyhow v1.0.71
[INFO] [stderr]    Compiling tracing-core v0.1.30
[INFO] [stderr]    Compiling lazy_static v1.4.0
[INFO] [stderr]    Compiling regex-syntax v0.6.29
[INFO] [stderr]    Compiling regex-syntax v0.7.1
[INFO] [stderr]    Compiling overload v0.1.1
[INFO] [stderr]    Compiling thread_local v1.1.7
[INFO] [stderr]    Compiling smallvec v1.10.0
[INFO] [stderr]    Compiling nu-ansi-term v0.46.0
[INFO] [stderr]    Compiling sharded-slab v0.1.4
[INFO] [stderr]    Compiling prost-derive v0.9.0
[INFO] [stderr]    Compiling mio v0.8.6
[INFO] [stderr]    Compiling tracing v0.1.37
[INFO] [stderr]    Compiling rustls v0.19.1
[INFO] [stderr]    Compiling want v0.3.0
[INFO] [stderr]    Compiling tracing-log v0.1.3
[INFO] [stderr]    Compiling tracing-futures v0.2.5
[INFO] [stderr]    Compiling tokio v1.28.0
[INFO] [stderr]    Compiling regex v1.8.1
[INFO] [stderr]    Compiling regex-automata v0.1.10
[INFO] [stderr]    Compiling prost v0.9.0
[INFO] [stderr]    Compiling prost-types v0.9.0
[INFO] [stderr]    Compiling rustls-native-certs v0.5.0
[INFO] [stderr]    Compiling matchers v0.1.0
[INFO] [stderr]    Compiling tracing-subscriber v0.3.17
[INFO] [stderr]    Compiling prost-build v0.9.0
[INFO] [stderr]    Compiling tonic-build v0.6.2
[INFO] [stderr]    Compiling tokio-util v0.7.8
[INFO] [stderr]    Compiling tokio-io-timeout v1.2.0
[INFO] [stderr]    Compiling tokio-stream v0.1.14
[INFO] [stderr]    Compiling tokio-util v0.6.10
[INFO] [stderr]    Compiling tokio-rustls v0.22.0
[INFO] [stderr]    Compiling daml-grpc v0.2.2 (/opt/rustwide/workdir)
[INFO] [stderr]    Compiling h2 v0.3.18
[INFO] [stderr]    Compiling tower v0.4.13
[INFO] [stderr]    Compiling hyper v0.14.26
[INFO] [stderr]    Compiling hyper-timeout v0.4.1
[INFO] [stderr]    Compiling tonic v0.6.2
[INFO] [stdout] warning: use of deprecated struct `chrono::Date`: Use `NaiveDate` or `DateTime<Tz>` instead
[INFO] [stdout]  --> src/primitive_types.rs:4:14
[INFO] [stdout]   |
[INFO] [stdout] 4 | use chrono::{Date, DateTime, Utc};
[INFO] [stdout]   |              ^^^^
[INFO] [stdout]   |
[INFO] [stdout]   = note: `#[warn(deprecated)]` on by default
[INFO] [stdout] 
[INFO] [stdout] 
[INFO] [stdout] warning: use of deprecated struct `chrono::Date`: Use `NaiveDate` or `DateTime<Tz>` instead
[INFO] [stdout]   --> src/primitive_types.rs:37:21
[INFO] [stdout]    |
[INFO] [stdout] 37 | pub type DamlDate = Date<Utc>;
[INFO] [stdout]    |                     ^^^^
[INFO] [stdout] 
[INFO] [stdout] 
[INFO] [stdout] warning: use of deprecated struct `chrono::Date`: Use `NaiveDate` or `DateTime<Tz>` instead
[INFO] [stdout]  --> src/util.rs:5:14
[INFO] [stdout]   |
[INFO] [stdout] 5 | use chrono::{Date, Timelike};
[INFO] [stdout]   |              ^^^^
[INFO] [stdout] 
[INFO] [stdout] 
[INFO] [stdout] warning: use of deprecated struct `chrono::Date`: Use `NaiveDate` or `DateTime<Tz>` instead
[INFO] [stdout]   --> src/util.rs:34:48
[INFO] [stdout]    |
[INFO] [stdout] 34 | pub fn date_from_days(days: i32) -> DamlResult<Date<Utc>> {
[INFO] [stdout]    |                                                ^^^^
[INFO] [stdout] 
[INFO] [stdout] 
[INFO] [stdout] warning: use of deprecated struct `chrono::Date`: Use `NaiveDate` or `DateTime<Tz>` instead
[INFO] [stdout]   --> src/util.rs:55:29
[INFO] [stdout]    |
[INFO] [stdout] 55 | pub fn days_from_date(date: Date<Utc>) -> i32 {
[INFO] [stdout]    |                             ^^^^
[INFO] [stdout] 
[INFO] [stdout] 
[INFO] [stdout] warning: use of deprecated struct `chrono::Date`: Use `NaiveDate` or `DateTime<Tz>` instead
[INFO] [stdout]  --> src/primitive_types.rs:4:14
[INFO] [stdout]   |
[INFO] [stdout] 4 | use chrono::{Date, DateTime, Utc};
[INFO] [stdout]   |              ^^^^
[INFO] [stdout]   |
[INFO] [stdout]   = note: `#[warn(deprecated)]` on by default
[INFO] [stdout] 
[INFO] [stdout] 
[INFO] [stdout] warning: use of deprecated struct `chrono::Date`: Use `NaiveDate` or `DateTime<Tz>` instead
[INFO] [stdout]   --> src/primitive_types.rs:37:21
[INFO] [stdout]    |
[INFO] [stdout] 37 | pub type DamlDate = Date<Utc>;
[INFO] [stdout]    |                     ^^^^
[INFO] [stdout] 
[INFO] [stdout] 
[INFO] [stdout] warning: use of deprecated struct `chrono::Date`: Use `NaiveDate` or `DateTime<Tz>` instead
[INFO] [stdout]  --> src/util.rs:5:14
[INFO] [stdout]   |
[INFO] [stdout] 5 | use chrono::{Date, Timelike};
[INFO] [stdout]   |              ^^^^
[INFO] [stdout] 
[INFO] [stdout] 
[INFO] [stdout] warning: use of deprecated struct `chrono::Date`: Use `NaiveDate` or `DateTime<Tz>` instead
[INFO] [stdout]   --> src/util.rs:34:48
[INFO] [stdout]    |
[INFO] [stdout] 34 | pub fn date_from_days(days: i32) -> DamlResult<Date<Utc>> {
[INFO] [stdout]    |                                                ^^^^
[INFO] [stdout] 
[INFO] [stdout] 
[INFO] [stdout] warning: use of deprecated struct `chrono::Date`: Use `NaiveDate` or `DateTime<Tz>` instead
[INFO] [stdout]   --> src/util.rs:55:29
[INFO] [stdout]    |
[INFO] [stdout] 55 | pub fn days_from_date(date: Date<Utc>) -> i32 {
[INFO] [stdout]    |                             ^^^^
[INFO] [stdout] 
[INFO] [stdout] 
[INFO] [stdout] warning: use of deprecated associated function `chrono::NaiveDateTime::from_timestamp`: use `from_timestamp_opt()` instead
[INFO] [stdout]   --> src/util.rs:11:41
[INFO] [stdout]    |
[INFO] [stdout] 11 |     let naive_datetime = NaiveDateTime::from_timestamp(timestamp.seconds, timestamp.nanos as u32);
[INFO] [stdout]    |                                         ^^^^^^^^^^^^^^
[INFO] [stdout] 
[INFO] [stdout] 
[INFO] [stdout] warning: use of deprecated method `chrono::DateTime::<Tz>::date`: Use `date_naive()` instead
[INFO] [stdout]   --> src/util.rs:41:6
[INFO] [stdout]    |
[INFO] [stdout] 41 |     .date())
[INFO] [stdout]    |      ^^^^
[INFO] [stdout] 
[INFO] [stdout] 
[INFO] [stdout] warning: use of deprecated method `chrono::DateTime::<Tz>::date`: Use `date_naive()` instead
[INFO] [stdout]   --> src/util.rs:56:99
[INFO] [stdout]    |
[INFO] [stdout] 56 |     let duration: chrono::Duration = date.signed_duration_since(DateTime::<Utc>::from(UNIX_EPOCH).date());
[INFO] [stdout]    |                                                                                                   ^^^^
[INFO] [stdout] 
[INFO] [stdout] 
[INFO] [stdout] warning: use of deprecated associated function `chrono::NaiveDateTime::from_timestamp`: use `from_timestamp_opt()` instead
[INFO] [stdout]   --> src/util.rs:11:41
[INFO] [stdout]    |
[INFO] [stdout] 11 |     let naive_datetime = NaiveDateTime::from_timestamp(timestamp.seconds, timestamp.nanos as u32);
[INFO] [stdout]    |                                         ^^^^^^^^^^^^^^
[INFO] [stdout] 
[INFO] [stdout] 
[INFO] [stdout] warning: use of deprecated method `chrono::DateTime::<Tz>::date`: Use `date_naive()` instead
[INFO] [stdout]   --> src/util.rs:41:6
[INFO] [stdout]    |
[INFO] [stdout] 41 |     .date())
[INFO] [stdout]    |      ^^^^
[INFO] [stdout] 
[INFO] [stdout] 
[INFO] [stdout] warning: use of deprecated method `chrono::DateTime::<Tz>::date`: Use `date_naive()` instead
[INFO] [stdout]   --> src/util.rs:56:99
[INFO] [stdout]    |
[INFO] [stdout] 56 |     let duration: chrono::Duration = date.signed_duration_since(DateTime::<Utc>::from(UNIX_EPOCH).date());
[INFO] [stdout]    |                                                                                                   ^^^^
[INFO] [stdout] 
[INFO] [stdout] 
[INFO] [stdout] warning: 8 warnings emitted
[INFO] [stdout] 
[INFO] [stdout] 
[INFO] [stdout] error[E0433]: failed to resolve: use of undeclared crate or module `daml`
[INFO] [stdout]  --> tests/common/ping_pong.rs:1:5
[INFO] [stdout]   |
[INFO] [stdout] 1 | use daml::util::DamlSandboxTokenBuilder;
[INFO] [stdout]   |     ^^^^ use of undeclared crate or module `daml`
[INFO] [stdout] 
[INFO] [stdout] 
[INFO] [stdout] error[E0433]: failed to resolve: use of undeclared crate or module `daml`
[INFO] [stdout]  --> tests/grpc/daml_active_contract_service_tests.rs:6:5
[INFO] [stdout]   |
[INFO] [stdout] 6 | use daml::util::package::find_module_package_id;
[INFO] [stdout]   |     ^^^^ use of undeclared crate or module `daml`
[INFO] [stdout] 
[INFO] [stdout] 
[INFO] [stdout] error[E0433]: failed to resolve: use of undeclared crate or module `daml`
[INFO] [stdout]  --> tests/grpc/daml_command_completion_service_tests.rs:5:5
[INFO] [stdout]   |
[INFO] [stdout] 5 | use daml::util::package::find_module_package_id;
[INFO] [stdout]   |     ^^^^ use of undeclared crate or module `daml`
[INFO] [stdout] 
[INFO] [stdout] 
[INFO] [stdout] error[E0433]: failed to resolve: use of undeclared crate or module `daml`
[INFO] [stdout]  --> tests/grpc/daml_command_service_tests.rs:7:5
[INFO] [stdout]   |
[INFO] [stdout] 7 | use daml::util::package::find_module_package_id;
[INFO] [stdout]   |     ^^^^ use of undeclared crate or module `daml`
[INFO] [stdout] 
[INFO] [stdout] 
[INFO] [stdout] error[E0433]: failed to resolve: use of undeclared crate or module `daml`
[INFO] [stdout]   --> tests/grpc/daml_command_submission_service_tests.rs:10:5
[INFO] [stdout]    |
[INFO] [stdout] 10 | use daml::util::package::find_module_package_id;
[INFO] [stdout]    |     ^^^^ use of undeclared crate or module `daml`
[INFO] [stdout] 
[INFO] [stdout] 
[INFO] [stdout] error[E0433]: failed to resolve: use of undeclared crate or module `daml`
[INFO] [stdout]  --> tests/grpc/daml_package_management_service.rs:4:5
[INFO] [stdout]   |
[INFO] [stdout] 4 | use daml::lf::DarFile;
[INFO] [stdout]   |     ^^^^ use of undeclared crate or module `daml`
[INFO] [stdout] 
[INFO] [stdout] 
[INFO] [stdout] error[E0433]: failed to resolve: use of undeclared crate or module `daml`
[INFO] [stdout]  --> tests/grpc/daml_package_service_tests.rs:3:5
[INFO] [stdout]   |
[INFO] [stdout] 3 | use daml::util::package::find_module_package_id;
[INFO] [stdout]   |     ^^^^ use of undeclared crate or module `daml`
[INFO] [stdout] 
[INFO] [stdout] 
[INFO] [stdout] error[E0433]: failed to resolve: use of undeclared crate or module `daml`
[INFO] [stdout]  --> tests/grpc/daml_transaction_service_tests.rs:6:5
[INFO] [stdout]   |
[INFO] [stdout] 6 | use daml::util::package::find_module_package_id;
[INFO] [stdout]   |     ^^^^ use of undeclared crate or module `daml`
[INFO] [stdout] 
[INFO] [stdout] 
[INFO] [stdout] error[E0599]: no method named `reset_timeout` found for struct `DamlGrpcClientBuilder` in the current scope
[INFO] [stdout]    --> tests/common/ping_pong.rs:168:10
[INFO] [stdout]     |
[INFO] [stdout] 167 |       let client = DamlGrpcClientBuilder::uri(uri)
[INFO] [stdout]     |  __________________-
[INFO] [stdout] 168 | |         .reset_timeout(Duration::from_millis(RESET_TIMEOUT_MS))
[INFO] [stdout]     | |         -^^^^^^^^^^^^^ help: there is a method with a similar name: `timeout`
[INFO] [stdout]     | |_________|
[INFO] [stdout]     | 
[INFO] [stdout] 
[INFO] [stdout] 
[INFO] [stdout] error[E0277]: the size for values of type `str` cannot be known at compilation time
[INFO] [stdout]   --> tests/grpc/daml_active_contract_service_tests.rs:17:9
[INFO] [stdout]    |
[INFO] [stdout] 17 |     let package_id = find_module_package_id(&ledger_client, PINGPONG_MODULE_NAME).await?;
[INFO] [stdout]    |         ^^^^^^^^^^ doesn't have a size known at compile-time
[INFO] [stdout]    |
[INFO] [stdout]    = help: the trait `Sized` is not implemented for `str`
[INFO] [stdout]    = note: all local variables must have a statically known size
[INFO] [stdout]    = help: unsized locals are gated as an unstable feature
[INFO] [stdout] 
[INFO] [stdout] 
[INFO] [stdout] error[E0277]: the size for values of type `str` cannot be known at compilation time
[INFO] [stdout]   --> tests/grpc/daml_active_contract_service_tests.rs:17:22
[INFO] [stdout]    |
[INFO] [stdout] 17 |     let package_id = find_module_package_id(&ledger_client, PINGPONG_MODULE_NAME).await?;
[INFO] [stdout]    |                      ^^^^^^^^^^^^^^^^^^^^^^^^^^^^^^^^^^^^^^^^^^^^^^^^^^^^^^^^^^^^^^^^^^^ doesn't have a size known at compile-time
[INFO] [stdout]    |
[INFO] [stdout]    = help: the trait `Sized` is not implemented for `str`
[INFO] [stdout]    = note: all local variables must have a statically known size
[INFO] [stdout]    = help: unsized locals are gated as an unstable feature
[INFO] [stdout] 
[INFO] [stdout] 
[INFO] [stdout] error[E0277]: the size for values of type `str` cannot be known at compilation time
[INFO] [stdout]   --> tests/grpc/daml_active_contract_service_tests.rs:17:88
[INFO] [stdout]    |
[INFO] [stdout] 17 |     let package_id = find_module_package_id(&ledger_client, PINGPONG_MODULE_NAME).await?;
[INFO] [stdout]    |                                                                                        ^ doesn't have a size known at compile-time
[INFO] [stdout]    |
[INFO] [stdout]    = help: the trait `Sized` is not implemented for `str`
[INFO] [stdout] note: required by a bound in `Break`
[INFO] [stdout]   --> /rustc/84c898d65adf2f39a5a98507f1fe0ce10a2b8dbc/library/core/src/ops/control_flow.rs:93:5
[INFO] [stdout] 
[INFO] [stdout] 
[INFO] [stdout] error[E0277]: the size for values of type `str` cannot be known at compilation time
[INFO] [stdout]   --> tests/grpc/daml_command_completion_service_tests.rs:13:9
[INFO] [stdout]    |
[INFO] [stdout] 13 |     let package_id = find_module_package_id(&ledger_client, PINGPONG_MODULE_NAME).await?;
[INFO] [stdout]    |         ^^^^^^^^^^ doesn't have a size known at compile-time
[INFO] [stdout]    |
[INFO] [stdout]    = help: the trait `Sized` is not implemented for `str`
[INFO] [stdout]    = note: all local variables must have a statically known size
[INFO] [stdout]    = help: unsized locals are gated as an unstable feature
[INFO] [stdout] 
[INFO] [stdout] 
[INFO] [stdout] error[E0277]: the size for values of type `str` cannot be known at compilation time
[INFO] [stdout]   --> tests/grpc/daml_command_completion_service_tests.rs:13:22
[INFO] [stdout]    |
[INFO] [stdout] 13 |     let package_id = find_module_package_id(&ledger_client, PINGPONG_MODULE_NAME).await?;
[INFO] [stdout]    |                      ^^^^^^^^^^^^^^^^^^^^^^^^^^^^^^^^^^^^^^^^^^^^^^^^^^^^^^^^^^^^^^^^^^^ doesn't have a size known at compile-time
[INFO] [stdout]    |
[INFO] [stdout]    = help: the trait `Sized` is not implemented for `str`
[INFO] [stdout]    = note: all local variables must have a statically known size
[INFO] [stdout]    = help: unsized locals are gated as an unstable feature
[INFO] [stdout] 
[INFO] [stdout] 
[INFO] [stdout] error[E0277]: the size for values of type `str` cannot be known at compilation time
[INFO] [stdout]   --> tests/grpc/daml_command_completion_service_tests.rs:13:88
[INFO] [stdout]    |
[INFO] [stdout] 13 |     let package_id = find_module_package_id(&ledger_client, PINGPONG_MODULE_NAME).await?;
[INFO] [stdout]    |                                                                                        ^ doesn't have a size known at compile-time
[INFO] [stdout]    |
[INFO] [stdout]    = help: the trait `Sized` is not implemented for `str`
[INFO] [stdout] note: required by a bound in `Break`
[INFO] [stdout]   --> /rustc/84c898d65adf2f39a5a98507f1fe0ce10a2b8dbc/library/core/src/ops/control_flow.rs:93:5
[INFO] [stdout] 
[INFO] [stdout] 
[INFO] [stdout] error[E0277]: the size for values of type `str` cannot be known at compilation time
[INFO] [stdout]   --> tests/grpc/daml_command_service_tests.rs:21:9
[INFO] [stdout]    |
[INFO] [stdout] 21 |     let package_id = find_module_package_id(&ledger_client, PINGPONG_MODULE_NAME).await?;
[INFO] [stdout]    |         ^^^^^^^^^^ doesn't have a size known at compile-time
[INFO] [stdout]    |
[INFO] [stdout]    = help: the trait `Sized` is not implemented for `str`
[INFO] [stdout]    = note: all local variables must have a statically known size
[INFO] [stdout]    = help: unsized locals are gated as an unstable feature
[INFO] [stdout] 
[INFO] [stdout] 
[INFO] [stdout] error[E0277]: the size for values of type `str` cannot be known at compilation time
[INFO] [stdout]   --> tests/grpc/daml_command_service_tests.rs:21:22
[INFO] [stdout]    |
[INFO] [stdout] 21 |     let package_id = find_module_package_id(&ledger_client, PINGPONG_MODULE_NAME).await?;
[INFO] [stdout]    |                      ^^^^^^^^^^^^^^^^^^^^^^^^^^^^^^^^^^^^^^^^^^^^^^^^^^^^^^^^^^^^^^^^^^^ doesn't have a size known at compile-time
[INFO] [stdout]    |
[INFO] [stdout]    = help: the trait `Sized` is not implemented for `str`
[INFO] [stdout]    = note: all local variables must have a statically known size
[INFO] [stdout]    = help: unsized locals are gated as an unstable feature
[INFO] [stdout] 
[INFO] [stdout] 
[INFO] [stdout] error[E0277]: the size for values of type `str` cannot be known at compilation time
[INFO] [stdout]   --> tests/grpc/daml_command_service_tests.rs:21:88
[INFO] [stdout]    |
[INFO] [stdout] 21 |     let package_id = find_module_package_id(&ledger_client, PINGPONG_MODULE_NAME).await?;
[INFO] [stdout]    |                                                                                        ^ doesn't have a size known at compile-time
[INFO] [stdout]    |
[INFO] [stdout]    = help: the trait `Sized` is not implemented for `str`
[INFO] [stdout] note: required by a bound in `Break`
[INFO] [stdout]   --> /rustc/84c898d65adf2f39a5a98507f1fe0ce10a2b8dbc/library/core/src/ops/control_flow.rs:93:5
[INFO] [stdout] 
[INFO] [stdout] 
[INFO] [stdout] error[E0277]: the size for values of type `str` cannot be known at compilation time
[INFO] [stdout]   --> tests/grpc/daml_command_service_tests.rs:33:9
[INFO] [stdout]    |
[INFO] [stdout] 33 |     let package_id = find_module_package_id(&ledger_client, PINGPONG_MODULE_NAME).await?;
[INFO] [stdout]    |         ^^^^^^^^^^ doesn't have a size known at compile-time
[INFO] [stdout]    |
[INFO] [stdout]    = help: the trait `Sized` is not implemented for `str`
[INFO] [stdout]    = note: all local variables must have a statically known size
[INFO] [stdout]    = help: unsized locals are gated as an unstable feature
[INFO] [stdout] 
[INFO] [stdout] 
[INFO] [stdout] error[E0277]: the size for values of type `str` cannot be known at compilation time
[INFO] [stdout]   --> tests/grpc/daml_command_service_tests.rs:33:22
[INFO] [stdout]    |
[INFO] [stdout] 33 |     let package_id = find_module_package_id(&ledger_client, PINGPONG_MODULE_NAME).await?;
[INFO] [stdout]    |                      ^^^^^^^^^^^^^^^^^^^^^^^^^^^^^^^^^^^^^^^^^^^^^^^^^^^^^^^^^^^^^^^^^^^ doesn't have a size known at compile-time
[INFO] [stdout]    |
[INFO] [stdout]    = help: the trait `Sized` is not implemented for `str`
[INFO] [stdout]    = note: all local variables must have a statically known size
[INFO] [stdout]    = help: unsized locals are gated as an unstable feature
[INFO] [stdout] 
[INFO] [stdout] 
[INFO] [stdout] error[E0277]: the size for values of type `str` cannot be known at compilation time
[INFO] [stdout]   --> tests/grpc/daml_command_service_tests.rs:33:88
[INFO] [stdout]    |
[INFO] [stdout] 33 |     let package_id = find_module_package_id(&ledger_client, PINGPONG_MODULE_NAME).await?;
[INFO] [stdout]    |                                                                                        ^ doesn't have a size known at compile-time
[INFO] [stdout]    |
[INFO] [stdout]    = help: the trait `Sized` is not implemented for `str`
[INFO] [stdout] note: required by a bound in `Break`
[INFO] [stdout]   --> /rustc/84c898d65adf2f39a5a98507f1fe0ce10a2b8dbc/library/core/src/ops/control_flow.rs:93:5
[INFO] [stdout] 
[INFO] [stdout] 
[INFO] [stdout] error[E0277]: the size for values of type `str` cannot be known at compilation time
[INFO] [stdout]   --> tests/grpc/daml_command_service_tests.rs:44:9
[INFO] [stdout]    |
[INFO] [stdout] 44 |     let package_id = find_module_package_id(&ledger_client, PINGPONG_MODULE_NAME).await?;
[INFO] [stdout]    |         ^^^^^^^^^^ doesn't have a size known at compile-time
[INFO] [stdout]    |
[INFO] [stdout]    = help: the trait `Sized` is not implemented for `str`
[INFO] [stdout]    = note: all local variables must have a statically known size
[INFO] [stdout]    = help: unsized locals are gated as an unstable feature
[INFO] [stdout] 
[INFO] [stdout] 
[INFO] [stdout] error[E0277]: the size for values of type `str` cannot be known at compilation time
[INFO] [stdout]   --> tests/grpc/daml_command_service_tests.rs:44:22
[INFO] [stdout]    |
[INFO] [stdout] 44 |     let package_id = find_module_package_id(&ledger_client, PINGPONG_MODULE_NAME).await?;
[INFO] [stdout]    |                      ^^^^^^^^^^^^^^^^^^^^^^^^^^^^^^^^^^^^^^^^^^^^^^^^^^^^^^^^^^^^^^^^^^^ doesn't have a size known at compile-time
[INFO] [stdout]    |
[INFO] [stdout]    = help: the trait `Sized` is not implemented for `str`
[INFO] [stdout]    = note: all local variables must have a statically known size
[INFO] [stdout]    = help: unsized locals are gated as an unstable feature
[INFO] [stdout] 
[INFO] [stdout] 
[INFO] [stdout] error[E0277]: the size for values of type `str` cannot be known at compilation time
[INFO] [stdout]   --> tests/grpc/daml_command_service_tests.rs:44:88
[INFO] [stdout]    |
[INFO] [stdout] 44 |     let package_id = find_module_package_id(&ledger_client, PINGPONG_MODULE_NAME).await?;
[INFO] [stdout]    |                                                                                        ^ doesn't have a size known at compile-time
[INFO] [stdout]    |
[INFO] [stdout]    = help: the trait `Sized` is not implemented for `str`
[INFO] [stdout] note: required by a bound in `Break`
[INFO] [stdout]   --> /rustc/84c898d65adf2f39a5a98507f1fe0ce10a2b8dbc/library/core/src/ops/control_flow.rs:93:5
[INFO] [stdout] 
[INFO] [stdout] 
[INFO] [stdout] error[E0277]: the size for values of type `str` cannot be known at compilation time
[INFO] [stdout]   --> tests/grpc/daml_command_service_tests.rs:60:9
[INFO] [stdout]    |
[INFO] [stdout] 60 |     let package_id = find_module_package_id(&ledger_client, PINGPONG_MODULE_NAME).await?;
[INFO] [stdout]    |         ^^^^^^^^^^ doesn't have a size known at compile-time
[INFO] [stdout]    |
[INFO] [stdout]    = help: the trait `Sized` is not implemented for `str`
[INFO] [stdout]    = note: all local variables must have a statically known size
[INFO] [stdout]    = help: unsized locals are gated as an unstable feature
[INFO] [stdout] 
[INFO] [stdout] 
[INFO] [stdout] error[E0277]: the size for values of type `str` cannot be known at compilation time
[INFO] [stdout]   --> tests/grpc/daml_command_service_tests.rs:60:22
[INFO] [stdout]    |
[INFO] [stdout] 60 |     let package_id = find_module_package_id(&ledger_client, PINGPONG_MODULE_NAME).await?;
[INFO] [stdout]    |                      ^^^^^^^^^^^^^^^^^^^^^^^^^^^^^^^^^^^^^^^^^^^^^^^^^^^^^^^^^^^^^^^^^^^ doesn't have a size known at compile-time
[INFO] [stdout]    |
[INFO] [stdout]    = help: the trait `Sized` is not implemented for `str`
[INFO] [stdout]    = note: all local variables must have a statically known size
[INFO] [stdout]    = help: unsized locals are gated as an unstable feature
[INFO] [stdout] 
[INFO] [stdout] 
[INFO] [stdout] error[E0277]: the size for values of type `str` cannot be known at compilation time
[INFO] [stdout]   --> tests/grpc/daml_command_service_tests.rs:60:88
[INFO] [stdout]    |
[INFO] [stdout] 60 |     let package_id = find_module_package_id(&ledger_client, PINGPONG_MODULE_NAME).await?;
[INFO] [stdout]    |                                                                                        ^ doesn't have a size known at compile-time
[INFO] [stdout]    |
[INFO] [stdout]    = help: the trait `Sized` is not implemented for `str`
[INFO] [stdout] note: required by a bound in `Break`
[INFO] [stdout]   --> /rustc/84c898d65adf2f39a5a98507f1fe0ce10a2b8dbc/library/core/src/ops/control_flow.rs:93:5
[INFO] [stdout] 
[INFO] [stdout] 
[INFO] [stdout] error[E0277]: the size for values of type `str` cannot be known at compilation time
[INFO] [stdout]   --> tests/grpc/daml_command_service_tests.rs:88:9
[INFO] [stdout]    |
[INFO] [stdout] 88 |     let package_id = find_module_package_id(&ledger_client, PINGPONG_MODULE_NAME).await?;
[INFO] [stdout]    |         ^^^^^^^^^^ doesn't have a size known at compile-time
[INFO] [stdout]    |
[INFO] [stdout]    = help: the trait `Sized` is not implemented for `str`
[INFO] [stdout]    = note: all local variables must have a statically known size
[INFO] [stdout]    = help: unsized locals are gated as an unstable feature
[INFO] [stdout] 
[INFO] [stdout] 
[INFO] [stdout] error[E0277]: the size for values of type `str` cannot be known at compilation time
[INFO] [stdout]   --> tests/grpc/daml_command_service_tests.rs:88:22
[INFO] [stdout]    |
[INFO] [stdout] 88 |     let package_id = find_module_package_id(&ledger_client, PINGPONG_MODULE_NAME).await?;
[INFO] [stdout]    |                      ^^^^^^^^^^^^^^^^^^^^^^^^^^^^^^^^^^^^^^^^^^^^^^^^^^^^^^^^^^^^^^^^^^^ doesn't have a size known at compile-time
[INFO] [stdout]    |
[INFO] [stdout]    = help: the trait `Sized` is not implemented for `str`
[INFO] [stdout]    = note: all local variables must have a statically known size
[INFO] [stdout]    = help: unsized locals are gated as an unstable feature
[INFO] [stdout] 
[INFO] [stdout] 
[INFO] [stdout] error[E0277]: the size for values of type `str` cannot be known at compilation time
[INFO] [stdout]   --> tests/grpc/daml_command_service_tests.rs:88:88
[INFO] [stdout]    |
[INFO] [stdout] 88 |     let package_id = find_module_package_id(&ledger_client, PINGPONG_MODULE_NAME).await?;
[INFO] [stdout]    |                                                                                        ^ doesn't have a size known at compile-time
[INFO] [stdout]    |
[INFO] [stdout]    = help: the trait `Sized` is not implemented for `str`
[INFO] [stdout] note: required by a bound in `Break`
[INFO] [stdout]   --> /rustc/84c898d65adf2f39a5a98507f1fe0ce10a2b8dbc/library/core/src/ops/control_flow.rs:93:5
[INFO] [stdout] 
[INFO] [stdout] 
[INFO] [stdout] error[E0277]: the size for values of type `str` cannot be known at compilation time
[INFO] [stdout]    --> tests/grpc/daml_command_service_tests.rs:142:9
[INFO] [stdout]     |
[INFO] [stdout] 142 |     let package_id = find_module_package_id(&ledger_client, PINGPONG_MODULE_NAME).await?;
[INFO] [stdout]     |         ^^^^^^^^^^ doesn't have a size known at compile-time
[INFO] [stdout]     |
[INFO] [stdout]     = help: the trait `Sized` is not implemented for `str`
[INFO] [stdout]     = note: all local variables must have a statically known size
[INFO] [stdout]     = help: unsized locals are gated as an unstable feature
[INFO] [stdout] 
[INFO] [stdout] 
[INFO] [stdout] error[E0277]: the size for values of type `str` cannot be known at compilation time
[INFO] [stdout]    --> tests/grpc/daml_command_service_tests.rs:142:22
[INFO] [stdout]     |
[INFO] [stdout] 142 |     let package_id = find_module_package_id(&ledger_client, PINGPONG_MODULE_NAME).await?;
[INFO] [stdout]     |                      ^^^^^^^^^^^^^^^^^^^^^^^^^^^^^^^^^^^^^^^^^^^^^^^^^^^^^^^^^^^^^^^^^^^ doesn't have a size known at compile-time
[INFO] [stdout]     |
[INFO] [stdout]     = help: the trait `Sized` is not implemented for `str`
[INFO] [stdout]     = note: all local variables must have a statically known size
[INFO] [stdout]     = help: unsized locals are gated as an unstable feature
[INFO] [stdout] 
[INFO] [stdout] 
[INFO] [stdout] error[E0277]: the size for values of type `str` cannot be known at compilation time
[INFO] [stdout]    --> tests/grpc/daml_command_service_tests.rs:142:88
[INFO] [stdout]     |
[INFO] [stdout] 142 |     let package_id = find_module_package_id(&ledger_client, PINGPONG_MODULE_NAME).await?;
[INFO] [stdout]     |                                                                                        ^ doesn't have a size known at compile-time
[INFO] [stdout]     |
[INFO] [stdout]     = help: the trait `Sized` is not implemented for `str`
[INFO] [stdout] note: required by a bound in `Break`
[INFO] [stdout]    --> /rustc/84c898d65adf2f39a5a98507f1fe0ce10a2b8dbc/library/core/src/ops/control_flow.rs:93:5
[INFO] [stdout] 
[INFO] [stdout] 
[INFO] [stdout] error[E0277]: the size for values of type `str` cannot be known at compilation time
[INFO] [stdout]   --> tests/grpc/daml_command_submission_service_tests.rs:24:9
[INFO] [stdout]    |
[INFO] [stdout] 24 |     let package_id = find_module_package_id(&ledger_client, PINGPONG_MODULE_NAME).await?;
[INFO] [stdout]    |         ^^^^^^^^^^ doesn't have a size known at compile-time
[INFO] [stdout]    |
[INFO] [stdout]    = help: the trait `Sized` is not implemented for `str`
[INFO] [stdout]    = note: all local variables must have a statically known size
[INFO] [stdout]    = help: unsized locals are gated as an unstable feature
[INFO] [stdout] 
[INFO] [stdout] 
[INFO] [stdout] error[E0277]: the size for values of type `str` cannot be known at compilation time
[INFO] [stdout]   --> tests/grpc/daml_command_submission_service_tests.rs:24:22
[INFO] [stdout]    |
[INFO] [stdout] 24 |     let package_id = find_module_package_id(&ledger_client, PINGPONG_MODULE_NAME).await?;
[INFO] [stdout]    |                      ^^^^^^^^^^^^^^^^^^^^^^^^^^^^^^^^^^^^^^^^^^^^^^^^^^^^^^^^^^^^^^^^^^^ doesn't have a size known at compile-time
[INFO] [stdout]    |
[INFO] [stdout]    = help: the trait `Sized` is not implemented for `str`
[INFO] [stdout]    = note: all local variables must have a statically known size
[INFO] [stdout]    = help: unsized locals are gated as an unstable feature
[INFO] [stdout] 
[INFO] [stdout] 
[INFO] [stdout] error[E0277]: the size for values of type `str` cannot be known at compilation time
[INFO] [stdout]   --> tests/grpc/daml_command_submission_service_tests.rs:24:88
[INFO] [stdout]    |
[INFO] [stdout] 24 |     let package_id = find_module_package_id(&ledger_client, PINGPONG_MODULE_NAME).await?;
[INFO] [stdout]    |                                                                                        ^ doesn't have a size known at compile-time
[INFO] [stdout]    |
[INFO] [stdout]    = help: the trait `Sized` is not implemented for `str`
[INFO] [stdout] note: required by a bound in `Break`
[INFO] [stdout]   --> /rustc/84c898d65adf2f39a5a98507f1fe0ce10a2b8dbc/library/core/src/ops/control_flow.rs:93:5
[INFO] [stdout] 
[INFO] [stdout] 
[INFO] [stdout] error[E0599]: no method named `time_service` found for struct `DamlGrpcClient` in the current scope
[INFO] [stdout]   --> tests/grpc/daml_config_management_service.rs:27:58
[INFO] [stdout]    |
[INFO] [stdout] 27 |     let ledger_times: Vec<DateTime<Utc>> = ledger_client.time_service().get_time().await?.take(1).try_collect().await?;
[INFO] [stdout]    |                                                          ^^^^^^^^^^^^ method not found in `DamlGrpcClient`
[INFO] [stdout] 
[INFO] [stdout] 
[INFO] [stdout] error[E0599]: no method named `time_service` found for struct `DamlGrpcClient` in the current scope
[INFO] [stdout]   --> tests/grpc/daml_time_service_tests.rs:12:58
[INFO] [stdout]    |
[INFO] [stdout] 12 |     let ledger_times: Vec<DateTime<Utc>> = ledger_client.time_service().get_time().await?.take(1).try_collect().await?;
[INFO] [stdout]    |                                                          ^^^^^^^^^^^^ method not found in `DamlGrpcClient`
[INFO] [stdout] 
[INFO] [stdout] 
[INFO] [stdout] error[E0599]: no method named `time_service` found for struct `DamlGrpcClient` in the current scope
[INFO] [stdout]   --> tests/grpc/daml_time_service_tests.rs:24:19
[INFO] [stdout]    |
[INFO] [stdout] 24 |     ledger_client.time_service().set_time(current_time, new_time).await?;
[INFO] [stdout]    |                   ^^^^^^^^^^^^ method not found in `DamlGrpcClient`
[INFO] [stdout] 
[INFO] [stdout] 
[INFO] [stdout] error[E0599]: no method named `time_service` found for struct `DamlGrpcClient` in the current scope
[INFO] [stdout]   --> tests/grpc/daml_time_service_tests.rs:25:58
[INFO] [stdout]    |
[INFO] [stdout] 25 |     let ledger_times: Vec<DateTime<Utc>> = ledger_client.time_service().get_time().await?.take(1).try_collect().await?;
[INFO] [stdout]    |                                                          ^^^^^^^^^^^^ method not found in `DamlGrpcClient`
[INFO] [stdout] 
[INFO] [stdout] 
[INFO] [stdout] error[E0277]: the size for values of type `str` cannot be known at compilation time
[INFO] [stdout]   --> tests/grpc/daml_transaction_service_tests.rs:24:9
[INFO] [stdout]    |
[INFO] [stdout] 24 |     let package_id = find_module_package_id(&ledger_client, PINGPONG_MODULE_NAME).await?;
[INFO] [stdout]    |         ^^^^^^^^^^ doesn't have a size known at compile-time
[INFO] [stdout]    |
[INFO] [stdout]    = help: the trait `Sized` is not implemented for `str`
[INFO] [stdout]    = note: all local variables must have a statically known size
[INFO] [stdout]    = help: unsized locals are gated as an unstable feature
[INFO] [stdout] 
[INFO] [stdout] 
[INFO] [stdout] error[E0277]: the size for values of type `str` cannot be known at compilation time
[INFO] [stdout]   --> tests/grpc/daml_transaction_service_tests.rs:24:22
[INFO] [stdout]    |
[INFO] [stdout] 24 |     let package_id = find_module_package_id(&ledger_client, PINGPONG_MODULE_NAME).await?;
[INFO] [stdout]    |                      ^^^^^^^^^^^^^^^^^^^^^^^^^^^^^^^^^^^^^^^^^^^^^^^^^^^^^^^^^^^^^^^^^^^ doesn't have a size known at compile-time
[INFO] [stdout]    |
[INFO] [stdout]    = help: the trait `Sized` is not implemented for `str`
[INFO] [stdout]    = note: all local variables must have a statically known size
[INFO] [stdout]    = help: unsized locals are gated as an unstable feature
[INFO] [stdout] 
[INFO] [stdout] 
[INFO] [stdout] error[E0277]: the size for values of type `str` cannot be known at compilation time
[INFO] [stdout]   --> tests/grpc/daml_transaction_service_tests.rs:24:88
[INFO] [stdout]    |
[INFO] [stdout] 24 |     let package_id = find_module_package_id(&ledger_client, PINGPONG_MODULE_NAME).await?;
[INFO] [stdout]    |                                                                                        ^ doesn't have a size known at compile-time
[INFO] [stdout]    |
[INFO] [stdout]    = help: the trait `Sized` is not implemented for `str`
[INFO] [stdout] note: required by a bound in `Break`
[INFO] [stdout]   --> /rustc/84c898d65adf2f39a5a98507f1fe0ce10a2b8dbc/library/core/src/ops/control_flow.rs:93:5
[INFO] [stdout] 
[INFO] [stdout] 
[INFO] [stdout] error[E0277]: the size for values of type `str` cannot be known at compilation time
[INFO] [stdout]    --> tests/grpc/daml_transaction_service_tests.rs:100:9
[INFO] [stdout]     |
[INFO] [stdout] 100 |     let package_id = find_module_package_id(&ledger_client, PINGPONG_MODULE_NAME).await?;
[INFO] [stdout]     |         ^^^^^^^^^^ doesn't have a size known at compile-time
[INFO] [stdout]     |
[INFO] [stdout]     = help: the trait `Sized` is not implemented for `str`
[INFO] [stdout]     = note: all local variables must have a statically known size
[INFO] [stdout]     = help: unsized locals are gated as an unstable feature
[INFO] [stdout] 
[INFO] [stdout] 
[INFO] [stdout] error[E0277]: the size for values of type `str` cannot be known at compilation time
[INFO] [stdout]    --> tests/grpc/daml_transaction_service_tests.rs:100:22
[INFO] [stdout]     |
[INFO] [stdout] 100 |     let package_id = find_module_package_id(&ledger_client, PINGPONG_MODULE_NAME).await?;
[INFO] [stdout]     |                      ^^^^^^^^^^^^^^^^^^^^^^^^^^^^^^^^^^^^^^^^^^^^^^^^^^^^^^^^^^^^^^^^^^^ doesn't have a size known at compile-time
[INFO] [stdout]     |
[INFO] [stdout]     = help: the trait `Sized` is not implemented for `str`
[INFO] [stdout]     = note: all local variables must have a statically known size
[INFO] [stdout]     = help: unsized locals are gated as an unstable feature
[INFO] [stdout] 
[INFO] [stdout] 
[INFO] [stdout] error[E0277]: the size for values of type `str` cannot be known at compilation time
[INFO] [stdout]    --> tests/grpc/daml_transaction_service_tests.rs:100:88
[INFO] [stdout]     |
[INFO] [stdout] 100 |     let package_id = find_module_package_id(&ledger_client, PINGPONG_MODULE_NAME).await?;
[INFO] [stdout]     |                                                                                        ^ doesn't have a size known at compile-time
[INFO] [stdout]     |
[INFO] [stdout]     = help: the trait `Sized` is not implemented for `str`
[INFO] [stdout] note: required by a bound in `Break`
[INFO] [stdout]    --> /rustc/84c898d65adf2f39a5a98507f1fe0ce10a2b8dbc/library/core/src/ops/control_flow.rs:93:5
[INFO] [stdout] 
[INFO] [stdout] 
[INFO] [stdout] error[E0277]: can't compare `str` with `&str`
[INFO] [stdout]    --> tests/grpc/daml_transaction_service_tests.rs:117:5
[INFO] [stdout]     |
[INFO] [stdout] 117 |     assert_eq!(package_id, event.template_id().package_id());
[INFO] [stdout]     |     ^^^^^^^^^^^^^^^^^^^^^^^^^^^^^^^^^^^^^^^^^^^^^^^^^^^^^^^^ no implementation for `str == &str`
[INFO] [stdout]     |
[INFO] [stdout]     = help: the trait `PartialEq<&str>` is not implemented for `str`
[INFO] [stdout]     = help: the following other types implement trait `PartialEq<Rhs>`:
[INFO] [stdout]               <&'a str as PartialEq<OsString>>
[INFO] [stdout]               <&'a str as PartialEq<String>>
[INFO] [stdout]               <&'a str as PartialEq<http::header::name::HeaderName>>
[INFO] [stdout]               <&'a str as PartialEq<http::header::value::HeaderValue>>
[INFO] [stdout]               <&'a str as PartialEq<http::method::Method>>
[INFO] [stdout]               <&'a str as PartialEq<http::uri::Uri>>
[INFO] [stdout]               <&'a str as PartialEq<http::uri::authority::Authority>>
[INFO] [stdout]               <&'a str as PartialEq<http::uri::path::PathAndQuery>>
[INFO] [stdout]             and 25 others
[INFO] [stdout]     = note: this error originates in the macro `assert_eq` (in Nightly builds, run with -Z macro-backtrace for more info)
[INFO] [stdout] 
[INFO] [stdout] 
[INFO] [stdout] error[E0277]: the size for values of type `str` cannot be known at compilation time
[INFO] [stdout]    --> tests/grpc/daml_transaction_service_tests.rs:133:9
[INFO] [stdout]     |
[INFO] [stdout] 133 |     let package_id = find_module_package_id(&ledger_client, PINGPONG_MODULE_NAME).await?;
[INFO] [stdout]     |         ^^^^^^^^^^ doesn't have a size known at compile-time
[INFO] [stdout]     |
[INFO] [stdout]     = help: the trait `Sized` is not implemented for `str`
[INFO] [stdout]     = note: all local variables must have a statically known size
[INFO] [stdout]     = help: unsized locals are gated as an unstable feature
[INFO] [stdout] 
[INFO] [stdout] 
[INFO] [stdout] error[E0277]: the size for values of type `str` cannot be known at compilation time
[INFO] [stdout]    --> tests/grpc/daml_transaction_service_tests.rs:133:22
[INFO] [stdout]     |
[INFO] [stdout] 133 |     let package_id = find_module_package_id(&ledger_client, PINGPONG_MODULE_NAME).await?;
[INFO] [stdout]     |                      ^^^^^^^^^^^^^^^^^^^^^^^^^^^^^^^^^^^^^^^^^^^^^^^^^^^^^^^^^^^^^^^^^^^ doesn't have a size known at compile-time
[INFO] [stdout]     |
[INFO] [stdout]     = help: the trait `Sized` is not implemented for `str`
[INFO] [stdout]     = note: all local variables must have a statically known size
[INFO] [stdout]     = help: unsized locals are gated as an unstable feature
[INFO] [stdout] 
[INFO] [stdout] 
[INFO] [stdout] error[E0277]: the size for values of type `str` cannot be known at compilation time
[INFO] [stdout]    --> tests/grpc/daml_transaction_service_tests.rs:133:88
[INFO] [stdout]     |
[INFO] [stdout] 133 |     let package_id = find_module_package_id(&ledger_client, PINGPONG_MODULE_NAME).await?;
[INFO] [stdout]     |                                                                                        ^ doesn't have a size known at compile-time
[INFO] [stdout]     |
[INFO] [stdout]     = help: the trait `Sized` is not implemented for `str`
[INFO] [stdout] note: required by a bound in `Break`
[INFO] [stdout]    --> /rustc/84c898d65adf2f39a5a98507f1fe0ce10a2b8dbc/library/core/src/ops/control_flow.rs:93:5
[INFO] [stdout] 
[INFO] [stdout] 
[INFO] [stdout] error[E0277]: can't compare `str` with `&str`
[INFO] [stdout]    --> tests/grpc/daml_transaction_service_tests.rs:150:5
[INFO] [stdout]     |
[INFO] [stdout] 150 |     assert_eq!(package_id, event.template_id().package_id());
[INFO] [stdout]     |     ^^^^^^^^^^^^^^^^^^^^^^^^^^^^^^^^^^^^^^^^^^^^^^^^^^^^^^^^ no implementation for `str == &str`
[INFO] [stdout]     |
[INFO] [stdout]     = help: the trait `PartialEq<&str>` is not implemented for `str`
[INFO] [stdout]     = help: the following other types implement trait `PartialEq<Rhs>`:
[INFO] [stdout]               <&'a str as PartialEq<OsString>>
[INFO] [stdout]               <&'a str as PartialEq<String>>
[INFO] [stdout]               <&'a str as PartialEq<http::header::name::HeaderName>>
[INFO] [stdout]               <&'a str as PartialEq<http::header::value::HeaderValue>>
[INFO] [stdout]               <&'a str as PartialEq<http::method::Method>>
[INFO] [stdout]               <&'a str as PartialEq<http::uri::Uri>>
[INFO] [stdout]               <&'a str as PartialEq<http::uri::authority::Authority>>
[INFO] [stdout]               <&'a str as PartialEq<http::uri::path::PathAndQuery>>
[INFO] [stdout]             and 25 others
[INFO] [stdout]     = note: this error originates in the macro `assert_eq` (in Nightly builds, run with -Z macro-backtrace for more info)
[INFO] [stdout] 
[INFO] [stdout] 
[INFO] [stdout] error[E0277]: the size for values of type `str` cannot be known at compilation time
[INFO] [stdout]    --> tests/grpc/daml_transaction_service_tests.rs:166:9
[INFO] [stdout]     |
[INFO] [stdout] 166 |     let package_id = find_module_package_id(&ledger_client, PINGPONG_MODULE_NAME).await?;
[INFO] [stdout]     |         ^^^^^^^^^^ doesn't have a size known at compile-time
[INFO] [stdout]     |
[INFO] [stdout]     = help: the trait `Sized` is not implemented for `str`
[INFO] [stdout]     = note: all local variables must have a statically known size
[INFO] [stdout]     = help: unsized locals are gated as an unstable feature
[INFO] [stdout] 
[INFO] [stdout] 
[INFO] [stdout] error[E0277]: the size for values of type `str` cannot be known at compilation time
[INFO] [stdout]    --> tests/grpc/daml_transaction_service_tests.rs:166:22
[INFO] [stdout]     |
[INFO] [stdout] 166 |     let package_id = find_module_package_id(&ledger_client, PINGPONG_MODULE_NAME).await?;
[INFO] [stdout]     |                      ^^^^^^^^^^^^^^^^^^^^^^^^^^^^^^^^^^^^^^^^^^^^^^^^^^^^^^^^^^^^^^^^^^^ doesn't have a size known at compile-time
[INFO] [stdout]     |
[INFO] [stdout]     = help: the trait `Sized` is not implemented for `str`
[INFO] [stdout]     = note: all local variables must have a statically known size
[INFO] [stdout]     = help: unsized locals are gated as an unstable feature
[INFO] [stdout] 
[INFO] [stdout] 
[INFO] [stdout] error[E0277]: the size for values of type `str` cannot be known at compilation time
[INFO] [stdout]    --> tests/grpc/daml_transaction_service_tests.rs:166:88
[INFO] [stdout]     |
[INFO] [stdout] 166 |     let package_id = find_module_package_id(&ledger_client, PINGPONG_MODULE_NAME).await?;
[INFO] [stdout]     |                                                                                        ^ doesn't have a size known at compile-time
[INFO] [stdout]     |
[INFO] [stdout]     = help: the trait `Sized` is not implemented for `str`
[INFO] [stdout] note: required by a bound in `Break`
[INFO] [stdout]    --> /rustc/84c898d65adf2f39a5a98507f1fe0ce10a2b8dbc/library/core/src/ops/control_flow.rs:93:5
[INFO] [stdout] 
[INFO] [stdout] 
[INFO] [stdout] error[E0277]: can't compare `str` with `&str`
[INFO] [stdout]    --> tests/grpc/daml_transaction_service_tests.rs:183:5
[INFO] [stdout]     |
[INFO] [stdout] 183 |     assert_eq!(package_id, event.template_id().package_id());
[INFO] [stdout]     |     ^^^^^^^^^^^^^^^^^^^^^^^^^^^^^^^^^^^^^^^^^^^^^^^^^^^^^^^^ no implementation for `str == &str`
[INFO] [stdout]     |
[INFO] [stdout]     = help: the trait `PartialEq<&str>` is not implemented for `str`
[INFO] [stdout]     = help: the following other types implement trait `PartialEq<Rhs>`:
[INFO] [stdout]               <&'a str as PartialEq<OsString>>
[INFO] [stdout]               <&'a str as PartialEq<String>>
[INFO] [stdout]               <&'a str as PartialEq<http::header::name::HeaderName>>
[INFO] [stdout]               <&'a str as PartialEq<http::header::value::HeaderValue>>
[INFO] [stdout]               <&'a str as PartialEq<http::method::Method>>
[INFO] [stdout]               <&'a str as PartialEq<http::uri::Uri>>
[INFO] [stdout]               <&'a str as PartialEq<http::uri::authority::Authority>>
[INFO] [stdout]               <&'a str as PartialEq<http::uri::path::PathAndQuery>>
[INFO] [stdout]             and 25 others
[INFO] [stdout]     = note: this error originates in the macro `assert_eq` (in Nightly builds, run with -Z macro-backtrace for more info)
[INFO] [stdout] 
[INFO] [stdout] 
[INFO] [stdout] error[E0277]: the size for values of type `str` cannot be known at compilation time
[INFO] [stdout]    --> tests/grpc/daml_transaction_service_tests.rs:199:9
[INFO] [stdout]     |
[INFO] [stdout] 199 |     let package_id = find_module_package_id(&ledger_client, PINGPONG_MODULE_NAME).await?;
[INFO] [stdout]     |         ^^^^^^^^^^ doesn't have a size known at compile-time
[INFO] [stdout]     |
[INFO] [stdout]     = help: the trait `Sized` is not implemented for `str`
[INFO] [stdout]     = note: all local variables must have a statically known size
[INFO] [stdout]     = help: unsized locals are gated as an unstable feature
[INFO] [stdout] 
[INFO] [stdout] 
[INFO] [stdout] error[E0277]: the size for values of type `str` cannot be known at compilation time
[INFO] [stdout]    --> tests/grpc/daml_transaction_service_tests.rs:199:22
[INFO] [stdout]     |
[INFO] [stdout] 199 |     let package_id = find_module_package_id(&ledger_client, PINGPONG_MODULE_NAME).await?;
[INFO] [stdout]     |                      ^^^^^^^^^^^^^^^^^^^^^^^^^^^^^^^^^^^^^^^^^^^^^^^^^^^^^^^^^^^^^^^^^^^ doesn't have a size known at compile-time
[INFO] [stdout]     |
[INFO] [stdout]     = help: the trait `Sized` is not implemented for `str`
[INFO] [stdout]     = note: all local variables must have a statically known size
[INFO] [stdout]     = help: unsized locals are gated as an unstable feature
[INFO] [stdout] 
[INFO] [stdout] 
[INFO] [stdout] error[E0277]: the size for values of type `str` cannot be known at compilation time
[INFO] [stdout]    --> tests/grpc/daml_transaction_service_tests.rs:199:88
[INFO] [stdout]     |
[INFO] [stdout] 199 |     let package_id = find_module_package_id(&ledger_client, PINGPONG_MODULE_NAME).await?;
[INFO] [stdout]     |                                                                                        ^ doesn't have a size known at compile-time
[INFO] [stdout]     |
[INFO] [stdout]     = help: the trait `Sized` is not implemented for `str`
[INFO] [stdout] note: required by a bound in `Break`
[INFO] [stdout]    --> /rustc/84c898d65adf2f39a5a98507f1fe0ce10a2b8dbc/library/core/src/ops/control_flow.rs:93:5
[INFO] [stdout] 
[INFO] [stdout] 
[INFO] [stdout] error[E0277]: can't compare `str` with `&str`
[INFO] [stdout]    --> tests/grpc/daml_transaction_service_tests.rs:216:5
[INFO] [stdout]     |
[INFO] [stdout] 216 |     assert_eq!(package_id, event.template_id().package_id());
[INFO] [stdout]     |     ^^^^^^^^^^^^^^^^^^^^^^^^^^^^^^^^^^^^^^^^^^^^^^^^^^^^^^^^ no implementation for `str == &str`
[INFO] [stdout]     |
[INFO] [stdout]     = help: the trait `PartialEq<&str>` is not implemented for `str`
[INFO] [stdout]     = help: the following other types implement trait `PartialEq<Rhs>`:
[INFO] [stdout]               <&'a str as PartialEq<OsString>>
[INFO] [stdout]               <&'a str as PartialEq<String>>
[INFO] [stdout]               <&'a str as PartialEq<http::header::name::HeaderName>>
[INFO] [stdout]               <&'a str as PartialEq<http::header::value::HeaderValue>>
[INFO] [stdout]               <&'a str as PartialEq<http::method::Method>>
[INFO] [stdout]               <&'a str as PartialEq<http::uri::Uri>>
[INFO] [stdout]               <&'a str as PartialEq<http::uri::authority::Authority>>
[INFO] [stdout]               <&'a str as PartialEq<http::uri::path::PathAndQuery>>
[INFO] [stdout]             and 25 others
[INFO] [stdout]     = note: this error originates in the macro `assert_eq` (in Nightly builds, run with -Z macro-backtrace for more info)
[INFO] [stdout] 
[INFO] [stdout] 
[INFO] [stdout] warning: unused import: `TryStreamExt`
[INFO] [stdout]  --> tests/grpc/daml_config_management_service.rs:7:26
[INFO] [stdout]   |
[INFO] [stdout] 7 | use futures::{StreamExt, TryStreamExt};
[INFO] [stdout]   |                          ^^^^^^^^^^^^
[INFO] [stdout]   |
[INFO] [stdout]   = note: `#[warn(unused_imports)]` on by default
[INFO] [stdout] 
[INFO] [stdout] 
[INFO] [stdout] warning: unused import: `StreamExt`
[INFO] [stdout]  --> tests/grpc/daml_config_management_service.rs:7:15
[INFO] [stdout]   |
[INFO] [stdout] 7 | use futures::{StreamExt, TryStreamExt};
[INFO] [stdout]   |               ^^^^^^^^^
[INFO] [stdout] 
[INFO] [stdout] 
[INFO] [stdout] warning: unused import: `futures::TryStreamExt`
[INFO] [stdout]  --> tests/grpc/daml_time_service_tests.rs:6:5
[INFO] [stdout]   |
[INFO] [stdout] 6 | use futures::TryStreamExt;
[INFO] [stdout]   |     ^^^^^^^^^^^^^^^^^^^^^
[INFO] [stdout] 
[INFO] [stdout] 
[INFO] [stdout] warning: unused import: `futures::StreamExt`
[INFO] [stdout]  --> tests/grpc/daml_time_service_tests.rs:5:5
[INFO] [stdout]   |
[INFO] [stdout] 5 | use futures::StreamExt;
[INFO] [stdout]   |     ^^^^^^^^^^^^^^^^^^
[INFO] [stdout] 
[INFO] [stdout] 
[INFO] [stdout] error: aborting due to 59 previous errors; 4 warnings emitted
[INFO] [stdout] 
[INFO] [stdout] 
[INFO] [stdout] Some errors have detailed explanations: E0277, E0433, E0599.
[INFO] [stdout] 
[INFO] [stdout] For more information about an error, try `rustc --explain E0277`.
[INFO] [stdout] 
[INFO] [stderr] error: could not compile `daml-grpc` due to 60 previous errors; 4 warnings emitted
[INFO] [stderr] warning: build failed, waiting for other jobs to finish...
[INFO] [stdout] warning: 8 warnings emitted
[INFO] [stdout] 
[INFO] [stdout] 
[INFO] running `Command { std: "docker" "inspect" "6cf14e099d48dc4e455dcc793d61d82419dc6ac3333bde7c969dc8642fcfdb32", kill_on_drop: false }`
[INFO] running `Command { std: "docker" "rm" "-f" "6cf14e099d48dc4e455dcc793d61d82419dc6ac3333bde7c969dc8642fcfdb32", kill_on_drop: false }`
[INFO] [stdout] 6cf14e099d48dc4e455dcc793d61d82419dc6ac3333bde7c969dc8642fcfdb32
