[INFO] fetching crate dac5578 0.2.1...
[INFO] testing dac5578-0.2.1 against 1.69.0 for beta-1.70-1
[INFO] extracting crate dac5578 0.2.1 into /workspace/builds/worker-1-tc1/source
[INFO] validating manifest of crates.io crate dac5578 0.2.1 on toolchain 1.69.0
[INFO] running `Command { std: CARGO_HOME="/workspace/cargo-home" RUSTUP_HOME="/workspace/rustup-home" "/workspace/cargo-home/bin/cargo" "+1.69.0" "metadata" "--manifest-path" "Cargo.toml" "--no-deps", kill_on_drop: false }`
[INFO] started tweaking crates.io crate dac5578 0.2.1
[INFO] finished tweaking crates.io crate dac5578 0.2.1
[INFO] tweaked toml for crates.io crate dac5578 0.2.1 written to /workspace/builds/worker-1-tc1/source/Cargo.toml
[INFO] running `Command { std: CARGO_HOME="/workspace/cargo-home" RUSTUP_HOME="/workspace/rustup-home" __CARGO_TEST_CHANNEL_OVERRIDE_DO_NOT_USE_THIS="nightly" "/workspace/cargo-home/bin/cargo" "+1.69.0" "generate-lockfile" "--manifest-path" "Cargo.toml" "-Zno-index-update", kill_on_drop: false }`
[INFO] running `Command { std: CARGO_HOME="/workspace/cargo-home" RUSTUP_HOME="/workspace/rustup-home" "/workspace/cargo-home/bin/cargo" "+1.69.0" "fetch" "--manifest-path" "Cargo.toml", kill_on_drop: false }`
[INFO] [stderr]  Downloading crates ...
[INFO] [stderr]   Downloaded embedded-hal-mock v0.7.2
[INFO] running `Command { std: "docker" "create" "-v" "/var/lib/crater-agent-workspace/builds/worker-1-tc1/target:/opt/rustwide/target:rw,Z" "-v" "/var/lib/crater-agent-workspace/builds/worker-1-tc1/source:/opt/rustwide/workdir:ro,Z" "-v" "/var/lib/crater-agent-workspace/cargo-home:/opt/rustwide/cargo-home:ro,Z" "-v" "/var/lib/crater-agent-workspace/rustup-home:/opt/rustwide/rustup-home:ro,Z" "-e" "SOURCE_DIR=/opt/rustwide/workdir" "-e" "CARGO_TARGET_DIR=/opt/rustwide/target" "-e" "CARGO_HOME=/opt/rustwide/cargo-home" "-e" "RUSTUP_HOME=/opt/rustwide/rustup-home" "-w" "/opt/rustwide/workdir" "-m" "1610612736" "--user" "0:0" "--network" "none" "ghcr.io/rust-lang/crates-build-env/linux@sha256:5ff2268d62e97bff2cde7d5815dd6ed5b47097566f13b8d0ca110b04b60e07ed" "/opt/rustwide/cargo-home/bin/cargo" "+1.69.0" "metadata" "--no-deps" "--format-version=1", kill_on_drop: false }`
[INFO] [stdout] f1f9e98e21aaf4f2db20bda5409555599ee3239398e6389e44c4cebb92f0040b
[INFO] running `Command { std: "docker" "start" "-a" "f1f9e98e21aaf4f2db20bda5409555599ee3239398e6389e44c4cebb92f0040b", kill_on_drop: false }`
[INFO] running `Command { std: "docker" "inspect" "f1f9e98e21aaf4f2db20bda5409555599ee3239398e6389e44c4cebb92f0040b", kill_on_drop: false }`
[INFO] running `Command { std: "docker" "rm" "-f" "f1f9e98e21aaf4f2db20bda5409555599ee3239398e6389e44c4cebb92f0040b", kill_on_drop: false }`
[INFO] [stdout] f1f9e98e21aaf4f2db20bda5409555599ee3239398e6389e44c4cebb92f0040b
[INFO] running `Command { std: "docker" "create" "-v" "/var/lib/crater-agent-workspace/builds/worker-1-tc1/target:/opt/rustwide/target:rw,Z" "-v" "/var/lib/crater-agent-workspace/builds/worker-1-tc1/source:/opt/rustwide/workdir:ro,Z" "-v" "/var/lib/crater-agent-workspace/cargo-home:/opt/rustwide/cargo-home:ro,Z" "-v" "/var/lib/crater-agent-workspace/rustup-home:/opt/rustwide/rustup-home:ro,Z" "-e" "SOURCE_DIR=/opt/rustwide/workdir" "-e" "CARGO_TARGET_DIR=/opt/rustwide/target" "-e" "CARGO_INCREMENTAL=0" "-e" "RUST_BACKTRACE=full" "-e" "RUSTFLAGS=--cap-lints=warn" "-e" "RUSTDOCFLAGS=--cap-lints=warn" "-e" "CARGO_HOME=/opt/rustwide/cargo-home" "-e" "RUSTUP_HOME=/opt/rustwide/rustup-home" "-w" "/opt/rustwide/workdir" "-m" "1610612736" "--user" "0:0" "--network" "none" "ghcr.io/rust-lang/crates-build-env/linux@sha256:5ff2268d62e97bff2cde7d5815dd6ed5b47097566f13b8d0ca110b04b60e07ed" "/opt/rustwide/cargo-home/bin/cargo" "+1.69.0" "build" "--frozen" "--message-format=json", kill_on_drop: false }`
[INFO] [stdout] e36e6df044b929fad668c0acb5f7d48329c7aae0513833f9cd0e9bf214ce6761
[INFO] running `Command { std: "docker" "start" "-a" "e36e6df044b929fad668c0acb5f7d48329c7aae0513833f9cd0e9bf214ce6761", kill_on_drop: false }`
[INFO] [stderr]    Compiling nb v1.1.0
[INFO] [stderr]    Compiling void v1.0.2
[INFO] [stderr]    Compiling nb v0.1.3
[INFO] [stderr]    Compiling embedded-hal v0.2.7
[INFO] [stderr]    Compiling dac5578 v0.2.1 (/opt/rustwide/workdir)
[INFO] [stderr]     Finished dev [unoptimized + debuginfo] target(s) in 0.62s
[INFO] running `Command { std: "docker" "inspect" "e36e6df044b929fad668c0acb5f7d48329c7aae0513833f9cd0e9bf214ce6761", kill_on_drop: false }`
[INFO] running `Command { std: "docker" "rm" "-f" "e36e6df044b929fad668c0acb5f7d48329c7aae0513833f9cd0e9bf214ce6761", kill_on_drop: false }`
[INFO] [stdout] e36e6df044b929fad668c0acb5f7d48329c7aae0513833f9cd0e9bf214ce6761
[INFO] running `Command { std: "docker" "create" "-v" "/var/lib/crater-agent-workspace/builds/worker-1-tc1/target:/opt/rustwide/target:rw,Z" "-v" "/var/lib/crater-agent-workspace/builds/worker-1-tc1/source:/opt/rustwide/workdir:ro,Z" "-v" "/var/lib/crater-agent-workspace/cargo-home:/opt/rustwide/cargo-home:ro,Z" "-v" "/var/lib/crater-agent-workspace/rustup-home:/opt/rustwide/rustup-home:ro,Z" "-e" "SOURCE_DIR=/opt/rustwide/workdir" "-e" "CARGO_TARGET_DIR=/opt/rustwide/target" "-e" "CARGO_INCREMENTAL=0" "-e" "RUST_BACKTRACE=full" "-e" "RUSTFLAGS=--cap-lints=warn" "-e" "RUSTDOCFLAGS=--cap-lints=warn" "-e" "CARGO_HOME=/opt/rustwide/cargo-home" "-e" "RUSTUP_HOME=/opt/rustwide/rustup-home" "-w" "/opt/rustwide/workdir" "-m" "1610612736" "--user" "0:0" "--network" "none" "ghcr.io/rust-lang/crates-build-env/linux@sha256:5ff2268d62e97bff2cde7d5815dd6ed5b47097566f13b8d0ca110b04b60e07ed" "/opt/rustwide/cargo-home/bin/cargo" "+1.69.0" "test" "--frozen" "--no-run" "--message-format=json", kill_on_drop: false }`
[INFO] [stdout] 83252cd9ca350f5eaf2e5f645d9f30c288dee6ccc12bd6d4b7a1b8fcdbdbb2a1
[INFO] running `Command { std: "docker" "start" "-a" "83252cd9ca350f5eaf2e5f645d9f30c288dee6ccc12bd6d4b7a1b8fcdbdbb2a1", kill_on_drop: false }`
[INFO] [stderr]    Compiling embedded-hal-mock v0.7.2
[INFO] [stderr]    Compiling dac5578 v0.2.1 (/opt/rustwide/workdir)
[INFO] [stderr]     Finished test [unoptimized + debuginfo] target(s) in 0.39s
[INFO] running `Command { std: "docker" "inspect" "83252cd9ca350f5eaf2e5f645d9f30c288dee6ccc12bd6d4b7a1b8fcdbdbb2a1", kill_on_drop: false }`
[INFO] running `Command { std: "docker" "rm" "-f" "83252cd9ca350f5eaf2e5f645d9f30c288dee6ccc12bd6d4b7a1b8fcdbdbb2a1", kill_on_drop: false }`
[INFO] [stdout] 83252cd9ca350f5eaf2e5f645d9f30c288dee6ccc12bd6d4b7a1b8fcdbdbb2a1
[INFO] running `Command { std: "docker" "create" "-v" "/var/lib/crater-agent-workspace/builds/worker-1-tc1/target:/opt/rustwide/target:rw,Z" "-v" "/var/lib/crater-agent-workspace/builds/worker-1-tc1/source:/opt/rustwide/workdir:ro,Z" "-v" "/var/lib/crater-agent-workspace/cargo-home:/opt/rustwide/cargo-home:ro,Z" "-v" "/var/lib/crater-agent-workspace/rustup-home:/opt/rustwide/rustup-home:ro,Z" "-e" "SOURCE_DIR=/opt/rustwide/workdir" "-e" "CARGO_TARGET_DIR=/opt/rustwide/target" "-e" "CARGO_INCREMENTAL=0" "-e" "RUST_BACKTRACE=full" "-e" "RUSTFLAGS=--cap-lints=warn" "-e" "RUSTDOCFLAGS=--cap-lints=warn" "-e" "CARGO_HOME=/opt/rustwide/cargo-home" "-e" "RUSTUP_HOME=/opt/rustwide/rustup-home" "-w" "/opt/rustwide/workdir" "-m" "1610612736" "--user" "0:0" "--network" "none" "ghcr.io/rust-lang/crates-build-env/linux@sha256:5ff2268d62e97bff2cde7d5815dd6ed5b47097566f13b8d0ca110b04b60e07ed" "/opt/rustwide/cargo-home/bin/cargo" "+1.69.0" "test" "--frozen", kill_on_drop: false }`
[INFO] [stdout] 9d3b27b763c51c2bfaba1b80a55a6204349f94da77f23022131d385edb373030
[INFO] running `Command { std: "docker" "start" "-a" "9d3b27b763c51c2bfaba1b80a55a6204349f94da77f23022131d385edb373030", kill_on_drop: false }`
[INFO] [stderr]     Finished test [unoptimized + debuginfo] target(s) in 0.00s
[INFO] [stderr]      Running unittests src/lib.rs (/opt/rustwide/target/debug/deps/dac5578-916887153e958ff0)
[INFO] [stdout] 
[INFO] [stdout] running 0 tests
[INFO] [stdout] 
[INFO] [stdout] test result: ok. 0 passed; 0 failed; 0 ignored; 0 measured; 0 filtered out; finished in 0.00s
[INFO] [stdout] 
[INFO] [stderr]    Doc-tests dac5578
[INFO] [stdout] 
[INFO] [stdout] running 2 tests
[INFO] [stdout] test src/lib.rs - (line 18) ... FAILED
[INFO] [stdout] test src/lib.rs - (line 10) ... ok
[INFO] [stdout] 
[INFO] [stdout] failures:
[INFO] [stdout] 
[INFO] [stdout] ---- src/lib.rs - (line 18) stdout ----
[INFO] [stdout] error[E0599]: no method named `write_channel` found for struct `dac5578::DAC5578` in the current scope
[INFO] [stdout]  --> src/lib.rs:23:5
[INFO] [stdout]   |
[INFO] [stdout] 8 | dac.write_channel(Channel::A, 128);
[INFO] [stdout]   |     ^^^^^^^^^^^^^ method not found in `DAC5578<Generic<Transaction>>`
[INFO] [stdout] 
[INFO] [stdout] error: aborting due to previous error
[INFO] [stdout] 
[INFO] [stdout] For more information about this error, try `rustc --explain E0599`.
[INFO] [stdout] Couldn't compile the test.
[INFO] [stdout] 
[INFO] [stdout] failures:
[INFO] [stdout]     src/lib.rs - (line 18)
[INFO] [stdout] 
[INFO] [stdout] test result: FAILED. 1 passed; 1 failed; 0 ignored; 0 measured; 0 filtered out; finished in 0.17s
[INFO] [stdout] 
[INFO] [stderr] error: doctest failed, to rerun pass `--doc`
[INFO] running `Command { std: "docker" "inspect" "9d3b27b763c51c2bfaba1b80a55a6204349f94da77f23022131d385edb373030", kill_on_drop: false }`
[INFO] running `Command { std: "docker" "rm" "-f" "9d3b27b763c51c2bfaba1b80a55a6204349f94da77f23022131d385edb373030", kill_on_drop: false }`
[INFO] [stdout] 9d3b27b763c51c2bfaba1b80a55a6204349f94da77f23022131d385edb373030
