[INFO] fetching crate cyfs-ecies 0.1.4...
[INFO] testing cyfs-ecies-0.1.4 against 1.69.0 for beta-1.70-1
[INFO] extracting crate cyfs-ecies 0.1.4 into /workspace/builds/worker-7-tc1/source
[INFO] validating manifest of crates.io crate cyfs-ecies 0.1.4 on toolchain 1.69.0
[INFO] running `Command { std: CARGO_HOME="/workspace/cargo-home" RUSTUP_HOME="/workspace/rustup-home" "/workspace/cargo-home/bin/cargo" "+1.69.0" "metadata" "--manifest-path" "Cargo.toml" "--no-deps", kill_on_drop: false }`
[INFO] started tweaking crates.io crate cyfs-ecies 0.1.4
[INFO] finished tweaking crates.io crate cyfs-ecies 0.1.4
[INFO] tweaked toml for crates.io crate cyfs-ecies 0.1.4 written to /workspace/builds/worker-7-tc1/source/Cargo.toml
[INFO] running `Command { std: CARGO_HOME="/workspace/cargo-home" RUSTUP_HOME="/workspace/rustup-home" __CARGO_TEST_CHANNEL_OVERRIDE_DO_NOT_USE_THIS="nightly" "/workspace/cargo-home/bin/cargo" "+1.69.0" "generate-lockfile" "--manifest-path" "Cargo.toml" "-Zno-index-update", kill_on_drop: false }`
[INFO] running `Command { std: CARGO_HOME="/workspace/cargo-home" RUSTUP_HOME="/workspace/rustup-home" "/workspace/cargo-home/bin/cargo" "+1.69.0" "fetch" "--manifest-path" "Cargo.toml", kill_on_drop: false }`
[INFO] [stderr]  Downloading crates ...
[INFO] [stderr]   Downloaded crypto-mac v0.7.0
[INFO] [stderr]   Downloaded hmac-drbg v0.2.0
[INFO] [stderr]   Downloaded subtle v1.0.0
[INFO] [stderr]   Downloaded hmac v0.7.1
[INFO] [stderr]   Downloaded hkdf v0.8.0
[INFO] [stderr]   Downloaded libsecp256k1 v0.3.5
[INFO] running `Command { std: "docker" "create" "-v" "/var/lib/crater-agent-workspace/builds/worker-7-tc1/target:/opt/rustwide/target:rw,Z" "-v" "/var/lib/crater-agent-workspace/builds/worker-7-tc1/source:/opt/rustwide/workdir:ro,Z" "-v" "/var/lib/crater-agent-workspace/cargo-home:/opt/rustwide/cargo-home:ro,Z" "-v" "/var/lib/crater-agent-workspace/rustup-home:/opt/rustwide/rustup-home:ro,Z" "-e" "SOURCE_DIR=/opt/rustwide/workdir" "-e" "CARGO_TARGET_DIR=/opt/rustwide/target" "-e" "CARGO_HOME=/opt/rustwide/cargo-home" "-e" "RUSTUP_HOME=/opt/rustwide/rustup-home" "-w" "/opt/rustwide/workdir" "-m" "1610612736" "--user" "0:0" "--network" "none" "ghcr.io/rust-lang/crates-build-env/linux@sha256:97d61d7686bf65f8ecb15491ab51835e82dc9176a96a831f143a431b191fc501" "/opt/rustwide/cargo-home/bin/cargo" "+1.69.0" "metadata" "--no-deps" "--format-version=1", kill_on_drop: false }`
[INFO] [stdout] 4ae188331750814512871d82afb9bd578066c030082cd7d5353bf9770fc5ef8d
[INFO] running `Command { std: "docker" "start" "-a" "4ae188331750814512871d82afb9bd578066c030082cd7d5353bf9770fc5ef8d", kill_on_drop: false }`
[INFO] running `Command { std: "docker" "inspect" "4ae188331750814512871d82afb9bd578066c030082cd7d5353bf9770fc5ef8d", kill_on_drop: false }`
[INFO] running `Command { std: "docker" "rm" "-f" "4ae188331750814512871d82afb9bd578066c030082cd7d5353bf9770fc5ef8d", kill_on_drop: false }`
[INFO] [stdout] 4ae188331750814512871d82afb9bd578066c030082cd7d5353bf9770fc5ef8d
[INFO] running `Command { std: "docker" "create" "-v" "/var/lib/crater-agent-workspace/builds/worker-7-tc1/target:/opt/rustwide/target:rw,Z" "-v" "/var/lib/crater-agent-workspace/builds/worker-7-tc1/source:/opt/rustwide/workdir:ro,Z" "-v" "/var/lib/crater-agent-workspace/cargo-home:/opt/rustwide/cargo-home:ro,Z" "-v" "/var/lib/crater-agent-workspace/rustup-home:/opt/rustwide/rustup-home:ro,Z" "-e" "SOURCE_DIR=/opt/rustwide/workdir" "-e" "CARGO_TARGET_DIR=/opt/rustwide/target" "-e" "CARGO_INCREMENTAL=0" "-e" "RUST_BACKTRACE=full" "-e" "RUSTFLAGS=--cap-lints=warn" "-e" "RUSTDOCFLAGS=--cap-lints=warn" "-e" "CARGO_HOME=/opt/rustwide/cargo-home" "-e" "RUSTUP_HOME=/opt/rustwide/rustup-home" "-w" "/opt/rustwide/workdir" "-m" "1610612736" "--user" "0:0" "--network" "none" "ghcr.io/rust-lang/crates-build-env/linux@sha256:97d61d7686bf65f8ecb15491ab51835e82dc9176a96a831f143a431b191fc501" "/opt/rustwide/cargo-home/bin/cargo" "+1.69.0" "build" "--frozen" "--message-format=json", kill_on_drop: false }`
[INFO] [stdout] d6d649a82cea53ca5583ad40104f3ced752a27de2a53c706a8e123738971cbda
[INFO] running `Command { std: "docker" "start" "-a" "d6d649a82cea53ca5583ad40104f3ced752a27de2a53c706a8e123738971cbda", kill_on_drop: false }`
[INFO] [stderr]    Compiling libc v0.2.142
[INFO] [stderr]    Compiling getrandom v0.1.16
[INFO] [stderr]    Compiling subtle v1.0.0
[INFO] [stderr]    Compiling byte-tools v0.3.1
[INFO] [stderr]    Compiling crunchy v0.2.2
[INFO] [stderr]    Compiling opaque-debug v0.2.3
[INFO] [stderr]    Compiling fake-simd v0.1.2
[INFO] [stderr]    Compiling digest v0.8.1
[INFO] [stderr]    Compiling block-padding v0.1.5
[INFO] [stderr]    Compiling subtle v2.5.0
[INFO] [stderr]    Compiling arrayref v0.3.7
[INFO] [stderr]    Compiling crypto-mac v0.7.0
[INFO] [stderr]    Compiling hex v0.4.3
[INFO] [stderr]    Compiling block-buffer v0.7.3
[INFO] [stderr]    Compiling hmac v0.7.1
[INFO] [stderr]    Compiling sha2 v0.8.2
[INFO] [stderr]    Compiling hmac-drbg v0.2.0
[INFO] [stderr]    Compiling hkdf v0.8.0
[INFO] [stderr]    Compiling rand_core v0.5.1
[INFO] [stderr]    Compiling rand_chacha v0.2.2
[INFO] [stderr]    Compiling rand v0.7.3
[INFO] [stderr]    Compiling libsecp256k1 v0.3.5
[INFO] [stderr]    Compiling cyfs-ecies v0.1.4 (/opt/rustwide/workdir)
[INFO] [stdout] warning: constant `AES_IV_LENGTH` is never used
[INFO] [stdout]  --> src/utils.rs:8:7
[INFO] [stdout]   |
[INFO] [stdout] 8 | const AES_IV_LENGTH: usize = 16;
[INFO] [stdout]   |       ^^^^^^^^^^^^^
[INFO] [stdout]   |
[INFO] [stdout]   = note: `#[warn(dead_code)]` on by default
[INFO] [stdout] 
[INFO] [stdout] 
[INFO] [stdout] warning: constant `AES_TAG_LENGTH` is never used
[INFO] [stdout]  --> src/utils.rs:9:7
[INFO] [stdout]   |
[INFO] [stdout] 9 | const AES_TAG_LENGTH: usize = 16;
[INFO] [stdout]   |       ^^^^^^^^^^^^^^
[INFO] [stdout] 
[INFO] [stdout] 
[INFO] [stdout] warning: constant `AES_IV_PLUS_TAG_LENGTH` is never used
[INFO] [stdout]   --> src/utils.rs:10:7
[INFO] [stdout]    |
[INFO] [stdout] 10 | const AES_IV_PLUS_TAG_LENGTH: usize = AES_IV_LENGTH + AES_TAG_LENGTH;
[INFO] [stdout]    |       ^^^^^^^^^^^^^^^^^^^^^^
[INFO] [stdout] 
[INFO] [stdout] 
[INFO] [stdout] warning: 3 warnings emitted
[INFO] [stdout] 
[INFO] [stdout] 
[INFO] [stderr]     Finished dev [unoptimized + debuginfo] target(s) in 10.86s
[INFO] running `Command { std: "docker" "inspect" "d6d649a82cea53ca5583ad40104f3ced752a27de2a53c706a8e123738971cbda", kill_on_drop: false }`
[INFO] running `Command { std: "docker" "rm" "-f" "d6d649a82cea53ca5583ad40104f3ced752a27de2a53c706a8e123738971cbda", kill_on_drop: false }`
[INFO] [stdout] d6d649a82cea53ca5583ad40104f3ced752a27de2a53c706a8e123738971cbda
[INFO] running `Command { std: "docker" "create" "-v" "/var/lib/crater-agent-workspace/builds/worker-7-tc1/target:/opt/rustwide/target:rw,Z" "-v" "/var/lib/crater-agent-workspace/builds/worker-7-tc1/source:/opt/rustwide/workdir:ro,Z" "-v" "/var/lib/crater-agent-workspace/cargo-home:/opt/rustwide/cargo-home:ro,Z" "-v" "/var/lib/crater-agent-workspace/rustup-home:/opt/rustwide/rustup-home:ro,Z" "-e" "SOURCE_DIR=/opt/rustwide/workdir" "-e" "CARGO_TARGET_DIR=/opt/rustwide/target" "-e" "CARGO_INCREMENTAL=0" "-e" "RUST_BACKTRACE=full" "-e" "RUSTFLAGS=--cap-lints=warn" "-e" "RUSTDOCFLAGS=--cap-lints=warn" "-e" "CARGO_HOME=/opt/rustwide/cargo-home" "-e" "RUSTUP_HOME=/opt/rustwide/rustup-home" "-w" "/opt/rustwide/workdir" "-m" "1610612736" "--user" "0:0" "--network" "none" "ghcr.io/rust-lang/crates-build-env/linux@sha256:97d61d7686bf65f8ecb15491ab51835e82dc9176a96a831f143a431b191fc501" "/opt/rustwide/cargo-home/bin/cargo" "+1.69.0" "test" "--frozen" "--no-run" "--message-format=json", kill_on_drop: false }`
[INFO] [stdout] 4afaff14fe9b7a5d8d488feed154d038665599672629b4f3c0a07e71567f8700
[INFO] running `Command { std: "docker" "start" "-a" "4afaff14fe9b7a5d8d488feed154d038665599672629b4f3c0a07e71567f8700", kill_on_drop: false }`
[INFO] [stderr]     Blocking waiting for file lock on package cache
[INFO] [stderr]    Compiling serde v1.0.160
[INFO] [stderr]    Compiling getrandom v0.1.16
[INFO] [stderr]    Compiling memchr v2.5.0
[INFO] [stderr]    Compiling ryu v1.0.13
[INFO] [stderr]    Compiling either v1.8.1
[INFO] [stderr]    Compiling itoa v1.0.6
[INFO] [stderr]    Compiling serde_json v1.0.96
[INFO] [stderr]    Compiling plotters-backend v0.3.4
[INFO] [stderr]    Compiling rand_core v0.5.1
[INFO] [stderr]    Compiling textwrap v0.11.0
[INFO] [stderr]    Compiling itertools v0.10.5
[INFO] [stderr]    Compiling plotters-svg v0.3.3
[INFO] [stderr]    Compiling rand_chacha v0.2.2
[INFO] [stderr]    Compiling same-file v1.0.6
[INFO] [stderr]    Compiling half v1.8.2
[INFO] [stderr]    Compiling cast v0.3.0
[INFO] [stderr]    Compiling regex-syntax v0.7.1
[INFO] [stderr]    Compiling clap v2.34.0
[INFO] [stderr]    Compiling csv-core v0.1.10
[INFO] [stderr]    Compiling rand v0.7.3
[INFO] [stderr]    Compiling plotters v0.3.4
[INFO] [stderr]    Compiling walkdir v2.3.3
[INFO] [stderr]    Compiling rayon v1.7.0
[INFO] [stderr]    Compiling criterion-plot v0.4.5
[INFO] [stderr]    Compiling atty v0.2.14
[INFO] [stderr]    Compiling libsecp256k1 v0.3.5
[INFO] [stderr]    Compiling oorandom v11.1.3
[INFO] [stderr]    Compiling regex v1.8.1
[INFO] [stderr]    Compiling csv v1.2.1
[INFO] [stderr]    Compiling serde_cbor v0.11.2
[INFO] [stderr]    Compiling tinytemplate v1.2.1
[INFO] [stderr]    Compiling criterion v0.3.6
[INFO] [stderr]    Compiling cyfs-ecies v0.1.4 (/opt/rustwide/workdir)
[INFO] [stdout] warning: constant `AES_IV_LENGTH` is never used
[INFO] [stdout]  --> src/utils.rs:8:7
[INFO] [stdout]   |
[INFO] [stdout] 8 | const AES_IV_LENGTH: usize = 16;
[INFO] [stdout]   |       ^^^^^^^^^^^^^
[INFO] [stdout]   |
[INFO] [stdout]   = note: `#[warn(dead_code)]` on by default
[INFO] [stdout] 
[INFO] [stdout] 
[INFO] [stdout] warning: constant `AES_TAG_LENGTH` is never used
[INFO] [stdout]  --> src/utils.rs:9:7
[INFO] [stdout]   |
[INFO] [stdout] 9 | const AES_TAG_LENGTH: usize = 16;
[INFO] [stdout]   |       ^^^^^^^^^^^^^^
[INFO] [stdout] 
[INFO] [stdout] 
[INFO] [stdout] warning: constant `AES_IV_PLUS_TAG_LENGTH` is never used
[INFO] [stdout]   --> src/utils.rs:10:7
[INFO] [stdout]    |
[INFO] [stdout] 10 | const AES_IV_PLUS_TAG_LENGTH: usize = AES_IV_LENGTH + AES_TAG_LENGTH;
[INFO] [stdout]    |       ^^^^^^^^^^^^^^^^^^^^^^
[INFO] [stdout] 
[INFO] [stdout] 
[INFO] [stdout] warning: 3 warnings emitted
[INFO] [stdout] 
[INFO] [stdout] 
[INFO] [stdout] error[E0433]: failed to resolve: use of undeclared crate or module `tokio`
[INFO] [stdout]    --> src/lib.rs:102:13
[INFO] [stdout]     |
[INFO] [stdout] 102 |         use tokio::runtime::Runtime;
[INFO] [stdout]     |             ^^^^^ use of undeclared crate or module `tokio`
[INFO] [stdout] 
[INFO] [stdout] 
[INFO] [stdout] error[E0432]: unresolved import `futures_util`
[INFO] [stdout]    --> src/lib.rs:101:13
[INFO] [stdout]     |
[INFO] [stdout] 101 |         use futures_util::FutureExt;
[INFO] [stdout]     |             ^^^^^^^^^^^^ use of undeclared crate or module `futures_util`
[INFO] [stdout] 
[INFO] [stdout] 
[INFO] [stdout] error[E0433]: failed to resolve: use of undeclared crate or module `reqwest`
[INFO] [stdout]    --> src/lib.rs:112:22
[INFO] [stdout]     |
[INFO] [stdout] 112 |         let client = reqwest::Client::new();
[INFO] [stdout]     |                      ^^^^^^^ use of undeclared crate or module `reqwest`
[INFO] [stdout] 
[INFO] [stdout] 
[INFO] [stdout] error[E0599]: no method named `fill` found for struct `ThreadRng` in the current scope
[INFO] [stdout]    --> src/utils.rs:136:22
[INFO] [stdout]     |
[INFO] [stdout] 136 |         thread_rng().fill(&mut key);
[INFO] [stdout]     |                      ^^^^ method not found in `ThreadRng`
[INFO] [stdout]     |
[INFO] [stdout]    ::: /opt/rustwide/cargo-home/registry/src/github.com-1ecc6299db9ec823/rand-0.7.3/src/lib.rs:301:8
[INFO] [stdout]     |
[INFO] [stdout] 301 |     fn fill<T: AsByteSliceMut + ?Sized>(&mut self, dest: &mut T) {
[INFO] [stdout]     |        ---- the method is available for `ThreadRng` here
[INFO] [stdout]     |
[INFO] [stdout]     = help: items from traits can only be used if the trait is in scope
[INFO] [stdout] help: the following trait is implemented but not in scope; perhaps add a `use` for it:
[INFO] [stdout]     |
[INFO] [stdout] 106 |     use rand::Rng;
[INFO] [stdout]     |
[INFO] [stdout] 
[INFO] [stdout] 
[INFO] [stdout] error: aborting due to 4 previous errors
[INFO] [stdout] 
[INFO] [stdout] 
[INFO] [stdout] Some errors have detailed explanations: E0432, E0433, E0599.
[INFO] [stdout] 
[INFO] [stdout] For more information about an error, try `rustc --explain E0432`.
[INFO] [stdout] 
[INFO] [stderr] error: could not compile `cyfs-ecies` due to 5 previous errors
[INFO] running `Command { std: "docker" "inspect" "4afaff14fe9b7a5d8d488feed154d038665599672629b4f3c0a07e71567f8700", kill_on_drop: false }`
[INFO] running `Command { std: "docker" "rm" "-f" "4afaff14fe9b7a5d8d488feed154d038665599672629b4f3c0a07e71567f8700", kill_on_drop: false }`
[INFO] [stdout] 4afaff14fe9b7a5d8d488feed154d038665599672629b4f3c0a07e71567f8700
