[INFO] fetching crate cyfs-base 0.6.12...
[INFO] testing cyfs-base-0.6.12 against 1.69.0 for beta-1.70-1
[INFO] extracting crate cyfs-base 0.6.12 into /workspace/builds/worker-0-tc1/source
[INFO] validating manifest of crates.io crate cyfs-base 0.6.12 on toolchain 1.69.0
[INFO] running `Command { std: CARGO_HOME="/workspace/cargo-home" RUSTUP_HOME="/workspace/rustup-home" "/workspace/cargo-home/bin/cargo" "+1.69.0" "metadata" "--manifest-path" "Cargo.toml" "--no-deps", kill_on_drop: false }`
[INFO] started tweaking crates.io crate cyfs-base 0.6.12
[INFO] finished tweaking crates.io crate cyfs-base 0.6.12
[INFO] tweaked toml for crates.io crate cyfs-base 0.6.12 written to /workspace/builds/worker-0-tc1/source/Cargo.toml
[INFO] running `Command { std: CARGO_HOME="/workspace/cargo-home" RUSTUP_HOME="/workspace/rustup-home" __CARGO_TEST_CHANNEL_OVERRIDE_DO_NOT_USE_THIS="nightly" "/workspace/cargo-home/bin/cargo" "+1.69.0" "generate-lockfile" "--manifest-path" "Cargo.toml" "-Zno-index-update", kill_on_drop: false }`
[INFO] running `Command { std: CARGO_HOME="/workspace/cargo-home" RUSTUP_HOME="/workspace/rustup-home" "/workspace/cargo-home/bin/cargo" "+1.69.0" "fetch" "--manifest-path" "Cargo.toml", kill_on_drop: false }`
[INFO] [stderr]  Downloading crates ...
[INFO] [stderr]   Downloaded simple_asn1 v0.4.1
[INFO] [stderr]   Downloaded pem v0.8.3
[INFO] [stderr]   Downloaded rsa v0.3.0
[INFO] [stderr]   Downloaded bzip2 v0.4.4
[INFO] [stderr]   Downloaded fallible-streaming-iterator v0.1.9
[INFO] [stderr]   Downloaded num-bigint-dig v0.6.1
[INFO] [stderr]   Downloaded base58 v0.2.0
[INFO] [stderr]   Downloaded crypto-mac v0.7.0
[INFO] [stderr]   Downloaded protoc v2.28.0
[INFO] [stderr]   Downloaded polyval v0.4.5
[INFO] [stderr]   Downloaded crypto-mac v0.10.1
[INFO] [stderr]   Downloaded zip v0.6.4
[INFO] [stderr]   Downloaded hkdf v0.10.0
[INFO] [stderr]   Downloaded aes-soft v0.6.4
[INFO] [stderr]   Downloaded protobuf-codegen v2.28.0
[INFO] [stderr]   Downloaded primitive-types v0.9.1
[INFO] [stderr]   Downloaded protoc-rust v2.28.0
[INFO] [stderr]   Downloaded hmac v0.7.1
[INFO] [stderr]   Downloaded time-macros v0.1.1
[INFO] [stderr]   Downloaded atoi v0.4.0
[INFO] [stderr]   Downloaded cpuid-bool v0.2.0
[INFO] [stderr]   Downloaded base-x v0.2.11
[INFO] [stderr]   Downloaded protoc-bin-vendored v3.0.0
[INFO] [stderr]   Downloaded int-enum-impl v0.4.0
[INFO] [stderr]   Downloaded sqlx-rt v0.5.13
[INFO] [stderr]   Downloaded ghash v0.3.1
[INFO] [stderr]   Downloaded ctr v0.6.0
[INFO] [stderr]   Downloaded subtle v1.0.0
[INFO] [stderr]   Downloaded hkdf v0.8.0
[INFO] [stderr]   Downloaded hmac-drbg v0.2.0
[INFO] [stderr]   Downloaded cookie v0.14.4
[INFO] [stderr]   Downloaded lru_time_cache v0.11.11
[INFO] [stderr]   Downloaded standback v0.2.17
[INFO] [stderr]   Downloaded hashlink v0.7.0
[INFO] [stderr]   Downloaded block-modes v0.8.1
[INFO] [stderr]   Downloaded time-macros-impl v0.1.2
[INFO] [stderr]   Downloaded aead v0.3.2
[INFO] [stderr]   Downloaded cyfs-base-derive v0.5.0
[INFO] [stderr]   Downloaded sqlformat v0.1.8
[INFO] [stderr]   Downloaded time v0.2.27
[INFO] [stderr]   Downloaded aes v0.6.0
[INFO] [stderr]   Downloaded aesni v0.10.0
[INFO] [stderr]   Downloaded rusqlite v0.27.0
[INFO] [stderr]   Downloaded sqlx v0.5.13
[INFO] [stderr]   Downloaded aes-gcm v0.8.0
[INFO] [stderr]   Downloaded sqlx-core v0.5.13
[INFO] [stderr]   Downloaded simple_logger v2.3.0
[INFO] [stderr]   Downloaded protoc-bin-vendored-linux-x86_32 v3.0.0
[INFO] [stderr]   Downloaded protoc-bin-vendored-win32 v3.0.0
[INFO] [stderr]   Downloaded libsecp256k1 v0.3.5
[INFO] [stderr]   Downloaded protoc-bin-vendored-linux-x86_64 v3.0.0
[INFO] [stderr]   Downloaded protoc-bin-vendored-linux-aarch_64 v3.0.0
[INFO] [stderr]   Downloaded protoc-bin-vendored-linux-ppcle_64 v3.0.0
[INFO] [stderr]   Downloaded protoc-bin-vendored-macos-x86_64 v3.0.0
[INFO] [stderr]   Downloaded cyfs-ecies v0.1.4
[INFO] [stderr]   Downloaded intbits v0.2.0
[INFO] [stderr]   Downloaded int-enum v0.4.0
[INFO] [stderr]   Downloaded rsa-export v0.1.2
[INFO] [stderr]   Downloaded libsqlite3-sys v0.24.2
[INFO] running `Command { std: "docker" "create" "-v" "/var/lib/crater-agent-workspace/builds/worker-0-tc1/target:/opt/rustwide/target:rw,Z" "-v" "/var/lib/crater-agent-workspace/builds/worker-0-tc1/source:/opt/rustwide/workdir:ro,Z" "-v" "/var/lib/crater-agent-workspace/cargo-home:/opt/rustwide/cargo-home:ro,Z" "-v" "/var/lib/crater-agent-workspace/rustup-home:/opt/rustwide/rustup-home:ro,Z" "-e" "SOURCE_DIR=/opt/rustwide/workdir" "-e" "CARGO_TARGET_DIR=/opt/rustwide/target" "-e" "CARGO_HOME=/opt/rustwide/cargo-home" "-e" "RUSTUP_HOME=/opt/rustwide/rustup-home" "-w" "/opt/rustwide/workdir" "-m" "1610612736" "--user" "0:0" "--network" "none" "ghcr.io/rust-lang/crates-build-env/linux@sha256:5ff2268d62e97bff2cde7d5815dd6ed5b47097566f13b8d0ca110b04b60e07ed" "/opt/rustwide/cargo-home/bin/cargo" "+1.69.0" "metadata" "--no-deps" "--format-version=1", kill_on_drop: false }`
[INFO] [stdout] 49a72e0e6343b723d252c9d92fd49c727e5b2d3aeffe281420d395cafdcdd56a
[INFO] running `Command { std: "docker" "start" "-a" "49a72e0e6343b723d252c9d92fd49c727e5b2d3aeffe281420d395cafdcdd56a", kill_on_drop: false }`
[INFO] running `Command { std: "docker" "inspect" "49a72e0e6343b723d252c9d92fd49c727e5b2d3aeffe281420d395cafdcdd56a", kill_on_drop: false }`
[INFO] running `Command { std: "docker" "rm" "-f" "49a72e0e6343b723d252c9d92fd49c727e5b2d3aeffe281420d395cafdcdd56a", kill_on_drop: false }`
[INFO] [stdout] 49a72e0e6343b723d252c9d92fd49c727e5b2d3aeffe281420d395cafdcdd56a
[INFO] running `Command { std: "docker" "create" "-v" "/var/lib/crater-agent-workspace/builds/worker-0-tc1/target:/opt/rustwide/target:rw,Z" "-v" "/var/lib/crater-agent-workspace/builds/worker-0-tc1/source:/opt/rustwide/workdir:ro,Z" "-v" "/var/lib/crater-agent-workspace/cargo-home:/opt/rustwide/cargo-home:ro,Z" "-v" "/var/lib/crater-agent-workspace/rustup-home:/opt/rustwide/rustup-home:ro,Z" "-e" "SOURCE_DIR=/opt/rustwide/workdir" "-e" "CARGO_TARGET_DIR=/opt/rustwide/target" "-e" "CARGO_INCREMENTAL=0" "-e" "RUST_BACKTRACE=full" "-e" "RUSTFLAGS=--cap-lints=warn" "-e" "RUSTDOCFLAGS=--cap-lints=warn" "-e" "CARGO_HOME=/opt/rustwide/cargo-home" "-e" "RUSTUP_HOME=/opt/rustwide/rustup-home" "-w" "/opt/rustwide/workdir" "-m" "1610612736" "--user" "0:0" "--network" "none" "ghcr.io/rust-lang/crates-build-env/linux@sha256:5ff2268d62e97bff2cde7d5815dd6ed5b47097566f13b8d0ca110b04b60e07ed" "/opt/rustwide/cargo-home/bin/cargo" "+1.69.0" "build" "--frozen" "--message-format=json", kill_on_drop: false }`
[INFO] [stdout] 0e9cc0d9cfb302e9229a4a65729075dec9791a1161fbec3121ac7cd8c5fb2bc5
[INFO] running `Command { std: "docker" "start" "-a" "0e9cc0d9cfb302e9229a4a65729075dec9791a1161fbec3121ac7cd8c5fb2bc5", kill_on_drop: false }`
[INFO] [stderr]    Compiling libc v0.2.142
[INFO] [stderr]    Compiling syn v1.0.109
[INFO] [stderr]    Compiling serde v1.0.160
[INFO] [stderr]    Compiling subtle v2.4.1
[INFO] [stderr]    Compiling syn v2.0.15
[INFO] [stderr]    Compiling io-lifetimes v1.0.10
[INFO] [stderr]    Compiling value-bag v1.0.0-alpha.9
[INFO] [stderr]    Compiling fastrand v1.9.0
[INFO] [stderr]    Compiling futures-core v0.3.28
[INFO] [stderr]    Compiling log v0.4.17
[INFO] [stderr]    Compiling getrandom v0.1.16
[INFO] [stderr]    Compiling linux-raw-sys v0.3.6
[INFO] [stderr]    Compiling concurrent-queue v2.2.0
[INFO] [stderr]    Compiling futures-io v0.3.28
[INFO] [stderr]    Compiling parking v2.1.0
[INFO] [stderr]    Compiling waker-fn v1.1.0
[INFO] [stderr]    Compiling futures-lite v1.13.0
[INFO] [stderr]    Compiling async-lock v2.7.0
[INFO] [stderr]    Compiling digest v0.9.0
[INFO] [stderr]    Compiling rand_core v0.5.1
[INFO] [stderr]    Compiling polling v2.8.0
[INFO] [stderr]    Compiling standback v0.2.17
[INFO] [stderr]    Compiling rand_chacha v0.2.2
[INFO] [stderr]    Compiling proc-macro-hack v0.5.20+deprecated
[INFO] [stderr]    Compiling iana-time-zone v0.1.56
[INFO] [stderr]    Compiling rustix v0.37.18
[INFO] [stderr]    Compiling rand v0.7.3
[INFO] [stderr]    Compiling cipher v0.2.5
[INFO] [stderr]    Compiling jobserver v0.1.26
[INFO] [stderr]    Compiling crypto-common v0.1.6
[INFO] [stderr]    Compiling async-io v1.13.0
[INFO] [stderr]    Compiling num-traits v0.2.15
[INFO] [stderr]    Compiling radium v0.6.2
[INFO] [stderr]    Compiling crunchy v0.2.2
[INFO] [stderr]    Compiling cc v1.0.79
[INFO] [stderr]    Compiling spin v0.5.2
[INFO] [stderr]    Compiling subtle v1.0.0
[INFO] [stderr]    Compiling toml_datetime v0.6.1
[INFO] [stderr]    Compiling lazy_static v1.4.0
[INFO] [stderr]    Compiling toml_edit v0.19.8
[INFO] [stderr]    Compiling protobuf v2.28.0
[INFO] [stderr]    Compiling digest v0.10.6
[INFO] [stderr]    Compiling universal-hash v0.4.1
[INFO] [stderr]    Compiling block-buffer v0.9.0
[INFO] [stderr]    Compiling socket2 v0.4.9
[INFO] [stderr]    Compiling autocfg v0.1.8
[INFO] [stderr]    Compiling num-bigint v0.2.6
[INFO] [stderr]    Compiling num-integer v0.1.45
[INFO] [stderr]    Compiling zstd-sys v2.0.8+zstd.1.5.5
[INFO] [stderr]    Compiling num-iter v0.1.43
[INFO] [stderr]    Compiling ahash v0.7.6
[INFO] [stderr]    Compiling const_fn v0.4.9
[INFO] [stderr]    Compiling either v1.8.1
[INFO] [stderr]    Compiling async-task v4.4.0
[INFO] [stderr]    Compiling cpuid-bool v0.2.0
[INFO] [stderr]    Compiling byte-tools v0.3.1
[INFO] [stderr]    Compiling signal-hook v0.3.15
[INFO] [stderr]    Compiling base64 v0.13.1
[INFO] [stderr]    Compiling block-padding v0.1.5
[INFO] [stderr]    Compiling polyval v0.4.5
[INFO] [stderr]    Compiling which v4.4.0
[INFO] [stderr]    Compiling proc-macro-crate v1.3.1
[INFO] [stderr]    Compiling bzip2-sys v0.1.11+1.0.8
[INFO] [stderr]    Compiling num-bigint-dig v0.6.1
[INFO] [stderr]    Compiling sha2 v0.9.9
[INFO] [stderr]    Compiling aes-soft v0.6.4
[INFO] [stderr]    Compiling async-channel v1.8.0
[INFO] [stderr]    Compiling crypto-mac v0.10.1
[INFO] [stderr]    Compiling time v0.1.45
[INFO] [stderr]    Compiling signal-hook-registry v1.4.1
[INFO] [stderr]    Compiling async-process v1.7.0
[INFO] [stderr]    Compiling time v0.2.27
[INFO] [stderr]    Compiling serde_derive v1.0.160
[INFO] [stderr]    Compiling thiserror-impl v1.0.40
[INFO] [stderr]    Compiling zeroize_derive v1.4.2
[INFO] [stderr]    Compiling zstd-safe v5.0.2+zstd.1.5.2
[INFO] [stderr]    Compiling funty v1.1.0
[INFO] [stderr]    Compiling wyz v0.2.0
[INFO] [stderr]    Compiling time-core v0.1.0
[INFO] [stderr]    Compiling atomic-waker v1.1.1
[INFO] [stderr]    Compiling smallvec v1.10.0
[INFO] [stderr]    Compiling regex-syntax v0.7.1
[INFO] [stderr]    Compiling zeroize v1.6.0
[INFO] [stderr]    Compiling tempfile v3.5.0
[INFO] [stderr]    Compiling ctor v0.1.26
[INFO] [stderr]    Compiling time-macros-impl v0.1.2
[INFO] [stderr]    Compiling parity-scale-codec-derive v2.3.1
[INFO] [stderr]    Compiling impl-trait-for-tuples v0.2.2
[INFO] [stderr]    Compiling thiserror v1.0.40
[INFO] [stderr]    Compiling time-macros v0.2.8
[INFO] [stderr]    Compiling time-macros v0.1.1
[INFO] [stderr]    Compiling regex v1.8.1
[INFO] [stderr]    Compiling blocking v1.3.1
[INFO] [stderr]    Compiling protobuf-codegen v2.28.0
[INFO] [stderr]    Compiling bitvec v0.20.4
[INFO] [stderr]    Compiling libsqlite3-sys v0.24.2
[INFO] [stderr]    Compiling chrono v0.4.24
[INFO] [stderr]    Compiling hmac v0.10.1
[INFO] [stderr]    Compiling aes v0.6.0
[INFO] [stderr]    Compiling protoc v2.28.0
[INFO] [stderr]    Compiling toml v0.5.11
[INFO] [stderr]    Compiling ghash v0.3.1
[INFO] [stderr]    Compiling async-executor v1.5.1
[INFO] [stderr]    Compiling ctr v0.6.0
[INFO] [stderr]    Compiling aead v0.3.2
[INFO] [stderr]    Compiling cipher v0.3.0
[INFO] [stderr]    Compiling cookie v0.14.4
[INFO] [stderr]    Compiling protoc-bin-vendored-linux-aarch_64 v3.0.0
[INFO] [stderr]    Compiling protoc-bin-vendored-linux-ppcle_64 v3.0.0
[INFO] [stderr]    Compiling fake-simd v0.1.2
[INFO] [stderr]    Compiling protoc-bin-vendored-linux-x86_64 v3.0.0
[INFO] [stderr]    Compiling protoc-bin-vendored-macos-x86_64 v3.0.0
[INFO] [stderr]    Compiling anyhow v1.0.71
[INFO] [stderr]    Compiling byte-slice-cast v1.2.2
[INFO] [stderr]    Compiling opaque-debug v0.2.3
[INFO] [stderr]    Compiling num_threads v0.1.6
[INFO] [stderr]    Compiling protoc-bin-vendored-linux-x86_32 v3.0.0
[INFO] [stderr]    Compiling arrayvec v0.7.2
[INFO] [stderr]    Compiling base64ct v1.6.0
[INFO] [stderr]    Compiling protoc-bin-vendored-win32 v3.0.0
[INFO] [stderr]    Compiling miniz_oxide v0.7.1
[INFO] [stderr]    Compiling time v0.3.20
[INFO] [stderr]    Compiling protoc-bin-vendored v3.0.0
[INFO] [stderr]    Compiling password-hash v0.4.2
[INFO] [stderr]    Compiling proc-macro-crate v0.1.5
[INFO] [stderr]    Compiling simple_asn1 v0.4.1
[INFO] [stderr]    Compiling aes-gcm v0.8.0
[INFO] [stderr]    Compiling async-global-executor v2.3.1
[INFO] [stderr]    Compiling generic-array v0.12.4
[INFO] [stderr]    Compiling parity-scale-codec v2.3.1
[INFO] [stderr]    Compiling digest v0.8.1
[INFO] [stderr]    Compiling crypto-mac v0.7.0
[INFO] [stderr]    Compiling block-buffer v0.7.3
[INFO] [stderr]    Compiling hmac v0.7.1
[INFO] [stderr]    Compiling sha2 v0.8.2
[INFO] [stderr]    Compiling hmac-drbg v0.2.0
[INFO] [stderr]    Compiling hashbrown v0.11.2
[INFO] [stderr]    Compiling protoc-rust v2.28.0
[INFO] [stderr]    Compiling hkdf v0.10.0
[INFO] [stderr]    Compiling pem v0.8.3
[INFO] [stderr]    Compiling kv-log-macro v1.0.7
[INFO] [stderr]    Compiling async-attributes v1.1.2
[INFO] [stderr]    Compiling sha2 v0.10.6
[INFO] [stderr]    Compiling hmac v0.12.1
[INFO] [stderr]    Compiling rustc-hex v2.1.0
[INFO] [stderr]    Compiling http-types v2.12.0
[INFO] [stderr]    Compiling arrayref v0.3.7
[INFO] [stderr]    Compiling libsecp256k1 v0.3.5
[INFO] [stderr]    Compiling pbkdf2 v0.11.0
[INFO] [stderr]    Compiling fixed-hash v0.7.0
[INFO] [stderr]    Compiling int-enum-impl v0.4.0
[INFO] [stderr]    Compiling colored v2.0.0
[INFO] [stderr]    Compiling cyfs-base v0.6.12 (/opt/rustwide/workdir)
[INFO] [stderr]    Compiling async-std v1.12.0
[INFO] [stderr]    Compiling rsa v0.3.0
[INFO] [stderr]    Compiling flate2 v1.0.26
[INFO] [stderr]    Compiling impl-codec v0.5.1
[INFO] [stderr]    Compiling hashlink v0.7.0
[INFO] [stderr]    Compiling hkdf v0.8.0
[INFO] [stderr]    Compiling url v2.3.1
[INFO] [stderr]    Compiling serde_qs v0.8.5
[INFO] [stderr]    Compiling serde_json v1.0.96
[INFO] [stderr]    Compiling serde_urlencoded v0.7.1
[INFO] [stderr]    Compiling uint v0.9.5
[INFO] [stderr]    Compiling aes v0.7.5
[INFO] [stderr]    Compiling sha1 v0.10.5
[INFO] [stderr]    Compiling block-padding v0.2.1
[INFO] [stderr]    Compiling constant_time_eq v0.1.5
[INFO] [stderr]    Compiling fallible-streaming-iterator v0.1.9
[INFO] [stderr]    Compiling fallible-iterator v0.2.0
[INFO] [stderr]    Compiling infer v0.2.3
[INFO] [stderr]    Compiling block-modes v0.8.1
[INFO] [stderr]    Compiling primitive-types v0.9.1
[INFO] [stderr]    Compiling itertools v0.10.5
[INFO] [stderr]    Compiling int-enum v0.4.0
[INFO] [stderr]    Compiling rsa-export v0.1.2
[INFO] [stderr]    Compiling simple_logger v2.3.0
[INFO] [stderr]    Compiling async-trait v0.1.68
[INFO] [stderr]    Compiling cyfs-base-derive v0.5.0
[INFO] [stderr]    Compiling async-recursion v1.0.4
[INFO] [stderr]    Compiling intbits v0.2.0
[INFO] [stderr]    Compiling base58 v0.2.0
[INFO] [stderr]    Compiling cyfs-ecies v0.1.4
[INFO] [stderr]    Compiling lru_time_cache v0.11.11
[INFO] [stderr]    Compiling base-x v0.2.11
[INFO] [stderr]    Compiling bzip2 v0.4.4
[INFO] [stderr]    Compiling zstd v0.11.2+zstd.1.5.2
[INFO] [stderr]    Compiling zip v0.6.4
[INFO] [stderr]    Compiling rusqlite v0.27.0
[INFO] [stdout] warning: enum `OutputTarget` is never used
[INFO] [stdout]  --> src/codec/protobuf/protobuf_helper.rs:9:10
[INFO] [stdout]   |
[INFO] [stdout] 9 |     enum OutputTarget<'a> {
[INFO] [stdout]   |          ^^^^^^^^^^^^
[INFO] [stdout]   |
[INFO] [stdout]   = note: `#[warn(dead_code)]` on by default
[INFO] [stdout] 
[INFO] [stdout] 
[INFO] [stdout] warning: struct `CodedOutputStream` is never constructed
[INFO] [stdout]   --> src/codec/protobuf/protobuf_helper.rs:15:16
[INFO] [stdout]    |
[INFO] [stdout] 15 |     pub struct CodedOutputStream<'a> {
[INFO] [stdout]    |                ^^^^^^^^^^^^^^^^^
[INFO] [stdout] 
[INFO] [stdout] 
[INFO] [stdout] warning: constant `ACCESS_GROUP_MASK` is never used
[INFO] [stdout]   --> src/base/access_string.rs:10:7
[INFO] [stdout]    |
[INFO] [stdout] 10 | const ACCESS_GROUP_MASK: u32 = 0b111 << 29;
[INFO] [stdout]    |       ^^^^^^^^^^^^^^^^^
[INFO] [stdout] 
[INFO] [stdout] 
[INFO] [stdout] warning: associated function `convert_bdt_error_code` is never used
[INFO] [stdout]    --> src/base/error.rs:963:8
[INFO] [stdout]     |
[INFO] [stdout] 963 |     fn convert_bdt_error_code(code: u32) -> BuckyErrorCode {
[INFO] [stdout]     |        ^^^^^^^^^^^^^^^^^^^^^^
[INFO] [stdout] 
[INFO] [stdout] 
[INFO] [stdout] warning: field `obj_type` is never read
[INFO] [stdout]    --> src/objects/object.rs:456:5
[INFO] [stdout]     |
[INFO] [stdout] 447 | pub struct ObjectMutBody<B, O>
[INFO] [stdout]     |            ------------- field in this struct
[INFO] [stdout] ...
[INFO] [stdout] 456 |     obj_type: Option<PhantomData<O>>,
[INFO] [stdout]     |     ^^^^^^^^
[INFO] [stdout]     |
[INFO] [stdout]     = note: `ObjectMutBody` has a derived impl for the trait `Clone`, but this is intentionally ignored during dead code analysis
[INFO] [stdout] 
[INFO] [stdout] 
[INFO] [stdout] warning: associated function `new` is never used
[INFO] [stdout]   --> src/objects/object_map/cache.rs:60:12
[INFO] [stdout]    |
[INFO] [stdout] 60 |     pub fn new() -> ObjectMapNOCCacheRef {
[INFO] [stdout]    |            ^^^
[INFO] [stdout] 
[INFO] [stdout] 
[INFO] [stdout] warning: fields `owner` and `dec_id` are never read
[INFO] [stdout]   --> src/objects/object_map/diff.rs:33:5
[INFO] [stdout]    |
[INFO] [stdout] 32 | pub struct ObjectMapDiff {
[INFO] [stdout]    |            ------------- fields in this struct
[INFO] [stdout] 33 |     owner: Option<ObjectId>,
[INFO] [stdout]    |     ^^^^^
[INFO] [stdout] 34 |     dec_id: Option<ObjectId>,
[INFO] [stdout]    |     ^^^^^^
[INFO] [stdout] 
[INFO] [stdout] 
[INFO] [stdout] warning: associated function `expand_altered` is never used
[INFO] [stdout]    --> src/objects/object_map/diff.rs:720:14
[INFO] [stdout]     |
[INFO] [stdout] 720 |     async fn expand_altered(
[INFO] [stdout]     |              ^^^^^^^^^^^^^^
[INFO] [stdout] 
[INFO] [stdout] 
[INFO] [stdout] warning: associated function `diff_and_expand_recursive` is never used
[INFO] [stdout]    --> src/objects/object_map/diff.rs:796:14
[INFO] [stdout]     |
[INFO] [stdout] 796 |     async fn diff_and_expand_recursive(
[INFO] [stdout]     |              ^^^^^^^^^^^^^^^^^^^^^^^^^
[INFO] [stdout] 
[INFO] [stdout] 
[INFO] [stdout] warning: struct `HubContentIterator` is never constructed
[INFO] [stdout]    --> src/objects/object_map/iterator.rs:342:8
[INFO] [stdout]     |
[INFO] [stdout] 342 | struct HubContentIterator {
[INFO] [stdout]     |        ^^^^^^^^^^^^^^^^^^
[INFO] [stdout] 
[INFO] [stdout] 
[INFO] [stdout] warning: field `guard` is never read
[INFO] [stdout]   --> src/objects/object_map/lock.rs:15:5
[INFO] [stdout]    |
[INFO] [stdout] 13 | struct PathLockMutex {
[INFO] [stdout]    |        ------------- field in this struct
[INFO] [stdout] 14 |     lock: Arc<AsyncMutex<u32>>,
[INFO] [stdout] 15 |     guard: AsyncMutexGuardArc<u32>,
[INFO] [stdout]    |     ^^^^^
[INFO] [stdout] 
[INFO] [stdout] 
[INFO] [stdout] warning: method `find_lock` is never used
[INFO] [stdout]   --> src/objects/object_map/lock.rs:95:8
[INFO] [stdout]    |
[INFO] [stdout] 95 |     fn find_lock(&self, path: &str, sid: u64) -> Option<(usize, &PathLockData)> {
[INFO] [stdout]    |        ^^^^^^^^^
[INFO] [stdout] 
[INFO] [stdout] 
[INFO] [stdout] warning: method `check_lock_valid` is never used
[INFO] [stdout]    --> src/objects/object_map/lock.rs:123:12
[INFO] [stdout]     |
[INFO] [stdout] 123 |     pub fn check_lock_valid(&self, req_list: Vec<PathLockRequest>) -> BuckyResult<()> {
[INFO] [stdout]     |            ^^^^^^^^^^^^^^^^
[INFO] [stdout] 
[INFO] [stdout] 
[INFO] [stdout] warning: method `check_lock_valid` is never used
[INFO] [stdout]    --> src/objects/object_map/lock.rs:366:18
[INFO] [stdout]     |
[INFO] [stdout] 366 |     pub async fn check_lock_valid(&self, req_list: Vec<PathLockRequest>) -> BuckyResult<()> {
[INFO] [stdout]     |                  ^^^^^^^^^^^^^^^^
[INFO] [stdout] 
[INFO] [stdout] 
[INFO] [stdout] warning: method `try_lock` is never used
[INFO] [stdout]    --> src/objects/object_map/lock.rs:370:18
[INFO] [stdout]     |
[INFO] [stdout] 370 |     pub async fn try_lock(&self, req: PathLockRequest) -> BuckyResult<()> {
[INFO] [stdout]     |                  ^^^^^^^^
[INFO] [stdout] 
[INFO] [stdout] 
[INFO] [stdout] warning: associated function `new` is never used
[INFO] [stdout]     --> src/objects/object_map/object_map.rs:1926:12
[INFO] [stdout]      |
[INFO] [stdout] 1926 |     pub fn new(object_id: ObjectId) -> Self {
[INFO] [stdout]      |            ^^^
[INFO] [stdout] 
[INFO] [stdout] 
[INFO] [stdout] warning: associated function `new` is never used
[INFO] [stdout]     --> src/objects/object_map/object_map.rs:1965:12
[INFO] [stdout]      |
[INFO] [stdout] 1965 |     pub fn new(object_id: ObjectId) -> Self {
[INFO] [stdout]      |            ^^^
[INFO] [stdout] 
[INFO] [stdout] 
[INFO] [stdout] warning: function `update_root` is never used
[INFO] [stdout]    --> src/objects/object_map/op_env.rs:685:14
[INFO] [stdout]     |
[INFO] [stdout] 685 |     async fn update_root<F, Fut>(update_root_fn: F) -> BuckyResult<()>
[INFO] [stdout]     |              ^^^^^^^^^^^
[INFO] [stdout] 
[INFO] [stdout] 
[INFO] [stdout] warning: field `sub_type` is never read
[INFO] [stdout]     --> src/objects/object_typeless.rs:1091:5
[INFO] [stdout]      |
[INFO] [stdout] 1090 | pub struct TypelessObjectType<T: TypeCatagoryMark> {
[INFO] [stdout]      |            ------------------ field in this struct
[INFO] [stdout] 1091 |     sub_type: Option<PhantomData<T>>,
[INFO] [stdout]      |     ^^^^^^^^
[INFO] [stdout]      |
[INFO] [stdout]      = note: `TypelessObjectType` has derived impls for the traits `Debug` and `Clone`, but these are intentionally ignored during dead code analysis
[INFO] [stdout] 
[INFO] [stdout] 
[INFO] [stdout] warning: method `version` is never used
[INFO] [stdout]   --> src/objects/object_typeless.rs:26:8
[INFO] [stdout]    |
[INFO] [stdout] 26 |     fn version(&self) -> u8 {
[INFO] [stdout]    |        ^^^^^^^
[INFO] [stdout] 
[INFO] [stdout] 
[INFO] [stdout] warning: method `format` is never used
[INFO] [stdout]   --> src/objects/object_typeless.rs:30:8
[INFO] [stdout]    |
[INFO] [stdout] 30 |     fn format(&self) -> u8 {
[INFO] [stdout]    |        ^^^^^^
[INFO] [stdout] 
[INFO] [stdout] 
[INFO] [stdout] warning: field `contract_body` is never read
[INFO] [stdout]    --> src/objects/proof_of_service.rs:170:5
[INFO] [stdout]     |
[INFO] [stdout] 159 | pub struct ServiceContract {
[INFO] [stdout]     |            --------------- field in this struct
[INFO] [stdout] ...
[INFO] [stdout] 170 |     contract_body: ServiceContractBody,
[INFO] [stdout]     |     ^^^^^^^^^^^^^
[INFO] [stdout]     |
[INFO] [stdout]     = note: `ServiceContract` has derived impls for the traits `Debug` and `Clone`, but these are intentionally ignored during dead code analysis
[INFO] [stdout] 
[INFO] [stdout] 
[INFO] [stdout] warning: fields `customer`, `service_type`, `service_start`, `service_end`, and `receipt_body` are never read
[INFO] [stdout]    --> src/objects/proof_of_service.rs:398:5
[INFO] [stdout]     |
[INFO] [stdout] 397 | pub struct ServiceReceipt {
[INFO] [stdout]     |            -------------- fields in this struct
[INFO] [stdout] 398 |     customer: ObjectId, // 谁使用服务
[INFO] [stdout]     |     ^^^^^^^^
[INFO] [stdout] 399 |     service_type: u32,
[INFO] [stdout]     |     ^^^^^^^^^^^^
[INFO] [stdout] 400 |     service_start: u64, // 本凭证的开始时间
[INFO] [stdout]     |     ^^^^^^^^^^^^^
[INFO] [stdout] 401 |     service_end: u64,   // 本凭证的结束时间
[INFO] [stdout]     |     ^^^^^^^^^^^
[INFO] [stdout] 402 |     receipt_body: ServiceReceiptBody,
[INFO] [stdout]     |     ^^^^^^^^^^^^
[INFO] [stdout]     |
[INFO] [stdout]     = note: `ServiceReceipt` has derived impls for the traits `Debug` and `Clone`, but these are intentionally ignored during dead code analysis
[INFO] [stdout] 
[INFO] [stdout] 
[INFO] [stdout] warning: constant `CONTRACT_SN_BODY_CODE` is never used
[INFO] [stdout]    --> src/objects/proof_of_service.rs:439:7
[INFO] [stdout]     |
[INFO] [stdout] 439 | const CONTRACT_SN_BODY_CODE: u8 = 0_u8;
[INFO] [stdout]     |       ^^^^^^^^^^^^^^^^^^^^^
[INFO] [stdout] 
[INFO] [stdout] 
[INFO] [stdout] warning: constant `CONTRACT_TRAFFIC_BODY_CODE` is never used
[INFO] [stdout]    --> src/objects/proof_of_service.rs:440:7
[INFO] [stdout]     |
[INFO] [stdout] 440 | const CONTRACT_TRAFFIC_BODY_CODE: u8 = 1_u8;
[INFO] [stdout]     |       ^^^^^^^^^^^^^^^^^^^^^^^^^^
[INFO] [stdout] 
[INFO] [stdout] 
[INFO] [stdout] warning: constant `CONTRACT_CHUNK_TRANS_BODY_CODE` is never used
[INFO] [stdout]    --> src/objects/proof_of_service.rs:441:7
[INFO] [stdout]     |
[INFO] [stdout] 441 | const CONTRACT_CHUNK_TRANS_BODY_CODE: u8 = 2_u8;
[INFO] [stdout]     |       ^^^^^^^^^^^^^^^^^^^^^^^^^^^^^^
[INFO] [stdout] 
[INFO] [stdout] 
[INFO] [stdout] warning: constant `CONTRACT_DSG_BODY_CODE` is never used
[INFO] [stdout]    --> src/objects/proof_of_service.rs:442:7
[INFO] [stdout]     |
[INFO] [stdout] 442 | const CONTRACT_DSG_BODY_CODE: u8 = 3_u8;
[INFO] [stdout]     |       ^^^^^^^^^^^^^^^^^^^^^^
[INFO] [stdout] 
[INFO] [stdout] 
[INFO] [stdout] warning: constant `RECEIPT_SN_BODY_CODE` is never used
[INFO] [stdout]    --> src/objects/proof_of_service.rs:443:7
[INFO] [stdout]     |
[INFO] [stdout] 443 | const RECEIPT_SN_BODY_CODE: u8 = 10_u8;
[INFO] [stdout]     |       ^^^^^^^^^^^^^^^^^^^^
[INFO] [stdout] 
[INFO] [stdout] 
[INFO] [stdout] warning: constant `RECEIPT_TRAFFIC_BODY_CODE` is never used
[INFO] [stdout]    --> src/objects/proof_of_service.rs:444:7
[INFO] [stdout]     |
[INFO] [stdout] 444 | const RECEIPT_TRAFFIC_BODY_CODE: u8 = 11_u8;
[INFO] [stdout]     |       ^^^^^^^^^^^^^^^^^^^^^^^^^
[INFO] [stdout] 
[INFO] [stdout] 
[INFO] [stdout] warning: constant `RECEIPT_CHUNK_TRANS_BODY_CODE` is never used
[INFO] [stdout]    --> src/objects/proof_of_service.rs:445:7
[INFO] [stdout]     |
[INFO] [stdout] 445 | const RECEIPT_CHUNK_TRANS_BODY_CODE: u8 = 12_u8;
[INFO] [stdout]     |       ^^^^^^^^^^^^^^^^^^^^^^^^^^^^^
[INFO] [stdout] 
[INFO] [stdout] 
[INFO] [stdout] warning: constant `RECEIPT_DSG_BODY_CODE` is never used
[INFO] [stdout]    --> src/objects/proof_of_service.rs:446:7
[INFO] [stdout]     |
[INFO] [stdout] 446 | const RECEIPT_DSG_BODY_CODE: u8 = 13_u8;
[INFO] [stdout]     |       ^^^^^^^^^^^^^^^^^^^^^
[INFO] [stdout] 
[INFO] [stdout] 
[INFO] [stdout] warning: type alias `ProofOfServiceBodyContentProofData` is never used
[INFO] [stdout]    --> src/objects/proof_of_service.rs:555:6
[INFO] [stdout]     |
[INFO] [stdout] 555 | type ProofOfServiceBodyContentProofData = ProofOfServiceBodyContent<ProofData>;
[INFO] [stdout]     |      ^^^^^^^^^^^^^^^^^^^^^^^^^^^^^^^^^^
[INFO] [stdout] 
[INFO] [stdout] 
[INFO] [stdout] warning: associated function `new` is never used
[INFO] [stdout]    --> src/objects/proof_of_service.rs:406:8
[INFO] [stdout]     |
[INFO] [stdout] 406 |     fn new() -> ServiceReceipt {
[INFO] [stdout]     |        ^^^
[INFO] [stdout] 
[INFO] [stdout] 
[INFO] [stdout] warning: method `is_accept` is never used
[INFO] [stdout]    --> src/objects/proof_of_service.rs:465:12
[INFO] [stdout]     |
[INFO] [stdout] 465 |     pub fn is_accept(&self) -> bool {
[INFO] [stdout]     |            ^^^^^^^^^
[INFO] [stdout] 
[INFO] [stdout] 
[INFO] [stdout] warning: method `is_refuse` is never used
[INFO] [stdout]    --> src/objects/proof_of_service.rs:468:12
[INFO] [stdout]     |
[INFO] [stdout] 468 |     pub fn is_refuse(&self) -> bool {
[INFO] [stdout]     |            ^^^^^^^^^
[INFO] [stdout] 
[INFO] [stdout] 
[INFO] [stdout] warning: 35 warnings emitted
[INFO] [stdout] 
[INFO] [stdout] 
[INFO] [stderr]     Finished dev [unoptimized + debuginfo] target(s) in 2m 45s
[INFO] running `Command { std: "docker" "inspect" "0e9cc0d9cfb302e9229a4a65729075dec9791a1161fbec3121ac7cd8c5fb2bc5", kill_on_drop: false }`
[INFO] running `Command { std: "docker" "rm" "-f" "0e9cc0d9cfb302e9229a4a65729075dec9791a1161fbec3121ac7cd8c5fb2bc5", kill_on_drop: false }`
[INFO] [stdout] 0e9cc0d9cfb302e9229a4a65729075dec9791a1161fbec3121ac7cd8c5fb2bc5
[INFO] running `Command { std: "docker" "create" "-v" "/var/lib/crater-agent-workspace/builds/worker-0-tc1/target:/opt/rustwide/target:rw,Z" "-v" "/var/lib/crater-agent-workspace/builds/worker-0-tc1/source:/opt/rustwide/workdir:ro,Z" "-v" "/var/lib/crater-agent-workspace/cargo-home:/opt/rustwide/cargo-home:ro,Z" "-v" "/var/lib/crater-agent-workspace/rustup-home:/opt/rustwide/rustup-home:ro,Z" "-e" "SOURCE_DIR=/opt/rustwide/workdir" "-e" "CARGO_TARGET_DIR=/opt/rustwide/target" "-e" "CARGO_INCREMENTAL=0" "-e" "RUST_BACKTRACE=full" "-e" "RUSTFLAGS=--cap-lints=warn" "-e" "RUSTDOCFLAGS=--cap-lints=warn" "-e" "CARGO_HOME=/opt/rustwide/cargo-home" "-e" "RUSTUP_HOME=/opt/rustwide/rustup-home" "-w" "/opt/rustwide/workdir" "-m" "1610612736" "--user" "0:0" "--network" "none" "ghcr.io/rust-lang/crates-build-env/linux@sha256:5ff2268d62e97bff2cde7d5815dd6ed5b47097566f13b8d0ca110b04b60e07ed" "/opt/rustwide/cargo-home/bin/cargo" "+1.69.0" "test" "--frozen" "--no-run" "--message-format=json", kill_on_drop: false }`
[INFO] [stdout] 81b88d23edf5b411a1df3abe351a55d28765b4ab253977dfbdcbf1289fb7c1f6
[INFO] running `Command { std: "docker" "start" "-a" "81b88d23edf5b411a1df3abe351a55d28765b4ab253977dfbdcbf1289fb7c1f6", kill_on_drop: false }`
[INFO] [stdout] warning: enum `OutputTarget` is never used
[INFO] [stdout]  --> src/codec/protobuf/protobuf_helper.rs:9:10
[INFO] [stdout]   |
[INFO] [stdout] 9 |     enum OutputTarget<'a> {
[INFO] [stdout]   |          ^^^^^^^^^^^^
[INFO] [stdout]   |
[INFO] [stdout]   = note: `#[warn(dead_code)]` on by default
[INFO] [stdout] 
[INFO] [stdout] 
[INFO] [stdout] warning: struct `CodedOutputStream` is never constructed
[INFO] [stdout]   --> src/codec/protobuf/protobuf_helper.rs:15:16
[INFO] [stdout]    |
[INFO] [stdout] 15 |     pub struct CodedOutputStream<'a> {
[INFO] [stdout]    |                ^^^^^^^^^^^^^^^^^
[INFO] [stdout] 
[INFO] [stdout] 
[INFO] [stdout] warning: constant `ACCESS_GROUP_MASK` is never used
[INFO] [stdout]   --> src/base/access_string.rs:10:7
[INFO] [stdout]    |
[INFO] [stdout] 10 | const ACCESS_GROUP_MASK: u32 = 0b111 << 29;
[INFO] [stdout]    |       ^^^^^^^^^^^^^^^^^
[INFO] [stdout] 
[INFO] [stdout] 
[INFO] [stdout] warning: associated function `convert_bdt_error_code` is never used
[INFO] [stdout]    --> src/base/error.rs:963:8
[INFO] [stdout]     |
[INFO] [stdout] 963 |     fn convert_bdt_error_code(code: u32) -> BuckyErrorCode {
[INFO] [stdout]     |        ^^^^^^^^^^^^^^^^^^^^^^
[INFO] [stdout] 
[INFO] [stdout] 
[INFO] [stdout] warning: field `obj_type` is never read
[INFO] [stdout]    --> src/objects/object.rs:456:5
[INFO] [stdout]     |
[INFO] [stdout] 447 | pub struct ObjectMutBody<B, O>
[INFO] [stdout]     |            ------------- field in this struct
[INFO] [stdout] ...
[INFO] [stdout] 456 |     obj_type: Option<PhantomData<O>>,
[INFO] [stdout]     |     ^^^^^^^^
[INFO] [stdout]     |
[INFO] [stdout]     = note: `ObjectMutBody` has a derived impl for the trait `Clone`, but this is intentionally ignored during dead code analysis
[INFO] [stdout] 
[INFO] [stdout] 
[INFO] [stdout] warning: associated function `new` is never used
[INFO] [stdout]   --> src/objects/object_map/cache.rs:60:12
[INFO] [stdout]    |
[INFO] [stdout] 60 |     pub fn new() -> ObjectMapNOCCacheRef {
[INFO] [stdout]    |            ^^^
[INFO] [stdout] 
[INFO] [stdout] 
[INFO] [stdout] warning: fields `owner` and `dec_id` are never read
[INFO] [stdout]   --> src/objects/object_map/diff.rs:33:5
[INFO] [stdout]    |
[INFO] [stdout] 32 | pub struct ObjectMapDiff {
[INFO] [stdout]    |            ------------- fields in this struct
[INFO] [stdout] 33 |     owner: Option<ObjectId>,
[INFO] [stdout]    |     ^^^^^
[INFO] [stdout] 34 |     dec_id: Option<ObjectId>,
[INFO] [stdout]    |     ^^^^^^
[INFO] [stdout] 
[INFO] [stdout] 
[INFO] [stdout] warning: associated function `expand_altered` is never used
[INFO] [stdout]    --> src/objects/object_map/diff.rs:720:14
[INFO] [stdout]     |
[INFO] [stdout] 720 |     async fn expand_altered(
[INFO] [stdout]     |              ^^^^^^^^^^^^^^
[INFO] [stdout] 
[INFO] [stdout] 
[INFO] [stdout] warning: associated function `diff_and_expand_recursive` is never used
[INFO] [stdout]    --> src/objects/object_map/diff.rs:796:14
[INFO] [stdout]     |
[INFO] [stdout] 796 |     async fn diff_and_expand_recursive(
[INFO] [stdout]     |              ^^^^^^^^^^^^^^^^^^^^^^^^^
[INFO] [stdout] 
[INFO] [stdout] 
[INFO] [stdout] warning: struct `HubContentIterator` is never constructed
[INFO] [stdout]    --> src/objects/object_map/iterator.rs:342:8
[INFO] [stdout]     |
[INFO] [stdout] 342 | struct HubContentIterator {
[INFO] [stdout]     |        ^^^^^^^^^^^^^^^^^^
[INFO] [stdout] 
[INFO] [stdout] 
[INFO] [stdout] warning: field `guard` is never read
[INFO] [stdout]   --> src/objects/object_map/lock.rs:15:5
[INFO] [stdout]    |
[INFO] [stdout] 13 | struct PathLockMutex {
[INFO] [stdout]    |        ------------- field in this struct
[INFO] [stdout] 14 |     lock: Arc<AsyncMutex<u32>>,
[INFO] [stdout] 15 |     guard: AsyncMutexGuardArc<u32>,
[INFO] [stdout]    |     ^^^^^
[INFO] [stdout] 
[INFO] [stdout] 
[INFO] [stdout] warning: method `find_lock` is never used
[INFO] [stdout]   --> src/objects/object_map/lock.rs:95:8
[INFO] [stdout]    |
[INFO] [stdout] 95 |     fn find_lock(&self, path: &str, sid: u64) -> Option<(usize, &PathLockData)> {
[INFO] [stdout]    |        ^^^^^^^^^
[INFO] [stdout] 
[INFO] [stdout] 
[INFO] [stdout] warning: method `check_lock_valid` is never used
[INFO] [stdout]    --> src/objects/object_map/lock.rs:123:12
[INFO] [stdout]     |
[INFO] [stdout] 123 |     pub fn check_lock_valid(&self, req_list: Vec<PathLockRequest>) -> BuckyResult<()> {
[INFO] [stdout]     |            ^^^^^^^^^^^^^^^^
[INFO] [stdout] 
[INFO] [stdout] 
[INFO] [stdout] warning: method `check_lock_valid` is never used
[INFO] [stdout]    --> src/objects/object_map/lock.rs:366:18
[INFO] [stdout]     |
[INFO] [stdout] 366 |     pub async fn check_lock_valid(&self, req_list: Vec<PathLockRequest>) -> BuckyResult<()> {
[INFO] [stdout]     |                  ^^^^^^^^^^^^^^^^
[INFO] [stdout] 
[INFO] [stdout] 
[INFO] [stdout] warning: method `try_lock` is never used
[INFO] [stdout]    --> src/objects/object_map/lock.rs:370:18
[INFO] [stdout]     |
[INFO] [stdout] 370 |     pub async fn try_lock(&self, req: PathLockRequest) -> BuckyResult<()> {
[INFO] [stdout]     |                  ^^^^^^^^
[INFO] [stdout] 
[INFO] [stdout] 
[INFO] [stdout] warning: associated function `new` is never used
[INFO] [stdout]     --> src/objects/object_map/object_map.rs:1926:12
[INFO] [stdout]      |
[INFO] [stdout] 1926 |     pub fn new(object_id: ObjectId) -> Self {
[INFO] [stdout]      |            ^^^
[INFO] [stdout] 
[INFO] [stdout] 
[INFO] [stdout] warning: associated function `new` is never used
[INFO] [stdout]     --> src/objects/object_map/object_map.rs:1965:12
[INFO] [stdout]      |
[INFO] [stdout] 1965 |     pub fn new(object_id: ObjectId) -> Self {
[INFO] [stdout]      |            ^^^
[INFO] [stdout] 
[INFO] [stdout] 
[INFO] [stdout] warning: function `update_root` is never used
[INFO] [stdout]    --> src/objects/object_map/op_env.rs:685:14
[INFO] [stdout]     |
[INFO] [stdout] 685 |     async fn update_root<F, Fut>(update_root_fn: F) -> BuckyResult<()>
[INFO] [stdout]     |              ^^^^^^^^^^^
[INFO] [stdout] 
[INFO] [stdout] 
[INFO] [stdout] warning: field `sub_type` is never read
[INFO] [stdout]     --> src/objects/object_typeless.rs:1091:5
[INFO] [stdout]      |
[INFO] [stdout] 1090 | pub struct TypelessObjectType<T: TypeCatagoryMark> {
[INFO] [stdout]      |            ------------------ field in this struct
[INFO] [stdout] 1091 |     sub_type: Option<PhantomData<T>>,
[INFO] [stdout]      |     ^^^^^^^^
[INFO] [stdout]      |
[INFO] [stdout]      = note: `TypelessObjectType` has derived impls for the traits `Debug` and `Clone`, but these are intentionally ignored during dead code analysis
[INFO] [stdout] 
[INFO] [stdout] 
[INFO] [stdout] warning: method `version` is never used
[INFO] [stdout]   --> src/objects/object_typeless.rs:26:8
[INFO] [stdout]    |
[INFO] [stdout] 26 |     fn version(&self) -> u8 {
[INFO] [stdout]    |        ^^^^^^^
[INFO] [stdout] 
[INFO] [stdout] 
[INFO] [stdout] warning: method `format` is never used
[INFO] [stdout]   --> src/objects/object_typeless.rs:30:8
[INFO] [stdout]    |
[INFO] [stdout] 30 |     fn format(&self) -> u8 {
[INFO] [stdout]    |        ^^^^^^
[INFO] [stdout] 
[INFO] [stdout] 
[INFO] [stdout] warning: field `contract_body` is never read
[INFO] [stdout]    --> src/objects/proof_of_service.rs:170:5
[INFO] [stdout]     |
[INFO] [stdout] 159 | pub struct ServiceContract {
[INFO] [stdout]     |            --------------- field in this struct
[INFO] [stdout] ...
[INFO] [stdout] 170 |     contract_body: ServiceContractBody,
[INFO] [stdout]     |     ^^^^^^^^^^^^^
[INFO] [stdout]     |
[INFO] [stdout]     = note: `ServiceContract` has derived impls for the traits `Debug` and `Clone`, but these are intentionally ignored during dead code analysis
[INFO] [stdout] 
[INFO] [stdout] 
[INFO] [stdout] warning: fields `customer`, `service_type`, `service_start`, `service_end`, and `receipt_body` are never read
[INFO] [stdout]    --> src/objects/proof_of_service.rs:398:5
[INFO] [stdout]     |
[INFO] [stdout] 397 | pub struct ServiceReceipt {
[INFO] [stdout]     |            -------------- fields in this struct
[INFO] [stdout] 398 |     customer: ObjectId, // 谁使用服务
[INFO] [stdout]     |     ^^^^^^^^
[INFO] [stdout] 399 |     service_type: u32,
[INFO] [stdout]     |     ^^^^^^^^^^^^
[INFO] [stdout] 400 |     service_start: u64, // 本凭证的开始时间
[INFO] [stdout]     |     ^^^^^^^^^^^^^
[INFO] [stdout] 401 |     service_end: u64,   // 本凭证的结束时间
[INFO] [stdout]     |     ^^^^^^^^^^^
[INFO] [stdout] 402 |     receipt_body: ServiceReceiptBody,
[INFO] [stdout]     |     ^^^^^^^^^^^^
[INFO] [stdout]     |
[INFO] [stdout]     = note: `ServiceReceipt` has derived impls for the traits `Debug` and `Clone`, but these are intentionally ignored during dead code analysis
[INFO] [stdout] 
[INFO] [stdout] 
[INFO] [stdout] warning: constant `CONTRACT_SN_BODY_CODE` is never used
[INFO] [stdout]    --> src/objects/proof_of_service.rs:439:7
[INFO] [stdout]     |
[INFO] [stdout] 439 | const CONTRACT_SN_BODY_CODE: u8 = 0_u8;
[INFO] [stdout]     |       ^^^^^^^^^^^^^^^^^^^^^
[INFO] [stdout] 
[INFO] [stdout] 
[INFO] [stdout] warning: constant `CONTRACT_TRAFFIC_BODY_CODE` is never used
[INFO] [stdout]    --> src/objects/proof_of_service.rs:440:7
[INFO] [stdout]     |
[INFO] [stdout] 440 | const CONTRACT_TRAFFIC_BODY_CODE: u8 = 1_u8;
[INFO] [stdout]     |       ^^^^^^^^^^^^^^^^^^^^^^^^^^
[INFO] [stdout] 
[INFO] [stdout] 
[INFO] [stdout] warning: constant `CONTRACT_CHUNK_TRANS_BODY_CODE` is never used
[INFO] [stdout]    --> src/objects/proof_of_service.rs:441:7
[INFO] [stdout]     |
[INFO] [stdout] 441 | const CONTRACT_CHUNK_TRANS_BODY_CODE: u8 = 2_u8;
[INFO] [stdout]     |       ^^^^^^^^^^^^^^^^^^^^^^^^^^^^^^
[INFO] [stdout] 
[INFO] [stdout] 
[INFO] [stdout] warning: constant `CONTRACT_DSG_BODY_CODE` is never used
[INFO] [stdout]    --> src/objects/proof_of_service.rs:442:7
[INFO] [stdout]     |
[INFO] [stdout] 442 | const CONTRACT_DSG_BODY_CODE: u8 = 3_u8;
[INFO] [stdout]     |       ^^^^^^^^^^^^^^^^^^^^^^
[INFO] [stdout] 
[INFO] [stdout] 
[INFO] [stdout] warning: constant `RECEIPT_SN_BODY_CODE` is never used
[INFO] [stdout]    --> src/objects/proof_of_service.rs:443:7
[INFO] [stdout]     |
[INFO] [stdout] 443 | const RECEIPT_SN_BODY_CODE: u8 = 10_u8;
[INFO] [stdout]     |       ^^^^^^^^^^^^^^^^^^^^
[INFO] [stdout] 
[INFO] [stdout] 
[INFO] [stdout] warning: constant `RECEIPT_TRAFFIC_BODY_CODE` is never used
[INFO] [stdout]    --> src/objects/proof_of_service.rs:444:7
[INFO] [stdout]     |
[INFO] [stdout] 444 | const RECEIPT_TRAFFIC_BODY_CODE: u8 = 11_u8;
[INFO] [stdout]     |       ^^^^^^^^^^^^^^^^^^^^^^^^^
[INFO] [stdout] 
[INFO] [stdout] 
[INFO] [stderr]    Compiling cyfs-base v0.6.12 (/opt/rustwide/workdir)
[INFO] [stdout] warning: constant `RECEIPT_CHUNK_TRANS_BODY_CODE` is never used
[INFO] [stdout]    --> src/objects/proof_of_service.rs:445:7
[INFO] [stdout]     |
[INFO] [stdout] 445 | const RECEIPT_CHUNK_TRANS_BODY_CODE: u8 = 12_u8;
[INFO] [stdout]     |       ^^^^^^^^^^^^^^^^^^^^^^^^^^^^^
[INFO] [stdout] 
[INFO] [stdout] 
[INFO] [stdout] warning: constant `RECEIPT_DSG_BODY_CODE` is never used
[INFO] [stdout]    --> src/objects/proof_of_service.rs:446:7
[INFO] [stdout]     |
[INFO] [stdout] 446 | const RECEIPT_DSG_BODY_CODE: u8 = 13_u8;
[INFO] [stdout]     |       ^^^^^^^^^^^^^^^^^^^^^
[INFO] [stdout] 
[INFO] [stdout] 
[INFO] [stdout] warning: type alias `ProofOfServiceBodyContentProofData` is never used
[INFO] [stdout]    --> src/objects/proof_of_service.rs:555:6
[INFO] [stdout]     |
[INFO] [stdout] 555 | type ProofOfServiceBodyContentProofData = ProofOfServiceBodyContent<ProofData>;
[INFO] [stdout]     |      ^^^^^^^^^^^^^^^^^^^^^^^^^^^^^^^^^^
[INFO] [stdout] 
[INFO] [stdout] 
[INFO] [stdout] warning: associated function `new` is never used
[INFO] [stdout]    --> src/objects/proof_of_service.rs:406:8
[INFO] [stdout]     |
[INFO] [stdout] 406 |     fn new() -> ServiceReceipt {
[INFO] [stdout]     |        ^^^
[INFO] [stdout] 
[INFO] [stdout] 
[INFO] [stdout] warning: method `is_accept` is never used
[INFO] [stdout]    --> src/objects/proof_of_service.rs:465:12
[INFO] [stdout]     |
[INFO] [stdout] 465 |     pub fn is_accept(&self) -> bool {
[INFO] [stdout]     |            ^^^^^^^^^
[INFO] [stdout] 
[INFO] [stdout] 
[INFO] [stdout] warning: method `is_refuse` is never used
[INFO] [stdout]    --> src/objects/proof_of_service.rs:468:12
[INFO] [stdout]     |
[INFO] [stdout] 468 |     pub fn is_refuse(&self) -> bool {
[INFO] [stdout]     |            ^^^^^^^^^
[INFO] [stdout] 
[INFO] [stdout] 
[INFO] [stdout] warning: 35 warnings emitted
[INFO] [stdout] 
[INFO] [stdout] 
[INFO] [stdout] warning: unused variable: `object_id`
[INFO] [stdout]     --> src/objects/object_map/object_map.rs:3417:13
[INFO] [stdout]      |
[INFO] [stdout] 3417 |         let object_id = ObjectId::default();
[INFO] [stdout]      |             ^^^^^^^^^ help: if this is intentional, prefix it with an underscore: `_object_id`
[INFO] [stdout]      |
[INFO] [stdout]      = note: `#[warn(unused_variables)]` on by default
[INFO] [stdout] 
[INFO] [stdout] 
[INFO] [stdout] warning: enum `OutputTarget` is never used
[INFO] [stdout]  --> src/codec/protobuf/protobuf_helper.rs:9:10
[INFO] [stdout]   |
[INFO] [stdout] 9 |     enum OutputTarget<'a> {
[INFO] [stdout]   |          ^^^^^^^^^^^^
[INFO] [stdout]   |
[INFO] [stdout]   = note: `#[warn(dead_code)]` on by default
[INFO] [stdout] 
[INFO] [stdout] 
[INFO] [stdout] warning: struct `CodedOutputStream` is never constructed
[INFO] [stdout]   --> src/codec/protobuf/protobuf_helper.rs:15:16
[INFO] [stdout]    |
[INFO] [stdout] 15 |     pub struct CodedOutputStream<'a> {
[INFO] [stdout]    |                ^^^^^^^^^^^^^^^^^
[INFO] [stdout] 
[INFO] [stdout] 
[INFO] [stdout] warning: constant `U22_MAX` is never used
[INFO] [stdout]     --> src/codec/raw/raw_types.rs:2299:15
[INFO] [stdout]      |
[INFO] [stdout] 2299 |         const U22_MAX: u64 = (u32::MAX >> 10) as u64;
[INFO] [stdout]      |               ^^^^^^^
[INFO] [stdout] 
[INFO] [stdout] 
[INFO] [stdout] warning: constant `ACCESS_GROUP_MASK` is never used
[INFO] [stdout]   --> src/base/access_string.rs:10:7
[INFO] [stdout]    |
[INFO] [stdout] 10 | const ACCESS_GROUP_MASK: u32 = 0b111 << 29;
[INFO] [stdout]    |       ^^^^^^^^^^^^^^^^^
[INFO] [stdout] 
[INFO] [stdout] 
[INFO] [stdout] warning: associated function `convert_bdt_error_code` is never used
[INFO] [stdout]    --> src/base/error.rs:963:8
[INFO] [stdout]     |
[INFO] [stdout] 963 |     fn convert_bdt_error_code(code: u32) -> BuckyErrorCode {
[INFO] [stdout]     |        ^^^^^^^^^^^^^^^^^^^^^^
[INFO] [stdout] 
[INFO] [stdout] 
[INFO] [stdout] warning: field `obj_type` is never read
[INFO] [stdout]    --> src/objects/object.rs:456:5
[INFO] [stdout]     |
[INFO] [stdout] 447 | pub struct ObjectMutBody<B, O>
[INFO] [stdout]     |            ------------- field in this struct
[INFO] [stdout] ...
[INFO] [stdout] 456 |     obj_type: Option<PhantomData<O>>,
[INFO] [stdout]     |     ^^^^^^^^
[INFO] [stdout]     |
[INFO] [stdout]     = note: `ObjectMutBody` has a derived impl for the trait `Clone`, but this is intentionally ignored during dead code analysis
[INFO] [stdout] 
[INFO] [stdout] 
[INFO] [stdout] warning: fields `owner` and `dec_id` are never read
[INFO] [stdout]   --> src/objects/object_map/diff.rs:33:5
[INFO] [stdout]    |
[INFO] [stdout] 32 | pub struct ObjectMapDiff {
[INFO] [stdout]    |            ------------- fields in this struct
[INFO] [stdout] 33 |     owner: Option<ObjectId>,
[INFO] [stdout]    |     ^^^^^
[INFO] [stdout] 34 |     dec_id: Option<ObjectId>,
[INFO] [stdout]    |     ^^^^^^
[INFO] [stdout] 
[INFO] [stdout] 
[INFO] [stdout] warning: associated function `expand_altered` is never used
[INFO] [stdout]    --> src/objects/object_map/diff.rs:720:14
[INFO] [stdout]     |
[INFO] [stdout] 720 |     async fn expand_altered(
[INFO] [stdout]     |              ^^^^^^^^^^^^^^
[INFO] [stdout] 
[INFO] [stdout] 
[INFO] [stdout] warning: associated function `diff_and_expand_recursive` is never used
[INFO] [stdout]    --> src/objects/object_map/diff.rs:796:14
[INFO] [stdout]     |
[INFO] [stdout] 796 |     async fn diff_and_expand_recursive(
[INFO] [stdout]     |              ^^^^^^^^^^^^^^^^^^^^^^^^^
[INFO] [stdout] 
[INFO] [stdout] 
[INFO] [stdout] warning: function `gen_next2` is never used
[INFO] [stdout]    --> src/objects/object_map/diff.rs:927:14
[INFO] [stdout]     |
[INFO] [stdout] 927 |     async fn gen_next2(cache: &ObjectMapOpEnvCacheRef) -> ObjectId {
[INFO] [stdout]     |              ^^^^^^^^^
[INFO] [stdout] 
[INFO] [stdout] 
[INFO] [stdout] warning: struct `HubContentIterator` is never constructed
[INFO] [stdout]    --> src/objects/object_map/iterator.rs:342:8
[INFO] [stdout]     |
[INFO] [stdout] 342 | struct HubContentIterator {
[INFO] [stdout]     |        ^^^^^^^^^^^^^^^^^^
[INFO] [stdout] 
[INFO] [stdout] 
[INFO] [stdout] warning: field `guard` is never read
[INFO] [stdout]   --> src/objects/object_map/lock.rs:15:5
[INFO] [stdout]    |
[INFO] [stdout] 13 | struct PathLockMutex {
[INFO] [stdout]    |        ------------- field in this struct
[INFO] [stdout] 14 |     lock: Arc<AsyncMutex<u32>>,
[INFO] [stdout] 15 |     guard: AsyncMutexGuardArc<u32>,
[INFO] [stdout]    |     ^^^^^
[INFO] [stdout] 
[INFO] [stdout] 
[INFO] [stdout] warning: associated function `new` is never used
[INFO] [stdout]     --> src/objects/object_map/object_map.rs:1926:12
[INFO] [stdout]      |
[INFO] [stdout] 1926 |     pub fn new(object_id: ObjectId) -> Self {
[INFO] [stdout]      |            ^^^
[INFO] [stdout] 
[INFO] [stdout] 
[INFO] [stdout] warning: associated function `new` is never used
[INFO] [stdout]     --> src/objects/object_map/object_map.rs:1965:12
[INFO] [stdout]      |
[INFO] [stdout] 1965 |     pub fn new(object_id: ObjectId) -> Self {
[INFO] [stdout]      |            ^^^
[INFO] [stdout] 
[INFO] [stdout] 
[INFO] [stdout] warning: field `class` is never read
[INFO] [stdout]     --> src/objects/object_map/object_map.rs:3204:9
[INFO] [stdout]      |
[INFO] [stdout] 3202 |     struct ObjectMapSlim {
[INFO] [stdout]      |            ------------- field in this struct
[INFO] [stdout] 3203 |         // 对象类别
[INFO] [stdout] 3204 |         class: ObjectMapClass,
[INFO] [stdout]      |         ^^^^^
[INFO] [stdout] 
[INFO] [stdout] 
[INFO] [stdout] warning: function `test_set` is never used
[INFO] [stdout]     --> src/objects/object_map/object_map.rs:3323:14
[INFO] [stdout]      |
[INFO] [stdout] 3323 |     async fn test_set() {
[INFO] [stdout]      |              ^^^^^^^^
[INFO] [stdout] 
[INFO] [stdout] 
[INFO] [stdout] warning: field `sub_type` is never read
[INFO] [stdout]     --> src/objects/object_typeless.rs:1091:5
[INFO] [stdout]      |
[INFO] [stdout] 1090 | pub struct TypelessObjectType<T: TypeCatagoryMark> {
[INFO] [stdout]      |            ------------------ field in this struct
[INFO] [stdout] 1091 |     sub_type: Option<PhantomData<T>>,
[INFO] [stdout]      |     ^^^^^^^^
[INFO] [stdout]      |
[INFO] [stdout]      = note: `TypelessObjectType` has derived impls for the traits `Debug` and `Clone`, but these are intentionally ignored during dead code analysis
[INFO] [stdout] 
[INFO] [stdout] 
[INFO] [stdout] warning: method `version` is never used
[INFO] [stdout]   --> src/objects/object_typeless.rs:26:8
[INFO] [stdout]    |
[INFO] [stdout] 26 |     fn version(&self) -> u8 {
[INFO] [stdout]    |        ^^^^^^^
[INFO] [stdout] 
[INFO] [stdout] 
[INFO] [stdout] warning: method `format` is never used
[INFO] [stdout]   --> src/objects/object_typeless.rs:30:8
[INFO] [stdout]    |
[INFO] [stdout] 30 |     fn format(&self) -> u8 {
[INFO] [stdout]    |        ^^^^^^
[INFO] [stdout] 
[INFO] [stdout] 
[INFO] [stdout] warning: field `contract_body` is never read
[INFO] [stdout]    --> src/objects/proof_of_service.rs:170:5
[INFO] [stdout]     |
[INFO] [stdout] 159 | pub struct ServiceContract {
[INFO] [stdout]     |            --------------- field in this struct
[INFO] [stdout] ...
[INFO] [stdout] 170 |     contract_body: ServiceContractBody,
[INFO] [stdout]     |     ^^^^^^^^^^^^^
[INFO] [stdout]     |
[INFO] [stdout]     = note: `ServiceContract` has derived impls for the traits `Debug` and `Clone`, but these are intentionally ignored during dead code analysis
[INFO] [stdout] 
[INFO] [stdout] 
[INFO] [stdout] warning: fields `customer`, `service_type`, `service_start`, `service_end`, and `receipt_body` are never read
[INFO] [stdout]    --> src/objects/proof_of_service.rs:398:5
[INFO] [stdout]     |
[INFO] [stdout] 397 | pub struct ServiceReceipt {
[INFO] [stdout]     |            -------------- fields in this struct
[INFO] [stdout] 398 |     customer: ObjectId, // 谁使用服务
[INFO] [stdout]     |     ^^^^^^^^
[INFO] [stdout] 399 |     service_type: u32,
[INFO] [stdout]     |     ^^^^^^^^^^^^
[INFO] [stdout] 400 |     service_start: u64, // 本凭证的开始时间
[INFO] [stdout]     |     ^^^^^^^^^^^^^
[INFO] [stdout] 401 |     service_end: u64,   // 本凭证的结束时间
[INFO] [stdout]     |     ^^^^^^^^^^^
[INFO] [stdout] 402 |     receipt_body: ServiceReceiptBody,
[INFO] [stdout]     |     ^^^^^^^^^^^^
[INFO] [stdout]     |
[INFO] [stdout]     = note: `ServiceReceipt` has derived impls for the traits `Debug` and `Clone`, but these are intentionally ignored during dead code analysis
[INFO] [stdout] 
[INFO] [stdout] 
[INFO] [stdout] warning: constant `CONTRACT_SN_BODY_CODE` is never used
[INFO] [stdout]    --> src/objects/proof_of_service.rs:439:7
[INFO] [stdout]     |
[INFO] [stdout] 439 | const CONTRACT_SN_BODY_CODE: u8 = 0_u8;
[INFO] [stdout]     |       ^^^^^^^^^^^^^^^^^^^^^
[INFO] [stdout] 
[INFO] [stdout] 
[INFO] [stdout] warning: constant `CONTRACT_TRAFFIC_BODY_CODE` is never used
[INFO] [stdout]    --> src/objects/proof_of_service.rs:440:7
[INFO] [stdout]     |
[INFO] [stdout] 440 | const CONTRACT_TRAFFIC_BODY_CODE: u8 = 1_u8;
[INFO] [stdout]     |       ^^^^^^^^^^^^^^^^^^^^^^^^^^
[INFO] [stdout] 
[INFO] [stdout] 
[INFO] [stdout] warning: constant `CONTRACT_CHUNK_TRANS_BODY_CODE` is never used
[INFO] [stdout]    --> src/objects/proof_of_service.rs:441:7
[INFO] [stdout]     |
[INFO] [stdout] 441 | const CONTRACT_CHUNK_TRANS_BODY_CODE: u8 = 2_u8;
[INFO] [stdout]     |       ^^^^^^^^^^^^^^^^^^^^^^^^^^^^^^
[INFO] [stdout] 
[INFO] [stdout] 
[INFO] [stdout] warning: constant `CONTRACT_DSG_BODY_CODE` is never used
[INFO] [stdout]    --> src/objects/proof_of_service.rs:442:7
[INFO] [stdout]     |
[INFO] [stdout] 442 | const CONTRACT_DSG_BODY_CODE: u8 = 3_u8;
[INFO] [stdout]     |       ^^^^^^^^^^^^^^^^^^^^^^
[INFO] [stdout] 
[INFO] [stdout] 
[INFO] [stdout] warning: constant `RECEIPT_SN_BODY_CODE` is never used
[INFO] [stdout]    --> src/objects/proof_of_service.rs:443:7
[INFO] [stdout]     |
[INFO] [stdout] 443 | const RECEIPT_SN_BODY_CODE: u8 = 10_u8;
[INFO] [stdout]     |       ^^^^^^^^^^^^^^^^^^^^
[INFO] [stdout] 
[INFO] [stdout] 
[INFO] [stdout] warning: constant `RECEIPT_TRAFFIC_BODY_CODE` is never used
[INFO] [stdout]    --> src/objects/proof_of_service.rs:444:7
[INFO] [stdout]     |
[INFO] [stdout] 444 | const RECEIPT_TRAFFIC_BODY_CODE: u8 = 11_u8;
[INFO] [stdout]     |       ^^^^^^^^^^^^^^^^^^^^^^^^^
[INFO] [stdout] 
[INFO] [stdout] 
[INFO] [stdout] warning: constant `RECEIPT_CHUNK_TRANS_BODY_CODE` is never used
[INFO] [stdout]    --> src/objects/proof_of_service.rs:445:7
[INFO] [stdout]     |
[INFO] [stdout] 445 | const RECEIPT_CHUNK_TRANS_BODY_CODE: u8 = 12_u8;
[INFO] [stdout]     |       ^^^^^^^^^^^^^^^^^^^^^^^^^^^^^
[INFO] [stdout] 
[INFO] [stdout] 
[INFO] [stdout] warning: constant `RECEIPT_DSG_BODY_CODE` is never used
[INFO] [stdout]    --> src/objects/proof_of_service.rs:446:7
[INFO] [stdout]     |
[INFO] [stdout] 446 | const RECEIPT_DSG_BODY_CODE: u8 = 13_u8;
[INFO] [stdout]     |       ^^^^^^^^^^^^^^^^^^^^^
[INFO] [stdout] 
[INFO] [stdout] 
[INFO] [stdout] warning: type alias `ProofOfServiceBodyContentProofData` is never used
[INFO] [stdout]    --> src/objects/proof_of_service.rs:555:6
[INFO] [stdout]     |
[INFO] [stdout] 555 | type ProofOfServiceBodyContentProofData = ProofOfServiceBodyContent<ProofData>;
[INFO] [stdout]     |      ^^^^^^^^^^^^^^^^^^^^^^^^^^^^^^^^^^
[INFO] [stdout] 
[INFO] [stdout] 
[INFO] [stdout] warning: associated function `new` is never used
[INFO] [stdout]    --> src/objects/proof_of_service.rs:406:8
[INFO] [stdout]     |
[INFO] [stdout] 406 |     fn new() -> ServiceReceipt {
[INFO] [stdout]     |        ^^^
[INFO] [stdout] 
[INFO] [stdout] 
[INFO] [stdout] warning: method `is_accept` is never used
[INFO] [stdout]    --> src/objects/proof_of_service.rs:465:12
[INFO] [stdout]     |
[INFO] [stdout] 465 |     pub fn is_accept(&self) -> bool {
[INFO] [stdout]     |            ^^^^^^^^^
[INFO] [stdout] 
[INFO] [stdout] 
[INFO] [stdout] warning: method `is_refuse` is never used
[INFO] [stdout]    --> src/objects/proof_of_service.rs:468:12
[INFO] [stdout]     |
[INFO] [stdout] 468 |     pub fn is_refuse(&self) -> bool {
[INFO] [stdout]     |            ^^^^^^^^^
[INFO] [stdout] 
[INFO] [stdout] 
[INFO] [stdout] warning: 34 warnings emitted
[INFO] [stdout] 
[INFO] [stdout] 
[INFO] [stderr]     Finished test [unoptimized + debuginfo] target(s) in 33.78s
[INFO] running `Command { std: "docker" "inspect" "81b88d23edf5b411a1df3abe351a55d28765b4ab253977dfbdcbf1289fb7c1f6", kill_on_drop: false }`
[INFO] running `Command { std: "docker" "rm" "-f" "81b88d23edf5b411a1df3abe351a55d28765b4ab253977dfbdcbf1289fb7c1f6", kill_on_drop: false }`
[INFO] [stdout] 81b88d23edf5b411a1df3abe351a55d28765b4ab253977dfbdcbf1289fb7c1f6
[INFO] running `Command { std: "docker" "create" "-v" "/var/lib/crater-agent-workspace/builds/worker-0-tc1/target:/opt/rustwide/target:rw,Z" "-v" "/var/lib/crater-agent-workspace/builds/worker-0-tc1/source:/opt/rustwide/workdir:ro,Z" "-v" "/var/lib/crater-agent-workspace/cargo-home:/opt/rustwide/cargo-home:ro,Z" "-v" "/var/lib/crater-agent-workspace/rustup-home:/opt/rustwide/rustup-home:ro,Z" "-e" "SOURCE_DIR=/opt/rustwide/workdir" "-e" "CARGO_TARGET_DIR=/opt/rustwide/target" "-e" "CARGO_INCREMENTAL=0" "-e" "RUST_BACKTRACE=full" "-e" "RUSTFLAGS=--cap-lints=warn" "-e" "RUSTDOCFLAGS=--cap-lints=warn" "-e" "CARGO_HOME=/opt/rustwide/cargo-home" "-e" "RUSTUP_HOME=/opt/rustwide/rustup-home" "-w" "/opt/rustwide/workdir" "-m" "1610612736" "--user" "0:0" "--network" "none" "ghcr.io/rust-lang/crates-build-env/linux@sha256:5ff2268d62e97bff2cde7d5815dd6ed5b47097566f13b8d0ca110b04b60e07ed" "/opt/rustwide/cargo-home/bin/cargo" "+1.69.0" "test" "--frozen", kill_on_drop: false }`
[INFO] [stdout] 18f2b21934304eb9ccf29b82aaf20efa49bbb9997f54b14787ba73c6325a6288
[INFO] running `Command { std: "docker" "start" "-a" "18f2b21934304eb9ccf29b82aaf20efa49bbb9997f54b14787ba73c6325a6288", kill_on_drop: false }`
[INFO] [stderr] warning: enum `OutputTarget` is never used
[INFO] [stderr]  --> src/codec/protobuf/protobuf_helper.rs:9:10
[INFO] [stderr]   |
[INFO] [stderr] 9 |     enum OutputTarget<'a> {
[INFO] [stderr]   |          ^^^^^^^^^^^^
[INFO] [stderr]   |
[INFO] [stderr]   = note: `#[warn(dead_code)]` on by default
[INFO] [stderr] 
[INFO] [stderr] warning: struct `CodedOutputStream` is never constructed
[INFO] [stderr]   --> src/codec/protobuf/protobuf_helper.rs:15:16
[INFO] [stderr]    |
[INFO] [stderr] 15 |     pub struct CodedOutputStream<'a> {
[INFO] [stderr]    |                ^^^^^^^^^^^^^^^^^
[INFO] [stderr] 
[INFO] [stderr] warning: constant `ACCESS_GROUP_MASK` is never used
[INFO] [stderr]   --> src/base/access_string.rs:10:7
[INFO] [stderr]    |
[INFO] [stderr] 10 | const ACCESS_GROUP_MASK: u32 = 0b111 << 29;
[INFO] [stderr]    |       ^^^^^^^^^^^^^^^^^
[INFO] [stderr] 
[INFO] [stderr] warning: associated function `convert_bdt_error_code` is never used
[INFO] [stderr]    --> src/base/error.rs:963:8
[INFO] [stderr]     |
[INFO] [stderr] 963 |     fn convert_bdt_error_code(code: u32) -> BuckyErrorCode {
[INFO] [stderr]     |        ^^^^^^^^^^^^^^^^^^^^^^
[INFO] [stderr] 
[INFO] [stderr] warning: field `obj_type` is never read
[INFO] [stderr]    --> src/objects/object.rs:456:5
[INFO] [stderr]     |
[INFO] [stderr] 447 | pub struct ObjectMutBody<B, O>
[INFO] [stderr]     |            ------------- field in this struct
[INFO] [stderr] ...
[INFO] [stderr] 456 |     obj_type: Option<PhantomData<O>>,
[INFO] [stderr]     |     ^^^^^^^^
[INFO] [stderr]     |
[INFO] [stderr]     = note: `ObjectMutBody` has a derived impl for the trait `Clone`, but this is intentionally ignored during dead code analysis
[INFO] [stderr] 
[INFO] [stderr] warning: associated function `new` is never used
[INFO] [stderr]   --> src/objects/object_map/cache.rs:60:12
[INFO] [stderr]    |
[INFO] [stderr] 60 |     pub fn new() -> ObjectMapNOCCacheRef {
[INFO] [stderr]    |            ^^^
[INFO] [stderr] 
[INFO] [stderr] warning: fields `owner` and `dec_id` are never read
[INFO] [stderr]   --> src/objects/object_map/diff.rs:33:5
[INFO] [stderr]    |
[INFO] [stderr] 32 | pub struct ObjectMapDiff {
[INFO] [stderr]    |            ------------- fields in this struct
[INFO] [stderr] 33 |     owner: Option<ObjectId>,
[INFO] [stderr]    |     ^^^^^
[INFO] [stderr] 34 |     dec_id: Option<ObjectId>,
[INFO] [stderr]    |     ^^^^^^
[INFO] [stderr] 
[INFO] [stderr] warning: associated function `expand_altered` is never used
[INFO] [stderr]    --> src/objects/object_map/diff.rs:720:14
[INFO] [stderr]     |
[INFO] [stderr] 720 |     async fn expand_altered(
[INFO] [stderr]     |              ^^^^^^^^^^^^^^
[INFO] [stderr] 
[INFO] [stderr] warning: associated function `diff_and_expand_recursive` is never used
[INFO] [stderr]    --> src/objects/object_map/diff.rs:796:14
[INFO] [stderr]     |
[INFO] [stderr] 796 |     async fn diff_and_expand_recursive(
[INFO] [stderr]     |              ^^^^^^^^^^^^^^^^^^^^^^^^^
[INFO] [stderr] 
[INFO] [stderr] warning: struct `HubContentIterator` is never constructed
[INFO] [stderr]    --> src/objects/object_map/iterator.rs:342:8
[INFO] [stderr]     |
[INFO] [stderr] 342 | struct HubContentIterator {
[INFO] [stderr]     |        ^^^^^^^^^^^^^^^^^^
[INFO] [stderr] 
[INFO] [stderr] warning: field `guard` is never read
[INFO] [stderr]   --> src/objects/object_map/lock.rs:15:5
[INFO] [stderr]    |
[INFO] [stderr] 13 | struct PathLockMutex {
[INFO] [stderr]    |        ------------- field in this struct
[INFO] [stderr] 14 |     lock: Arc<AsyncMutex<u32>>,
[INFO] [stderr] 15 |     guard: AsyncMutexGuardArc<u32>,
[INFO] [stderr]    |     ^^^^^
[INFO] [stderr] 
[INFO] [stderr] warning: method `find_lock` is never used
[INFO] [stderr]   --> src/objects/object_map/lock.rs:95:8
[INFO] [stderr]    |
[INFO] [stderr] 95 |     fn find_lock(&self, path: &str, sid: u64) -> Option<(usize, &PathLockData)> {
[INFO] [stderr]    |        ^^^^^^^^^
[INFO] [stderr] 
[INFO] [stderr] warning: method `check_lock_valid` is never used
[INFO] [stderr]    --> src/objects/object_map/lock.rs:123:12
[INFO] [stderr]     |
[INFO] [stderr] 123 |     pub fn check_lock_valid(&self, req_list: Vec<PathLockRequest>) -> BuckyResult<()> {
[INFO] [stderr]     |            ^^^^^^^^^^^^^^^^
[INFO] [stderr] 
[INFO] [stderr] warning: method `check_lock_valid` is never used
[INFO] [stderr]    --> src/objects/object_map/lock.rs:366:18
[INFO] [stderr]     |
[INFO] [stderr] 366 |     pub async fn check_lock_valid(&self, req_list: Vec<PathLockRequest>) -> BuckyResult<()> {
[INFO] [stderr]     |                  ^^^^^^^^^^^^^^^^
[INFO] [stderr] 
[INFO] [stderr] warning: method `try_lock` is never used
[INFO] [stderr]    --> src/objects/object_map/lock.rs:370:18
[INFO] [stderr]     |
[INFO] [stderr] 370 |     pub async fn try_lock(&self, req: PathLockRequest) -> BuckyResult<()> {
[INFO] [stderr]     |                  ^^^^^^^^
[INFO] [stderr] 
[INFO] [stderr] warning: associated function `new` is never used
[INFO] [stderr]     --> src/objects/object_map/object_map.rs:1926:12
[INFO] [stderr]      |
[INFO] [stderr] 1926 |     pub fn new(object_id: ObjectId) -> Self {
[INFO] [stderr]      |            ^^^
[INFO] [stderr] 
[INFO] [stderr] warning: associated function `new` is never used
[INFO] [stderr]     --> src/objects/object_map/object_map.rs:1965:12
[INFO] [stderr]      |
[INFO] [stderr] 1965 |     pub fn new(object_id: ObjectId) -> Self {
[INFO] [stderr]      |            ^^^
[INFO] [stderr] 
[INFO] [stderr] warning: function `update_root` is never used
[INFO] [stderr]    --> src/objects/object_map/op_env.rs:685:14
[INFO] [stderr]     |
[INFO] [stderr] 685 |     async fn update_root<F, Fut>(update_root_fn: F) -> BuckyResult<()>
[INFO] [stderr]     |              ^^^^^^^^^^^
[INFO] [stderr] 
[INFO] [stderr] warning: field `sub_type` is never read
[INFO] [stderr]     --> src/objects/object_typeless.rs:1091:5
[INFO] [stderr]      |
[INFO] [stderr] 1090 | pub struct TypelessObjectType<T: TypeCatagoryMark> {
[INFO] [stderr]      |            ------------------ field in this struct
[INFO] [stderr] 1091 |     sub_type: Option<PhantomData<T>>,
[INFO] [stderr]      |     ^^^^^^^^
[INFO] [stderr]      |
[INFO] [stderr]      = note: `TypelessObjectType` has derived impls for the traits `Debug` and `Clone`, but these are intentionally ignored during dead code analysis
[INFO] [stderr] 
[INFO] [stderr] warning: method `version` is never used
[INFO] [stderr]   --> src/objects/object_typeless.rs:26:8
[INFO] [stderr]    |
[INFO] [stderr] 26 |     fn version(&self) -> u8 {
[INFO] [stderr]    |        ^^^^^^^
[INFO] [stderr] 
[INFO] [stderr] warning: method `format` is never used
[INFO] [stderr]   --> src/objects/object_typeless.rs:30:8
[INFO] [stderr]    |
[INFO] [stderr] 30 |     fn format(&self) -> u8 {
[INFO] [stderr]    |        ^^^^^^
[INFO] [stderr] 
[INFO] [stderr] warning: field `contract_body` is never read
[INFO] [stderr]    --> src/objects/proof_of_service.rs:170:5
[INFO] [stderr]     |
[INFO] [stderr] 159 | pub struct ServiceContract {
[INFO] [stderr]     |            --------------- field in this struct
[INFO] [stderr] ...
[INFO] [stderr] 170 |     contract_body: ServiceContractBody,
[INFO] [stderr]     |     ^^^^^^^^^^^^^
[INFO] [stderr]     |
[INFO] [stderr]     = note: `ServiceContract` has derived impls for the traits `Debug` and `Clone`, but these are intentionally ignored during dead code analysis
[INFO] [stderr] 
[INFO] [stderr] warning: fields `customer`, `service_type`, `service_start`, `service_end`, and `receipt_body` are never read
[INFO] [stderr]    --> src/objects/proof_of_service.rs:398:5
[INFO] [stderr]     |
[INFO] [stderr] 397 | pub struct ServiceReceipt {
[INFO] [stderr]     |            -------------- fields in this struct
[INFO] [stderr] 398 |     customer: ObjectId, // 谁使用服务
[INFO] [stderr]     |     ^^^^^^^^
[INFO] [stderr] 399 |     service_type: u32,
[INFO] [stderr]     |     ^^^^^^^^^^^^
[INFO] [stderr] 400 |     service_start: u64, // 本凭证的开始时间
[INFO] [stderr]     |     ^^^^^^^^^^^^^
[INFO] [stderr] 401 |     service_end: u64,   // 本凭证的结束时间
[INFO] [stderr]     |     ^^^^^^^^^^^
[INFO] [stderr] 402 |     receipt_body: ServiceReceiptBody,
[INFO] [stderr]     |     ^^^^^^^^^^^^
[INFO] [stderr]     |
[INFO] [stderr]     = note: `ServiceReceipt` has derived impls for the traits `Debug` and `Clone`, but these are intentionally ignored during dead code analysis
[INFO] [stderr] 
[INFO] [stderr] warning: constant `CONTRACT_SN_BODY_CODE` is never used
[INFO] [stderr]    --> src/objects/proof_of_service.rs:439:7
[INFO] [stderr]     |
[INFO] [stderr] 439 | const CONTRACT_SN_BODY_CODE: u8 = 0_u8;
[INFO] [stderr]     |       ^^^^^^^^^^^^^^^^^^^^^
[INFO] [stderr] 
[INFO] [stderr] warning: constant `CONTRACT_TRAFFIC_BODY_CODE` is never used
[INFO] [stderr]    --> src/objects/proof_of_service.rs:440:7
[INFO] [stderr]     |
[INFO] [stderr] 440 | const CONTRACT_TRAFFIC_BODY_CODE: u8 = 1_u8;
[INFO] [stderr]     |       ^^^^^^^^^^^^^^^^^^^^^^^^^^
[INFO] [stderr] 
[INFO] [stderr] warning: constant `CONTRACT_CHUNK_TRANS_BODY_CODE` is never used
[INFO] [stderr]    --> src/objects/proof_of_service.rs:441:7
[INFO] [stderr]     |
[INFO] [stderr] 441 | const CONTRACT_CHUNK_TRANS_BODY_CODE: u8 = 2_u8;
[INFO] [stderr]     |       ^^^^^^^^^^^^^^^^^^^^^^^^^^^^^^
[INFO] [stderr] 
[INFO] [stderr] warning: constant `CONTRACT_DSG_BODY_CODE` is never used
[INFO] [stderr]    --> src/objects/proof_of_service.rs:442:7
[INFO] [stderr]     |
[INFO] [stderr] 442 | const CONTRACT_DSG_BODY_CODE: u8 = 3_u8;
[INFO] [stderr]     |       ^^^^^^^^^^^^^^^^^^^^^^
[INFO] [stderr] 
[INFO] [stderr] warning: constant `RECEIPT_SN_BODY_CODE` is never used
[INFO] [stderr]    --> src/objects/proof_of_service.rs:443:7
[INFO] [stderr]     |
[INFO] [stderr] 443 | const RECEIPT_SN_BODY_CODE: u8 = 10_u8;
[INFO] [stderr]     |       ^^^^^^^^^^^^^^^^^^^^
[INFO] [stderr] 
[INFO] [stderr] warning: constant `RECEIPT_TRAFFIC_BODY_CODE` is never used
[INFO] [stderr]    --> src/objects/proof_of_service.rs:444:7
[INFO] [stderr]     |
[INFO] [stderr] 444 | const RECEIPT_TRAFFIC_BODY_CODE: u8 = 11_u8;
[INFO] [stderr]     |       ^^^^^^^^^^^^^^^^^^^^^^^^^
[INFO] [stderr] 
[INFO] [stderr] warning: constant `RECEIPT_CHUNK_TRANS_BODY_CODE` is never used
[INFO] [stderr]    --> src/objects/proof_of_service.rs:445:7
[INFO] [stderr]     |
[INFO] [stderr] 445 | const RECEIPT_CHUNK_TRANS_BODY_CODE: u8 = 12_u8;
[INFO] [stderr]     |       ^^^^^^^^^^^^^^^^^^^^^^^^^^^^^
[INFO] [stderr] 
[INFO] [stderr] warning: constant `RECEIPT_DSG_BODY_CODE` is never used
[INFO] [stderr]    --> src/objects/proof_of_service.rs:446:7
[INFO] [stderr]     |
[INFO] [stderr] 446 | const RECEIPT_DSG_BODY_CODE: u8 = 13_u8;
[INFO] [stderr]     |       ^^^^^^^^^^^^^^^^^^^^^
[INFO] [stderr] 
[INFO] [stderr] warning: type alias `ProofOfServiceBodyContentProofData` is never used
[INFO] [stderr]    --> src/objects/proof_of_service.rs:555:6
[INFO] [stderr]     |
[INFO] [stderr] 555 | type ProofOfServiceBodyContentProofData = ProofOfServiceBodyContent<ProofData>;
[INFO] [stderr]     |      ^^^^^^^^^^^^^^^^^^^^^^^^^^^^^^^^^^
[INFO] [stderr] 
[INFO] [stderr] warning: associated function `new` is never used
[INFO] [stderr]    --> src/objects/proof_of_service.rs:406:8
[INFO] [stderr]     |
[INFO] [stderr] 406 |     fn new() -> ServiceReceipt {
[INFO] [stderr]     |        ^^^
[INFO] [stderr] 
[INFO] [stderr] warning: method `is_accept` is never used
[INFO] [stderr]    --> src/objects/proof_of_service.rs:465:12
[INFO] [stderr]     |
[INFO] [stderr] 465 |     pub fn is_accept(&self) -> bool {
[INFO] [stderr]     |            ^^^^^^^^^
[INFO] [stderr] 
[INFO] [stderr] warning: method `is_refuse` is never used
[INFO] [stderr]    --> src/objects/proof_of_service.rs:468:12
[INFO] [stderr]     |
[INFO] [stderr] 468 |     pub fn is_refuse(&self) -> bool {
[INFO] [stderr]     |            ^^^^^^^^^
[INFO] [stderr] 
[INFO] [stderr] warning: unused variable: `object_id`
[INFO] [stderr]     --> src/objects/object_map/object_map.rs:3417:13
[INFO] [stderr]      |
[INFO] [stderr] 3417 |         let object_id = ObjectId::default();
[INFO] [stderr]      |             ^^^^^^^^^ help: if this is intentional, prefix it with an underscore: `_object_id`
[INFO] [stderr]      |
[INFO] [stderr]      = note: `#[warn(unused_variables)]` on by default
[INFO] [stderr] 
[INFO] [stderr] warning: constant `U22_MAX` is never used
[INFO] [stderr]     --> src/codec/raw/raw_types.rs:2299:15
[INFO] [stderr]      |
[INFO] [stderr] 2299 |         const U22_MAX: u64 = (u32::MAX >> 10) as u64;
[INFO] [stderr]      |               ^^^^^^^
[INFO] [stderr] 
[INFO] [stderr] warning: function `gen_next2` is never used
[INFO] [stderr]    --> src/objects/object_map/diff.rs:927:14
[INFO] [stderr]     |
[INFO] [stderr] 927 |     async fn gen_next2(cache: &ObjectMapOpEnvCacheRef) -> ObjectId {
[INFO] [stderr]     |              ^^^^^^^^^
[INFO] [stderr] 
[INFO] [stderr] warning: field `class` is never read
[INFO] [stderr]     --> src/objects/object_map/object_map.rs:3204:9
[INFO] [stderr]      |
[INFO] [stderr] 3202 |     struct ObjectMapSlim {
[INFO] [stderr]      |            ------------- field in this struct
[INFO] [stderr] 3203 |         // 对象类别
[INFO] [stderr] 3204 |         class: ObjectMapClass,
[INFO] [stderr]      |         ^^^^^
[INFO] [stderr] 
[INFO] [stderr] warning: function `test_set` is never used
[INFO] [stderr]     --> src/objects/object_map/object_map.rs:3323:14
[INFO] [stderr]      |
[INFO] [stderr] 3323 |     async fn test_set() {
[INFO] [stderr]      |              ^^^^^^^^
[INFO] [stderr] 
[INFO] [stderr] warning: `cyfs-base` (lib) generated 35 warnings
[INFO] [stderr] warning: `cyfs-base` (lib test) generated 34 warnings (29 duplicates) (run `cargo fix --lib -p cyfs-base --tests` to apply 1 suggestion)
[INFO] [stderr]     Finished test [unoptimized + debuginfo] target(s) in 0.62s
[INFO] [stderr]      Running unittests src/lib.rs (/opt/rustwide/target/debug/deps/cyfs_base-0219661cb9db0a47)
[INFO] [stdout] 
[INFO] [stdout] running 79 tests
[INFO] [stdout] test base::base36::test::test ... ok
[INFO] [stdout] test base::access_string::test::main ... ok
[INFO] [stdout] test base::endpoint::test::endpoint ... ok
[INFO] [stdout] test base::access_string::test::test_access_permissons ... ok
[INFO] [stdout] test codec::protobuf::protobuf_helper::test::test_helper ... ok
[INFO] [stdout] test base::endpoint::test::test_codec ... ok
[INFO] [stdout] test base::time::test ... ok
[INFO] [stdout] test codec::protobuf::protobuf_helper::test::test_protobuf ... ok
[INFO] [stdout] test base::error::tests::test_error ... ok
[INFO] [stdout] test codec::raw::raw_types::raw_codec_test::test_hash_set ... ok
[INFO] [stdout] test base::error::tests::test_io_error ... ok
[INFO] [stdout] test base::error::tests::test_codec ... ok
[INFO] [stdout] test codec::raw::raw_types::raw_codec_test::test_size ... ok
[INFO] [stdout] test codec::protobuf::test::test_codec ... ok
[INFO] [stdout] test codec::serde_codec::test::test_bucky_error_codec ... ok
[INFO] [stdout] test codec::raw::raw_types::usize_x ... ok
[INFO] [stdout] test codec::raw::raw_codec::test::test_hash ... ok
[INFO] [stdout] test codec::raw::raw_types::raw_codec_test::test_hash_map ... ok
[INFO] [stdout] test codec::serde_codec::test::test_codec ... ok
[INFO] [stdout] test crypto::hash::test::test ... ok
[INFO] [stdout] test codec::raw::raw_types::raw_codec_test::test_string ... ok
[INFO] [stdout] test crypto::aes::test_aes::test ... ok
[INFO] [stdout] test objects::action::test::action ... ok
[INFO] [stdout] test crypto::signature::test::signature ... ok
[INFO] [stdout] test objects::app_group::test::app_group ... ok
[INFO] [stdout] test objects::area::test_area::test ... ok
[INFO] [stdout] test objects::area::test_area::test_str ... ok
[INFO] [stdout] test objects::chunk::test::chunk ... ok
[INFO] [stdout] test objects::contract::test::contract ... ok
[INFO] [stdout] test objects::any::tests::test_any ... ok
[INFO] [stdout] test objects::device::test::device_load_test ... ok
[INFO] [stdout] test objects::device::test::test_decode ... ok
[INFO] [stdout] test objects::diff::test::diff ... ok
[INFO] [stdout] test objects::dir::test::dir ... ok
[INFO] [stdout] test objects::device::test::device ... ok
[INFO] [stdout] test objects::file::test_file::file ... ok
[INFO] [stdout] test objects::file::test_file::test_codec ... ok
[INFO] [stdout] test objects::object_id::test::test_data ... ok
[INFO] [stdout] test objects::object_map::access::test::test ... ok
[INFO] [stdout] test objects::dir::test::test_fix_limit ... ok
[INFO] [stdout] test objects::object_map::diff::test_path_diff::test ... ok
[INFO] [stdout] test objects::object_map::iterator::test::test ... ok
[INFO] [stdout] test codec::format::test ... FAILED
[INFO] [stdout] test crypto::private_key::test::crypto_unaligned ... ok
[INFO] [stdout] test objects::object_map::object_map::test::test_hash ... ok
[INFO] [stdout] test objects::area::test_area::test_object_id ... ok
[INFO] [stdout] test objects::object_map::object_map::test::test_path_string ... ok
[INFO] [stdout] test objects::object_map::object_map::test::test_simple_map_limit ... ok
[INFO] [stdout] test objects::object_map::diff::test::test ... ok
[INFO] [stdout] test objects::object_map::object_map::test_desc_limit::object_map_desc_max_size ... ok
[INFO] [stdout] test objects::object_map::op_env::test_root::test_fn ... ok
[INFO] [stdout] test objects::object_map::op_env::test_sid::test_sid ... ok
[INFO] [stdout] test objects::object_map::object_map::test::test_hub_fix_limit ... ok
[INFO] [stdout] test objects::object_map::path::test_path::test_full_path ... ok
[INFO] [stdout] test objects::object_map::path::test_path::test ... ok
[INFO] [stdout] test objects::object_typeless::test::typeless ... ok
[INFO] [stdout] test objects::org::test::org ... ok
[INFO] [stdout] test objects::object_map::object_map::test::test_simple_set_limit ... ok
[INFO] [stdout] test objects::people::test::test_codec ... ok
[INFO] [stdout] test objects::people::test::test_codec_with_author ... ok
[INFO] [stdout] test objects::raw_diff::test_diff::test_aes_key_diff ... ok
[INFO] [stdout] test objects::raw_diff::test_diff::test_generic_array_diff ... ok
[INFO] [stdout] test objects::raw_diff::test_diff::test_hashvalue_diff ... ok
[INFO] [stdout] test objects::raw_diff::test_diff::test_optoin_t_diff ... ok
[INFO] [stdout] test objects::raw_diff::test_diff::test_sizedowneddata_diff ... ok
[INFO] [stdout] test objects::raw_diff::test_diff::test_str_diff ... ok
[INFO] [stdout] test objects::raw_diff::test_diff::test_string_diff ... ok
[INFO] [stdout] test objects::raw_diff::test_diff::test_u8_diff_patch ... ok
[INFO] [stdout] test objects::raw_diff::test_diff::test_vec_diff ... ok
[INFO] [stdout] test objects::simple_group::test::simple_group ... ok
[INFO] [stdout] test objects::union_account::test::union_account ... ok
[INFO] [stdout] test objects::unique_id::test::test_codec ... ok
[INFO] [stdout] test objects::object_map::path_iterator::test::test ... ok
[INFO] [stdout] test objects::people::test::people ... ok
[INFO] [stdout] test objects::object_map::object_map::test::test ... ok
[INFO] [stdout] test objects::object_map::lock::test_lock::test ... ok
[INFO] [stdout] test crypto::public_key::test::public_key ... ok
[INFO] [stdout] test crypto::private_key::test::crypto has been running for over 60 seconds
[INFO] [stdout] test crypto::private_key::test::private_key has been running for over 60 seconds
[INFO] [stdout] test crypto::private_key::test::crypto ... ok
[INFO] [stdout] test crypto::private_key::test::private_key ... ok
[INFO] [stdout] 
[INFO] [stdout] failures:
[INFO] [stdout] 
[INFO] [stdout] ---- codec::format::test stdout ----
[INFO] [stdout] {"content":{"hash_value":"0000000000000000000000000000000000000000000000000000000000000000","len":"100"},"create_time":"0","object_category":"standard","object_id":"7Tk94YfJYVX9FfnKrsxaiF7oNfprdiwAR1fVit8XBRcA","object_type":8,"object_type_code":"File","owner":"11111111111111111111111111111111"}
[INFO] [stdout] new device obj: {"body":{"content":{"bdt_version":2,"endpoints":[],"passive_pn_list":[],"sn_list":[]},"update_time":"2023-04-30T02:46:44.642486+00:00,13327296404642486"},"desc":{"area":{"carrier":2,"city":3,"country":1,"inner":0},"content":{"unique_id":"1111111111111111"},"create_time":"2023-04-30T02:46:44.642484+00:00,13327296404642484","object_category":"standard","object_id":"5aUiNsqwUrjfQF873DUBn38szfaGAdtktH9fSkoLKyfK","object_type":1,"object_type_code":"Device","owner":"11111111111111111111111111111111","public_key":{"raw_data":"0030818902818100c6bc8c23c35418a86d09c02989f19ade50ff75f5beab22b1c311e4dd954e3ff64d1543b3e467bf5a6bf1285e29f0ba9bb756967874901d674c60b3bd415a4c80c73e1daec57ad898d667624d622c46d55790f2cd85f606232fa0b16a6fdf7e22beb67cfa32675c6d473a34909549c54f6fa2589cef9ac83c8794144d53503555020301000100000000000000000000000000000000000000000000","type":"rsa"}}}
[INFO] [stdout] thread 'codec::format::test' panicked at 'called `Result::unwrap()` on an `Err` value: "err: (NotFound, io_error: No such file or directory (os error 2), Some(IoError(Os { code: 2, kind: NotFound, message: \"No such file or directory\" })))"', src/codec/format.rs:917:114
[INFO] [stdout] stack backtrace:
[INFO] [stdout]    0:     0x55ae639c8fea - std::backtrace_rs::backtrace::libunwind::trace::ha9053a9a07ca49cb
[INFO] [stdout]                                at /rustc/84c898d65adf2f39a5a98507f1fe0ce10a2b8dbc/library/std/src/../../backtrace/src/backtrace/libunwind.rs:93:5
[INFO] [stdout]    1:     0x55ae639c8fea - std::backtrace_rs::backtrace::trace_unsynchronized::h9c2852a457ad564e
[INFO] [stdout]                                at /rustc/84c898d65adf2f39a5a98507f1fe0ce10a2b8dbc/library/std/src/../../backtrace/src/backtrace/mod.rs:66:5
[INFO] [stdout]    2:     0x55ae639c8fea - std::sys_common::backtrace::_print_fmt::h457936fbfaa0070f
[INFO] [stdout]                                at /rustc/84c898d65adf2f39a5a98507f1fe0ce10a2b8dbc/library/std/src/sys_common/backtrace.rs:65:5
[INFO] [stdout]    3:     0x55ae639c8fea - <std::sys_common::backtrace::_print::DisplayBacktrace as core::fmt::Display>::fmt::h5779d7bf7f70cb0c
[INFO] [stdout]                                at /rustc/84c898d65adf2f39a5a98507f1fe0ce10a2b8dbc/library/std/src/sys_common/backtrace.rs:44:22
[INFO] [stdout]    4:     0x55ae639f089e - core::fmt::write::h5a4baaff1bcd3eb5
[INFO] [stdout]                                at /rustc/84c898d65adf2f39a5a98507f1fe0ce10a2b8dbc/library/core/src/fmt/mod.rs:1232:17
[INFO] [stdout]    5:     0x55ae639c61f5 - std::io::Write::write_fmt::h478f79c628ef31d1
[INFO] [stdout]                                at /rustc/84c898d65adf2f39a5a98507f1fe0ce10a2b8dbc/library/std/src/io/mod.rs:1684:15
[INFO] [stdout]    6:     0x55ae639c8db5 - std::sys_common::backtrace::_print::h5fcdc36060f177e8
[INFO] [stdout]                                at /rustc/84c898d65adf2f39a5a98507f1fe0ce10a2b8dbc/library/std/src/sys_common/backtrace.rs:47:5
[INFO] [stdout]    7:     0x55ae639c8db5 - std::sys_common::backtrace::print::h54ca9458b876c8bf
[INFO] [stdout]                                at /rustc/84c898d65adf2f39a5a98507f1fe0ce10a2b8dbc/library/std/src/sys_common/backtrace.rs:34:9
[INFO] [stdout]    8:     0x55ae639cab7f - std::panicking::default_hook::{{closure}}::hbe471161c7664ed6
[INFO] [stdout]                                at /rustc/84c898d65adf2f39a5a98507f1fe0ce10a2b8dbc/library/std/src/panicking.rs:271:22
[INFO] [stdout]    9:     0x55ae639ca83f - std::panicking::default_hook::ha3500da57aa4ac4f
[INFO] [stdout]                                at /rustc/84c898d65adf2f39a5a98507f1fe0ce10a2b8dbc/library/std/src/panicking.rs:287:9
[INFO] [stdout]   10:     0x55ae636bdbb7 - <alloc::boxed::Box<F,A> as core::ops::function::Fn<Args>>::call::hdf1b89dd137ece34
[INFO] [stdout]                                at /rustc/84c898d65adf2f39a5a98507f1fe0ce10a2b8dbc/library/alloc/src/boxed.rs:2001:9
[INFO] [stdout]   11:     0x55ae636bdbb7 - test::test_main::{{closure}}::h9081a79f20e75698
[INFO] [stdout]                                at /rustc/84c898d65adf2f39a5a98507f1fe0ce10a2b8dbc/library/test/src/lib.rs:135:21
[INFO] [stdout]   12:     0x55ae639cb2ad - <alloc::boxed::Box<F,A> as core::ops::function::Fn<Args>>::call::h6507bddc3eebb4a5
[INFO] [stdout]                                at /rustc/84c898d65adf2f39a5a98507f1fe0ce10a2b8dbc/library/alloc/src/boxed.rs:2001:9
[INFO] [stdout]   13:     0x55ae639cb2ad - std::panicking::rust_panic_with_hook::h50c09d000dc561d2
[INFO] [stdout]                                at /rustc/84c898d65adf2f39a5a98507f1fe0ce10a2b8dbc/library/std/src/panicking.rs:696:13
[INFO] [stdout]   14:     0x55ae639cb029 - std::panicking::begin_panic_handler::{{closure}}::h9e2b2176e00e0d9c
[INFO] [stdout]                                at /rustc/84c898d65adf2f39a5a98507f1fe0ce10a2b8dbc/library/std/src/panicking.rs:583:13
[INFO] [stdout]   15:     0x55ae639c9456 - std::sys_common::backtrace::__rust_end_short_backtrace::h5739b8e512c09d02
[INFO] [stdout]                                at /rustc/84c898d65adf2f39a5a98507f1fe0ce10a2b8dbc/library/std/src/sys_common/backtrace.rs:150:18
[INFO] [stdout]   16:     0x55ae639cad32 - rust_begin_unwind
[INFO] [stdout]                                at /rustc/84c898d65adf2f39a5a98507f1fe0ce10a2b8dbc/library/std/src/panicking.rs:579:5
[INFO] [stdout]   17:     0x55ae630d0043 - core::panicking::panic_fmt::hf33a1475b4dc5c3e
[INFO] [stdout]                                at /rustc/84c898d65adf2f39a5a98507f1fe0ce10a2b8dbc/library/core/src/panicking.rs:64:14
[INFO] [stdout]   18:     0x55ae630d04f3 - core::result::unwrap_failed::hdff5465d74574b44
[INFO] [stdout]                                at /rustc/84c898d65adf2f39a5a98507f1fe0ce10a2b8dbc/library/core/src/result.rs:1750:5
[INFO] [stdout]   19:     0x55ae633ab7e2 - core::result::Result<T,E>::unwrap::he3cf7b593b2d1c19
[INFO] [stdout]                                at /rustc/84c898d65adf2f39a5a98507f1fe0ce10a2b8dbc/library/core/src/result.rs:1090:23
[INFO] [stdout]   20:     0x55ae6334cfd3 - cyfs_base::codec::format::test::h22a331243fdd4041
[INFO] [stdout]                                at /opt/rustwide/workdir/src/codec/format.rs:917:31
[INFO] [stdout]   21:     0x55ae6334c6c7 - cyfs_base::codec::format::test::{{closure}}::h410149261a30779e
[INFO] [stdout]                                at /opt/rustwide/workdir/src/codec/format.rs:892:11
[INFO] [stdout]   22:     0x55ae632cd255 - core::ops::function::FnOnce::call_once::h3fb32b4580d1c0f3
[INFO] [stdout]                                at /rustc/84c898d65adf2f39a5a98507f1fe0ce10a2b8dbc/library/core/src/ops/function.rs:250:5
[INFO] [stdout]   23:     0x55ae636c2f9f - core::ops::function::FnOnce::call_once::h7d969581be7d0075
[INFO] [stdout]                                at /rustc/84c898d65adf2f39a5a98507f1fe0ce10a2b8dbc/library/core/src/ops/function.rs:250:5
[INFO] [stdout]   24:     0x55ae636c2f9f - test::__rust_begin_short_backtrace::hca25a52684e56655
[INFO] [stdout]                                at /rustc/84c898d65adf2f39a5a98507f1fe0ce10a2b8dbc/library/test/src/lib.rs:656:18
[INFO] [stdout]   25:     0x55ae636945bc - test::run_test::{{closure}}::ha8ac744c4af1a4bb
[INFO] [stdout]                                at /rustc/84c898d65adf2f39a5a98507f1fe0ce10a2b8dbc/library/test/src/lib.rs:647:30
[INFO] [stdout]   26:     0x55ae636945bc - core::ops::function::FnOnce::call_once{{vtable.shim}}::h7b411a9ed45bdecf
[INFO] [stdout]                                at /rustc/84c898d65adf2f39a5a98507f1fe0ce10a2b8dbc/library/core/src/ops/function.rs:250:5
[INFO] [stdout]   27:     0x55ae636c1f66 - <alloc::boxed::Box<F,A> as core::ops::function::FnOnce<Args>>::call_once::hd05328869a8ed200
[INFO] [stdout]                                at /rustc/84c898d65adf2f39a5a98507f1fe0ce10a2b8dbc/library/alloc/src/boxed.rs:1987:9
[INFO] [stdout]   28:     0x55ae636c1f66 - <core::panic::unwind_safe::AssertUnwindSafe<F> as core::ops::function::FnOnce<()>>::call_once::h0c601ce20bd5b2be
[INFO] [stdout]                                at /rustc/84c898d65adf2f39a5a98507f1fe0ce10a2b8dbc/library/core/src/panic/unwind_safe.rs:271:9
[INFO] [stdout]   29:     0x55ae636c1f66 - std::panicking::try::do_call::ha4be5c164fe30854
[INFO] [stdout]                                at /rustc/84c898d65adf2f39a5a98507f1fe0ce10a2b8dbc/library/std/src/panicking.rs:487:40
[INFO] [stdout]   30:     0x55ae636c1f66 - std::panicking::try::h604546f3609af05f
[INFO] [stdout]                                at /rustc/84c898d65adf2f39a5a98507f1fe0ce10a2b8dbc/library/std/src/panicking.rs:451:19
[INFO] [stdout]   31:     0x55ae636c1f66 - std::panic::catch_unwind::h5bfa8afe44c9c2f9
[INFO] [stdout]                                at /rustc/84c898d65adf2f39a5a98507f1fe0ce10a2b8dbc/library/std/src/panic.rs:140:14
[INFO] [stdout]   32:     0x55ae636c1f66 - test::run_test_in_process::hd50dee55dd63e6aa
[INFO] [stdout]                                at /rustc/84c898d65adf2f39a5a98507f1fe0ce10a2b8dbc/library/test/src/lib.rs:679:27
[INFO] [stdout]   33:     0x55ae636c1f66 - test::run_test::run_test_inner::{{closure}}::h4aa0f433aa85cea8
[INFO] [stdout]                                at /rustc/84c898d65adf2f39a5a98507f1fe0ce10a2b8dbc/library/test/src/lib.rs:573:39
[INFO] [stdout]   34:     0x55ae6368ec31 - test::run_test::run_test_inner::{{closure}}::had56431adf24b4d6
[INFO] [stdout]                                at /rustc/84c898d65adf2f39a5a98507f1fe0ce10a2b8dbc/library/test/src/lib.rs:600:37
[INFO] [stdout]   35:     0x55ae6368ec31 - std::sys_common::backtrace::__rust_begin_short_backtrace::ha8d9890e0c73bf13
[INFO] [stdout]                                at /rustc/84c898d65adf2f39a5a98507f1fe0ce10a2b8dbc/library/std/src/sys_common/backtrace.rs:134:18
[INFO] [stdout]   36:     0x55ae6369464b - std::thread::Builder::spawn_unchecked_::{{closure}}::{{closure}}::h251832bcb4a95327
[INFO] [stdout]                                at /rustc/84c898d65adf2f39a5a98507f1fe0ce10a2b8dbc/library/std/src/thread/mod.rs:560:17
[INFO] [stdout]   37:     0x55ae6369464b - <core::panic::unwind_safe::AssertUnwindSafe<F> as core::ops::function::FnOnce<()>>::call_once::h8fdff598fa414831
[INFO] [stdout]                                at /rustc/84c898d65adf2f39a5a98507f1fe0ce10a2b8dbc/library/core/src/panic/unwind_safe.rs:271:9
[INFO] [stdout]   38:     0x55ae6369464b - std::panicking::try::do_call::h455dd2f7764a950f
[INFO] [stdout]                                at /rustc/84c898d65adf2f39a5a98507f1fe0ce10a2b8dbc/library/std/src/panicking.rs:487:40
[INFO] [stdout]   39:     0x55ae6369464b - std::panicking::try::had6f23b7b73ae72a
[INFO] [stdout]                                at /rustc/84c898d65adf2f39a5a98507f1fe0ce10a2b8dbc/library/std/src/panicking.rs:451:19
[INFO] [stdout]   40:     0x55ae6369464b - std::panic::catch_unwind::ha6a5ca3915b4dad0
[INFO] [stdout]                                at /rustc/84c898d65adf2f39a5a98507f1fe0ce10a2b8dbc/library/std/src/panic.rs:140:14
[INFO] [stdout]   41:     0x55ae6369464b - std::thread::Builder::spawn_unchecked_::{{closure}}::h883b72ef75da6231
[INFO] [stdout]                                at /rustc/84c898d65adf2f39a5a98507f1fe0ce10a2b8dbc/library/std/src/thread/mod.rs:559:30
[INFO] [stdout]   42:     0x55ae6369464b - core::ops::function::FnOnce::call_once{{vtable.shim}}::hb7dff73dc8bd2ccb
[INFO] [stdout]                                at /rustc/84c898d65adf2f39a5a98507f1fe0ce10a2b8dbc/library/core/src/ops/function.rs:250:5
[INFO] [stdout]   43:     0x55ae639cf6b3 - <alloc::boxed::Box<F,A> as core::ops::function::FnOnce<Args>>::call_once::h39990b24eedef2ab
[INFO] [stdout]                                at /rustc/84c898d65adf2f39a5a98507f1fe0ce10a2b8dbc/library/alloc/src/boxed.rs:1987:9
[INFO] [stdout]   44:     0x55ae639cf6b3 - <alloc::boxed::Box<F,A> as core::ops::function::FnOnce<Args>>::call_once::h01a027258444143b
[INFO] [stdout]                                at /rustc/84c898d65adf2f39a5a98507f1fe0ce10a2b8dbc/library/alloc/src/boxed.rs:1987:9
[INFO] [stdout]   45:     0x55ae639cf6b3 - std::sys::unix::thread::Thread::new::thread_start::ha4f1cdd9c25884ba
[INFO] [stdout]                                at /rustc/84c898d65adf2f39a5a98507f1fe0ce10a2b8dbc/library/std/src/sys/unix/thread.rs:108:17
[INFO] [stdout]   46:     0x7ff059f26b43 - <unknown>
[INFO] [stdout]   47:     0x7ff059fb7bb4 - __clone
[INFO] [stdout]   48:                0x0 - <unknown>
[INFO] [stdout] 
[INFO] [stdout] 
[INFO] [stdout] failures:
[INFO] [stdout]     codec::format::test
[INFO] [stdout] 
[INFO] [stdout] test result: FAILED. 78 passed; 1 failed; 0 ignored; 0 measured; 0 filtered out; finished in 112.42s
[INFO] [stdout] 
[INFO] [stderr] error: test failed, to rerun pass `--lib`
[INFO] running `Command { std: "docker" "inspect" "18f2b21934304eb9ccf29b82aaf20efa49bbb9997f54b14787ba73c6325a6288", kill_on_drop: false }`
[INFO] running `Command { std: "docker" "rm" "-f" "18f2b21934304eb9ccf29b82aaf20efa49bbb9997f54b14787ba73c6325a6288", kill_on_drop: false }`
[INFO] [stdout] 18f2b21934304eb9ccf29b82aaf20efa49bbb9997f54b14787ba73c6325a6288
