[INFO] fetching crate cyclonedx-bom 0.4.0...
[INFO] testing cyclonedx-bom-0.4.0 against 1.69.0 for beta-1.70-1
[INFO] extracting crate cyclonedx-bom 0.4.0 into /workspace/builds/worker-0-tc1/source
[INFO] validating manifest of crates.io crate cyclonedx-bom 0.4.0 on toolchain 1.69.0
[INFO] running `Command { std: CARGO_HOME="/workspace/cargo-home" RUSTUP_HOME="/workspace/rustup-home" "/workspace/cargo-home/bin/cargo" "+1.69.0" "metadata" "--manifest-path" "Cargo.toml" "--no-deps", kill_on_drop: false }`
[INFO] started tweaking crates.io crate cyclonedx-bom 0.4.0
[INFO] finished tweaking crates.io crate cyclonedx-bom 0.4.0
[INFO] tweaked toml for crates.io crate cyclonedx-bom 0.4.0 written to /workspace/builds/worker-0-tc1/source/Cargo.toml
[INFO] running `Command { std: CARGO_HOME="/workspace/cargo-home" RUSTUP_HOME="/workspace/rustup-home" __CARGO_TEST_CHANNEL_OVERRIDE_DO_NOT_USE_THIS="nightly" "/workspace/cargo-home/bin/cargo" "+1.69.0" "generate-lockfile" "--manifest-path" "Cargo.toml" "-Zno-index-update", kill_on_drop: false }`
[INFO] running `Command { std: CARGO_HOME="/workspace/cargo-home" RUSTUP_HOME="/workspace/rustup-home" "/workspace/cargo-home/bin/cargo" "+1.69.0" "fetch" "--manifest-path" "Cargo.toml", kill_on_drop: false }`
[INFO] [stderr]  Downloading crates ...
[INFO] [stderr]   Downloaded packageurl v0.3.0
[INFO] [stderr]   Downloaded insta v1.29.0
[INFO] [stderr]   Downloaded spdx v0.9.0
[INFO] running `Command { std: "docker" "create" "-v" "/var/lib/crater-agent-workspace/builds/worker-0-tc1/target:/opt/rustwide/target:rw,Z" "-v" "/var/lib/crater-agent-workspace/builds/worker-0-tc1/source:/opt/rustwide/workdir:ro,Z" "-v" "/var/lib/crater-agent-workspace/cargo-home:/opt/rustwide/cargo-home:ro,Z" "-v" "/var/lib/crater-agent-workspace/rustup-home:/opt/rustwide/rustup-home:ro,Z" "-e" "SOURCE_DIR=/opt/rustwide/workdir" "-e" "CARGO_TARGET_DIR=/opt/rustwide/target" "-e" "CARGO_HOME=/opt/rustwide/cargo-home" "-e" "RUSTUP_HOME=/opt/rustwide/rustup-home" "-w" "/opt/rustwide/workdir" "-m" "1610612736" "--user" "0:0" "--network" "none" "ghcr.io/rust-lang/crates-build-env/linux@sha256:97d61d7686bf65f8ecb15491ab51835e82dc9176a96a831f143a431b191fc501" "/opt/rustwide/cargo-home/bin/cargo" "+1.69.0" "metadata" "--no-deps" "--format-version=1", kill_on_drop: false }`
[INFO] [stdout] 65588883b388c2eb925163147db71033294d835ab6a973c7eaaf66c952af4166
[INFO] running `Command { std: "docker" "start" "-a" "65588883b388c2eb925163147db71033294d835ab6a973c7eaaf66c952af4166", kill_on_drop: false }`
[INFO] running `Command { std: "docker" "inspect" "65588883b388c2eb925163147db71033294d835ab6a973c7eaaf66c952af4166", kill_on_drop: false }`
[INFO] running `Command { std: "docker" "rm" "-f" "65588883b388c2eb925163147db71033294d835ab6a973c7eaaf66c952af4166", kill_on_drop: false }`
[INFO] [stdout] 65588883b388c2eb925163147db71033294d835ab6a973c7eaaf66c952af4166
[INFO] running `Command { std: "docker" "create" "-v" "/var/lib/crater-agent-workspace/builds/worker-0-tc1/target:/opt/rustwide/target:rw,Z" "-v" "/var/lib/crater-agent-workspace/builds/worker-0-tc1/source:/opt/rustwide/workdir:ro,Z" "-v" "/var/lib/crater-agent-workspace/cargo-home:/opt/rustwide/cargo-home:ro,Z" "-v" "/var/lib/crater-agent-workspace/rustup-home:/opt/rustwide/rustup-home:ro,Z" "-e" "SOURCE_DIR=/opt/rustwide/workdir" "-e" "CARGO_TARGET_DIR=/opt/rustwide/target" "-e" "CARGO_INCREMENTAL=0" "-e" "RUST_BACKTRACE=full" "-e" "RUSTFLAGS=--cap-lints=warn" "-e" "RUSTDOCFLAGS=--cap-lints=warn" "-e" "CARGO_HOME=/opt/rustwide/cargo-home" "-e" "RUSTUP_HOME=/opt/rustwide/rustup-home" "-w" "/opt/rustwide/workdir" "-m" "1610612736" "--user" "0:0" "--network" "none" "ghcr.io/rust-lang/crates-build-env/linux@sha256:97d61d7686bf65f8ecb15491ab51835e82dc9176a96a831f143a431b191fc501" "/opt/rustwide/cargo-home/bin/cargo" "+1.69.0" "build" "--frozen" "--message-format=json", kill_on_drop: false }`
[INFO] [stdout] 1130f893c5d249d06e4c968f318bbb3e89577b60956658ec345a03cd10d04acc
[INFO] running `Command { std: "docker" "start" "-a" "1130f893c5d249d06e4c968f318bbb3e89577b60956658ec345a03cd10d04acc", kill_on_drop: false }`
[INFO] [stderr]    Compiling proc-macro2 v1.0.56
[INFO] [stderr]    Compiling unicode-ident v1.0.8
[INFO] [stderr]    Compiling quote v1.0.26
[INFO] [stderr]    Compiling memchr v2.5.0
[INFO] [stderr]    Compiling serde_derive v1.0.160
[INFO] [stderr]    Compiling libc v0.2.142
[INFO] [stderr]    Compiling serde v1.0.160
[INFO] [stderr]    Compiling itoa v1.0.6
[INFO] [stderr]    Compiling thiserror v1.0.40
[INFO] [stderr]    Compiling serde_json v1.0.96
[INFO] [stderr]    Compiling bytes v1.4.0
[INFO] [stderr]    Compiling time-core v0.1.0
[INFO] [stderr]    Compiling percent-encoding v2.2.0
[INFO] [stderr]    Compiling ryu v1.0.13
[INFO] [stderr]    Compiling smallvec v1.10.0
[INFO] [stderr]    Compiling regex-syntax v0.7.1
[INFO] [stderr]    Compiling once_cell v1.17.1
[INFO] [stderr]    Compiling base64 v0.13.1
[INFO] [stderr]    Compiling time v0.3.20
[INFO] [stderr]    Compiling spdx v0.9.0
[INFO] [stderr]    Compiling xml-rs v0.8.4
[INFO] [stderr]    Compiling http v0.2.9
[INFO] [stderr]    Compiling aho-corasick v1.0.1
[INFO] [stderr]    Compiling syn v2.0.15
[INFO] [stderr]    Compiling getrandom v0.2.9
[INFO] [stderr]    Compiling uuid v1.3.2
[INFO] [stderr]    Compiling regex v1.8.1
[INFO] [stderr]    Compiling thiserror-impl v1.0.40
[INFO] [stderr]    Compiling packageurl v0.3.0
[INFO] [stderr]    Compiling cyclonedx-bom v0.4.0 (/opt/rustwide/workdir)
[INFO] [stderr]     Finished dev [unoptimized + debuginfo] target(s) in 10.42s
[INFO] running `Command { std: "docker" "inspect" "1130f893c5d249d06e4c968f318bbb3e89577b60956658ec345a03cd10d04acc", kill_on_drop: false }`
[INFO] running `Command { std: "docker" "rm" "-f" "1130f893c5d249d06e4c968f318bbb3e89577b60956658ec345a03cd10d04acc", kill_on_drop: false }`
[INFO] [stdout] 1130f893c5d249d06e4c968f318bbb3e89577b60956658ec345a03cd10d04acc
[INFO] running `Command { std: "docker" "create" "-v" "/var/lib/crater-agent-workspace/builds/worker-0-tc1/target:/opt/rustwide/target:rw,Z" "-v" "/var/lib/crater-agent-workspace/builds/worker-0-tc1/source:/opt/rustwide/workdir:ro,Z" "-v" "/var/lib/crater-agent-workspace/cargo-home:/opt/rustwide/cargo-home:ro,Z" "-v" "/var/lib/crater-agent-workspace/rustup-home:/opt/rustwide/rustup-home:ro,Z" "-e" "SOURCE_DIR=/opt/rustwide/workdir" "-e" "CARGO_TARGET_DIR=/opt/rustwide/target" "-e" "CARGO_INCREMENTAL=0" "-e" "RUST_BACKTRACE=full" "-e" "RUSTFLAGS=--cap-lints=warn" "-e" "RUSTDOCFLAGS=--cap-lints=warn" "-e" "CARGO_HOME=/opt/rustwide/cargo-home" "-e" "RUSTUP_HOME=/opt/rustwide/rustup-home" "-w" "/opt/rustwide/workdir" "-m" "1610612736" "--user" "0:0" "--network" "none" "ghcr.io/rust-lang/crates-build-env/linux@sha256:97d61d7686bf65f8ecb15491ab51835e82dc9176a96a831f143a431b191fc501" "/opt/rustwide/cargo-home/bin/cargo" "+1.69.0" "test" "--frozen" "--no-run" "--message-format=json", kill_on_drop: false }`
[INFO] [stdout] aa5c9a7729c002b79c8fa1f10bc2453acc6e88178795e1ba6a69dd0ca8b6423d
[INFO] running `Command { std: "docker" "start" "-a" "aa5c9a7729c002b79c8fa1f10bc2453acc6e88178795e1ba6a69dd0ca8b6423d", kill_on_drop: false }`
[INFO] [stderr]    Compiling log v0.4.17
[INFO] [stderr]    Compiling same-file v1.0.6
[INFO] [stderr]    Compiling linked-hash-map v0.5.6
[INFO] [stderr]    Compiling diff v0.1.13
[INFO] [stderr]    Compiling yansi v0.5.1
[INFO] [stderr]    Compiling similar v2.2.1
[INFO] [stderr]    Compiling bstr v1.4.0
[INFO] [stderr]    Compiling aho-corasick v0.7.20
[INFO] [stderr]    Compiling console v0.15.5
[INFO] [stderr]    Compiling walkdir v2.3.3
[INFO] [stderr]    Compiling yaml-rust v0.4.5
[INFO] [stderr]    Compiling pretty_assertions v1.3.0
[INFO] [stderr]    Compiling globset v0.4.10
[INFO] [stderr]    Compiling insta v1.29.0
[INFO] [stderr]    Compiling cyclonedx-bom v0.4.0 (/opt/rustwide/workdir)
[INFO] [stderr]     Finished test [unoptimized + debuginfo] target(s) in 6.87s
[INFO] running `Command { std: "docker" "inspect" "aa5c9a7729c002b79c8fa1f10bc2453acc6e88178795e1ba6a69dd0ca8b6423d", kill_on_drop: false }`
[INFO] running `Command { std: "docker" "rm" "-f" "aa5c9a7729c002b79c8fa1f10bc2453acc6e88178795e1ba6a69dd0ca8b6423d", kill_on_drop: false }`
[INFO] [stdout] aa5c9a7729c002b79c8fa1f10bc2453acc6e88178795e1ba6a69dd0ca8b6423d
[INFO] running `Command { std: "docker" "create" "-v" "/var/lib/crater-agent-workspace/builds/worker-0-tc1/target:/opt/rustwide/target:rw,Z" "-v" "/var/lib/crater-agent-workspace/builds/worker-0-tc1/source:/opt/rustwide/workdir:ro,Z" "-v" "/var/lib/crater-agent-workspace/cargo-home:/opt/rustwide/cargo-home:ro,Z" "-v" "/var/lib/crater-agent-workspace/rustup-home:/opt/rustwide/rustup-home:ro,Z" "-e" "SOURCE_DIR=/opt/rustwide/workdir" "-e" "CARGO_TARGET_DIR=/opt/rustwide/target" "-e" "CARGO_INCREMENTAL=0" "-e" "RUST_BACKTRACE=full" "-e" "RUSTFLAGS=--cap-lints=warn" "-e" "RUSTDOCFLAGS=--cap-lints=warn" "-e" "CARGO_HOME=/opt/rustwide/cargo-home" "-e" "RUSTUP_HOME=/opt/rustwide/rustup-home" "-w" "/opt/rustwide/workdir" "-m" "1610612736" "--user" "0:0" "--network" "none" "ghcr.io/rust-lang/crates-build-env/linux@sha256:97d61d7686bf65f8ecb15491ab51835e82dc9176a96a831f143a431b191fc501" "/opt/rustwide/cargo-home/bin/cargo" "+1.69.0" "test" "--frozen", kill_on_drop: false }`
[INFO] [stdout] e158ce2ae2bcc27f04e87dc7cb102b29c7db5cea0e01218cbdc57e1aed250d35
[INFO] running `Command { std: "docker" "start" "-a" "e158ce2ae2bcc27f04e87dc7cb102b29c7db5cea0e01218cbdc57e1aed250d35", kill_on_drop: false }`
[INFO] [stderr]     Finished test [unoptimized + debuginfo] target(s) in 0.03s
[INFO] [stderr]      Running unittests src/lib.rs (/opt/rustwide/target/debug/deps/cyclonedx_bom-842a0c0927ea4ab3)
[INFO] [stdout] 
[INFO] [stdout] running 109 tests
[INFO] [stdout] test external_models::date_time::test::valid_datetimes_should_pass_validation ... ok
[INFO] [stdout] test external_models::spdx::test::invalid_spdx_expressions_should_fail_validation ... ok
[INFO] [stdout] test external_models::date_time::test::invalid_datetimes_should_fail_validation ... ok
[INFO] [stdout] test external_models::normalized_string::test::it_should_fail_validation ... ok
[INFO] [stdout] test external_models::spdx::test::invalid_spdx_identifiers_should_fail_validation ... ok
[INFO] [stdout] test external_models::normalized_string::test::it_should_pass_validation ... ok
[INFO] [stdout] test external_models::spdx::test::it_should_fail_to_convert_an_invalid_spdx_expression ... ok
[INFO] [stdout] test external_models::normalized_string::test::it_should_normalize_strings ... ok
[INFO] [stdout] test external_models::spdx::test::it_should_succeed_in_converting_a_partially_valid_spdx_expression ... ok
[INFO] [stdout] test external_models::spdx::test::it_should_succeed_in_converting_an_spdx_expression ... ok
[INFO] [stdout] test external_models::spdx::test::valid_spdx_expressions_should_pass_validation ... ok
[INFO] [stdout] test external_models::spdx::test::valid_spdx_identifiers_should_pass_validation ... ok
[INFO] [stdout] test external_models::uri::test::invalid_purls_should_fail_validation ... ok
[INFO] [stdout] test external_models::uri::test::invalid_uris_should_fail_validation ... ok
[INFO] [stdout] test external_models::uri::test::valid_uris_should_pass_validation ... ok
[INFO] [stdout] test external_models::uri::test::valid_purls_should_pass_validation ... ok
[INFO] [stdout] test models::attached_text::test::it_should_construct_attached_text ... ok
[INFO] [stdout] test models::attached_text::test::an_unknown_encoding_should_fail_validation ... ok
[INFO] [stdout] test models::attached_text::test::invalid_attached_text_should_fail_validation ... ok
[INFO] [stdout] test models::attached_text::test::no_supplied_encoding_should_pass_validation ... ok
[INFO] [stdout] test models::attached_text::test::valid_attached_text_should_pass_validation ... ok
[INFO] [stdout] test models::bom::test::it_should_validate_broken_composition_refs_as_failed ... ok
[INFO] [stdout] test models::bom::test::it_should_validate_an_empty_bom_as_passed ... ok
[INFO] [stdout] test models::bom::test::it_should_validate_broken_dependency_refs_as_failed ... ok
[INFO] [stdout] test models::code::test::valid_commits_should_pass_validation ... ok
[INFO] [stdout] test models::composition::test::it_should_pass_validation ... ok
[INFO] [stdout] test models::code::test::invalid_commits_should_fail_validation ... ok
[INFO] [stdout] test models::code::test::invalid_patches_should_fail_validation ... ok
[INFO] [stdout] test models::license::test::it_should_fail_validation_for_license_id ... ok
[INFO] [stdout] test models::external_reference::test::it_should_pass_validation ... ok
[INFO] [stdout] test models::code::test::valid_patches_should_pass_validation ... ok
[INFO] [stdout] test models::license::test::it_should_fail_validation_for_license_name ... ok
[INFO] [stdout] test models::license::test::it_should_fail_validation_for_license_expression ... ok
[INFO] [stdout] test models::license::test::it_should_merge_validations_correctly ... ok
[INFO] [stdout] test models::organization::test::it_should_validate_a_contact_with_multiple_validation_issues_as_failed ... ok
[INFO] [stdout] test models::composition::test::it_should_fail_validation ... ok
[INFO] [stdout] test models::metadata::test::invalid_metadata_should_fail_validation ... ok
[INFO] [stdout] test models::license::test::it_should_pass_validation ... ok
[INFO] [stdout] test models::metadata::test::valid_metadata_should_pass_validation ... ok
[INFO] [stdout] test models::bom::test::it_should_validate_that_bom_references_are_unique ... ok
[INFO] [stdout] test models::organization::test::it_should_validate_an_empty_contact_as_passed ... ok
[INFO] [stdout] test models::organization::test::it_should_validate_an_entity_with_multiple_validation_issues_as_failed ... ok
[INFO] [stdout] test models::organization::test::it_should_validate_an_invalid_contact_as_failed ... ok
[INFO] [stdout] test models::property::test::it_should_fail_validation ... ok
[INFO] [stdout] test models::tool::test::it_should_fail_validation ... ok
[INFO] [stdout] test models::organization::test::it_should_validate_an_invalid_entity_as_failed ... ok
[INFO] [stdout] test models::tool::test::it_should_merge_validations_correctly ... ok
[INFO] [stdout] test models::property::test::it_should_pass_validation ... ok
[INFO] [stdout] test models::tool::test::it_should_pass_validation ... ok
[INFO] [stdout] test models::service::test::valid_services_should_pass_validation ... ok
[INFO] [stdout] test specs::v1_3::attached_text::test::it_should_read_xml_full ... ok
[INFO] [stdout] test specs::v1_3::attached_text::test::it_should_read_xml_no_attributes ... ok
[INFO] [stdout] test models::service::test::invalid_services_should_fail_validation ... ok
[INFO] [stdout] test specs::v1_3::bom::test::it_should_deserialize_from_xml ... ok
[INFO] [stdout] test models::bom::test::invalid_uuids_should_fail_validation ... ok
[INFO] [stdout] test specs::v1_3::bom::test::it_can_convert_from_the_internal_model ... ok
[INFO] [stdout] test specs::v1_3::bom::test::it_can_convert_to_the_internal_model ... ok
[INFO] [stdout] test models::bom::test::it_should_validate_a_bom_with_multiple_validation_issues_as_failed ... ok
[INFO] [stdout] test models::bom::test::valid_uuids_should_pass_validation ... ok
[INFO] [stdout] test specs::v1_3::code::test::it_should_read_commits_xml_full ... ok
[INFO] [stdout] test specs::v1_3::code::test::it_should_read_patches_xml_full ... ok
[INFO] [stdout] test specs::v1_3::component::test::it_should_read_xml_full ... ok
[INFO] [stdout] test specs::v1_3::composition::test::it_should_read_xml_full ... ok
[INFO] [stdout] test models::external_reference::test::it_should_fail_validation ... ok
[INFO] [stdout] test models::hash::test::it_should_fail_validation ... ok
[INFO] [stdout] test specs::v1_3::dependency::test::it_flattens_dependencies ... ok
[INFO] [stdout] test specs::v1_3::dependency::test::it_should_read_xml_dependencies_with_no_children ... ok
[INFO] [stdout] test specs::v1_3::dependency::test::it_should_read_xml_empty_dependencies ... ok
[INFO] [stdout] test specs::v1_3::dependency::test::it_should_read_xml_full ... ok
[INFO] [stdout] test models::component::test::invalid_components_should_fail_validation ... ok
[INFO] [stdout] test models::hash::test::it_should_pass_validation ... ok
[INFO] [stdout] test specs::v1_3::external_reference::test::it_should_read_xml_full ... ok
[INFO] [stdout] test models::component::test::valid_components_should_pass_validation ... ok
[INFO] [stdout] test specs::v1_3::hash::test::it_should_read_xml_full ... ok
[INFO] [stdout] test specs::v1_3::bom::test::it_should_deserialize_a_complex_example_from_xml ... ok
[INFO] [stdout] test specs::v1_3::bom::test::it_should_serialize_to_xml ... ok
[INFO] [stdout] test specs::v1_3::attached_text::test::it_should_write_xml_full ... ok
[INFO] [stdout] test specs::v1_3::bom::test::it_should_serialize_to_json ... ok
[INFO] [stdout] test specs::v1_3::code::test::it_should_write_commits_xml_full ... ok
[INFO] [stdout] test specs::v1_3::attached_text::test::it_should_write_xml_no_attributes ... ok
[INFO] [stdout] test specs::v1_3::code::test::it_should_write_patches_xml_full ... ok
[INFO] [stdout] test specs::v1_3::dependency::test::it_should_write_xml_empty_dependencies ... ok
[INFO] [stdout] test specs::v1_3::component::test::it_should_write_xml_full ... ok
[INFO] [stdout] test specs::v1_3::license::test::it_should_handle_licenses_correctly ... ok
[INFO] [stdout] test specs::v1_3::bom::test::it_should_serialize_a_complex_example_to_xml ... ok
[INFO] [stdout] test specs::v1_3::license::test::it_should_read_xml_full ... ok
[INFO] [stdout] test specs::v1_3::dependency::test::it_should_write_xml_full ... ok
[INFO] [stdout] test specs::v1_3::hash::test::it_should_write_xml_full ... ok
[INFO] [stdout] test specs::v1_3::external_reference::test::it_should_write_xml_full ... ok
[INFO] [stdout] test specs::v1_3::dependency::test::it_should_write_xml_dependencies_with_no_children ... ok
[INFO] [stdout] test specs::v1_3::composition::test::it_should_write_xml_full ... ok
[INFO] [stdout] test specs::v1_3::bom::test::it_should_serialize_a_complex_example_to_json ... ok
[INFO] [stdout] test specs::v1_3::organization::test::it_should_read_xml_multiple_urls_contacts ... ok
[INFO] [stdout] test specs::v1_3::organization::test::it_should_read_xml_full ... ok
[INFO] [stdout] test specs::v1_3::license::test::it_should_write_xml_full ... ok
[INFO] [stdout] test specs::v1_3::property::test::it_should_read_xml_full ... ok
[INFO] [stdout] test specs::v1_3::property::test::it_should_read_xml_properties_with_no_children ... ok
[INFO] [stdout] test specs::v1_3::organization::test::it_should_not_write_xml_empty_contacts ... ok
[INFO] [stdout] test xml::test::it_should_handle_invalid_lax_xml ... ok
[INFO] [stdout] test specs::v1_3::tool::test::it_should_read_xml_full ... ok
[INFO] [stdout] test specs::v1_3::property::test::it_should_write_xml_properties_with_no_children ... ok
[INFO] [stdout] test specs::v1_3::organization::test::it_should_write_xml_full ... ok
[INFO] [stdout] test specs::v1_3::organization::test::it_should_write_xml_multiple_urls_contacts ... ok
[INFO] [stdout] test specs::v1_3::property::test::it_should_write_xml_full ... ok
[INFO] [stdout] test specs::v1_3::tool::test::it_should_write_xml_full ... ok
[INFO] [stdout] test specs::v1_3::service::test::it_should_write_xml_full ... ok
[INFO] [stdout] test specs::v1_3::metadata::test::it_should_write_xml_full ... ok
[INFO] [stdout] test specs::v1_3::service::test::it_should_read_xml_full ... ok
[INFO] [stdout] test specs::v1_3::metadata::test::it_should_read_xml_full ... ok
[INFO] [stdout] 
[INFO] [stdout] test result: ok. 109 passed; 0 failed; 0 ignored; 0 measured; 0 filtered out; finished in 0.02s
[INFO] [stdout] 
[INFO] [stderr]      Running tests/specification_tests.rs (/opt/rustwide/target/debug/deps/specification_tests-9c0c3d327752eb0a)
[INFO] [stdout] 
[INFO] [stdout] running 4 tests
[INFO] [stdout] test it_should_fail_to_parse_all_of_the_invalid_json_specifications ... ok
[INFO] [stdout] test it_should_parse_all_of_the_valid_json_specifications ... ok
[INFO] [stdout] test it_should_fail_to_parse_all_of_the_invalid_xml_specifications ... ok
[INFO] [stdout] test it_should_parse_all_of_the_valid_xml_specifications ... ok
[INFO] [stdout] 
[INFO] [stdout] test result: ok. 4 passed; 0 failed; 0 ignored; 0 measured; 0 filtered out; finished in 0.09s
[INFO] [stdout] 
[INFO] [stderr]    Doc-tests cyclonedx-bom
[INFO] [stdout] 
[INFO] [stdout] running 12 tests
[INFO] [stdout] test src/lib.rs - (line 124) ... ok
[INFO] [stdout] test src/models/license.rs - models::license::License::license_id (line 93) ... FAILED
[INFO] [stdout] test src/models/tool.rs - models::tool::Tool::new (line 38) ... ok
[INFO] [stdout] test src/models/license.rs - models::license::License::named_license (line 79) ... ok
[INFO] [stdout] test src/models/metadata.rs - models::metadata::Metadata::new (line 48) ... ok
[INFO] [stdout] test src/models/property.rs - models::property::Property::new (line 64) ... ok
[INFO] [stdout] test src/models/organization.rs - models::organization::OrganizationalContact::new (line 38) ... ok
[INFO] [stdout] test src/external_models/date_time.rs - external_models::date_time::DateTime (line 34) ... ok
[INFO] [stdout] test src/lib.rs - (line 61) ... ok
[INFO] [stdout] test src/lib.rs - (line 41) ... ok
[INFO] [stdout] test src/external_models/normalized_string.rs - external_models::normalized_string::NormalizedString::new (line 31) ... ok
[INFO] [stdout] test src/models/service.rs - models::service::Service::new (line 52) ... ok
[INFO] [stdout] 
[INFO] [stdout] failures:
[INFO] [stdout] 
[INFO] [stdout] ---- src/models/license.rs - models::license::License::license_id (line 93) stdout ----
[INFO] [stdout] error: linking with `cc` failed: exit status: 1
[INFO] [stdout]   |
[INFO] [stdout]   = note: LC_ALL="C" PATH="/opt/rustwide/rustup-home/toolchains/1.69.0-x86_64-unknown-linux-gnu/lib/rustlib/x86_64-unknown-linux-gnu/bin:/opt/rustwide/cargo-home/bin:/usr/local/sbin:/usr/local/bin:/usr/sbin:/usr/bin:/sbin:/bin" VSLANG="1033" "cc" "-m64" "/tmp/rustcBEnBp8/symbols.o" "/tmp/rustdoctestctU5lM/rust_out.rust_out.5bfee551-cgu.0.rcgu.o" "/tmp/rustdoctestctU5lM/rust_out.j00p4ncf7xg64kg.rcgu.o" "-Wl,--as-needed" "-L" "/opt/rustwide/target/debug/deps" "-L" "/opt/rustwide/target/debug/deps" "-L" "/opt/rustwide/rustup-home/toolchains/1.69.0-x86_64-unknown-linux-gnu/lib/rustlib/x86_64-unknown-linux-gnu/lib" "-Wl,-Bstatic" "/opt/rustwide/target/debug/deps/libcyclonedx_bom-11c1b921d25b78c6.rlib" "/opt/rustwide/target/debug/deps/libuuid-52e2e3569c63e6f7.rlib" "/opt/rustwide/target/debug/deps/libgetrandom-1817661d17362ac5.rlib" "/opt/rustwide/target/debug/deps/liblibc-b7b14a0fe316ec96.rlib" "/opt/rustwide/target/debug/deps/libcfg_if-e5e118dd7d121aaa.rlib" "/opt/rustwide/target/debug/deps/libbase64-58bd2041a3052460.rlib" "/opt/rustwide/target/debug/deps/libhttp-1912e0b438bd2fae.rlib" "/opt/rustwide/target/debug/deps/libbytes-e760d6ac9a2f6963.rlib" "/opt/rustwide/target/debug/deps/libfnv-41a559218f992797.rlib" "/opt/rustwide/target/debug/deps/libserde_json-d90f35de33052416.rlib" "/opt/rustwide/target/debug/deps/libryu-87a43729435ac998.rlib" "/opt/rustwide/target/debug/deps/libserde-fe1f5b617e906e5a.rlib" "/opt/rustwide/target/debug/deps/libxml-80ece812513930ba.rlib" "/opt/rustwide/target/debug/deps/libregex-62f85974b4cf0dcb.rlib" "/opt/rustwide/target/debug/deps/libaho_corasick-6fc38c3e1c0e1b2d.rlib" "/opt/rustwide/target/debug/deps/libmemchr-b18e4aa3c7a38625.rlib" "/opt/rustwide/target/debug/deps/libregex_syntax-6ee924d67e38f866.rlib" "/opt/rustwide/target/debug/deps/libonce_cell-7d2ec3fb6b6c5a4d.rlib" "/opt/rustwide/target/debug/deps/libpackageurl-0ff25fb54e2e3ea0.rlib" "/opt/rustwide/target/debug/deps/libpercent_encoding-5b4f3c280783d946.rlib" "/opt/rustwide/target/debug/deps/libspdx-1e49d087e4887f19.rlib" "/opt/rustwide/target/debug/deps/libsmallvec-22f2447eab0ca59b.rlib" "/opt/rustwide/target/debug/deps/libtime-76e30549940b9817.rlib" "/opt/rustwide/target/debug/deps/libitoa-12e0c769e046c1b6.rlib" "/opt/rustwide/target/debug/deps/libtime_core-4a74880e8761e797.rlib" "/opt/rustwide/target/debug/deps/libthiserror-e4ca7c641acd4c0d.rlib" "/opt/rustwide/rustup-home/toolchains/1.69.0-x86_64-unknown-linux-gnu/lib/rustlib/x86_64-unknown-linux-gnu/lib/libstd-89bc084783fdc439.rlib" "/opt/rustwide/rustup-home/toolchains/1.69.0-x86_64-unknown-linux-gnu/lib/rustlib/x86_64-unknown-linux-gnu/lib/libpanic_unwind-8bee4b287d4367c1.rlib" "/opt/rustwide/rustup-home/toolchains/1.69.0-x86_64-unknown-linux-gnu/lib/rustlib/x86_64-unknown-linux-gnu/lib/libobject-d61707aed80694c0.rlib" "/opt/rustwide/rustup-home/toolchains/1.69.0-x86_64-unknown-linux-gnu/lib/rustlib/x86_64-unknown-linux-gnu/lib/libmemchr-d85366256f22345b.rlib" "/opt/rustwide/rustup-home/toolchains/1.69.0-x86_64-unknown-linux-gnu/lib/rustlib/x86_64-unknown-linux-gnu/lib/libaddr2line-96069b86b8a8cae9.rlib" "/opt/rustwide/rustup-home/toolchains/1.69.0-x86_64-unknown-linux-gnu/lib/rustlib/x86_64-unknown-linux-gnu/lib/libgimli-d19d53abf68dfa6c.rlib" "/opt/rustwide/rustup-home/toolchains/1.69.0-x86_64-unknown-linux-gnu/lib/rustlib/x86_64-unknown-linux-gnu/lib/librustc_demangle-787cbccd19d64ac6.rlib" "/opt/rustwide/rustup-home/toolchains/1.69.0-x86_64-unknown-linux-gnu/lib/rustlib/x86_64-unknown-linux-gnu/lib/libstd_detect-b3837a36b830e0d0.rlib" "/opt/rustwide/rustup-home/toolchains/1.69.0-x86_64-unknown-linux-gnu/lib/rustlib/x86_64-unknown-linux-gnu/lib/libhashbrown-e3deb0e7e3f04966.rlib" "/opt/rustwide/rustup-home/toolchains/1.69.0-x86_64-unknown-linux-gnu/lib/rustlib/x86_64-unknown-linux-gnu/lib/libminiz_oxide-dabbb79c9815def4.rlib" "/opt/rustwide/rustup-home/toolchains/1.69.0-x86_64-unknown-linux-gnu/lib/rustlib/x86_64-unknown-linux-gnu/lib/libadler-305b01f34c9409f2.rlib" "/opt/rustwide/rustup-home/toolchains/1.69.0-x86_64-unknown-linux-gnu/lib/rustlib/x86_64-unknown-linux-gnu/lib/librustc_std_workspace_alloc-f833521df6074e73.rlib" "/opt/rustwide/rustup-home/toolchains/1.69.0-x86_64-unknown-linux-gnu/lib/rustlib/x86_64-unknown-linux-gnu/lib/libunwind-9ac333113350d171.rlib" "/opt/rustwide/rustup-home/toolchains/1.69.0-x86_64-unknown-linux-gnu/lib/rustlib/x86_64-unknown-linux-gnu/lib/libcfg_if-1c126114322d0eee.rlib" "/opt/rustwide/rustup-home/toolchains/1.69.0-x86_64-unknown-linux-gnu/lib/rustlib/x86_64-unknown-linux-gnu/lib/liblibc-bad9164fdeeecf92.rlib" "/opt/rustwide/rustup-home/toolchains/1.69.0-x86_64-unknown-linux-gnu/lib/rustlib/x86_64-unknown-linux-gnu/lib/liballoc-f9374b1e480fa681.rlib" "/opt/rustwide/rustup-home/toolchains/1.69.0-x86_64-unknown-linux-gnu/lib/rustlib/x86_64-unknown-linux-gnu/lib/librustc_std_workspace_core-207f06e41d9603af.rlib" "/opt/rustwide/rustup-home/toolchains/1.69.0-x86_64-unknown-linux-gnu/lib/rustlib/x86_64-unknown-linux-gnu/lib/libcore-7e2768e66e984e85.rlib" "/opt/rustwide/rustup-home/toolchains/1.69.0-x86_64-unknown-linux-gnu/lib/rustlib/x86_64-unknown-linux-gnu/lib/libcompiler_builtins-957b4aff41f8cd46.rlib" "-Wl,-Bdynamic" "-lgcc_s" "-lutil" "-lrt" "-lpthread" "-lm" "-ldl" "-lc" "-Wl,--eh-frame-hdr" "-Wl,-z,noexecstack" "-L" "/opt/rustwide/rustup-home/toolchains/1.69.0-x86_64-unknown-linux-gnu/lib/rustlib/x86_64-unknown-linux-gnu/lib" "-o" "/tmp/rustdoctestctU5lM/rust_out" "-Wl,--gc-sections" "-pie" "-Wl,-z,relro,-z,now" "-nodefaultlibs"
[INFO] [stdout]   = note: collect2: fatal error: ld terminated with signal 9 [Killed]
[INFO] [stdout]           compilation terminated.
[INFO] [stdout]           
[INFO] [stdout] 
[INFO] [stdout] error: aborting due to previous error
[INFO] [stdout] 
[INFO] [stdout] Couldn't compile the test.
[INFO] [stdout] 
[INFO] [stdout] failures:
[INFO] [stdout]     src/models/license.rs - models::license::License::license_id (line 93)
[INFO] [stdout] 
[INFO] [stdout] test result: FAILED. 11 passed; 1 failed; 0 ignored; 0 measured; 0 filtered out; finished in 1.97s
[INFO] [stdout] 
[INFO] [stderr] error: doctest failed, to rerun pass `--doc`
[INFO] running `Command { std: "docker" "inspect" "e158ce2ae2bcc27f04e87dc7cb102b29c7db5cea0e01218cbdc57e1aed250d35", kill_on_drop: false }`
[INFO] running `Command { std: "docker" "rm" "-f" "e158ce2ae2bcc27f04e87dc7cb102b29c7db5cea0e01218cbdc57e1aed250d35", kill_on_drop: false }`
[INFO] [stdout] e158ce2ae2bcc27f04e87dc7cb102b29c7db5cea0e01218cbdc57e1aed250d35
