[INFO] fetching crate cy 0.1.0...
[INFO] testing cy-0.1.0 against 1.69.0 for beta-1.70-1
[INFO] extracting crate cy 0.1.0 into /workspace/builds/worker-4-tc1/source
[INFO] validating manifest of crates.io crate cy 0.1.0 on toolchain 1.69.0
[INFO] running `Command { std: CARGO_HOME="/workspace/cargo-home" RUSTUP_HOME="/workspace/rustup-home" "/workspace/cargo-home/bin/cargo" "+1.69.0" "metadata" "--manifest-path" "Cargo.toml" "--no-deps", kill_on_drop: false }`
[INFO] started tweaking crates.io crate cy 0.1.0
[INFO] finished tweaking crates.io crate cy 0.1.0
[INFO] tweaked toml for crates.io crate cy 0.1.0 written to /workspace/builds/worker-4-tc1/source/Cargo.toml
[INFO] running `Command { std: CARGO_HOME="/workspace/cargo-home" RUSTUP_HOME="/workspace/rustup-home" __CARGO_TEST_CHANNEL_OVERRIDE_DO_NOT_USE_THIS="nightly" "/workspace/cargo-home/bin/cargo" "+1.69.0" "generate-lockfile" "--manifest-path" "Cargo.toml" "-Zno-index-update", kill_on_drop: false }`
[INFO] running `Command { std: CARGO_HOME="/workspace/cargo-home" RUSTUP_HOME="/workspace/rustup-home" "/workspace/cargo-home/bin/cargo" "+1.69.0" "fetch" "--manifest-path" "Cargo.toml", kill_on_drop: false }`
[INFO] [stderr]  Downloading crates ...
[INFO] [stderr]   Downloaded color-parser v0.1.0
[INFO] [stderr]   Downloaded color-core v0.1.4
[INFO] [stderr]   Downloaded color-macro v0.1.1
[INFO] running `Command { std: "docker" "create" "-v" "/var/lib/crater-agent-workspace/builds/worker-4-tc1/target:/opt/rustwide/target:rw,Z" "-v" "/var/lib/crater-agent-workspace/builds/worker-4-tc1/source:/opt/rustwide/workdir:ro,Z" "-v" "/var/lib/crater-agent-workspace/cargo-home:/opt/rustwide/cargo-home:ro,Z" "-v" "/var/lib/crater-agent-workspace/rustup-home:/opt/rustwide/rustup-home:ro,Z" "-e" "SOURCE_DIR=/opt/rustwide/workdir" "-e" "CARGO_TARGET_DIR=/opt/rustwide/target" "-e" "CARGO_HOME=/opt/rustwide/cargo-home" "-e" "RUSTUP_HOME=/opt/rustwide/rustup-home" "-w" "/opt/rustwide/workdir" "-m" "1610612736" "--user" "0:0" "--network" "none" "ghcr.io/rust-lang/crates-build-env/linux@sha256:5ff2268d62e97bff2cde7d5815dd6ed5b47097566f13b8d0ca110b04b60e07ed" "/opt/rustwide/cargo-home/bin/cargo" "+1.69.0" "metadata" "--no-deps" "--format-version=1", kill_on_drop: false }`
[INFO] [stdout] 45516ac4beaff6e4d40b00b88f55bd757a9ca785ceffb47150a210c959dd8684
[INFO] running `Command { std: "docker" "start" "-a" "45516ac4beaff6e4d40b00b88f55bd757a9ca785ceffb47150a210c959dd8684", kill_on_drop: false }`
[INFO] running `Command { std: "docker" "inspect" "45516ac4beaff6e4d40b00b88f55bd757a9ca785ceffb47150a210c959dd8684", kill_on_drop: false }`
[INFO] running `Command { std: "docker" "rm" "-f" "45516ac4beaff6e4d40b00b88f55bd757a9ca785ceffb47150a210c959dd8684", kill_on_drop: false }`
[INFO] [stdout] 45516ac4beaff6e4d40b00b88f55bd757a9ca785ceffb47150a210c959dd8684
[INFO] running `Command { std: "docker" "create" "-v" "/var/lib/crater-agent-workspace/builds/worker-4-tc1/target:/opt/rustwide/target:rw,Z" "-v" "/var/lib/crater-agent-workspace/builds/worker-4-tc1/source:/opt/rustwide/workdir:ro,Z" "-v" "/var/lib/crater-agent-workspace/cargo-home:/opt/rustwide/cargo-home:ro,Z" "-v" "/var/lib/crater-agent-workspace/rustup-home:/opt/rustwide/rustup-home:ro,Z" "-e" "SOURCE_DIR=/opt/rustwide/workdir" "-e" "CARGO_TARGET_DIR=/opt/rustwide/target" "-e" "CARGO_INCREMENTAL=0" "-e" "RUST_BACKTRACE=full" "-e" "RUSTFLAGS=--cap-lints=warn" "-e" "RUSTDOCFLAGS=--cap-lints=warn" "-e" "CARGO_HOME=/opt/rustwide/cargo-home" "-e" "RUSTUP_HOME=/opt/rustwide/rustup-home" "-w" "/opt/rustwide/workdir" "-m" "1610612736" "--user" "0:0" "--network" "none" "ghcr.io/rust-lang/crates-build-env/linux@sha256:5ff2268d62e97bff2cde7d5815dd6ed5b47097566f13b8d0ca110b04b60e07ed" "/opt/rustwide/cargo-home/bin/cargo" "+1.69.0" "build" "--frozen" "--message-format=json", kill_on_drop: false }`
[INFO] [stdout] e3438741a54d65cd5f252c264585c7f872f32e7df076e19d54c43ec250bff278
[INFO] running `Command { std: "docker" "start" "-a" "e3438741a54d65cd5f252c264585c7f872f32e7df076e19d54c43ec250bff278", kill_on_drop: false }`
[INFO] [stderr]    Compiling proc-macro2 v1.0.56
[INFO] [stderr]    Compiling serde_derive v1.0.160
[INFO] [stderr]    Compiling memchr v2.5.0
[INFO] [stderr]    Compiling serde v1.0.160
[INFO] [stderr]    Compiling minimal-lexical v0.2.1
[INFO] [stderr]    Compiling syn v1.0.109
[INFO] [stderr]    Compiling nom v7.1.3
[INFO] [stderr]    Compiling quote v1.0.26
[INFO] [stderr]    Compiling syn v2.0.15
[INFO] [stderr]    Compiling color-core v0.1.4
[INFO] [stderr]    Compiling color-parser v0.1.0
[INFO] [stdout] error[E0599]: no function or associated item named `rgba` found for struct `RGBColor` in the current scope
[INFO] [stdout]   --> /opt/rustwide/cargo-home/registry/src/github.com-1ecc6299db9ec823/color-parser-0.1.0/src/hex/mod.rs:16:22
[INFO] [stdout]    |
[INFO] [stdout] 16 |         8 => RGBA32::rgba(
[INFO] [stdout]    |                      ^^^^
[INFO] [stdout]    |                      |
[INFO] [stdout]    |                      function or associated item not found in `RGBColor<f32>`
[INFO] [stdout]    |                      help: there is a method with a similar name: `as_rgba`
[INFO] [stdout] 
[INFO] [stdout] 
[INFO] [stdout] error[E0599]: no function or associated item named `rgb` found for struct `RGBColor` in the current scope
[INFO] [stdout]   --> /opt/rustwide/cargo-home/registry/src/github.com-1ecc6299db9ec823/color-parser-0.1.0/src/hex/mod.rs:22:22
[INFO] [stdout]    |
[INFO] [stdout] 22 |         6 => RGBA32::rgb(
[INFO] [stdout]    |                      ^^^
[INFO] [stdout]    |                      |
[INFO] [stdout]    |                      function or associated item not found in `RGBColor<f32>`
[INFO] [stdout]    |                      help: there is a method with a similar name: `as_rgb`
[INFO] [stdout] 
[INFO] [stdout] 
[INFO] [stdout] error[E0599]: no function or associated item named `rgba` found for struct `RGBColor` in the current scope
[INFO] [stdout]   --> /opt/rustwide/cargo-home/registry/src/github.com-1ecc6299db9ec823/color-parser-0.1.0/src/hex/mod.rs:27:22
[INFO] [stdout]    |
[INFO] [stdout] 27 |         4 => RGBA32::rgba(hex_digit(hex[0])? * 17, hex_digit(hex[1])? * 17, hex_digit(hex[2])? * 17, hex_digit(hex[3])? * 17),
[INFO] [stdout]    |                      ^^^^
[INFO] [stdout]    |                      |
[INFO] [stdout]    |                      function or associated item not found in `RGBColor<f32>`
[INFO] [stdout]    |                      help: there is a method with a similar name: `as_rgba`
[INFO] [stdout] 
[INFO] [stdout] 
[INFO] [stdout] error[E0599]: no function or associated item named `rgb` found for struct `RGBColor` in the current scope
[INFO] [stdout]   --> /opt/rustwide/cargo-home/registry/src/github.com-1ecc6299db9ec823/color-parser-0.1.0/src/hex/mod.rs:28:22
[INFO] [stdout]    |
[INFO] [stdout] 28 |         3 => RGBA32::rgb(hex_digit(hex[0])? * 17, hex_digit(hex[1])? * 17, hex_digit(hex[2])? * 17),
[INFO] [stdout]    |                      ^^^
[INFO] [stdout]    |                      |
[INFO] [stdout]    |                      function or associated item not found in `RGBColor<f32>`
[INFO] [stdout]    |                      help: there is a method with a similar name: `as_rgb`
[INFO] [stdout] 
[INFO] [stdout] 
[INFO] [stdout] error: aborting due to 4 previous errors
[INFO] [stdout] 
[INFO] [stdout] 
[INFO] [stdout] For more information about this error, try `rustc --explain E0599`.
[INFO] [stdout] 
[INFO] [stderr] error: could not compile `color-parser` due to 5 previous errors
[INFO] running `Command { std: "docker" "inspect" "e3438741a54d65cd5f252c264585c7f872f32e7df076e19d54c43ec250bff278", kill_on_drop: false }`
[INFO] running `Command { std: "docker" "rm" "-f" "e3438741a54d65cd5f252c264585c7f872f32e7df076e19d54c43ec250bff278", kill_on_drop: false }`
[INFO] [stdout] e3438741a54d65cd5f252c264585c7f872f32e7df076e19d54c43ec250bff278
