[INFO] fetching crate cw-dex 0.1.3...
[INFO] testing cw-dex-0.1.3 against 1.69.0 for beta-1.70-1
[INFO] extracting crate cw-dex 0.1.3 into /workspace/builds/worker-7-tc1/source
[INFO] validating manifest of crates.io crate cw-dex 0.1.3 on toolchain 1.69.0
[INFO] running `Command { std: CARGO_HOME="/workspace/cargo-home" RUSTUP_HOME="/workspace/rustup-home" "/workspace/cargo-home/bin/cargo" "+1.69.0" "metadata" "--manifest-path" "Cargo.toml" "--no-deps", kill_on_drop: false }`
[INFO] started tweaking crates.io crate cw-dex 0.1.3
[INFO] finished tweaking crates.io crate cw-dex 0.1.3
[INFO] tweaked toml for crates.io crate cw-dex 0.1.3 written to /workspace/builds/worker-7-tc1/source/Cargo.toml
[INFO] running `Command { std: CARGO_HOME="/workspace/cargo-home" RUSTUP_HOME="/workspace/rustup-home" __CARGO_TEST_CHANNEL_OVERRIDE_DO_NOT_USE_THIS="nightly" "/workspace/cargo-home/bin/cargo" "+1.69.0" "generate-lockfile" "--manifest-path" "Cargo.toml" "-Zno-index-update", kill_on_drop: false }`
[INFO] running `Command { std: CARGO_HOME="/workspace/cargo-home" RUSTUP_HOME="/workspace/rustup-home" "/workspace/cargo-home/bin/cargo" "+1.69.0" "fetch" "--manifest-path" "Cargo.toml", kill_on_drop: false }`
[INFO] [stderr]  Downloading crates ...
[INFO] [stderr]   Downloaded cw2 v1.0.1
[INFO] [stderr]   Downloaded cw-storage-plus v1.0.1
[INFO] [stderr]   Downloaded apollo-utils v0.1.1
[INFO] [stderr]   Downloaded apollo-cw-asset v0.1.0
[INFO] [stderr]   Downloaded cw-utils v1.0.1
[INFO] [stderr]   Downloaded serde-cw-value v0.7.0
[INFO] [stderr]   Downloaded cw20 v1.0.1
[INFO] [stderr]   Downloaded osmosis-std v0.14.0
[INFO] [stderr]   Downloaded cosmwasm-schema v1.2.4
[INFO] [stderr]   Downloaded cosmwasm-schema-derive v1.2.4
[INFO] [stderr]   Downloaded osmosis-std-derive v0.13.2
[INFO] [stderr]   Downloaded forward_ref v1.0.0
[INFO] [stderr]   Downloaded test-case v3.1.0
[INFO] [stderr]   Downloaded cosmwasm-derive v1.2.4
[INFO] [stderr]   Downloaded astroport-types v0.1.3
[INFO] [stderr]   Downloaded cw20-base v1.0.1
[INFO] [stderr]   Downloaded serde-json-wasm v0.5.1
[INFO] [stderr]   Downloaded cosmwasm-std v1.2.4
[INFO] [stderr]   Downloaded cosmwasm-crypto v1.2.4
[INFO] [stderr]   Downloaded ed25519-zebra v3.1.0
[INFO] [stderr]   Downloaded test-case-macros v3.1.0
[INFO] [stderr]   Downloaded test-case-core v3.1.0
[INFO] running `Command { std: "docker" "create" "-v" "/var/lib/crater-agent-workspace/builds/worker-7-tc1/target:/opt/rustwide/target:rw,Z" "-v" "/var/lib/crater-agent-workspace/builds/worker-7-tc1/source:/opt/rustwide/workdir:ro,Z" "-v" "/var/lib/crater-agent-workspace/cargo-home:/opt/rustwide/cargo-home:ro,Z" "-v" "/var/lib/crater-agent-workspace/rustup-home:/opt/rustwide/rustup-home:ro,Z" "-e" "SOURCE_DIR=/opt/rustwide/workdir" "-e" "CARGO_TARGET_DIR=/opt/rustwide/target" "-e" "CARGO_HOME=/opt/rustwide/cargo-home" "-e" "RUSTUP_HOME=/opt/rustwide/rustup-home" "-w" "/opt/rustwide/workdir" "-m" "1610612736" "--user" "0:0" "--network" "none" "ghcr.io/rust-lang/crates-build-env/linux@sha256:5ff2268d62e97bff2cde7d5815dd6ed5b47097566f13b8d0ca110b04b60e07ed" "/opt/rustwide/cargo-home/bin/cargo" "+1.69.0" "metadata" "--no-deps" "--format-version=1", kill_on_drop: false }`
[INFO] [stdout] 7e0b0be1c66a6867f25a6ed6b95c23eb75b5cfd1f88774e64fd6ea890fe238e3
[INFO] running `Command { std: "docker" "start" "-a" "7e0b0be1c66a6867f25a6ed6b95c23eb75b5cfd1f88774e64fd6ea890fe238e3", kill_on_drop: false }`
[INFO] running `Command { std: "docker" "inspect" "7e0b0be1c66a6867f25a6ed6b95c23eb75b5cfd1f88774e64fd6ea890fe238e3", kill_on_drop: false }`
[INFO] running `Command { std: "docker" "rm" "-f" "7e0b0be1c66a6867f25a6ed6b95c23eb75b5cfd1f88774e64fd6ea890fe238e3", kill_on_drop: false }`
[INFO] [stdout] 7e0b0be1c66a6867f25a6ed6b95c23eb75b5cfd1f88774e64fd6ea890fe238e3
[INFO] running `Command { std: "docker" "create" "-v" "/var/lib/crater-agent-workspace/builds/worker-7-tc1/target:/opt/rustwide/target:rw,Z" "-v" "/var/lib/crater-agent-workspace/builds/worker-7-tc1/source:/opt/rustwide/workdir:ro,Z" "-v" "/var/lib/crater-agent-workspace/cargo-home:/opt/rustwide/cargo-home:ro,Z" "-v" "/var/lib/crater-agent-workspace/rustup-home:/opt/rustwide/rustup-home:ro,Z" "-e" "SOURCE_DIR=/opt/rustwide/workdir" "-e" "CARGO_TARGET_DIR=/opt/rustwide/target" "-e" "CARGO_INCREMENTAL=0" "-e" "RUST_BACKTRACE=full" "-e" "RUSTFLAGS=--cap-lints=warn" "-e" "RUSTDOCFLAGS=--cap-lints=warn" "-e" "CARGO_HOME=/opt/rustwide/cargo-home" "-e" "RUSTUP_HOME=/opt/rustwide/rustup-home" "-w" "/opt/rustwide/workdir" "-m" "1610612736" "--user" "0:0" "--network" "none" "ghcr.io/rust-lang/crates-build-env/linux@sha256:5ff2268d62e97bff2cde7d5815dd6ed5b47097566f13b8d0ca110b04b60e07ed" "/opt/rustwide/cargo-home/bin/cargo" "+1.69.0" "build" "--frozen" "--message-format=json", kill_on_drop: false }`
[INFO] [stdout] 4d3957e882d027818a7f759b6951348c3113f623e3f85dd9edddcc570a95015b
[INFO] running `Command { std: "docker" "start" "-a" "4d3957e882d027818a7f759b6951348c3113f623e3f85dd9edddcc570a95015b", kill_on_drop: false }`
[INFO] [stderr]    Compiling generic-array v0.14.7
[INFO] [stderr]    Compiling subtle v2.4.1
[INFO] [stderr]    Compiling zeroize v1.6.0
[INFO] [stderr]    Compiling syn v1.0.109
[INFO] [stderr]    Compiling serde v1.0.160
[INFO] [stderr]    Compiling const-oid v0.9.2
[INFO] [stderr]    Compiling base64ct v1.6.0
[INFO] [stderr]    Compiling base16ct v0.1.1
[INFO] [stderr]    Compiling byteorder v1.4.3
[INFO] [stderr]    Compiling getrandom v0.2.9
[INFO] [stderr]    Compiling hex v0.4.3
[INFO] [stderr]    Compiling rand_core v0.5.1
[INFO] [stderr]    Compiling schemars v0.8.12
[INFO] [stderr]    Compiling crunchy v0.2.2
[INFO] [stderr]    Compiling dyn-clone v1.0.11
[INFO] [stderr]    Compiling serde_derive v1.0.160
[INFO] [stderr]    Compiling forward_ref v1.0.0
[INFO] [stderr]    Compiling rand_core v0.6.4
[INFO] [stderr]    Compiling der v0.6.1
[INFO] [stderr]    Compiling ahash v0.7.6
[INFO] [stderr]    Compiling semver v1.0.17
[INFO] [stderr]    Compiling ff v0.12.1
[INFO] [stderr]    Compiling uint v0.9.5
[INFO] [stderr]    Compiling hashbrown v0.12.3
[INFO] [stderr]    Compiling group v0.12.1
[INFO] [stderr]    Compiling block-buffer v0.10.4
[INFO] [stderr]    Compiling crypto-common v0.1.6
[INFO] [stderr]    Compiling crypto-bigint v0.4.9
[INFO] [stderr]    Compiling digest v0.9.0
[INFO] [stderr]    Compiling block-buffer v0.9.0
[INFO] [stderr]    Compiling digest v0.10.6
[INFO] [stderr]    Compiling curve25519-dalek v3.2.0
[INFO] [stderr]    Compiling sha2 v0.9.9
[INFO] [stderr]    Compiling spki v0.6.0
[INFO] [stderr]    Compiling pkcs8 v0.9.0
[INFO] [stderr]    Compiling hmac v0.12.1
[INFO] [stderr]    Compiling signature v1.6.4
[INFO] [stderr]    Compiling sha2 v0.10.6
[INFO] [stderr]    Compiling sec1 v0.3.0
[INFO] [stderr]    Compiling elliptic-curve v0.12.3
[INFO] [stderr]    Compiling rfc6979 v0.3.1
[INFO] [stderr]    Compiling ecdsa v0.14.8
[INFO] [stderr]    Compiling k256 v0.11.6
[INFO] [stderr]    Compiling serde_derive_internals v0.26.0
[INFO] [stderr]    Compiling cosmwasm-derive v1.2.4
[INFO] [stderr]    Compiling derivative v2.2.0
[INFO] [stderr]    Compiling cosmwasm-schema-derive v1.2.4
[INFO] [stderr]    Compiling schemars_derive v0.8.12
[INFO] [stderr]    Compiling serde_json v1.0.96
[INFO] [stderr]    Compiling ed25519-zebra v3.1.0
[INFO] [stderr]    Compiling serde-json-wasm v0.5.1
[INFO] [stderr]    Compiling cosmwasm-crypto v1.2.4
[INFO] [stderr]    Compiling cosmwasm-std v1.2.4
[INFO] [stderr]    Compiling cosmwasm-schema v1.2.4
[INFO] [stderr]    Compiling cw-storage-plus v1.0.1
[INFO] [stderr]    Compiling cw2 v1.0.1
[INFO] [stderr]    Compiling cw-utils v1.0.1
[INFO] [stderr]    Compiling cw20 v1.0.1
[INFO] [stderr]    Compiling apollo-cw-asset v0.1.0
[INFO] [stderr]    Compiling apollo-utils v0.1.1
[INFO] [stderr]    Compiling cw-dex v0.1.3 (/opt/rustwide/workdir)
[INFO] [stderr]     Finished dev [unoptimized + debuginfo] target(s) in 21.66s
[INFO] running `Command { std: "docker" "inspect" "4d3957e882d027818a7f759b6951348c3113f623e3f85dd9edddcc570a95015b", kill_on_drop: false }`
[INFO] running `Command { std: "docker" "rm" "-f" "4d3957e882d027818a7f759b6951348c3113f623e3f85dd9edddcc570a95015b", kill_on_drop: false }`
[INFO] [stdout] 4d3957e882d027818a7f759b6951348c3113f623e3f85dd9edddcc570a95015b
[INFO] running `Command { std: "docker" "create" "-v" "/var/lib/crater-agent-workspace/builds/worker-7-tc1/target:/opt/rustwide/target:rw,Z" "-v" "/var/lib/crater-agent-workspace/builds/worker-7-tc1/source:/opt/rustwide/workdir:ro,Z" "-v" "/var/lib/crater-agent-workspace/cargo-home:/opt/rustwide/cargo-home:ro,Z" "-v" "/var/lib/crater-agent-workspace/rustup-home:/opt/rustwide/rustup-home:ro,Z" "-e" "SOURCE_DIR=/opt/rustwide/workdir" "-e" "CARGO_TARGET_DIR=/opt/rustwide/target" "-e" "CARGO_INCREMENTAL=0" "-e" "RUST_BACKTRACE=full" "-e" "RUSTFLAGS=--cap-lints=warn" "-e" "RUSTDOCFLAGS=--cap-lints=warn" "-e" "CARGO_HOME=/opt/rustwide/cargo-home" "-e" "RUSTUP_HOME=/opt/rustwide/rustup-home" "-w" "/opt/rustwide/workdir" "-m" "1610612736" "--user" "0:0" "--network" "none" "ghcr.io/rust-lang/crates-build-env/linux@sha256:5ff2268d62e97bff2cde7d5815dd6ed5b47097566f13b8d0ca110b04b60e07ed" "/opt/rustwide/cargo-home/bin/cargo" "+1.69.0" "test" "--frozen" "--no-run" "--message-format=json", kill_on_drop: false }`
[INFO] [stdout] 645cdfef0442b731b0f39ecf6c8adae2e59cf08dec6979cf75a247bb19c76204
[INFO] running `Command { std: "docker" "start" "-a" "645cdfef0442b731b0f39ecf6c8adae2e59cf08dec6979cf75a247bb19c76204", kill_on_drop: false }`
[INFO] [stderr]    Compiling libc v0.2.142
[INFO] [stderr]    Compiling io-lifetimes v1.0.10
[INFO] [stderr]    Compiling rustix v0.37.18
[INFO] [stderr]    Compiling linux-raw-sys v0.3.6
[INFO] [stderr]    Compiling libm v0.2.6
[INFO] [stderr]    Compiling fastrand v1.9.0
[INFO] [stderr]    Compiling num-traits v0.2.15
[INFO] [stderr]    Compiling proc-macro-error v1.0.4
[INFO] [stderr]    Compiling bit-vec v0.6.3
[INFO] [stderr]    Compiling quick-error v1.2.3
[INFO] [stderr]    Compiling quick-error v2.0.1
[INFO] [stderr]    Compiling unarray v0.1.4
[INFO] [stderr]    Compiling regex-syntax v0.6.29
[INFO] [stderr]    Compiling bit-set v0.5.3
[INFO] [stderr]    Compiling test-case-core v3.1.0
[INFO] [stderr]    Compiling test-case-macros v3.1.0
[INFO] [stderr]    Compiling getrandom v0.2.9
[INFO] [stderr]    Compiling wait-timeout v0.2.0
[INFO] [stderr]    Compiling test-case v3.1.0
[INFO] [stderr]    Compiling rand_core v0.6.4
[INFO] [stderr]    Compiling ahash v0.7.6
[INFO] [stderr]    Compiling hashbrown v0.12.3
[INFO] [stderr]    Compiling ff v0.12.1
[INFO] [stderr]    Compiling crypto-bigint v0.4.9
[INFO] [stderr]    Compiling signature v1.6.4
[INFO] [stderr]    Compiling rand_chacha v0.3.1
[INFO] [stderr]    Compiling rand_xorshift v0.3.0
[INFO] [stderr]    Compiling group v0.12.1
[INFO] [stderr]    Compiling rand v0.8.5
[INFO] [stderr]    Compiling ed25519-zebra v3.1.0
[INFO] [stderr]    Compiling elliptic-curve v0.12.3
[INFO] [stderr]    Compiling rfc6979 v0.3.1
[INFO] [stderr]    Compiling ecdsa v0.14.8
[INFO] [stderr]    Compiling k256 v0.11.6
[INFO] [stderr]    Compiling tempfile v3.5.0
[INFO] [stderr]    Compiling rusty-fork v0.3.0
[INFO] [stderr]    Compiling proptest v1.1.0
[INFO] [stderr]    Compiling cosmwasm-crypto v1.2.4
[INFO] [stderr]    Compiling cosmwasm-std v1.2.4
[INFO] [stderr]    Compiling cw-storage-plus v1.0.1
[INFO] [stderr]    Compiling cw2 v1.0.1
[INFO] [stderr]    Compiling cw-utils v1.0.1
[INFO] [stderr]    Compiling cw20 v1.0.1
[INFO] [stderr]    Compiling apollo-cw-asset v0.1.0
[INFO] [stderr]    Compiling cw20-base v1.0.1
[INFO] [stderr]    Compiling apollo-utils v0.1.1
[INFO] [stderr]    Compiling cw-dex v0.1.3 (/opt/rustwide/workdir)
[INFO] [stdout] error[E0433]: failed to resolve: use of undeclared crate or module `cw_dex_test_contract`
[INFO] [stdout]  --> tests/osmosis_proptests.rs:3:5
[INFO] [stdout]   |
[INFO] [stdout] 3 | use cw_dex_test_contract::msg::{ExecuteMsg, OsmosisTestContractInstantiateMsg};
[INFO] [stdout]   |     ^^^^^^^^^^^^^^^^^^^^ use of undeclared crate or module `cw_dex_test_contract`
[INFO] [stdout] 
[INFO] [stdout] 
[INFO] [stdout] error[E0433]: failed to resolve: use of undeclared crate or module `cw_dex_test_helpers`
[INFO] [stdout]  --> tests/osmosis_proptests.rs:4:5
[INFO] [stdout]   |
[INFO] [stdout] 4 | use cw_dex_test_helpers::osmosis::setup_pool_and_test_contract;
[INFO] [stdout]   |     ^^^^^^^^^^^^^^^^^^^ use of undeclared crate or module `cw_dex_test_helpers`
[INFO] [stdout] 
[INFO] [stdout] 
[INFO] [stdout] error[E0433]: failed to resolve: use of undeclared crate or module `cw_dex_test_helpers`
[INFO] [stdout]  --> tests/osmosis_proptests.rs:5:5
[INFO] [stdout]   |
[INFO] [stdout] 5 | use cw_dex_test_helpers::robot::CwDexTestRobot;
[INFO] [stdout]   |     ^^^^^^^^^^^^^^^^^^^ use of undeclared crate or module `cw_dex_test_helpers`
[INFO] [stdout] 
[INFO] [stdout] 
[INFO] [stdout] error[E0433]: failed to resolve: use of undeclared crate or module `cw_it`
[INFO] [stdout]  --> tests/osmosis_proptests.rs:6:5
[INFO] [stdout]   |
[INFO] [stdout] 6 | use cw_it::helpers::bank_balance_query;
[INFO] [stdout]   |     ^^^^^ use of undeclared crate or module `cw_it`
[INFO] [stdout] 
[INFO] [stdout] 
[INFO] [stdout] error[E0433]: failed to resolve: use of undeclared crate or module `cw_it`
[INFO] [stdout]  --> tests/osmosis_proptests.rs:7:5
[INFO] [stdout]   |
[INFO] [stdout] 7 | use cw_it::osmosis::{test_pool, OsmosisPoolType, OsmosisTestPool};
[INFO] [stdout]   |     ^^^^^ use of undeclared crate or module `cw_it`
[INFO] [stdout] 
[INFO] [stdout] 
[INFO] [stdout] error[E0433]: failed to resolve: use of undeclared crate or module `cw_it`
[INFO] [stdout]  --> tests/osmosis_proptests.rs:8:5
[INFO] [stdout]   |
[INFO] [stdout] 8 | use cw_it::osmosis_test_tube::Account;
[INFO] [stdout]   |     ^^^^^ use of undeclared crate or module `cw_it`
[INFO] [stdout] 
[INFO] [stdout] 
[INFO] [stdout] error[E0433]: failed to resolve: use of undeclared crate or module `cw_it`
[INFO] [stdout]   --> tests/osmosis_proptests.rs:10:5
[INFO] [stdout]    |
[INFO] [stdout] 10 | use cw_it::osmosis_test_tube::{Module, OsmosisTestApp, RunnerResult, SigningAccount, Wasm};
[INFO] [stdout]    |     ^^^^^ use of undeclared crate or module `cw_it`
[INFO] [stdout] 
[INFO] [stdout] 
[INFO] [stdout] error[E0433]: failed to resolve: use of undeclared crate or module `astroport_types`
[INFO] [stdout]  --> tests/astroport_tests.rs:4:5
[INFO] [stdout]   |
[INFO] [stdout] 4 | use astroport_types::factory::PairType;
[INFO] [stdout]   |     ^^^^^^^^^^^^^^^ use of undeclared crate or module `astroport_types`
[INFO] [stdout] 
[INFO] [stdout] 
[INFO] [stdout] error[E0433]: failed to resolve: use of undeclared crate or module `astroport_types`
[INFO] [stdout]  --> tests/astroport_tests.rs:5:5
[INFO] [stdout]   |
[INFO] [stdout] 5 | use astroport_types::pair::{PoolResponse, QueryMsg as PairQueryMsg};
[INFO] [stdout]   |     ^^^^^^^^^^^^^^^ use of undeclared crate or module `astroport_types`
[INFO] [stdout] 
[INFO] [stdout] 
[INFO] [stdout] error[E0433]: failed to resolve: use of undeclared crate or module `cw_dex_test_contract`
[INFO] [stdout]  --> tests/astroport_tests.rs:7:5
[INFO] [stdout]   |
[INFO] [stdout] 7 | use cw_dex_test_contract::msg::{AstroportExecuteMsg, ExecuteMsg, QueryMsg};
[INFO] [stdout]   |     ^^^^^^^^^^^^^^^^^^^^ use of undeclared crate or module `cw_dex_test_contract`
[INFO] [stdout] 
[INFO] [stdout] 
[INFO] [stdout] error[E0433]: failed to resolve: use of undeclared crate or module `cw_dex_test_helpers`
[INFO] [stdout]  --> tests/astroport_tests.rs:8:5
[INFO] [stdout]   |
[INFO] [stdout] 8 | use cw_dex_test_helpers::astroport::setup_pool_and_test_contract;
[INFO] [stdout]   |     ^^^^^^^^^^^^^^^^^^^ use of undeclared crate or module `cw_dex_test_helpers`
[INFO] [stdout] 
[INFO] [stdout] 
[INFO] [stdout] error[E0433]: failed to resolve: use of undeclared crate or module `cw_it`
[INFO] [stdout]   --> tests/astroport_tests.rs:12:5
[INFO] [stdout]    |
[INFO] [stdout] 12 | use cw_it::osmosis_test_tube::cosmrs::proto::cosmwasm::wasm::v1::MsgExecuteContractResponse;
[INFO] [stdout]    |     ^^^^^ use of undeclared crate or module `cw_it`
[INFO] [stdout] 
[INFO] [stdout] 
[INFO] [stdout] error[E0433]: failed to resolve: use of undeclared crate or module `cw_it`
[INFO] [stdout]   --> tests/astroport_tests.rs:13:5
[INFO] [stdout]    |
[INFO] [stdout] 13 | use cw_it::osmosis_test_tube::{
[INFO] [stdout]    |     ^^^^^ use of undeclared crate or module `cw_it`
[INFO] [stdout] 
[INFO] [stdout] 
[INFO] [stdout] error[E0432]: unresolved import `cw_dex_test_helpers`
[INFO] [stdout]  --> tests/astroport_tests.rs:9:5
[INFO] [stdout]   |
[INFO] [stdout] 9 | use cw_dex_test_helpers::{
[INFO] [stdout]   |     ^^^^^^^^^^^^^^^^^^^ use of undeclared crate or module `cw_dex_test_helpers`
[INFO] [stdout] 
[INFO] [stdout] 
[INFO] [stdout] error[E0433]: failed to resolve: use of undeclared crate or module `cw_dex_test_contract`
[INFO] [stdout]  --> tests/osmosis_tests.rs:6:9
[INFO] [stdout]   |
[INFO] [stdout] 6 |     use cw_dex_test_contract::msg::{ExecuteMsg, QueryMsg};
[INFO] [stdout]   |         ^^^^^^^^^^^^^^^^^^^^ use of undeclared crate or module `cw_dex_test_contract`
[INFO] [stdout] 
[INFO] [stdout] 
[INFO] [stdout] error[E0433]: failed to resolve: use of undeclared crate or module `cw_dex_test_helpers`
[INFO] [stdout]  --> tests/osmosis_tests.rs:7:9
[INFO] [stdout]   |
[INFO] [stdout] 7 |     use cw_dex_test_helpers::osmosis::setup_pool_and_test_contract;
[INFO] [stdout]   |         ^^^^^^^^^^^^^^^^^^^ use of undeclared crate or module `cw_dex_test_helpers`
[INFO] [stdout] 
[INFO] [stdout] 
[INFO] [stdout] error[E0433]: failed to resolve: use of undeclared crate or module `cw_it`
[INFO] [stdout]  --> tests/osmosis_tests.rs:9:9
[INFO] [stdout]   |
[INFO] [stdout] 9 |     use cw_it::helpers::{bank_balance_query, bank_send};
[INFO] [stdout]   |         ^^^^^ use of undeclared crate or module `cw_it`
[INFO] [stdout] 
[INFO] [stdout] 
[INFO] [stdout] error[E0433]: failed to resolve: use of undeclared crate or module `cw_it`
[INFO] [stdout]   --> tests/osmosis_tests.rs:10:9
[INFO] [stdout]    |
[INFO] [stdout] 10 |     use cw_it::osmosis::{OsmosisPoolType, OsmosisTestPool};
[INFO] [stdout]    |         ^^^^^ use of undeclared crate or module `cw_it`
[INFO] [stdout] 
[INFO] [stdout] 
[INFO] [stdout] error[E0433]: failed to resolve: use of undeclared crate or module `cw_it`
[INFO] [stdout]   --> tests/osmosis_tests.rs:11:9
[INFO] [stdout]    |
[INFO] [stdout] 11 |     use cw_it::osmosis_test_tube::cosmrs::proto::cosmwasm::wasm::v1::MsgExecuteContractResponse;
[INFO] [stdout]    |         ^^^^^ use of undeclared crate or module `cw_it`
[INFO] [stdout] 
[INFO] [stdout] 
[INFO] [stdout] error[E0433]: failed to resolve: use of undeclared crate or module `cw_it`
[INFO] [stdout]   --> tests/osmosis_tests.rs:12:9
[INFO] [stdout]    |
[INFO] [stdout] 12 |     use cw_it::osmosis_test_tube::{
[INFO] [stdout]    |         ^^^^^ use of undeclared crate or module `cw_it`
[INFO] [stdout] 
[INFO] [stdout] 
[INFO] [stdout] error[E0432]: unresolved import `cw_dex_test_helpers`
[INFO] [stdout]  --> tests/osmosis_tests.rs:8:9
[INFO] [stdout]   |
[INFO] [stdout] 8 |     use cw_dex_test_helpers::provide_liquidity;
[INFO] [stdout]   |         ^^^^^^^^^^^^^^^^^^^ use of undeclared crate or module `cw_dex_test_helpers`
[INFO] [stdout] 
[INFO] [stdout] 
[INFO] [stdout] error: aborting due to 7 previous errors
[INFO] [stdout] 
[INFO] [stdout] 
[INFO] [stdout] Some errors have detailed explanations: E0432, E0433.
[INFO] [stdout] 
[INFO] [stdout] For more information about an error, try `rustc --explain E0432`.
[INFO] [stdout] 
[INFO] [stderr] error: could not compile `cw-dex` due to 8 previous errors
[INFO] [stderr] warning: build failed, waiting for other jobs to finish...
[INFO] [stdout] error: aborting due to 7 previous errors
[INFO] [stdout] 
[INFO] [stdout] 
[INFO] [stdout] Some errors have detailed explanations: E0432, E0433.
[INFO] [stdout] 
[INFO] [stdout] For more information about an error, try `rustc --explain E0432`.
[INFO] [stdout] 
[INFO] [stdout] error: aborting due to 7 previous errors
[INFO] [stdout] 
[INFO] [stdout] 
[INFO] [stdout] For more information about this error, try `rustc --explain E0433`.
[INFO] [stdout] 
[INFO] [stderr] error: could not compile `cw-dex` due to 8 previous errors
[INFO] [stderr] error: could not compile `cw-dex` due to 8 previous errors
[INFO] running `Command { std: "docker" "inspect" "645cdfef0442b731b0f39ecf6c8adae2e59cf08dec6979cf75a247bb19c76204", kill_on_drop: false }`
[INFO] running `Command { std: "docker" "rm" "-f" "645cdfef0442b731b0f39ecf6c8adae2e59cf08dec6979cf75a247bb19c76204", kill_on_drop: false }`
[INFO] [stdout] 645cdfef0442b731b0f39ecf6c8adae2e59cf08dec6979cf75a247bb19c76204
