[INFO] fetching crate cursock 1.1.1...
[INFO] testing cursock-1.1.1 against 1.69.0 for beta-1.70-1
[INFO] extracting crate cursock 1.1.1 into /workspace/builds/worker-6-tc1/source
[INFO] validating manifest of crates.io crate cursock 1.1.1 on toolchain 1.69.0
[INFO] running `Command { std: CARGO_HOME="/workspace/cargo-home" RUSTUP_HOME="/workspace/rustup-home" "/workspace/cargo-home/bin/cargo" "+1.69.0" "metadata" "--manifest-path" "Cargo.toml" "--no-deps", kill_on_drop: false }`
[INFO] started tweaking crates.io crate cursock 1.1.1
[INFO] finished tweaking crates.io crate cursock 1.1.1
[INFO] tweaked toml for crates.io crate cursock 1.1.1 written to /workspace/builds/worker-6-tc1/source/Cargo.toml
[INFO] running `Command { std: CARGO_HOME="/workspace/cargo-home" RUSTUP_HOME="/workspace/rustup-home" __CARGO_TEST_CHANNEL_OVERRIDE_DO_NOT_USE_THIS="nightly" "/workspace/cargo-home/bin/cargo" "+1.69.0" "generate-lockfile" "--manifest-path" "Cargo.toml" "-Zno-index-update", kill_on_drop: false }`
[INFO] running `Command { std: CARGO_HOME="/workspace/cargo-home" RUSTUP_HOME="/workspace/rustup-home" "/workspace/cargo-home/bin/cargo" "+1.69.0" "fetch" "--manifest-path" "Cargo.toml", kill_on_drop: false }`
[INFO] [stderr]  Downloading crates ...
[INFO] [stderr]   Downloaded curerr v1.1.0
[INFO] running `Command { std: "docker" "create" "-v" "/var/lib/crater-agent-workspace/builds/worker-6-tc1/target:/opt/rustwide/target:rw,Z" "-v" "/var/lib/crater-agent-workspace/builds/worker-6-tc1/source:/opt/rustwide/workdir:ro,Z" "-v" "/var/lib/crater-agent-workspace/cargo-home:/opt/rustwide/cargo-home:ro,Z" "-v" "/var/lib/crater-agent-workspace/rustup-home:/opt/rustwide/rustup-home:ro,Z" "-e" "SOURCE_DIR=/opt/rustwide/workdir" "-e" "CARGO_TARGET_DIR=/opt/rustwide/target" "-e" "CARGO_HOME=/opt/rustwide/cargo-home" "-e" "RUSTUP_HOME=/opt/rustwide/rustup-home" "-w" "/opt/rustwide/workdir" "-m" "1610612736" "--user" "0:0" "--network" "none" "ghcr.io/rust-lang/crates-build-env/linux@sha256:5ff2268d62e97bff2cde7d5815dd6ed5b47097566f13b8d0ca110b04b60e07ed" "/opt/rustwide/cargo-home/bin/cargo" "+1.69.0" "metadata" "--no-deps" "--format-version=1", kill_on_drop: false }`
[INFO] [stdout] 98afddefb35f94328f710d9878b6e6d4656bfb6cf2a112b82992f991daada61d
[INFO] running `Command { std: "docker" "start" "-a" "98afddefb35f94328f710d9878b6e6d4656bfb6cf2a112b82992f991daada61d", kill_on_drop: false }`
[INFO] running `Command { std: "docker" "inspect" "98afddefb35f94328f710d9878b6e6d4656bfb6cf2a112b82992f991daada61d", kill_on_drop: false }`
[INFO] running `Command { std: "docker" "rm" "-f" "98afddefb35f94328f710d9878b6e6d4656bfb6cf2a112b82992f991daada61d", kill_on_drop: false }`
[INFO] [stdout] 98afddefb35f94328f710d9878b6e6d4656bfb6cf2a112b82992f991daada61d
[INFO] running `Command { std: "docker" "create" "-v" "/var/lib/crater-agent-workspace/builds/worker-6-tc1/target:/opt/rustwide/target:rw,Z" "-v" "/var/lib/crater-agent-workspace/builds/worker-6-tc1/source:/opt/rustwide/workdir:ro,Z" "-v" "/var/lib/crater-agent-workspace/cargo-home:/opt/rustwide/cargo-home:ro,Z" "-v" "/var/lib/crater-agent-workspace/rustup-home:/opt/rustwide/rustup-home:ro,Z" "-e" "SOURCE_DIR=/opt/rustwide/workdir" "-e" "CARGO_TARGET_DIR=/opt/rustwide/target" "-e" "CARGO_INCREMENTAL=0" "-e" "RUST_BACKTRACE=full" "-e" "RUSTFLAGS=--cap-lints=warn" "-e" "RUSTDOCFLAGS=--cap-lints=warn" "-e" "CARGO_HOME=/opt/rustwide/cargo-home" "-e" "RUSTUP_HOME=/opt/rustwide/rustup-home" "-w" "/opt/rustwide/workdir" "-m" "1610612736" "--user" "0:0" "--network" "none" "ghcr.io/rust-lang/crates-build-env/linux@sha256:5ff2268d62e97bff2cde7d5815dd6ed5b47097566f13b8d0ca110b04b60e07ed" "/opt/rustwide/cargo-home/bin/cargo" "+1.69.0" "build" "--frozen" "--message-format=json", kill_on_drop: false }`
[INFO] [stdout] 87e99ab8a53ee0129a8e3edce9604dc826457e1efb909eb63ea9784649e01f1a
[INFO] running `Command { std: "docker" "start" "-a" "87e99ab8a53ee0129a8e3edce9604dc826457e1efb909eb63ea9784649e01f1a", kill_on_drop: false }`
[INFO] [stderr]    Compiling cursock v1.1.1 (/opt/rustwide/workdir)
[INFO] [stderr]    Compiling curerr v1.1.0
[INFO] [stderr] warning: Building cursock from linux for linux-gnu!
[INFO] [stdout] error[E0599]: no variant or associated item named `TimeOut` found for enum `curerr::CursedError` in the current scope
[INFO] [stdout]    --> src/arp.rs:207:34
[INFO] [stdout]     |
[INFO] [stdout] 207 |                     CursedError::TimeOut,
[INFO] [stdout]     |                                  ^^^^^^^ variant or associated item not found in `CursedError`
[INFO] [stdout] 
[INFO] [stdout] 
[INFO] [stdout] error[E0599]: no variant or associated item named `ThreadJoin` found for enum `curerr::CursedError` in the current scope
[INFO] [stdout]    --> src/arp.rs:213:34
[INFO] [stdout]     |
[INFO] [stdout] 213 |                     CursedError::ThreadJoin,
[INFO] [stdout]     |                                  ^^^^^^^^^^ variant or associated item not found in `CursedError`
[INFO] [stdout] 
[INFO] [stdout] 
[INFO] [stdout] error[E0599]: no variant or associated item named `TimeOut` found for enum `curerr::CursedError` in the current scope
[INFO] [stdout]    --> src/socket.rs:143:34
[INFO] [stdout]     |
[INFO] [stdout] 143 |                     CursedError::TimeOut,
[INFO] [stdout]     |                                  ^^^^^^^ variant or associated item not found in `CursedError`
[INFO] [stdout] 
[INFO] [stdout] 
[INFO] [stdout] error[E0599]: no variant or associated item named `ThreadJoin` found for enum `curerr::CursedError` in the current scope
[INFO] [stdout]    --> src/socket.rs:149:34
[INFO] [stdout]     |
[INFO] [stdout] 149 |                     CursedError::ThreadJoin,
[INFO] [stdout]     |                                  ^^^^^^^^^^ variant or associated item not found in `CursedError`
[INFO] [stdout] 
[INFO] [stdout] 
[INFO] [stdout] error[E0599]: no variant or associated item named `Parse` found for enum `curerr::CursedError` in the current scope
[INFO] [stdout]    --> src/socket.rs:182:34
[INFO] [stdout]     |
[INFO] [stdout] 182 |                     CursedError::Parse,
[INFO] [stdout]     |                                  ^^^^^ variant or associated item not found in `CursedError`
[INFO] [stdout] 
[INFO] [stdout] 
[INFO] [stdout] error[E0599]: no variant or associated item named `Initialize` found for enum `curerr::CursedError` in the current scope
[INFO] [stdout]    --> src/socket.rs:205:30
[INFO] [stdout]     |
[INFO] [stdout] 205 |                 CursedError::Initialize,
[INFO] [stdout]     |                              ^^^^^^^^^^ variant or associated item not found in `CursedError`
[INFO] [stdout] 
[INFO] [stdout] 
[INFO] [stdout] error[E0599]: no variant or associated item named `Sockets` found for enum `curerr::CursedError` in the current scope
[INFO] [stdout]    --> src/socket.rs:311:30
[INFO] [stdout]     |
[INFO] [stdout] 311 |                 CursedError::Sockets,
[INFO] [stdout]     |                              ^^^^^^^ variant or associated item not found in `CursedError`
[INFO] [stdout] 
[INFO] [stdout] 
[INFO] [stdout] error[E0599]: no variant or associated item named `Sockets` found for enum `curerr::CursedError` in the current scope
[INFO] [stdout]    --> src/socket.rs:418:30
[INFO] [stdout]     |
[INFO] [stdout] 418 |                 CursedError::Sockets,
[INFO] [stdout]     |                              ^^^^^^^ variant or associated item not found in `CursedError`
[INFO] [stdout] 
[INFO] [stdout] 
[INFO] [stdout] error[E0599]: no variant or associated item named `Sockets` found for enum `curerr::CursedError` in the current scope
[INFO] [stdout]    --> src/socket.rs:480:26
[INFO] [stdout]     |
[INFO] [stdout] 480 |             CursedError::Sockets,
[INFO] [stdout]     |                          ^^^^^^^ variant or associated item not found in `CursedError`
[INFO] [stdout] 
[INFO] [stdout] 
[INFO] [stdout] error[E0599]: no variant or associated item named `Sockets` found for enum `curerr::CursedError` in the current scope
[INFO] [stdout]    --> src/socket.rs:501:26
[INFO] [stdout]     |
[INFO] [stdout] 501 |             CursedError::Sockets,
[INFO] [stdout]     |                          ^^^^^^^ variant or associated item not found in `CursedError`
[INFO] [stdout] 
[INFO] [stdout] 
[INFO] [stdout] error[E0599]: no variant or associated item named `Sockets` found for enum `curerr::CursedError` in the current scope
[INFO] [stdout]    --> src/socket.rs:528:26
[INFO] [stdout]     |
[INFO] [stdout] 528 |             CursedError::Sockets,
[INFO] [stdout]     |                          ^^^^^^^ variant or associated item not found in `CursedError`
[INFO] [stdout] 
[INFO] [stdout] 
[INFO] [stdout] error: aborting due to 11 previous errors
[INFO] [stdout] 
[INFO] [stdout] 
[INFO] [stdout] For more information about this error, try `rustc --explain E0599`.
[INFO] [stdout] 
[INFO] [stderr] The following warnings were emitted during compilation:
[INFO] [stderr] 
[INFO] [stderr] warning: Building cursock from linux for linux-gnu!
[INFO] [stderr] 
[INFO] [stderr] error: could not compile `cursock` due to 12 previous errors
[INFO] running `Command { std: "docker" "inspect" "87e99ab8a53ee0129a8e3edce9604dc826457e1efb909eb63ea9784649e01f1a", kill_on_drop: false }`
[INFO] running `Command { std: "docker" "rm" "-f" "87e99ab8a53ee0129a8e3edce9604dc826457e1efb909eb63ea9784649e01f1a", kill_on_drop: false }`
[INFO] [stdout] 87e99ab8a53ee0129a8e3edce9604dc826457e1efb909eb63ea9784649e01f1a
