[INFO] fetching crate cuivre 0.1.4...
[INFO] testing cuivre-0.1.4 against 1.69.0 for beta-1.70-1
[INFO] extracting crate cuivre 0.1.4 into /workspace/builds/worker-7-tc1/source
[INFO] validating manifest of crates.io crate cuivre 0.1.4 on toolchain 1.69.0
[INFO] running `Command { std: CARGO_HOME="/workspace/cargo-home" RUSTUP_HOME="/workspace/rustup-home" "/workspace/cargo-home/bin/cargo" "+1.69.0" "metadata" "--manifest-path" "Cargo.toml" "--no-deps", kill_on_drop: false }`
[INFO] started tweaking crates.io crate cuivre 0.1.4
[INFO] finished tweaking crates.io crate cuivre 0.1.4
[INFO] tweaked toml for crates.io crate cuivre 0.1.4 written to /workspace/builds/worker-7-tc1/source/Cargo.toml
[INFO] running `Command { std: CARGO_HOME="/workspace/cargo-home" RUSTUP_HOME="/workspace/rustup-home" __CARGO_TEST_CHANNEL_OVERRIDE_DO_NOT_USE_THIS="nightly" "/workspace/cargo-home/bin/cargo" "+1.69.0" "generate-lockfile" "--manifest-path" "Cargo.toml" "-Zno-index-update", kill_on_drop: false }`
[INFO] running `Command { std: CARGO_HOME="/workspace/cargo-home" RUSTUP_HOME="/workspace/rustup-home" "/workspace/cargo-home/bin/cargo" "+1.69.0" "fetch" "--manifest-path" "Cargo.toml", kill_on_drop: false }`
[INFO] [stderr]  Downloading crates ...
[INFO] [stderr]   Downloaded ron v0.4.2
[INFO] [stderr]   Downloaded image v0.19.0
[INFO] [stderr]   Downloaded gl_generator v0.9.0
[INFO] [stderr]   Downloaded gl v0.10.0
[INFO] [stderr]   Downloaded png v0.12.0
[INFO] [stderr]   Downloaded rusttype v0.6.5
[INFO] [stderr]   Downloaded sdl2 v0.31.0
[INFO] [stderr]   Downloaded sdl2-sys v0.31.0
[INFO] running `Command { std: "docker" "create" "-v" "/var/lib/crater-agent-workspace/builds/worker-7-tc1/target:/opt/rustwide/target:rw,Z" "-v" "/var/lib/crater-agent-workspace/builds/worker-7-tc1/source:/opt/rustwide/workdir:ro,Z" "-v" "/var/lib/crater-agent-workspace/cargo-home:/opt/rustwide/cargo-home:ro,Z" "-v" "/var/lib/crater-agent-workspace/rustup-home:/opt/rustwide/rustup-home:ro,Z" "-e" "SOURCE_DIR=/opt/rustwide/workdir" "-e" "CARGO_TARGET_DIR=/opt/rustwide/target" "-e" "CARGO_HOME=/opt/rustwide/cargo-home" "-e" "RUSTUP_HOME=/opt/rustwide/rustup-home" "-w" "/opt/rustwide/workdir" "-m" "1610612736" "--user" "0:0" "--network" "none" "ghcr.io/rust-lang/crates-build-env/linux@sha256:97d61d7686bf65f8ecb15491ab51835e82dc9176a96a831f143a431b191fc501" "/opt/rustwide/cargo-home/bin/cargo" "+1.69.0" "metadata" "--no-deps" "--format-version=1", kill_on_drop: false }`
[INFO] [stdout] c9e76538eb16a3a61a61e420f93cd680a2caa8ddcb2ac23aac34c604e47446a7
[INFO] running `Command { std: "docker" "start" "-a" "c9e76538eb16a3a61a61e420f93cd680a2caa8ddcb2ac23aac34c604e47446a7", kill_on_drop: false }`
[INFO] running `Command { std: "docker" "inspect" "c9e76538eb16a3a61a61e420f93cd680a2caa8ddcb2ac23aac34c604e47446a7", kill_on_drop: false }`
[INFO] running `Command { std: "docker" "rm" "-f" "c9e76538eb16a3a61a61e420f93cd680a2caa8ddcb2ac23aac34c604e47446a7", kill_on_drop: false }`
[INFO] [stdout] c9e76538eb16a3a61a61e420f93cd680a2caa8ddcb2ac23aac34c604e47446a7
[INFO] running `Command { std: "docker" "create" "-v" "/var/lib/crater-agent-workspace/builds/worker-7-tc1/target:/opt/rustwide/target:rw,Z" "-v" "/var/lib/crater-agent-workspace/builds/worker-7-tc1/source:/opt/rustwide/workdir:ro,Z" "-v" "/var/lib/crater-agent-workspace/cargo-home:/opt/rustwide/cargo-home:ro,Z" "-v" "/var/lib/crater-agent-workspace/rustup-home:/opt/rustwide/rustup-home:ro,Z" "-e" "SOURCE_DIR=/opt/rustwide/workdir" "-e" "CARGO_TARGET_DIR=/opt/rustwide/target" "-e" "CARGO_INCREMENTAL=0" "-e" "RUST_BACKTRACE=full" "-e" "RUSTFLAGS=--cap-lints=warn" "-e" "RUSTDOCFLAGS=--cap-lints=warn" "-e" "CARGO_HOME=/opt/rustwide/cargo-home" "-e" "RUSTUP_HOME=/opt/rustwide/rustup-home" "-w" "/opt/rustwide/workdir" "-m" "1610612736" "--user" "0:0" "--network" "none" "ghcr.io/rust-lang/crates-build-env/linux@sha256:97d61d7686bf65f8ecb15491ab51835e82dc9176a96a831f143a431b191fc501" "/opt/rustwide/cargo-home/bin/cargo" "+1.69.0" "build" "--frozen" "--message-format=json", kill_on_drop: false }`
[INFO] [stdout] 2c3236e5338b58594d62afd0f1b44b2e5bb066b3679a727d38dbaa96c672accb
[INFO] running `Command { std: "docker" "start" "-a" "2c3236e5338b58594d62afd0f1b44b2e5bb066b3679a727d38dbaa96c672accb", kill_on_drop: false }`
[INFO] [stderr]    Compiling num-traits v0.2.15
[INFO] [stderr]    Compiling libc v0.2.142
[INFO] [stderr]    Compiling crossbeam-utils v0.8.15
[INFO] [stderr]    Compiling memoffset v0.8.0
[INFO] [stderr]    Compiling num-integer v0.1.45
[INFO] [stderr]    Compiling crossbeam-epoch v0.9.14
[INFO] [stderr]    Compiling num-iter v0.1.43
[INFO] [stderr]    Compiling proc-macro2 v1.0.56
[INFO] [stderr]    Compiling unicode-ident v1.0.8
[INFO] [stderr]    Compiling proc-macro2 v0.4.30
[INFO] [stderr]    Compiling khronos_api v2.2.0
[INFO] [stderr]    Compiling quote v1.0.26
[INFO] [stderr]    Compiling log v0.4.17
[INFO] [stderr]    Compiling unicode-xid v0.1.0
[INFO] [stderr]    Compiling rayon-core v1.11.0
[INFO] [stderr]    Compiling crossbeam-channel v0.5.8
[INFO] [stderr]    Compiling num_cpus v1.15.0
[INFO] [stderr]    Compiling xml-rs v0.7.0
[INFO] [stderr]    Compiling cfg-if v0.1.10
[INFO] [stderr]    Compiling crossbeam-deque v0.8.3
[INFO] [stderr]    Compiling syn v0.15.44
[INFO] [stderr]    Compiling adler32 v1.2.0
[INFO] [stderr]    Compiling serde_derive v1.0.160
[INFO] [stderr]    Compiling sdl2-sys v0.31.0
[INFO] [stderr]    Compiling syn v2.0.15
[INFO] [stderr]    Compiling gl_generator v0.9.0
[INFO] [stderr]    Compiling rand v0.4.6
[INFO] [stderr]    Compiling approx v0.3.2
[INFO] [stderr]    Compiling ordered-float v1.1.1
[INFO] [stderr]    Compiling quote v0.6.13
[INFO] [stderr]    Compiling stb_truetype v0.3.1
[INFO] [stderr]    Compiling either v1.8.1
[INFO] [stderr]    Compiling num-derive v0.2.5
[INFO] [stderr]    Compiling serde v1.0.160
[INFO] [stderr]    Compiling rusttype v0.8.3
[INFO] [stderr]    Compiling rayon v1.7.0
[INFO] [stderr]    Compiling deflate v0.7.20
[INFO] [stderr]    Compiling inflate v0.4.5
[INFO] [stderr]    Compiling gl v0.10.0
[INFO] [stderr]    Compiling color_quant v1.1.0
[INFO] [stderr]    Compiling cgmath v0.16.1
[INFO] [stderr]    Compiling lzw v0.10.0
[INFO] [stderr]    Compiling tinyvec_macros v0.1.1
[INFO] [stderr]    Compiling png v0.12.0
[INFO] [stderr]    Compiling rusttype v0.7.9
[INFO] [stderr]    Compiling gif v0.10.3
[INFO] [stderr]    Compiling tinyvec v1.6.0
[INFO] [stderr]    Compiling num v0.1.42
[INFO] [stderr]    Compiling num-rational v0.1.42
[INFO] [stderr]    Compiling rand v0.3.23
[INFO] [stderr]    Compiling num-traits v0.1.43
[INFO] [stderr]    Compiling base64 v0.10.1
[INFO] [stderr]    Compiling approx v0.1.1
[INFO] [stderr]    Compiling linked-hash-map v0.5.6
[INFO] [stderr]    Compiling bitflags v0.7.0
[INFO] [stderr]    Compiling scoped_threadpool v0.1.9
[INFO] [stderr]    Compiling rustc-hash v1.1.0
[INFO] [stderr]    Compiling lazy_static v0.2.11
[INFO] [stderr]    Compiling jpeg-decoder v0.1.22
[INFO] [stderr]    Compiling sdl2 v0.31.0
[INFO] [stderr]    Compiling rusttype v0.6.5
[INFO] [stderr]    Compiling unicode-normalization v0.1.22
[INFO] [stderr]    Compiling image v0.19.0
[INFO] [stderr]    Compiling ron v0.4.2
[INFO] [stderr]    Compiling cuivre v0.1.4 (/opt/rustwide/workdir)
[INFO] [stdout] warning: trait objects without an explicit `dyn` are deprecated
[INFO] [stdout]   --> src/graphics/mod.rs:56:32
[INFO] [stdout]    |
[INFO] [stdout] 56 |     fn cause(&self) -> Option<&error::Error> {
[INFO] [stdout]    |                                ^^^^^^^^^^^^
[INFO] [stdout]    |
[INFO] [stdout]    = warning: this is accepted in the current edition (Rust 2015) but is a hard error in Rust 2021!
[INFO] [stdout]    = note: for more information, see <https://doc.rust-lang.org/nightly/edition-guide/rust-2021/warnings-promoted-to-error.html>
[INFO] [stdout]    = note: `#[warn(bare_trait_objects)]` on by default
[INFO] [stdout] help: use `dyn`
[INFO] [stdout]    |
[INFO] [stdout] 56 |     fn cause(&self) -> Option<&dyn error::Error> {
[INFO] [stdout]    |                                +++
[INFO] [stdout] 
[INFO] [stdout] 
[INFO] [stdout] warning: trait objects without an explicit `dyn` are deprecated
[INFO] [stdout]   --> src/graphics/shaders.rs:51:32
[INFO] [stdout]    |
[INFO] [stdout] 51 |     fn cause(&self) -> Option<&error::Error> {
[INFO] [stdout]    |                                ^^^^^^^^^^^^
[INFO] [stdout]    |
[INFO] [stdout]    = warning: this is accepted in the current edition (Rust 2015) but is a hard error in Rust 2021!
[INFO] [stdout]    = note: for more information, see <https://doc.rust-lang.org/nightly/edition-guide/rust-2021/warnings-promoted-to-error.html>
[INFO] [stdout] help: use `dyn`
[INFO] [stdout]    |
[INFO] [stdout] 51 |     fn cause(&self) -> Option<&dyn error::Error> {
[INFO] [stdout]    |                                +++
[INFO] [stdout] 
[INFO] [stdout] 
[INFO] [stdout] warning: 2 warnings emitted
[INFO] [stdout] 
[INFO] [stdout] 
[INFO] [stderr]     Finished dev [unoptimized + debuginfo] target(s) in 54.74s
[INFO] running `Command { std: "docker" "inspect" "2c3236e5338b58594d62afd0f1b44b2e5bb066b3679a727d38dbaa96c672accb", kill_on_drop: false }`
[INFO] running `Command { std: "docker" "rm" "-f" "2c3236e5338b58594d62afd0f1b44b2e5bb066b3679a727d38dbaa96c672accb", kill_on_drop: false }`
[INFO] [stdout] 2c3236e5338b58594d62afd0f1b44b2e5bb066b3679a727d38dbaa96c672accb
[INFO] running `Command { std: "docker" "create" "-v" "/var/lib/crater-agent-workspace/builds/worker-7-tc1/target:/opt/rustwide/target:rw,Z" "-v" "/var/lib/crater-agent-workspace/builds/worker-7-tc1/source:/opt/rustwide/workdir:ro,Z" "-v" "/var/lib/crater-agent-workspace/cargo-home:/opt/rustwide/cargo-home:ro,Z" "-v" "/var/lib/crater-agent-workspace/rustup-home:/opt/rustwide/rustup-home:ro,Z" "-e" "SOURCE_DIR=/opt/rustwide/workdir" "-e" "CARGO_TARGET_DIR=/opt/rustwide/target" "-e" "CARGO_INCREMENTAL=0" "-e" "RUST_BACKTRACE=full" "-e" "RUSTFLAGS=--cap-lints=warn" "-e" "RUSTDOCFLAGS=--cap-lints=warn" "-e" "CARGO_HOME=/opt/rustwide/cargo-home" "-e" "RUSTUP_HOME=/opt/rustwide/rustup-home" "-w" "/opt/rustwide/workdir" "-m" "1610612736" "--user" "0:0" "--network" "none" "ghcr.io/rust-lang/crates-build-env/linux@sha256:97d61d7686bf65f8ecb15491ab51835e82dc9176a96a831f143a431b191fc501" "/opt/rustwide/cargo-home/bin/cargo" "+1.69.0" "test" "--frozen" "--no-run" "--message-format=json", kill_on_drop: false }`
[INFO] [stdout] 82c8326eb260d21e1fbc7a33ffcbb99eff40614ead1eb855e0530cb79a955eb9
[INFO] running `Command { std: "docker" "start" "-a" "82c8326eb260d21e1fbc7a33ffcbb99eff40614ead1eb855e0530cb79a955eb9", kill_on_drop: false }`
[INFO] [stdout] warning: trait objects without an explicit `dyn` are deprecated
[INFO] [stdout]   --> src/graphics/mod.rs:56:32
[INFO] [stdout]    |
[INFO] [stdout] 56 |     fn cause(&self) -> Option<&error::Error> {
[INFO] [stdout]    |                                ^^^^^^^^^^^^
[INFO] [stdout]    |
[INFO] [stdout]    = warning: this is accepted in the current edition (Rust 2015) but is a hard error in Rust 2021!
[INFO] [stdout]    = note: for more information, see <https://doc.rust-lang.org/nightly/edition-guide/rust-2021/warnings-promoted-to-error.html>
[INFO] [stdout]    = note: `#[warn(bare_trait_objects)]` on by default
[INFO] [stdout] help: use `dyn`
[INFO] [stdout]    |
[INFO] [stdout] 56 |     fn cause(&self) -> Option<&dyn error::Error> {
[INFO] [stdout]    |                                +++
[INFO] [stdout] 
[INFO] [stdout] 
[INFO] [stdout] warning: trait objects without an explicit `dyn` are deprecated
[INFO] [stdout]   --> src/graphics/shaders.rs:51:32
[INFO] [stdout]    |
[INFO] [stdout] 51 |     fn cause(&self) -> Option<&error::Error> {
[INFO] [stdout]    |                                ^^^^^^^^^^^^
[INFO] [stdout]    |
[INFO] [stdout]    = warning: this is accepted in the current edition (Rust 2015) but is a hard error in Rust 2021!
[INFO] [stdout]    = note: for more information, see <https://doc.rust-lang.org/nightly/edition-guide/rust-2021/warnings-promoted-to-error.html>
[INFO] [stdout] help: use `dyn`
[INFO] [stdout]    |
[INFO] [stdout] 51 |     fn cause(&self) -> Option<&dyn error::Error> {
[INFO] [stdout]    |                                +++
[INFO] [stdout] 
[INFO] [stdout] 
[INFO] [stderr]    Compiling cuivre v0.1.4 (/opt/rustwide/workdir)
[INFO] [stdout] warning: 2 warnings emitted
[INFO] [stdout] 
[INFO] [stdout] 
[INFO] [stdout] warning: trait objects without an explicit `dyn` are deprecated
[INFO] [stdout]   --> src/graphics/mod.rs:56:32
[INFO] [stdout]    |
[INFO] [stdout] 56 |     fn cause(&self) -> Option<&error::Error> {
[INFO] [stdout]    |                                ^^^^^^^^^^^^
[INFO] [stdout]    |
[INFO] [stdout]    = warning: this is accepted in the current edition (Rust 2015) but is a hard error in Rust 2021!
[INFO] [stdout]    = note: for more information, see <https://doc.rust-lang.org/nightly/edition-guide/rust-2021/warnings-promoted-to-error.html>
[INFO] [stdout]    = note: `#[warn(bare_trait_objects)]` on by default
[INFO] [stdout] help: use `dyn`
[INFO] [stdout]    |
[INFO] [stdout] 56 |     fn cause(&self) -> Option<&dyn error::Error> {
[INFO] [stdout]    |                                +++
[INFO] [stdout] 
[INFO] [stdout] 
[INFO] [stdout] warning: trait objects without an explicit `dyn` are deprecated
[INFO] [stdout]   --> src/graphics/shaders.rs:51:32
[INFO] [stdout]    |
[INFO] [stdout] 51 |     fn cause(&self) -> Option<&error::Error> {
[INFO] [stdout]    |                                ^^^^^^^^^^^^
[INFO] [stdout]    |
[INFO] [stdout]    = warning: this is accepted in the current edition (Rust 2015) but is a hard error in Rust 2021!
[INFO] [stdout]    = note: for more information, see <https://doc.rust-lang.org/nightly/edition-guide/rust-2021/warnings-promoted-to-error.html>
[INFO] [stdout] help: use `dyn`
[INFO] [stdout]    |
[INFO] [stdout] 51 |     fn cause(&self) -> Option<&dyn error::Error> {
[INFO] [stdout]    |                                +++
[INFO] [stdout] 
[INFO] [stdout] 
[INFO] [stdout] warning: 2 warnings emitted
[INFO] [stdout] 
[INFO] [stdout] 
[INFO] [stderr]     Finished test [unoptimized + debuginfo] target(s) in 0.94s
[INFO] running `Command { std: "docker" "inspect" "82c8326eb260d21e1fbc7a33ffcbb99eff40614ead1eb855e0530cb79a955eb9", kill_on_drop: false }`
[INFO] running `Command { std: "docker" "rm" "-f" "82c8326eb260d21e1fbc7a33ffcbb99eff40614ead1eb855e0530cb79a955eb9", kill_on_drop: false }`
[INFO] [stdout] 82c8326eb260d21e1fbc7a33ffcbb99eff40614ead1eb855e0530cb79a955eb9
[INFO] running `Command { std: "docker" "create" "-v" "/var/lib/crater-agent-workspace/builds/worker-7-tc1/target:/opt/rustwide/target:rw,Z" "-v" "/var/lib/crater-agent-workspace/builds/worker-7-tc1/source:/opt/rustwide/workdir:ro,Z" "-v" "/var/lib/crater-agent-workspace/cargo-home:/opt/rustwide/cargo-home:ro,Z" "-v" "/var/lib/crater-agent-workspace/rustup-home:/opt/rustwide/rustup-home:ro,Z" "-e" "SOURCE_DIR=/opt/rustwide/workdir" "-e" "CARGO_TARGET_DIR=/opt/rustwide/target" "-e" "CARGO_INCREMENTAL=0" "-e" "RUST_BACKTRACE=full" "-e" "RUSTFLAGS=--cap-lints=warn" "-e" "RUSTDOCFLAGS=--cap-lints=warn" "-e" "CARGO_HOME=/opt/rustwide/cargo-home" "-e" "RUSTUP_HOME=/opt/rustwide/rustup-home" "-w" "/opt/rustwide/workdir" "-m" "1610612736" "--user" "0:0" "--network" "none" "ghcr.io/rust-lang/crates-build-env/linux@sha256:97d61d7686bf65f8ecb15491ab51835e82dc9176a96a831f143a431b191fc501" "/opt/rustwide/cargo-home/bin/cargo" "+1.69.0" "test" "--frozen", kill_on_drop: false }`
[INFO] [stdout] 887ea7584a635a882e23ec6ee53e686cbc218d7ffd1a4c41bf894cd5e5ebb625
[INFO] running `Command { std: "docker" "start" "-a" "887ea7584a635a882e23ec6ee53e686cbc218d7ffd1a4c41bf894cd5e5ebb625", kill_on_drop: false }`
[INFO] [stderr] warning: trait objects without an explicit `dyn` are deprecated
[INFO] [stderr]   --> src/graphics/mod.rs:56:32
[INFO] [stderr]    |
[INFO] [stderr] 56 |     fn cause(&self) -> Option<&error::Error> {
[INFO] [stderr]    |                                ^^^^^^^^^^^^
[INFO] [stderr]    |
[INFO] [stderr]    = warning: this is accepted in the current edition (Rust 2015) but is a hard error in Rust 2021!
[INFO] [stderr]    = note: for more information, see <https://doc.rust-lang.org/nightly/edition-guide/rust-2021/warnings-promoted-to-error.html>
[INFO] [stderr]    = note: `#[warn(bare_trait_objects)]` on by default
[INFO] [stderr] help: use `dyn`
[INFO] [stderr]    |
[INFO] [stderr] 56 |     fn cause(&self) -> Option<&dyn error::Error> {
[INFO] [stderr]    |                                +++
[INFO] [stderr] 
[INFO] [stderr] warning: trait objects without an explicit `dyn` are deprecated
[INFO] [stderr]   --> src/graphics/shaders.rs:51:32
[INFO] [stderr]    |
[INFO] [stderr] 51 |     fn cause(&self) -> Option<&error::Error> {
[INFO] [stderr]    |                                ^^^^^^^^^^^^
[INFO] [stderr]    |
[INFO] [stderr]    = warning: this is accepted in the current edition (Rust 2015) but is a hard error in Rust 2021!
[INFO] [stderr]    = note: for more information, see <https://doc.rust-lang.org/nightly/edition-guide/rust-2021/warnings-promoted-to-error.html>
[INFO] [stderr] help: use `dyn`
[INFO] [stderr]    |
[INFO] [stderr] 51 |     fn cause(&self) -> Option<&dyn error::Error> {
[INFO] [stderr]    |                                +++
[INFO] [stderr] 
[INFO] [stderr] warning: `cuivre` (lib) generated 2 warnings (run `cargo fix --lib -p cuivre` to apply 2 suggestions)
[INFO] [stderr] warning: `cuivre` (lib test) generated 2 warnings (2 duplicates)
[INFO] [stderr]     Finished test [unoptimized + debuginfo] target(s) in 0.08s
[INFO] [stderr]      Running unittests src/lib.rs (/opt/rustwide/target/debug/deps/cuivre-be66168f1ac9ebd6)
[INFO] [stdout] 
[INFO] [stdout] running 0 tests
[INFO] [stdout] 
[INFO] [stdout] test result: ok. 0 passed; 0 failed; 0 ignored; 0 measured; 0 filtered out; finished in 0.00s
[INFO] [stdout] 
[INFO] [stderr]    Doc-tests cuivre
[INFO] [stdout] 
[INFO] [stdout] running 5 tests
[INFO] [stdout] test src/input.rs - input::InputManager::key (line 175) ... FAILED
[INFO] [stdout] test src/input.rs - input::InputManager::keybind (line 199) ... FAILED
[INFO] [stdout] test src/input.rs - input::InputManager::set_keybind (line 215) ... FAILED
[INFO] [stderr] error: doctest failed, to rerun pass `--doc`
[INFO] [stdout] test src/input.rs - input::InputManager::clear_keybind (line 226) ... FAILED
[INFO] [stdout] test src/input.rs - input::InputManager::button (line 240) ... FAILED
[INFO] [stdout] 
[INFO] [stdout] failures:
[INFO] [stdout] 
[INFO] [stdout] ---- src/input.rs - input::InputManager::key (line 175) stdout ----
[INFO] [stdout] error[E0433]: failed to resolve: use of undeclared type `Keycode`
[INFO] [stdout]  --> src/input.rs:176:22
[INFO] [stdout]   |
[INFO] [stdout] 3 | if input_manager.key(Keycode::Space)?.pressed() {
[INFO] [stdout]   |                      ^^^^^^^ use of undeclared type `Keycode`
[INFO] [stdout] 
[INFO] [stdout] error[E0425]: cannot find value `input_manager` in this scope
[INFO] [stdout]  --> src/input.rs:176:4
[INFO] [stdout]   |
[INFO] [stdout] 3 | if input_manager.key(Keycode::Space)?.pressed() {
[INFO] [stdout]   |    ^^^^^^^^^^^^^ not found in this scope
[INFO] [stdout] 
[INFO] [stdout] error: aborting due to 2 previous errors
[INFO] [stdout] 
[INFO] [stdout] Some errors have detailed explanations: E0425, E0433.
[INFO] [stdout] For more information about an error, try `rustc --explain E0425`.
[INFO] [stdout] Couldn't compile the test.
[INFO] [stdout] ---- src/input.rs - input::InputManager::keybind (line 199) stdout ----
[INFO] [stdout] error[E0425]: cannot find value `input_manager` in this scope
[INFO] [stdout]  --> src/input.rs:200:4
[INFO] [stdout]   |
[INFO] [stdout] 3 | if input_manager.keybind("Space")?.pressed() {
[INFO] [stdout]   |    ^^^^^^^^^^^^^ not found in this scope
[INFO] [stdout] 
[INFO] [stdout] error: aborting due to previous error
[INFO] [stdout] 
[INFO] [stdout] For more information about this error, try `rustc --explain E0425`.
[INFO] [stdout] Couldn't compile the test.
[INFO] [stdout] ---- src/input.rs - input::InputManager::set_keybind (line 215) stdout ----
[INFO] [stdout] error[E0433]: failed to resolve: use of undeclared type `Keycode`
[INFO] [stdout]  --> src/input.rs:216:36
[INFO] [stdout]   |
[INFO] [stdout] 3 | input_manager.set_keybind("Space", Keycode::Space);
[INFO] [stdout]   |                                    ^^^^^^^ use of undeclared type `Keycode`
[INFO] [stdout] 
[INFO] [stdout] error[E0425]: cannot find value `input_manager` in this scope
[INFO] [stdout]  --> src/input.rs:216:1
[INFO] [stdout]   |
[INFO] [stdout] 3 | input_manager.set_keybind("Space", Keycode::Space);
[INFO] [stdout]   | ^^^^^^^^^^^^^ not found in this scope
[INFO] [stdout] 
[INFO] [stdout] error: aborting due to 2 previous errors
[INFO] [stdout] 
[INFO] [stdout] Some errors have detailed explanations: E0425, E0433.
[INFO] [stdout] For more information about an error, try `rustc --explain E0425`.
[INFO] [stdout] Couldn't compile the test.
[INFO] [stdout] ---- src/input.rs - input::InputManager::clear_keybind (line 226) stdout ----
[INFO] [stdout] error[E0425]: cannot find value `input_manager` in this scope
[INFO] [stdout]  --> src/input.rs:227:1
[INFO] [stdout]   |
[INFO] [stdout] 3 | input_manager.clear_keybind("Space");
[INFO] [stdout]   | ^^^^^^^^^^^^^ not found in this scope
[INFO] [stdout] 
[INFO] [stdout] error: aborting due to previous error
[INFO] [stdout] 
[INFO] [stdout] For more information about this error, try `rustc --explain E0425`.
[INFO] [stdout] Couldn't compile the test.
[INFO] [stdout] ---- src/input.rs - input::InputManager::button (line 240) stdout ----
[INFO] [stdout] error[E0433]: failed to resolve: use of undeclared type `MouseButton`
[INFO] [stdout]  --> src/input.rs:241:25
[INFO] [stdout]   |
[INFO] [stdout] 3 | if input_manager.button(MouseButton::Right)?.released() {
[INFO] [stdout]   |                         ^^^^^^^^^^^ use of undeclared type `MouseButton`
[INFO] [stdout] 
[INFO] [stdout] error[E0425]: cannot find value `input_manager` in this scope
[INFO] [stdout]  --> src/input.rs:241:4
[INFO] [stdout]   |
[INFO] [stdout] 3 | if input_manager.button(MouseButton::Right)?.released() {
[INFO] [stdout]   |    ^^^^^^^^^^^^^ not found in this scope
[INFO] [stdout] 
[INFO] [stdout] error: aborting due to 2 previous errors
[INFO] [stdout] 
[INFO] [stdout] Some errors have detailed explanations: E0425, E0433.
[INFO] [stdout] For more information about an error, try `rustc --explain E0425`.
[INFO] [stdout] Couldn't compile the test.
[INFO] [stdout] 
[INFO] [stdout] failures:
[INFO] [stdout]     src/input.rs - input::InputManager::button (line 240)
[INFO] [stdout]     src/input.rs - input::InputManager::clear_keybind (line 226)
[INFO] [stdout]     src/input.rs - input::InputManager::key (line 175)
[INFO] [stdout]     src/input.rs - input::InputManager::keybind (line 199)
[INFO] [stdout]     src/input.rs - input::InputManager::set_keybind (line 215)
[INFO] [stdout] 
[INFO] [stdout] test result: FAILED. 0 passed; 5 failed; 0 ignored; 0 measured; 0 filtered out; finished in 0.16s
[INFO] [stdout] 
[INFO] running `Command { std: "docker" "inspect" "887ea7584a635a882e23ec6ee53e686cbc218d7ffd1a4c41bf894cd5e5ebb625", kill_on_drop: false }`
[INFO] running `Command { std: "docker" "rm" "-f" "887ea7584a635a882e23ec6ee53e686cbc218d7ffd1a4c41bf894cd5e5ebb625", kill_on_drop: false }`
[INFO] [stdout] 887ea7584a635a882e23ec6ee53e686cbc218d7ffd1a4c41bf894cd5e5ebb625
