[INFO] fetching crate cubic-protocol 0.1.11...
[INFO] testing cubic-protocol-0.1.11 against 1.69.0 for beta-1.70-1
[INFO] extracting crate cubic-protocol 0.1.11 into /workspace/builds/worker-6-tc1/source
[INFO] validating manifest of crates.io crate cubic-protocol 0.1.11 on toolchain 1.69.0
[INFO] running `Command { std: CARGO_HOME="/workspace/cargo-home" RUSTUP_HOME="/workspace/rustup-home" "/workspace/cargo-home/bin/cargo" "+1.69.0" "metadata" "--manifest-path" "Cargo.toml" "--no-deps", kill_on_drop: false }`
[INFO] started tweaking crates.io crate cubic-protocol 0.1.11
[INFO] finished tweaking crates.io crate cubic-protocol 0.1.11
[INFO] tweaked toml for crates.io crate cubic-protocol 0.1.11 written to /workspace/builds/worker-6-tc1/source/Cargo.toml
[INFO] running `Command { std: CARGO_HOME="/workspace/cargo-home" RUSTUP_HOME="/workspace/rustup-home" __CARGO_TEST_CHANNEL_OVERRIDE_DO_NOT_USE_THIS="nightly" "/workspace/cargo-home/bin/cargo" "+1.69.0" "generate-lockfile" "--manifest-path" "Cargo.toml" "-Zno-index-update", kill_on_drop: false }`
[INFO] running `Command { std: CARGO_HOME="/workspace/cargo-home" RUSTUP_HOME="/workspace/rustup-home" "/workspace/cargo-home/bin/cargo" "+1.69.0" "fetch" "--manifest-path" "Cargo.toml", kill_on_drop: false }`
[INFO] [stderr]  Downloading crates ...
[INFO] [stderr]   Downloaded cubic-chat v0.1.1
[INFO] [stderr]   Downloaded fastnbt v2.4.4
[INFO] [stderr]   Downloaded cubic-protocol-derive v0.1.7
[INFO] running `Command { std: "docker" "create" "-v" "/var/lib/crater-agent-workspace/builds/worker-6-tc1/target:/opt/rustwide/target:rw,Z" "-v" "/var/lib/crater-agent-workspace/builds/worker-6-tc1/source:/opt/rustwide/workdir:ro,Z" "-v" "/var/lib/crater-agent-workspace/cargo-home:/opt/rustwide/cargo-home:ro,Z" "-v" "/var/lib/crater-agent-workspace/rustup-home:/opt/rustwide/rustup-home:ro,Z" "-e" "SOURCE_DIR=/opt/rustwide/workdir" "-e" "CARGO_TARGET_DIR=/opt/rustwide/target" "-e" "CARGO_HOME=/opt/rustwide/cargo-home" "-e" "RUSTUP_HOME=/opt/rustwide/rustup-home" "-w" "/opt/rustwide/workdir" "-m" "1610612736" "--user" "0:0" "--network" "none" "ghcr.io/rust-lang/crates-build-env/linux@sha256:5ff2268d62e97bff2cde7d5815dd6ed5b47097566f13b8d0ca110b04b60e07ed" "/opt/rustwide/cargo-home/bin/cargo" "+1.69.0" "metadata" "--no-deps" "--format-version=1", kill_on_drop: false }`
[INFO] [stdout] fd7d895209e32390573accf78f1db9812ebe149eec46b4abc3fa9926e15f373b
[INFO] running `Command { std: "docker" "start" "-a" "fd7d895209e32390573accf78f1db9812ebe149eec46b4abc3fa9926e15f373b", kill_on_drop: false }`
[INFO] running `Command { std: "docker" "inspect" "fd7d895209e32390573accf78f1db9812ebe149eec46b4abc3fa9926e15f373b", kill_on_drop: false }`
[INFO] running `Command { std: "docker" "rm" "-f" "fd7d895209e32390573accf78f1db9812ebe149eec46b4abc3fa9926e15f373b", kill_on_drop: false }`
[INFO] [stdout] fd7d895209e32390573accf78f1db9812ebe149eec46b4abc3fa9926e15f373b
[INFO] running `Command { std: "docker" "create" "-v" "/var/lib/crater-agent-workspace/builds/worker-6-tc1/target:/opt/rustwide/target:rw,Z" "-v" "/var/lib/crater-agent-workspace/builds/worker-6-tc1/source:/opt/rustwide/workdir:ro,Z" "-v" "/var/lib/crater-agent-workspace/cargo-home:/opt/rustwide/cargo-home:ro,Z" "-v" "/var/lib/crater-agent-workspace/rustup-home:/opt/rustwide/rustup-home:ro,Z" "-e" "SOURCE_DIR=/opt/rustwide/workdir" "-e" "CARGO_TARGET_DIR=/opt/rustwide/target" "-e" "CARGO_INCREMENTAL=0" "-e" "RUST_BACKTRACE=full" "-e" "RUSTFLAGS=--cap-lints=warn" "-e" "RUSTDOCFLAGS=--cap-lints=warn" "-e" "CARGO_HOME=/opt/rustwide/cargo-home" "-e" "RUSTUP_HOME=/opt/rustwide/rustup-home" "-w" "/opt/rustwide/workdir" "-m" "1610612736" "--user" "0:0" "--network" "none" "ghcr.io/rust-lang/crates-build-env/linux@sha256:5ff2268d62e97bff2cde7d5815dd6ed5b47097566f13b8d0ca110b04b60e07ed" "/opt/rustwide/cargo-home/bin/cargo" "+1.69.0" "build" "--frozen" "--message-format=json", kill_on_drop: false }`
[INFO] [stdout] b70d09f5cace90c96836a0f585798e155eb044ec3d856aa357235e33190df089
[INFO] running `Command { std: "docker" "start" "-a" "b70d09f5cace90c96836a0f585798e155eb044ec3d856aa357235e33190df089", kill_on_drop: false }`
[INFO] [stderr]     Blocking waiting for file lock on package cache
[INFO] [stderr]    Compiling cesu8 v1.1.0
[INFO] [stderr]    Compiling quick-error v2.0.1
[INFO] [stderr]    Compiling num-traits v0.2.15
[INFO] [stderr]    Compiling syn v2.0.15
[INFO] [stderr]    Compiling euclid v0.22.9
[INFO] [stderr]    Compiling serde_derive v1.0.160
[INFO] [stderr]    Compiling async-trait v0.1.68
[INFO] [stderr]    Compiling serde v1.0.160
[INFO] [stderr]    Compiling serde_bytes v0.11.9
[INFO] [stderr]    Compiling serde_json v1.0.96
[INFO] [stderr]    Compiling uuid v1.3.2
[INFO] [stderr]    Compiling fastnbt v2.4.4
[INFO] [stderr]    Compiling cubic-chat v0.1.1
[INFO] [stderr]    Compiling cubic-protocol v0.1.11 (/opt/rustwide/workdir)
[INFO] [stderr]     Finished dev [unoptimized + debuginfo] target(s) in 16.16s
[INFO] running `Command { std: "docker" "inspect" "b70d09f5cace90c96836a0f585798e155eb044ec3d856aa357235e33190df089", kill_on_drop: false }`
[INFO] running `Command { std: "docker" "rm" "-f" "b70d09f5cace90c96836a0f585798e155eb044ec3d856aa357235e33190df089", kill_on_drop: false }`
[INFO] [stdout] b70d09f5cace90c96836a0f585798e155eb044ec3d856aa357235e33190df089
[INFO] running `Command { std: "docker" "create" "-v" "/var/lib/crater-agent-workspace/builds/worker-6-tc1/target:/opt/rustwide/target:rw,Z" "-v" "/var/lib/crater-agent-workspace/builds/worker-6-tc1/source:/opt/rustwide/workdir:ro,Z" "-v" "/var/lib/crater-agent-workspace/cargo-home:/opt/rustwide/cargo-home:ro,Z" "-v" "/var/lib/crater-agent-workspace/rustup-home:/opt/rustwide/rustup-home:ro,Z" "-e" "SOURCE_DIR=/opt/rustwide/workdir" "-e" "CARGO_TARGET_DIR=/opt/rustwide/target" "-e" "CARGO_INCREMENTAL=0" "-e" "RUST_BACKTRACE=full" "-e" "RUSTFLAGS=--cap-lints=warn" "-e" "RUSTDOCFLAGS=--cap-lints=warn" "-e" "CARGO_HOME=/opt/rustwide/cargo-home" "-e" "RUSTUP_HOME=/opt/rustwide/rustup-home" "-w" "/opt/rustwide/workdir" "-m" "1610612736" "--user" "0:0" "--network" "none" "ghcr.io/rust-lang/crates-build-env/linux@sha256:5ff2268d62e97bff2cde7d5815dd6ed5b47097566f13b8d0ca110b04b60e07ed" "/opt/rustwide/cargo-home/bin/cargo" "+1.69.0" "test" "--frozen" "--no-run" "--message-format=json", kill_on_drop: false }`
[INFO] [stdout] fbb262f1224e62b0ea54047a247cf47fd8b51e04bada4d819371331eb44d1c7f
[INFO] running `Command { std: "docker" "start" "-a" "fbb262f1224e62b0ea54047a247cf47fd8b51e04bada4d819371331eb44d1c7f", kill_on_drop: false }`
[INFO] [stderr]    Compiling parking_lot_core v0.9.7
[INFO] [stderr]    Compiling syn v1.0.109
[INFO] [stderr]    Compiling tokio v1.28.0
[INFO] [stderr]    Compiling futures-core v0.3.28
[INFO] [stderr]    Compiling signal-hook-registry v1.4.1
[INFO] [stderr]    Compiling mio v0.8.6
[INFO] [stderr]    Compiling socket2 v0.4.9
[INFO] [stderr]    Compiling parking_lot v0.12.1
[INFO] [stderr]    Compiling actix-macros v0.2.3
[INFO] [stderr]    Compiling actix-rt v2.8.0
[INFO] [stderr]    Compiling cubic-protocol v0.1.11 (/opt/rustwide/workdir)
[INFO] [stdout] error[E0432]: unresolved import `crate::packet_default`
[INFO] [stdout]  --> src/tests.rs:4:12
[INFO] [stdout]   |
[INFO] [stdout] 4 | use crate::packet_default::*;
[INFO] [stdout]   |            ^^^^^^^^^^^^^^ could not find `packet_default` in the crate root
[INFO] [stdout] 
[INFO] [stdout] 
[INFO] [stdout] error[E0412]: cannot find type `Handshaking` in this scope
[INFO] [stdout]   --> src/tests.rs:96:14
[INFO] [stdout]    |
[INFO] [stdout] 96 |             <Handshaking as PacketWritable>::write(
[INFO] [stdout]    |              ^^^^^^^^^^^ not found in this scope
[INFO] [stdout] 
[INFO] [stdout] 
[INFO] [stdout] error[E0422]: cannot find struct, variant or union type `Handshaking` in this scope
[INFO] [stdout]   --> src/tests.rs:97:17
[INFO] [stdout]    |
[INFO] [stdout] 97 |                 Handshaking {
[INFO] [stdout]    |                 ^^^^^^^^^^^ not found in this scope
[INFO] [stdout] 
[INFO] [stdout] 
[INFO] [stdout] error[E0412]: cannot find type `Handshaking` in this scope
[INFO] [stdout]    --> src/tests.rs:111:18
[INFO] [stdout]     |
[INFO] [stdout] 111 |                 <Handshaking as PacketReadable>::read(&mut input).await.unwrap(),
[INFO] [stdout]     |                  ^^^^^^^^^^^ not found in this scope
[INFO] [stdout] 
[INFO] [stdout] 
[INFO] [stdout] error[E0422]: cannot find struct, variant or union type `Handshaking` in this scope
[INFO] [stdout]    --> src/tests.rs:112:17
[INFO] [stdout]     |
[INFO] [stdout] 112 |                 Handshaking {
[INFO] [stdout]     |                 ^^^^^^^^^^^ not found in this scope
[INFO] [stdout] 
[INFO] [stdout] 
[INFO] [stdout] error[E0422]: cannot find struct, variant or union type `Handshaking` in this scope
[INFO] [stdout]    --> src/tests.rs:127:52
[INFO] [stdout]     |
[INFO] [stdout] 127 |                 ClientHandshakePacket::Handshaking(Handshaking {
[INFO] [stdout]     |                                                    ^^^^^^^^^^^ not found in this scope
[INFO] [stdout] 
[INFO] [stdout] 
[INFO] [stdout] error[E0433]: failed to resolve: use of undeclared type `ClientHandshakePacket`
[INFO] [stdout]    --> src/tests.rs:124:26
[INFO] [stdout]     |
[INFO] [stdout] 124 |             let packet = ClientHandshakePacket::read(&mut input).await.unwrap();
[INFO] [stdout]     |                          ^^^^^^^^^^^^^^^^^^^^^ use of undeclared type `ClientHandshakePacket`
[INFO] [stdout] 
[INFO] [stdout] 
[INFO] [stdout] error[E0433]: failed to resolve: use of undeclared type `ClientHandshakePacket`
[INFO] [stdout]    --> src/tests.rs:127:17
[INFO] [stdout]     |
[INFO] [stdout] 127 |                 ClientHandshakePacket::Handshaking(Handshaking {
[INFO] [stdout]     |                 ^^^^^^^^^^^^^^^^^^^^^ use of undeclared type `ClientHandshakePacket`
[INFO] [stdout] 
[INFO] [stdout] 
[INFO] [stdout] error: aborting due to 8 previous errors
[INFO] [stdout] 
[INFO] [stdout] 
[INFO] [stdout] Some errors have detailed explanations: E0412, E0422, E0432, E0433.
[INFO] [stdout] 
[INFO] [stdout] For more information about an error, try `rustc --explain E0412`.
[INFO] [stdout] 
[INFO] [stderr] error: could not compile `cubic-protocol` due to 9 previous errors
[INFO] running `Command { std: "docker" "inspect" "fbb262f1224e62b0ea54047a247cf47fd8b51e04bada4d819371331eb44d1c7f", kill_on_drop: false }`
[INFO] running `Command { std: "docker" "rm" "-f" "fbb262f1224e62b0ea54047a247cf47fd8b51e04bada4d819371331eb44d1c7f", kill_on_drop: false }`
[INFO] [stdout] fbb262f1224e62b0ea54047a247cf47fd8b51e04bada4d819371331eb44d1c7f
